Build Information
Failed to build PGWUI, reference 4.0.5 (710d0e), with Swift 6.3 for watchOS using Xcode 26.4 on 24 Jul 2026 13:34:13 UTC.
Build Command
env DEVELOPER_DIR=/Applications/Xcode-26.4.0.app xcrun xcodebuild -IDEClonedSourcePackagesDirPathOverride=$PWD/.dependencies -skipMacroValidation -skipPackagePluginValidation -derivedDataPath $PWD/.derivedData build -scheme PGWUI -destination generic/platform=watchOSBuild Log
========================================
RunAll
========================================
Builder version: undefined version: run 'make version' to update
Interrupt handler set up.
========================================
Checkout
========================================
Clone URL: https://github.com/2C2P/PGWUISDK-SwiftPackage.git
Reference: 4.0.5
Initialized empty Git repository in /Users/admin/builder/spi-builder-workspace/.git/
From https://github.com/2C2P/PGWUISDK-SwiftPackage
* tag 4.0.5 -> FETCH_HEAD
HEAD is now at 710d0e5 - Update PGWSDKHELPER-SwiftPackage to v4.2.3.
Cloned https://github.com/2C2P/PGWUISDK-SwiftPackage.git
Revision (git rev-parse @):
710d0e58113d575bf0a050e2c38df85e77642d88
SUCCESS checkout https://github.com/2C2P/PGWUISDK-SwiftPackage.git at 4.0.5
========================================
Build
========================================
Selected platform: watchOS
Swift version: 6.3
Building package at path: $PWD
https://github.com/2C2P/PGWUISDK-SwiftPackage.git
Command line invocation:
/Applications/Xcode-26.4.0.app/Contents/Developer/usr/bin/xcodebuild -IDEClonedSourcePackagesDirPathOverride=/Users/admin/builder/spi-builder-workspace/.dependencies -resolvePackageDependencies
Resolve Package Graph
Fetching from https://github.com/2C2P/PGWSDKHELPER-SwiftPackage
Fetching from https://github.com/2C2P/PGWSDK-SwiftPackage
Creating working copy of package ‘PGWSDK-SwiftPackage’
Checking out 4.7.1 of package ‘PGWSDK-SwiftPackage’
Creating working copy of package ‘PGWSDKHELPER-SwiftPackage’
Checking out 4.2.3 of package ‘PGWSDKHELPER-SwiftPackage’
Resolve Package Graph
Resolved source packages:
PGWUI: /Users/admin/builder/spi-builder-workspace
PGW: https://github.com/2C2P/PGWSDK-SwiftPackage @ 4.7.1
PGWHelper: https://github.com/2C2P/PGWSDKHELPER-SwiftPackage @ 4.2.3
resolved source packages: PGWUI, PGW, PGWHelper
2026-07-24 09:33:44.252 xcodebuild[534:3060] [MT] IDERunDestination: Supported platforms for the buildables in the current scheme is empty.
{
"dependencies" : [
{
"identity" : "pgwsdk-swiftpackage",
"requirement" : {
"exact" : [
"4.7.1"
]
},
"type" : "sourceControl",
"url" : "https://github.com/2C2P/PGWSDK-SwiftPackage"
},
{
"identity" : "pgwsdkhelper-swiftpackage",
"requirement" : {
"exact" : [
"4.2.3"
]
},
"type" : "sourceControl",
"url" : "https://github.com/2C2P/PGWSDKHELPER-SwiftPackage"
}
],
"manifest_display_name" : "PGWUI",
"name" : "PGWUI",
"path" : "/Users/admin/builder/spi-builder-workspace",
"platforms" : [
{
"name" : "ios",
"version" : "13.0"
}
],
"products" : [
{
"name" : "PGWUI",
"targets" : [
"PGWCore",
"App",
"Flutter",
"FlutterPluginRegistrant",
"objective_c",
"pgw_sdk",
"webview_flutter_wkwebview"
],
"type" : {
"library" : [
"automatic"
]
}
}
],
"targets" : [
{
"c99name" : "webview_flutter_wkwebview",
"module_type" : "BinaryTarget",
"name" : "webview_flutter_wkwebview",
"path" : "remote/archive/webview_flutter_wkwebview.xcframework.zip",
"product_memberships" : [
"PGWUI"
],
"sources" : [
],
"type" : "binary"
},
{
"c99name" : "pgw_sdk",
"module_type" : "BinaryTarget",
"name" : "pgw_sdk",
"path" : "remote/archive/pgw_sdk.xcframework.zip",
"product_memberships" : [
"PGWUI"
],
"sources" : [
],
"type" : "binary"
},
{
"c99name" : "objective_c",
"module_type" : "BinaryTarget",
"name" : "objective_c",
"path" : "remote/archive/objective_c.xcframework.zip",
"product_memberships" : [
"PGWUI"
],
"sources" : [
],
"type" : "binary"
},
{
"c99name" : "PGWCore",
"module_type" : "SwiftTarget",
"name" : "PGWCore",
"path" : "Sources/PGWCore",
"product_dependencies" : [
"PGW",
"PGWHelper"
],
"product_memberships" : [
"PGWUI"
],
"sources" : [
"Sources.swift"
],
"type" : "library"
},
{
"c99name" : "FlutterPluginRegistrant",
"module_type" : "BinaryTarget",
"name" : "FlutterPluginRegistrant",
"path" : "remote/archive/FlutterPluginRegistrant.xcframework.zip",
"product_memberships" : [
"PGWUI"
],
"sources" : [
],
"type" : "binary"
},
{
"c99name" : "Flutter",
"module_type" : "BinaryTarget",
"name" : "Flutter",
"path" : "remote/archive/Flutter.xcframework.zip",
"product_memberships" : [
"PGWUI"
],
"sources" : [
],
"type" : "binary"
},
{
"c99name" : "App",
"module_type" : "BinaryTarget",
"name" : "App",
"path" : "remote/archive/App.xcframework.zip",
"product_memberships" : [
"PGWUI"
],
"sources" : [
],
"type" : "binary"
}
],
"tools_version" : "5.10"
}
{
"workspace" : {
"name" : "spi-builder-workspace",
"schemes" : [
"PGWUI"
]
}
}
2026-07-24 09:34:05.407 xcodebuild[893:4850] [MT] IDERunDestination: Supported platforms for the buildables in the current scheme is empty.
Running build ...
env DEVELOPER_DIR=/Applications/Xcode-26.4.0.app xcrun xcodebuild -IDEClonedSourcePackagesDirPathOverride=$PWD/.dependencies -skipMacroValidation -skipPackagePluginValidation -derivedDataPath $PWD/.derivedData build -scheme PGWUI -destination generic/platform=watchOS
Command line invocation:
/Applications/Xcode-26.4.0.app/Contents/Developer/usr/bin/xcodebuild -IDEClonedSourcePackagesDirPathOverride=/Users/admin/builder/spi-builder-workspace/.dependencies -skipMacroValidation -skipPackagePluginValidation -derivedDataPath /Users/admin/builder/spi-builder-workspace/.derivedData build -scheme PGWUI -destination generic/platform=watchOS
Resolve Package Graph
Resolve Package Graph
Resolved source packages:
PGW: https://github.com/2C2P/PGWSDK-SwiftPackage @ 4.7.1
PGWHelper: https://github.com/2C2P/PGWSDKHELPER-SwiftPackage @ 4.2.3
PGWUI: /Users/admin/builder/spi-builder-workspace
ComputePackagePrebuildTargetDependencyGraph
Prepare packages
CreateBuildRequest
SendProjectDescription
CreateBuildOperation
ComputeTargetDependencyGraph
note: Building targets in dependency order
note: Target dependency graph (4 targets)
Target 'PGWUI' in project 'PGWUI'
➜ Explicit dependency on target 'PGWCore' in project 'PGWUI'
➜ Explicit dependency on target 'PGW' in project 'PGW'
➜ Explicit dependency on target 'PGWHelper' in project 'PGWHelper'
Target 'PGWCore' in project 'PGWUI'
➜ Explicit dependency on target 'PGW' in project 'PGW'
➜ Explicit dependency on target 'PGWHelper' in project 'PGWHelper'
Target 'PGWHelper' in project 'PGWHelper' (no dependencies)
Target 'PGW' in project 'PGW' (no dependencies)
GatherProvisioningInputs
CreateBuildDescription
ExecuteExternalTool /Applications/Xcode-26.4.0.app/Contents/Developer/Toolchains/XcodeDefault.xctoolchain/usr/bin/clang -v -E -dM -isysroot /Applications/Xcode-26.4.0.app/Contents/Developer/Platforms/WatchOS.platform/Developer/SDKs/WatchOS26.4.sdk -x c -c /dev/null
ExecuteExternalTool /Applications/Xcode-26.4.0.app/Contents/Developer/Toolchains/XcodeDefault.xctoolchain/usr/bin/swiftc --version
ExecuteExternalTool /Applications/Xcode-26.4.0.app/Contents/Developer/Toolchains/XcodeDefault.xctoolchain/usr/bin/ld -version_details
Build description signature: 6579693834c20f951e79e6389ce37fc2
Build description path: /Users/admin/builder/spi-builder-workspace/.derivedData/Build/Intermediates.noindex/XCBuildData/6579693834c20f951e79e6389ce37fc2.xcbuilddata
/Users/admin/builder/spi-builder-workspace/.dependencies/artifacts/spi-builder-workspace/App/App.xcframework:1:1: error: While building for watchOS, no library for this platform was found in '/Users/admin/builder/spi-builder-workspace/.dependencies/artifacts/spi-builder-workspace/App/App.xcframework'. (in target 'PGWUI' from project 'PGWUI')
/Users/admin/builder/spi-builder-workspace/.dependencies/artifacts/spi-builder-workspace/Flutter/Flutter.xcframework:1:1: error: While building for watchOS, no library for this platform was found in '/Users/admin/builder/spi-builder-workspace/.dependencies/artifacts/spi-builder-workspace/Flutter/Flutter.xcframework'. (in target 'PGWUI' from project 'PGWUI')
/Users/admin/builder/spi-builder-workspace/.dependencies/artifacts/spi-builder-workspace/FlutterPluginRegistrant/FlutterPluginRegistrant.xcframework:1:1: error: While building for watchOS, no library for this platform was found in '/Users/admin/builder/spi-builder-workspace/.dependencies/artifacts/spi-builder-workspace/FlutterPluginRegistrant/FlutterPluginRegistrant.xcframework'. (in target 'PGWUI' from project 'PGWUI')
/Users/admin/builder/spi-builder-workspace/.dependencies/artifacts/spi-builder-workspace/objective_c/objective_c.xcframework:1:1: error: While building for watchOS, no library for this platform was found in '/Users/admin/builder/spi-builder-workspace/.dependencies/artifacts/spi-builder-workspace/objective_c/objective_c.xcframework'. (in target 'PGWUI' from project 'PGWUI')
/Users/admin/builder/spi-builder-workspace/.dependencies/artifacts/spi-builder-workspace/pgw_sdk/pgw_sdk.xcframework:1:1: error: While building for watchOS, no library for this platform was found in '/Users/admin/builder/spi-builder-workspace/.dependencies/artifacts/spi-builder-workspace/pgw_sdk/pgw_sdk.xcframework'. (in target 'PGWUI' from project 'PGWUI')
/Users/admin/builder/spi-builder-workspace/.dependencies/artifacts/spi-builder-workspace/webview_flutter_wkwebview/webview_flutter_wkwebview.xcframework:1:1: error: While building for watchOS, no library for this platform was found in '/Users/admin/builder/spi-builder-workspace/.dependencies/artifacts/spi-builder-workspace/webview_flutter_wkwebview/webview_flutter_wkwebview.xcframework'. (in target 'PGWUI' from project 'PGWUI')
/Users/admin/builder/spi-builder-workspace/.dependencies/artifacts/pgwsdk-swiftpackage/PGW/PGW.xcframework:1:1: error: While building for watchOS, no library for this platform was found in '/Users/admin/builder/spi-builder-workspace/.dependencies/artifacts/pgwsdk-swiftpackage/PGW/PGW.xcframework'. (in target 'PGWUI' from project 'PGWUI')
/Users/admin/builder/spi-builder-workspace/.dependencies/artifacts/pgwsdkhelper-swiftpackage/PGWHelper/PGWHelper.xcframework:1:1: error: While building for watchOS, no library for this platform was found in '/Users/admin/builder/spi-builder-workspace/.dependencies/artifacts/pgwsdkhelper-swiftpackage/PGWHelper/PGWHelper.xcframework'. (in target 'PGWUI' from project 'PGWUI')
/Users/admin/builder/spi-builder-workspace/.dependencies/artifacts/pgwsdkhelper-swiftpackage/zpdk/zpdk.xcframework:1:1: error: While building for watchOS, no library for this platform was found in '/Users/admin/builder/spi-builder-workspace/.dependencies/artifacts/pgwsdkhelper-swiftpackage/zpdk/zpdk.xcframework'. (in target 'PGWUI' from project 'PGWUI')
/Users/admin/builder/spi-builder-workspace/.dependencies/artifacts/pgwsdk-swiftpackage/PGW/PGW.xcframework:1:1: error: While building for watchOS, no library for this platform was found in '/Users/admin/builder/spi-builder-workspace/.dependencies/artifacts/pgwsdk-swiftpackage/PGW/PGW.xcframework'. (in target 'PGWUI' from project 'PGWUI')
/Users/admin/builder/spi-builder-workspace/.dependencies/artifacts/pgwsdkhelper-swiftpackage/PGWHelper/PGWHelper.xcframework:1:1: error: While building for watchOS, no library for this platform was found in '/Users/admin/builder/spi-builder-workspace/.dependencies/artifacts/pgwsdkhelper-swiftpackage/PGWHelper/PGWHelper.xcframework'. (in target 'PGWUI' from project 'PGWUI')
/Users/admin/builder/spi-builder-workspace/.dependencies/artifacts/pgwsdkhelper-swiftpackage/zpdk/zpdk.xcframework:1:1: error: While building for watchOS, no library for this platform was found in '/Users/admin/builder/spi-builder-workspace/.dependencies/artifacts/pgwsdkhelper-swiftpackage/zpdk/zpdk.xcframework'. (in target 'PGWUI' from project 'PGWUI')
/Users/admin/builder/spi-builder-workspace/.dependencies/artifacts/pgwsdk-swiftpackage/PGW/PGW.xcframework:1:1: error: While building for watchOS, no library for this platform was found in '/Users/admin/builder/spi-builder-workspace/.dependencies/artifacts/pgwsdk-swiftpackage/PGW/PGW.xcframework'. (in target 'PGW' from project 'PGW')
/Users/admin/builder/spi-builder-workspace/.dependencies/artifacts/pgwsdk-swiftpackage/PGW/PGW.xcframework:1:1: error: While building for watchOS, no library for this platform was found in '/Users/admin/builder/spi-builder-workspace/.dependencies/artifacts/pgwsdk-swiftpackage/PGW/PGW.xcframework'. (in target 'PGWCore' from project 'PGWUI')
/Users/admin/builder/spi-builder-workspace/.dependencies/artifacts/pgwsdkhelper-swiftpackage/PGWHelper/PGWHelper.xcframework:1:1: error: While building for watchOS, no library for this platform was found in '/Users/admin/builder/spi-builder-workspace/.dependencies/artifacts/pgwsdkhelper-swiftpackage/PGWHelper/PGWHelper.xcframework'. (in target 'PGWCore' from project 'PGWUI')
/Users/admin/builder/spi-builder-workspace/.dependencies/artifacts/pgwsdkhelper-swiftpackage/zpdk/zpdk.xcframework:1:1: error: While building for watchOS, no library for this platform was found in '/Users/admin/builder/spi-builder-workspace/.dependencies/artifacts/pgwsdkhelper-swiftpackage/zpdk/zpdk.xcframework'. (in target 'PGWCore' from project 'PGWUI')
/Users/admin/builder/spi-builder-workspace/.dependencies/artifacts/pgwsdkhelper-swiftpackage/PGWHelper/PGWHelper.xcframework:1:1: error: While building for watchOS, no library for this platform was found in '/Users/admin/builder/spi-builder-workspace/.dependencies/artifacts/pgwsdkhelper-swiftpackage/PGWHelper/PGWHelper.xcframework'. (in target 'PGWHelper' from project 'PGWHelper')
/Users/admin/builder/spi-builder-workspace/.dependencies/artifacts/pgwsdkhelper-swiftpackage/zpdk/zpdk.xcframework:1:1: error: While building for watchOS, no library for this platform was found in '/Users/admin/builder/spi-builder-workspace/.dependencies/artifacts/pgwsdkhelper-swiftpackage/zpdk/zpdk.xcframework'. (in target 'PGWHelper' from project 'PGWHelper')
2026-07-24 09:34:07.950 xcodebuild[907:4955] [MT] IDERunDestination: Supported platforms for the buildables in the current scheme is empty.
** BUILD FAILED **
The following build commands failed:
Building workspace spi-builder-workspace with scheme PGWUI
(1 failure)
Command line invocation:
/Applications/Xcode-26.4.0.app/Contents/Developer/usr/bin/xcodebuild -IDEClonedSourcePackagesDirPathOverride=/Users/admin/builder/spi-builder-workspace/.dependencies -resolvePackageDependencies
Resolve Package Graph
Resolved source packages:
PGWHelper: https://github.com/2C2P/PGWSDKHELPER-SwiftPackage @ 4.2.3
PGWUI: /Users/admin/builder/spi-builder-workspace
PGW: https://github.com/2C2P/PGWSDK-SwiftPackage @ 4.7.1
resolved source packages: PGWHelper, PGWUI, PGW
2026-07-24 09:34:10.725 xcodebuild[951:5180] [MT] IDERunDestination: Supported platforms for the buildables in the current scheme is empty.
{
"dependencies" : [
{
"identity" : "pgwsdk-swiftpackage",
"requirement" : {
"exact" : [
"4.7.1"
]
},
"type" : "sourceControl",
"url" : "https://github.com/2C2P/PGWSDK-SwiftPackage"
},
{
"identity" : "pgwsdkhelper-swiftpackage",
"requirement" : {
"exact" : [
"4.2.3"
]
},
"type" : "sourceControl",
"url" : "https://github.com/2C2P/PGWSDKHELPER-SwiftPackage"
}
],
"manifest_display_name" : "PGWUI",
"name" : "PGWUI",
"path" : "/Users/admin/builder/spi-builder-workspace",
"platforms" : [
{
"name" : "ios",
"version" : "13.0"
}
],
"products" : [
{
"name" : "PGWUI",
"targets" : [
"PGWCore",
"App",
"Flutter",
"FlutterPluginRegistrant",
"objective_c",
"pgw_sdk",
"webview_flutter_wkwebview"
],
"type" : {
"library" : [
"automatic"
]
}
}
],
"targets" : [
{
"c99name" : "webview_flutter_wkwebview",
"module_type" : "BinaryTarget",
"name" : "webview_flutter_wkwebview",
"path" : "remote/archive/webview_flutter_wkwebview.xcframework.zip",
"product_memberships" : [
"PGWUI"
],
"sources" : [
],
"type" : "binary"
},
{
"c99name" : "pgw_sdk",
"module_type" : "BinaryTarget",
"name" : "pgw_sdk",
"path" : "remote/archive/pgw_sdk.xcframework.zip",
"product_memberships" : [
"PGWUI"
],
"sources" : [
],
"type" : "binary"
},
{
"c99name" : "objective_c",
"module_type" : "BinaryTarget",
"name" : "objective_c",
"path" : "remote/archive/objective_c.xcframework.zip",
"product_memberships" : [
"PGWUI"
],
"sources" : [
],
"type" : "binary"
},
{
"c99name" : "PGWCore",
"module_type" : "SwiftTarget",
"name" : "PGWCore",
"path" : "Sources/PGWCore",
"product_dependencies" : [
"PGW",
"PGWHelper"
],
"product_memberships" : [
"PGWUI"
],
"sources" : [
"Sources.swift"
],
"type" : "library"
},
{
"c99name" : "FlutterPluginRegistrant",
"module_type" : "BinaryTarget",
"name" : "FlutterPluginRegistrant",
"path" : "remote/archive/FlutterPluginRegistrant.xcframework.zip",
"product_memberships" : [
"PGWUI"
],
"sources" : [
],
"type" : "binary"
},
{
"c99name" : "Flutter",
"module_type" : "BinaryTarget",
"name" : "Flutter",
"path" : "remote/archive/Flutter.xcframework.zip",
"product_memberships" : [
"PGWUI"
],
"sources" : [
],
"type" : "binary"
},
{
"c99name" : "App",
"module_type" : "BinaryTarget",
"name" : "App",
"path" : "remote/archive/App.xcframework.zip",
"product_memberships" : [
"PGWUI"
],
"sources" : [
],
"type" : "binary"
}
],
"tools_version" : "5.10"
}
{
"workspace" : {
"name" : "spi-builder-workspace",
"schemes" : [
"PGWUI"
]
}
}
2026-07-24 09:34:11.873 xcodebuild[967:5261] [MT] IDERunDestination: Supported platforms for the buildables in the current scheme is empty.
Running build ...
env DEVELOPER_DIR=/Applications/Xcode-26.4.0.app xcrun xcodebuild -IDEClonedSourcePackagesDirPathOverride=$PWD/.dependencies -skipMacroValidation -skipPackagePluginValidation -derivedDataPath $PWD/.derivedData build -scheme PGWUI -destination generic/platform=watchOS
Command line invocation:
/Applications/Xcode-26.4.0.app/Contents/Developer/usr/bin/xcodebuild -IDEClonedSourcePackagesDirPathOverride=/Users/admin/builder/spi-builder-workspace/.dependencies -skipMacroValidation -skipPackagePluginValidation -derivedDataPath /Users/admin/builder/spi-builder-workspace/.derivedData build -scheme PGWUI -destination generic/platform=watchOS
Resolve Package Graph
Resolved source packages:
PGWHelper: https://github.com/2C2P/PGWSDKHELPER-SwiftPackage @ 4.2.3
PGW: https://github.com/2C2P/PGWSDK-SwiftPackage @ 4.7.1
PGWUI: /Users/admin/builder/spi-builder-workspace
ComputePackagePrebuildTargetDependencyGraph
Prepare packages
CreateBuildRequest
SendProjectDescription
CreateBuildOperation
ComputeTargetDependencyGraph
note: Building targets in dependency order
note: Target dependency graph (4 targets)
Target 'PGWUI' in project 'PGWUI'
➜ Explicit dependency on target 'PGWCore' in project 'PGWUI'
➜ Explicit dependency on target 'PGW' in project 'PGW'
➜ Explicit dependency on target 'PGWHelper' in project 'PGWHelper'
Target 'PGWCore' in project 'PGWUI'
➜ Explicit dependency on target 'PGW' in project 'PGW'
➜ Explicit dependency on target 'PGWHelper' in project 'PGWHelper'
Target 'PGWHelper' in project 'PGWHelper' (no dependencies)
Target 'PGW' in project 'PGW' (no dependencies)
GatherProvisioningInputs
CreateBuildDescription
/Users/admin/builder/spi-builder-workspace/.dependencies/artifacts/pgwsdkhelper-swiftpackage/PGWHelper/PGWHelper.xcframework:1:1: error: While building for watchOS, no library for this platform was found in '/Users/admin/builder/spi-builder-workspace/.dependencies/artifacts/pgwsdkhelper-swiftpackage/PGWHelper/PGWHelper.xcframework'. (in target 'PGWHelper' from project 'PGWHelper')
/Users/admin/builder/spi-builder-workspace/.dependencies/artifacts/pgwsdkhelper-swiftpackage/zpdk/zpdk.xcframework:1:1: error: While building for watchOS, no library for this platform was found in '/Users/admin/builder/spi-builder-workspace/.dependencies/artifacts/pgwsdkhelper-swiftpackage/zpdk/zpdk.xcframework'. (in target 'PGWHelper' from project 'PGWHelper')
/Users/admin/builder/spi-builder-workspace/.dependencies/artifacts/pgwsdk-swiftpackage/PGW/PGW.xcframework:1:1: error: While building for watchOS, no library for this platform was found in '/Users/admin/builder/spi-builder-workspace/.dependencies/artifacts/pgwsdk-swiftpackage/PGW/PGW.xcframework'. (in target 'PGW' from project 'PGW')
/Users/admin/builder/spi-builder-workspace/.dependencies/artifacts/pgwsdk-swiftpackage/PGW/PGW.xcframework:1:1: error: While building for watchOS, no library for this platform was found in '/Users/admin/builder/spi-builder-workspace/.dependencies/artifacts/pgwsdk-swiftpackage/PGW/PGW.xcframework'. (in target 'PGWCore' from project 'PGWUI')
/Users/admin/builder/spi-builder-workspace/.dependencies/artifacts/pgwsdkhelper-swiftpackage/PGWHelper/PGWHelper.xcframework:1:1: error: While building for watchOS, no library for this platform was found in '/Users/admin/builder/spi-builder-workspace/.dependencies/artifacts/pgwsdkhelper-swiftpackage/PGWHelper/PGWHelper.xcframework'. (in target 'PGWCore' from project 'PGWUI')
/Users/admin/builder/spi-builder-workspace/.dependencies/artifacts/pgwsdkhelper-swiftpackage/zpdk/zpdk.xcframework:1:1: error: While building for watchOS, no library for this platform was found in '/Users/admin/builder/spi-builder-workspace/.dependencies/artifacts/pgwsdkhelper-swiftpackage/zpdk/zpdk.xcframework'. (in target 'PGWCore' from project 'PGWUI')
/Users/admin/builder/spi-builder-workspace/.dependencies/artifacts/pgwsdk-swiftpackage/PGW/PGW.xcframework:1:1: error: While building for watchOS, no library for this platform was found in '/Users/admin/builder/spi-builder-workspace/.dependencies/artifacts/pgwsdk-swiftpackage/PGW/PGW.xcframework'. (in target 'PGWUI' from project 'PGWUI')
/Users/admin/builder/spi-builder-workspace/.dependencies/artifacts/pgwsdk-swiftpackage/PGW/PGW.xcframework:1:1: error: While building for watchOS, no library for this platform was found in '/Users/admin/builder/spi-builder-workspace/.dependencies/artifacts/pgwsdk-swiftpackage/PGW/PGW.xcframework'. (in target 'PGWUI' from project 'PGWUI')
/Users/admin/builder/spi-builder-workspace/.dependencies/artifacts/pgwsdkhelper-swiftpackage/PGWHelper/PGWHelper.xcframework:1:1: error: While building for watchOS, no library for this platform was found in '/Users/admin/builder/spi-builder-workspace/.dependencies/artifacts/pgwsdkhelper-swiftpackage/PGWHelper/PGWHelper.xcframework'. (in target 'PGWUI' from project 'PGWUI')
/Users/admin/builder/spi-builder-workspace/.dependencies/artifacts/pgwsdkhelper-swiftpackage/PGWHelper/PGWHelper.xcframework:1:1: error: While building for watchOS, no library for this platform was found in '/Users/admin/builder/spi-builder-workspace/.dependencies/artifacts/pgwsdkhelper-swiftpackage/PGWHelper/PGWHelper.xcframework'. (in target 'PGWUI' from project 'PGWUI')
/Users/admin/builder/spi-builder-workspace/.dependencies/artifacts/pgwsdkhelper-swiftpackage/zpdk/zpdk.xcframework:1:1: error: While building for watchOS, no library for this platform was found in '/Users/admin/builder/spi-builder-workspace/.dependencies/artifacts/pgwsdkhelper-swiftpackage/zpdk/zpdk.xcframework'. (in target 'PGWUI' from project 'PGWUI')
/Users/admin/builder/spi-builder-workspace/.dependencies/artifacts/pgwsdkhelper-swiftpackage/zpdk/zpdk.xcframework:1:1: error: While building for watchOS, no library for this platform was found in '/Users/admin/builder/spi-builder-workspace/.dependencies/artifacts/pgwsdkhelper-swiftpackage/zpdk/zpdk.xcframework'. (in target 'PGWUI' from project 'PGWUI')
/Users/admin/builder/spi-builder-workspace/.dependencies/artifacts/spi-builder-workspace/App/App.xcframework:1:1: error: While building for watchOS, no library for this platform was found in '/Users/admin/builder/spi-builder-workspace/.dependencies/artifacts/spi-builder-workspace/App/App.xcframework'. (in target 'PGWUI' from project 'PGWUI')
/Users/admin/builder/spi-builder-workspace/.dependencies/artifacts/spi-builder-workspace/Flutter/Flutter.xcframework:1:1: error: While building for watchOS, no library for this platform was found in '/Users/admin/builder/spi-builder-workspace/.dependencies/artifacts/spi-builder-workspace/Flutter/Flutter.xcframework'. (in target 'PGWUI' from project 'PGWUI')
/Users/admin/builder/spi-builder-workspace/.dependencies/artifacts/spi-builder-workspace/FlutterPluginRegistrant/FlutterPluginRegistrant.xcframework:1:1: error: While building for watchOS, no library for this platform was found in '/Users/admin/builder/spi-builder-workspace/.dependencies/artifacts/spi-builder-workspace/FlutterPluginRegistrant/FlutterPluginRegistrant.xcframework'. (in target 'PGWUI' from project 'PGWUI')
/Users/admin/builder/spi-builder-workspace/.dependencies/artifacts/spi-builder-workspace/objective_c/objective_c.xcframework:1:1: error: While building for watchOS, no library for this platform was found in '/Users/admin/builder/spi-builder-workspace/.dependencies/artifacts/spi-builder-workspace/objective_c/objective_c.xcframework'. (in target 'PGWUI' from project 'PGWUI')
/Users/admin/builder/spi-builder-workspace/.dependencies/artifacts/spi-builder-workspace/pgw_sdk/pgw_sdk.xcframework:1:1: error: While building for watchOS, no library for this platform was found in '/Users/admin/builder/spi-builder-workspace/.dependencies/artifacts/spi-builder-workspace/pgw_sdk/pgw_sdk.xcframework'. (in target 'PGWUI' from project 'PGWUI')
/Users/admin/builder/spi-builder-workspace/.dependencies/artifacts/spi-builder-workspace/webview_flutter_wkwebview/webview_flutter_wkwebview.xcframework:1:1: error: While building for watchOS, no library for this platform was found in '/Users/admin/builder/spi-builder-workspace/.dependencies/artifacts/spi-builder-workspace/webview_flutter_wkwebview/webview_flutter_wkwebview.xcframework'. (in target 'PGWUI' from project 'PGWUI')
2026-07-24 09:34:12.755 xcodebuild[976:5314] [MT] IDERunDestination: Supported platforms for the buildables in the current scheme is empty.
** BUILD FAILED **
The following build commands failed:
Building workspace spi-builder-workspace with scheme PGWUI
(1 failure)
BUILD FAILURE 6.3 watchOS