The Swift Package Index logo.Swift Package Index

Build Information

Failed to build ThreeMF, reference 0.3.3 (bb24e8), with Swift 6.1 for Wasm on 13 Oct 2026 16:12:17 UTC.

Build Command

bash -c docker run --pull=always --rm -v "checkouts-53886768-0":/host -w "$PWD" -e JAVA_HOME="/root/.sdkman/candidates/java/current" -e SPI_BUILD="1" -e SPI_PROCESSING="1" registry.gitlab.com/saguaro1/spi-images:wasm-6.1-latest swift build --swift-sdk wasm32-unknown-wasi 2>&1

Build Log

 37 | #include <fcntl.h>
 38 |
<module-includes>:1:10: note: in file included from <module-includes>:1:
1 | #include "errno.h"
  |          `- note: in file included from <module-includes>:1:
2 |
<unknown>:0: error: could not build C module 'SwiftOverlayShims'
/root/.swiftpm/swift-sdks/swift-wasm-6.1-RELEASE-wasm32-unknown-wasi.artifactbundle/6.1-RELEASE-wasm32-unknown-wasi/wasm32-unknown-wasi/WASI.sdk/include/c++/v1/errno.h:32:17: error: could not build module 'SwiftWASILibc'
 30 |
 31 | #if __has_include_next(<errno.h>)
 32 | #  include_next <errno.h>
    |                 `- error: could not build module 'SwiftWASILibc'
 33 | #endif
 34 |
[27/54] Compiling Nodal ReverseSiblingSequence.swift
/root/.swiftpm/swift-sdks/swift-wasm-6.1-RELEASE-wasm32-unknown-wasi.artifactbundle/6.1-RELEASE-wasm32-unknown-wasi/wasm32-unknown-wasi/swift.xctoolchain/usr/lib/swift_static/shims/LibcOverlayShims.h:31:10: note: while building module 'SwiftWASILibc' imported from /root/.swiftpm/swift-sdks/swift-wasm-6.1-RELEASE-wasm32-unknown-wasi.artifactbundle/6.1-RELEASE-wasm32-unknown-wasi/wasm32-unknown-wasi/swift.xctoolchain/usr/lib/swift_static/shims/LibcOverlayShims.h:31:
 29 | typedef int mode_t;
 30 | #else
 31 | #include <semaphore.h>
    |          `- note: while building module 'SwiftWASILibc' imported from /root/.swiftpm/swift-sdks/swift-wasm-6.1-RELEASE-wasm32-unknown-wasi.artifactbundle/6.1-RELEASE-wasm32-unknown-wasi/wasm32-unknown-wasi/swift.xctoolchain/usr/lib/swift_static/shims/LibcOverlayShims.h:31:
 32 | #include <sys/ioctl.h>
 33 | #include <sys/types.h>
/root/.swiftpm/swift-sdks/swift-wasm-6.1-RELEASE-wasm32-unknown-wasi.artifactbundle/6.1-RELEASE-wasm32-unknown-wasi/wasm32-unknown-wasi/WASI.sdk/include/wasm32-wasi/netinet/in.h:9:10: note: while building module 'std_inttypes_h' imported from /root/.swiftpm/swift-sdks/swift-wasm-6.1-RELEASE-wasm32-unknown-wasi.artifactbundle/6.1-RELEASE-wasm32-unknown-wasi/wasm32-unknown-wasi/WASI.sdk/include/wasm32-wasi/netinet/in.h:9:
  7 |
  8 | #include <features.h>
  9 | #include <inttypes.h>
    |          `- note: while building module 'std_inttypes_h' imported from /root/.swiftpm/swift-sdks/swift-wasm-6.1-RELEASE-wasm32-unknown-wasi.artifactbundle/6.1-RELEASE-wasm32-unknown-wasi/wasm32-unknown-wasi/WASI.sdk/include/wasm32-wasi/netinet/in.h:9:
 10 | #include <sys/socket.h>
 11 | #ifdef __wasilibc_unmodified_upstream /* Use alternate WASI libc headers */
<module-includes>:1:10: note: in file included from <module-includes>:1:
1 | #include "inttypes.h"
  |          `- note: in file included from <module-includes>:1:
2 |
/root/.swiftpm/swift-sdks/swift-wasm-6.1-RELEASE-wasm32-unknown-wasi.artifactbundle/6.1-RELEASE-wasm32-unknown-wasi/wasm32-unknown-wasi/WASI.sdk/include/c++/v1/inttypes.h:252:17: note: in file included from /root/.swiftpm/swift-sdks/swift-wasm-6.1-RELEASE-wasm32-unknown-wasi.artifactbundle/6.1-RELEASE-wasm32-unknown-wasi/wasm32-unknown-wasi/WASI.sdk/include/c++/v1/inttypes.h:252:
250 |
251 | #if __has_include_next(<inttypes.h>)
252 | #  include_next <inttypes.h>
    |                 `- note: in file included from /root/.swiftpm/swift-sdks/swift-wasm-6.1-RELEASE-wasm32-unknown-wasi.artifactbundle/6.1-RELEASE-wasm32-unknown-wasi/wasm32-unknown-wasi/WASI.sdk/include/c++/v1/inttypes.h:252:
253 | #endif
254 |
/root/.swiftpm/swift-sdks/swift-wasm-6.1-RELEASE-wasm32-unknown-wasi.artifactbundle/6.1-RELEASE-wasm32-unknown-wasi/wasm32-unknown-wasi/swift.xctoolchain/usr/lib/swift_static/clang/include/inttypes.h:24:15: error: cyclic dependency in module 'SwiftWASILibc': SwiftWASILibc -> std_inttypes_h -> SwiftWASILibc
 22 | #endif
 23 |
 24 | #include_next <inttypes.h>
    |               `- error: cyclic dependency in module 'SwiftWASILibc': SwiftWASILibc -> std_inttypes_h -> SwiftWASILibc
 25 |
 26 | #if defined(_MSC_VER) && _MSC_VER < 1900
/root/.swiftpm/swift-sdks/swift-wasm-6.1-RELEASE-wasm32-unknown-wasi.artifactbundle/6.1-RELEASE-wasm32-unknown-wasi/wasm32-unknown-wasi/swift.xctoolchain/usr/lib/swift_static/shims/LibcOverlayShims.h:31:10: note: while building module 'SwiftWASILibc' imported from /root/.swiftpm/swift-sdks/swift-wasm-6.1-RELEASE-wasm32-unknown-wasi.artifactbundle/6.1-RELEASE-wasm32-unknown-wasi/wasm32-unknown-wasi/swift.xctoolchain/usr/lib/swift_static/shims/LibcOverlayShims.h:31:
 29 | typedef int mode_t;
 30 | #else
 31 | #include <semaphore.h>
    |          `- note: while building module 'SwiftWASILibc' imported from /root/.swiftpm/swift-sdks/swift-wasm-6.1-RELEASE-wasm32-unknown-wasi.artifactbundle/6.1-RELEASE-wasm32-unknown-wasi/wasm32-unknown-wasi/swift.xctoolchain/usr/lib/swift_static/shims/LibcOverlayShims.h:31:
 32 | #include <sys/ioctl.h>
 33 | #include <sys/types.h>
<module-includes>:14:10: note: in file included from <module-includes>:14:
12 | #include "string.h"
13 | #include "time.h"
14 | #include "arpa/inet.h"
   |          `- note: in file included from <module-includes>:14:
15 | #include "cpio.h"
16 | #include "dirent.h"
/root/.swiftpm/swift-sdks/swift-wasm-6.1-RELEASE-wasm32-unknown-wasi.artifactbundle/6.1-RELEASE-wasm32-unknown-wasi/wasm32-unknown-wasi/WASI.sdk/include/wasm32-wasi/arpa/inet.h:9:10: note: in file included from /root/.swiftpm/swift-sdks/swift-wasm-6.1-RELEASE-wasm32-unknown-wasi.artifactbundle/6.1-RELEASE-wasm32-unknown-wasi/wasm32-unknown-wasi/WASI.sdk/include/wasm32-wasi/arpa/inet.h:9:
 7 |
 8 | #include <features.h>
 9 | #include <netinet/in.h>
   |          `- note: in file included from /root/.swiftpm/swift-sdks/swift-wasm-6.1-RELEASE-wasm32-unknown-wasi.artifactbundle/6.1-RELEASE-wasm32-unknown-wasi/wasm32-unknown-wasi/WASI.sdk/include/wasm32-wasi/arpa/inet.h:9:
10 |
11 | uint32_t htonl(uint32_t);
/root/.swiftpm/swift-sdks/swift-wasm-6.1-RELEASE-wasm32-unknown-wasi.artifactbundle/6.1-RELEASE-wasm32-unknown-wasi/wasm32-unknown-wasi/WASI.sdk/include/wasm32-wasi/netinet/in.h:9:10: error: could not build module 'std_inttypes_h'
  7 |
  8 | #include <features.h>
  9 | #include <inttypes.h>
    |          `- error: could not build module 'std_inttypes_h'
 10 | #include <sys/socket.h>
 11 | #ifdef __wasilibc_unmodified_upstream /* Use alternate WASI libc headers */
<module-includes>:1:10: note: in file included from <module-includes>:1:
1 | #include "LibcOverlayShims.h"
  |          `- note: in file included from <module-includes>:1:
2 |
/root/.swiftpm/swift-sdks/swift-wasm-6.1-RELEASE-wasm32-unknown-wasi.artifactbundle/6.1-RELEASE-wasm32-unknown-wasi/wasm32-unknown-wasi/swift.xctoolchain/usr/lib/swift_static/shims/LibcOverlayShims.h:31:10: error: could not build module 'SwiftWASILibc'
 29 | typedef int mode_t;
 30 | #else
 31 | #include <semaphore.h>
    |          `- error: could not build module 'SwiftWASILibc'
 32 | #include <sys/ioctl.h>
 33 | #include <sys/types.h>
 34 | #endif
 35 |
 36 | #include <errno.h>
    |          `- note: while building module 'std_errno_h' imported from /root/.swiftpm/swift-sdks/swift-wasm-6.1-RELEASE-wasm32-unknown-wasi.artifactbundle/6.1-RELEASE-wasm32-unknown-wasi/wasm32-unknown-wasi/swift.xctoolchain/usr/lib/swift_static/shims/LibcOverlayShims.h:36:
 37 | #include <fcntl.h>
 38 |
<module-includes>:1:10: note: in file included from <module-includes>:1:
1 | #include "errno.h"
  |          `- note: in file included from <module-includes>:1:
2 |
<unknown>:0: error: could not build C module 'SwiftOverlayShims'
/root/.swiftpm/swift-sdks/swift-wasm-6.1-RELEASE-wasm32-unknown-wasi.artifactbundle/6.1-RELEASE-wasm32-unknown-wasi/wasm32-unknown-wasi/WASI.sdk/include/c++/v1/errno.h:32:17: error: could not build module 'SwiftWASILibc'
 30 |
 31 | #if __has_include_next(<errno.h>)
 32 | #  include_next <errno.h>
    |                 `- error: could not build module 'SwiftWASILibc'
 33 | #endif
 34 |
[28/54] Compiling Nodal Node+xPath.swift
/root/.swiftpm/swift-sdks/swift-wasm-6.1-RELEASE-wasm32-unknown-wasi.artifactbundle/6.1-RELEASE-wasm32-unknown-wasi/wasm32-unknown-wasi/swift.xctoolchain/usr/lib/swift_static/shims/LibcOverlayShims.h:31:10: note: while building module 'SwiftWASILibc' imported from /root/.swiftpm/swift-sdks/swift-wasm-6.1-RELEASE-wasm32-unknown-wasi.artifactbundle/6.1-RELEASE-wasm32-unknown-wasi/wasm32-unknown-wasi/swift.xctoolchain/usr/lib/swift_static/shims/LibcOverlayShims.h:31:
 29 | typedef int mode_t;
 30 | #else
 31 | #include <semaphore.h>
    |          `- note: while building module 'SwiftWASILibc' imported from /root/.swiftpm/swift-sdks/swift-wasm-6.1-RELEASE-wasm32-unknown-wasi.artifactbundle/6.1-RELEASE-wasm32-unknown-wasi/wasm32-unknown-wasi/swift.xctoolchain/usr/lib/swift_static/shims/LibcOverlayShims.h:31:
 32 | #include <sys/ioctl.h>
 33 | #include <sys/types.h>
/root/.swiftpm/swift-sdks/swift-wasm-6.1-RELEASE-wasm32-unknown-wasi.artifactbundle/6.1-RELEASE-wasm32-unknown-wasi/wasm32-unknown-wasi/WASI.sdk/include/wasm32-wasi/netinet/in.h:9:10: note: while building module 'std_inttypes_h' imported from /root/.swiftpm/swift-sdks/swift-wasm-6.1-RELEASE-wasm32-unknown-wasi.artifactbundle/6.1-RELEASE-wasm32-unknown-wasi/wasm32-unknown-wasi/WASI.sdk/include/wasm32-wasi/netinet/in.h:9:
  7 |
  8 | #include <features.h>
  9 | #include <inttypes.h>
    |          `- note: while building module 'std_inttypes_h' imported from /root/.swiftpm/swift-sdks/swift-wasm-6.1-RELEASE-wasm32-unknown-wasi.artifactbundle/6.1-RELEASE-wasm32-unknown-wasi/wasm32-unknown-wasi/WASI.sdk/include/wasm32-wasi/netinet/in.h:9:
 10 | #include <sys/socket.h>
 11 | #ifdef __wasilibc_unmodified_upstream /* Use alternate WASI libc headers */
<module-includes>:1:10: note: in file included from <module-includes>:1:
1 | #include "inttypes.h"
  |          `- note: in file included from <module-includes>:1:
2 |
/root/.swiftpm/swift-sdks/swift-wasm-6.1-RELEASE-wasm32-unknown-wasi.artifactbundle/6.1-RELEASE-wasm32-unknown-wasi/wasm32-unknown-wasi/WASI.sdk/include/c++/v1/inttypes.h:252:17: note: in file included from /root/.swiftpm/swift-sdks/swift-wasm-6.1-RELEASE-wasm32-unknown-wasi.artifactbundle/6.1-RELEASE-wasm32-unknown-wasi/wasm32-unknown-wasi/WASI.sdk/include/c++/v1/inttypes.h:252:
250 |
251 | #if __has_include_next(<inttypes.h>)
252 | #  include_next <inttypes.h>
    |                 `- note: in file included from /root/.swiftpm/swift-sdks/swift-wasm-6.1-RELEASE-wasm32-unknown-wasi.artifactbundle/6.1-RELEASE-wasm32-unknown-wasi/wasm32-unknown-wasi/WASI.sdk/include/c++/v1/inttypes.h:252:
253 | #endif
254 |
/root/.swiftpm/swift-sdks/swift-wasm-6.1-RELEASE-wasm32-unknown-wasi.artifactbundle/6.1-RELEASE-wasm32-unknown-wasi/wasm32-unknown-wasi/swift.xctoolchain/usr/lib/swift_static/clang/include/inttypes.h:24:15: error: cyclic dependency in module 'SwiftWASILibc': SwiftWASILibc -> std_inttypes_h -> SwiftWASILibc
 22 | #endif
 23 |
 24 | #include_next <inttypes.h>
    |               `- error: cyclic dependency in module 'SwiftWASILibc': SwiftWASILibc -> std_inttypes_h -> SwiftWASILibc
 25 |
 26 | #if defined(_MSC_VER) && _MSC_VER < 1900
/root/.swiftpm/swift-sdks/swift-wasm-6.1-RELEASE-wasm32-unknown-wasi.artifactbundle/6.1-RELEASE-wasm32-unknown-wasi/wasm32-unknown-wasi/swift.xctoolchain/usr/lib/swift_static/shims/LibcOverlayShims.h:31:10: note: while building module 'SwiftWASILibc' imported from /root/.swiftpm/swift-sdks/swift-wasm-6.1-RELEASE-wasm32-unknown-wasi.artifactbundle/6.1-RELEASE-wasm32-unknown-wasi/wasm32-unknown-wasi/swift.xctoolchain/usr/lib/swift_static/shims/LibcOverlayShims.h:31:
 29 | typedef int mode_t;
 30 | #else
 31 | #include <semaphore.h>
    |          `- note: while building module 'SwiftWASILibc' imported from /root/.swiftpm/swift-sdks/swift-wasm-6.1-RELEASE-wasm32-unknown-wasi.artifactbundle/6.1-RELEASE-wasm32-unknown-wasi/wasm32-unknown-wasi/swift.xctoolchain/usr/lib/swift_static/shims/LibcOverlayShims.h:31:
 32 | #include <sys/ioctl.h>
 33 | #include <sys/types.h>
<module-includes>:14:10: note: in file included from <module-includes>:14:
12 | #include "string.h"
13 | #include "time.h"
14 | #include "arpa/inet.h"
   |          `- note: in file included from <module-includes>:14:
15 | #include "cpio.h"
16 | #include "dirent.h"
/root/.swiftpm/swift-sdks/swift-wasm-6.1-RELEASE-wasm32-unknown-wasi.artifactbundle/6.1-RELEASE-wasm32-unknown-wasi/wasm32-unknown-wasi/WASI.sdk/include/wasm32-wasi/arpa/inet.h:9:10: note: in file included from /root/.swiftpm/swift-sdks/swift-wasm-6.1-RELEASE-wasm32-unknown-wasi.artifactbundle/6.1-RELEASE-wasm32-unknown-wasi/wasm32-unknown-wasi/WASI.sdk/include/wasm32-wasi/arpa/inet.h:9:
 7 |
 8 | #include <features.h>
 9 | #include <netinet/in.h>
   |          `- note: in file included from /root/.swiftpm/swift-sdks/swift-wasm-6.1-RELEASE-wasm32-unknown-wasi.artifactbundle/6.1-RELEASE-wasm32-unknown-wasi/wasm32-unknown-wasi/WASI.sdk/include/wasm32-wasi/arpa/inet.h:9:
10 |
11 | uint32_t htonl(uint32_t);
/root/.swiftpm/swift-sdks/swift-wasm-6.1-RELEASE-wasm32-unknown-wasi.artifactbundle/6.1-RELEASE-wasm32-unknown-wasi/wasm32-unknown-wasi/WASI.sdk/include/wasm32-wasi/netinet/in.h:9:10: error: could not build module 'std_inttypes_h'
  7 |
  8 | #include <features.h>
  9 | #include <inttypes.h>
    |          `- error: could not build module 'std_inttypes_h'
 10 | #include <sys/socket.h>
 11 | #ifdef __wasilibc_unmodified_upstream /* Use alternate WASI libc headers */
<module-includes>:1:10: note: in file included from <module-includes>:1:
1 | #include "LibcOverlayShims.h"
  |          `- note: in file included from <module-includes>:1:
2 |
/root/.swiftpm/swift-sdks/swift-wasm-6.1-RELEASE-wasm32-unknown-wasi.artifactbundle/6.1-RELEASE-wasm32-unknown-wasi/wasm32-unknown-wasi/swift.xctoolchain/usr/lib/swift_static/shims/LibcOverlayShims.h:31:10: error: could not build module 'SwiftWASILibc'
 29 | typedef int mode_t;
 30 | #else
 31 | #include <semaphore.h>
    |          `- error: could not build module 'SwiftWASILibc'
 32 | #include <sys/ioctl.h>
 33 | #include <sys/types.h>
 34 | #endif
 35 |
 36 | #include <errno.h>
    |          `- note: while building module 'std_errno_h' imported from /root/.swiftpm/swift-sdks/swift-wasm-6.1-RELEASE-wasm32-unknown-wasi.artifactbundle/6.1-RELEASE-wasm32-unknown-wasi/wasm32-unknown-wasi/swift.xctoolchain/usr/lib/swift_static/shims/LibcOverlayShims.h:36:
 37 | #include <fcntl.h>
 38 |
<module-includes>:1:10: note: in file included from <module-includes>:1:
1 | #include "errno.h"
  |          `- note: in file included from <module-includes>:1:
2 |
<unknown>:0: error: could not build C module 'SwiftOverlayShims'
/root/.swiftpm/swift-sdks/swift-wasm-6.1-RELEASE-wasm32-unknown-wasi.artifactbundle/6.1-RELEASE-wasm32-unknown-wasi/wasm32-unknown-wasi/WASI.sdk/include/c++/v1/errno.h:32:17: error: could not build module 'SwiftWASILibc'
 30 |
 31 | #if __has_include_next(<errno.h>)
 32 | #  include_next <errno.h>
    |                 `- error: could not build module 'SwiftWASILibc'
 33 | #endif
 34 |
[29/54] Compiling Nodal XPathQuery.swift
/root/.swiftpm/swift-sdks/swift-wasm-6.1-RELEASE-wasm32-unknown-wasi.artifactbundle/6.1-RELEASE-wasm32-unknown-wasi/wasm32-unknown-wasi/swift.xctoolchain/usr/lib/swift_static/shims/LibcOverlayShims.h:31:10: note: while building module 'SwiftWASILibc' imported from /root/.swiftpm/swift-sdks/swift-wasm-6.1-RELEASE-wasm32-unknown-wasi.artifactbundle/6.1-RELEASE-wasm32-unknown-wasi/wasm32-unknown-wasi/swift.xctoolchain/usr/lib/swift_static/shims/LibcOverlayShims.h:31:
 29 | typedef int mode_t;
 30 | #else
 31 | #include <semaphore.h>
    |          `- note: while building module 'SwiftWASILibc' imported from /root/.swiftpm/swift-sdks/swift-wasm-6.1-RELEASE-wasm32-unknown-wasi.artifactbundle/6.1-RELEASE-wasm32-unknown-wasi/wasm32-unknown-wasi/swift.xctoolchain/usr/lib/swift_static/shims/LibcOverlayShims.h:31:
 32 | #include <sys/ioctl.h>
 33 | #include <sys/types.h>
/root/.swiftpm/swift-sdks/swift-wasm-6.1-RELEASE-wasm32-unknown-wasi.artifactbundle/6.1-RELEASE-wasm32-unknown-wasi/wasm32-unknown-wasi/WASI.sdk/include/wasm32-wasi/netinet/in.h:9:10: note: while building module 'std_inttypes_h' imported from /root/.swiftpm/swift-sdks/swift-wasm-6.1-RELEASE-wasm32-unknown-wasi.artifactbundle/6.1-RELEASE-wasm32-unknown-wasi/wasm32-unknown-wasi/WASI.sdk/include/wasm32-wasi/netinet/in.h:9:
  7 |
  8 | #include <features.h>
  9 | #include <inttypes.h>
    |          `- note: while building module 'std_inttypes_h' imported from /root/.swiftpm/swift-sdks/swift-wasm-6.1-RELEASE-wasm32-unknown-wasi.artifactbundle/6.1-RELEASE-wasm32-unknown-wasi/wasm32-unknown-wasi/WASI.sdk/include/wasm32-wasi/netinet/in.h:9:
 10 | #include <sys/socket.h>
 11 | #ifdef __wasilibc_unmodified_upstream /* Use alternate WASI libc headers */
<module-includes>:1:10: note: in file included from <module-includes>:1:
1 | #include "inttypes.h"
  |          `- note: in file included from <module-includes>:1:
2 |
/root/.swiftpm/swift-sdks/swift-wasm-6.1-RELEASE-wasm32-unknown-wasi.artifactbundle/6.1-RELEASE-wasm32-unknown-wasi/wasm32-unknown-wasi/WASI.sdk/include/c++/v1/inttypes.h:252:17: note: in file included from /root/.swiftpm/swift-sdks/swift-wasm-6.1-RELEASE-wasm32-unknown-wasi.artifactbundle/6.1-RELEASE-wasm32-unknown-wasi/wasm32-unknown-wasi/WASI.sdk/include/c++/v1/inttypes.h:252:
250 |
251 | #if __has_include_next(<inttypes.h>)
252 | #  include_next <inttypes.h>
    |                 `- note: in file included from /root/.swiftpm/swift-sdks/swift-wasm-6.1-RELEASE-wasm32-unknown-wasi.artifactbundle/6.1-RELEASE-wasm32-unknown-wasi/wasm32-unknown-wasi/WASI.sdk/include/c++/v1/inttypes.h:252:
253 | #endif
254 |
/root/.swiftpm/swift-sdks/swift-wasm-6.1-RELEASE-wasm32-unknown-wasi.artifactbundle/6.1-RELEASE-wasm32-unknown-wasi/wasm32-unknown-wasi/swift.xctoolchain/usr/lib/swift_static/clang/include/inttypes.h:24:15: error: cyclic dependency in module 'SwiftWASILibc': SwiftWASILibc -> std_inttypes_h -> SwiftWASILibc
 22 | #endif
 23 |
 24 | #include_next <inttypes.h>
    |               `- error: cyclic dependency in module 'SwiftWASILibc': SwiftWASILibc -> std_inttypes_h -> SwiftWASILibc
 25 |
 26 | #if defined(_MSC_VER) && _MSC_VER < 1900
/root/.swiftpm/swift-sdks/swift-wasm-6.1-RELEASE-wasm32-unknown-wasi.artifactbundle/6.1-RELEASE-wasm32-unknown-wasi/wasm32-unknown-wasi/swift.xctoolchain/usr/lib/swift_static/shims/LibcOverlayShims.h:31:10: note: while building module 'SwiftWASILibc' imported from /root/.swiftpm/swift-sdks/swift-wasm-6.1-RELEASE-wasm32-unknown-wasi.artifactbundle/6.1-RELEASE-wasm32-unknown-wasi/wasm32-unknown-wasi/swift.xctoolchain/usr/lib/swift_static/shims/LibcOverlayShims.h:31:
 29 | typedef int mode_t;
 30 | #else
 31 | #include <semaphore.h>
    |          `- note: while building module 'SwiftWASILibc' imported from /root/.swiftpm/swift-sdks/swift-wasm-6.1-RELEASE-wasm32-unknown-wasi.artifactbundle/6.1-RELEASE-wasm32-unknown-wasi/wasm32-unknown-wasi/swift.xctoolchain/usr/lib/swift_static/shims/LibcOverlayShims.h:31:
 32 | #include <sys/ioctl.h>
 33 | #include <sys/types.h>
<module-includes>:14:10: note: in file included from <module-includes>:14:
12 | #include "string.h"
13 | #include "time.h"
14 | #include "arpa/inet.h"
   |          `- note: in file included from <module-includes>:14:
15 | #include "cpio.h"
16 | #include "dirent.h"
/root/.swiftpm/swift-sdks/swift-wasm-6.1-RELEASE-wasm32-unknown-wasi.artifactbundle/6.1-RELEASE-wasm32-unknown-wasi/wasm32-unknown-wasi/WASI.sdk/include/wasm32-wasi/arpa/inet.h:9:10: note: in file included from /root/.swiftpm/swift-sdks/swift-wasm-6.1-RELEASE-wasm32-unknown-wasi.artifactbundle/6.1-RELEASE-wasm32-unknown-wasi/wasm32-unknown-wasi/WASI.sdk/include/wasm32-wasi/arpa/inet.h:9:
 7 |
 8 | #include <features.h>
 9 | #include <netinet/in.h>
   |          `- note: in file included from /root/.swiftpm/swift-sdks/swift-wasm-6.1-RELEASE-wasm32-unknown-wasi.artifactbundle/6.1-RELEASE-wasm32-unknown-wasi/wasm32-unknown-wasi/WASI.sdk/include/wasm32-wasi/arpa/inet.h:9:
10 |
11 | uint32_t htonl(uint32_t);
/root/.swiftpm/swift-sdks/swift-wasm-6.1-RELEASE-wasm32-unknown-wasi.artifactbundle/6.1-RELEASE-wasm32-unknown-wasi/wasm32-unknown-wasi/WASI.sdk/include/wasm32-wasi/netinet/in.h:9:10: error: could not build module 'std_inttypes_h'
  7 |
  8 | #include <features.h>
  9 | #include <inttypes.h>
    |          `- error: could not build module 'std_inttypes_h'
 10 | #include <sys/socket.h>
 11 | #ifdef __wasilibc_unmodified_upstream /* Use alternate WASI libc headers */
<module-includes>:1:10: note: in file included from <module-includes>:1:
1 | #include "LibcOverlayShims.h"
  |          `- note: in file included from <module-includes>:1:
2 |
/root/.swiftpm/swift-sdks/swift-wasm-6.1-RELEASE-wasm32-unknown-wasi.artifactbundle/6.1-RELEASE-wasm32-unknown-wasi/wasm32-unknown-wasi/swift.xctoolchain/usr/lib/swift_static/shims/LibcOverlayShims.h:31:10: error: could not build module 'SwiftWASILibc'
 29 | typedef int mode_t;
 30 | #else
 31 | #include <semaphore.h>
    |          `- error: could not build module 'SwiftWASILibc'
 32 | #include <sys/ioctl.h>
 33 | #include <sys/types.h>
 34 | #endif
 35 |
 36 | #include <errno.h>
    |          `- note: while building module 'std_errno_h' imported from /root/.swiftpm/swift-sdks/swift-wasm-6.1-RELEASE-wasm32-unknown-wasi.artifactbundle/6.1-RELEASE-wasm32-unknown-wasi/wasm32-unknown-wasi/swift.xctoolchain/usr/lib/swift_static/shims/LibcOverlayShims.h:36:
 37 | #include <fcntl.h>
 38 |
<module-includes>:1:10: note: in file included from <module-includes>:1:
1 | #include "errno.h"
  |          `- note: in file included from <module-includes>:1:
2 |
<unknown>:0: error: could not build C module 'SwiftOverlayShims'
/root/.swiftpm/swift-sdks/swift-wasm-6.1-RELEASE-wasm32-unknown-wasi.artifactbundle/6.1-RELEASE-wasm32-unknown-wasi/wasm32-unknown-wasi/WASI.sdk/include/c++/v1/errno.h:32:17: error: could not build module 'SwiftWASILibc'
 30 |
 31 | #if __has_include_next(<errno.h>)
 32 | #  include_next <errno.h>
    |                 `- error: could not build module 'SwiftWASILibc'
 33 | #endif
 34 |
[30/54] Compiling Nodal XPathResults.swift
/root/.swiftpm/swift-sdks/swift-wasm-6.1-RELEASE-wasm32-unknown-wasi.artifactbundle/6.1-RELEASE-wasm32-unknown-wasi/wasm32-unknown-wasi/swift.xctoolchain/usr/lib/swift_static/shims/LibcOverlayShims.h:31:10: note: while building module 'SwiftWASILibc' imported from /root/.swiftpm/swift-sdks/swift-wasm-6.1-RELEASE-wasm32-unknown-wasi.artifactbundle/6.1-RELEASE-wasm32-unknown-wasi/wasm32-unknown-wasi/swift.xctoolchain/usr/lib/swift_static/shims/LibcOverlayShims.h:31:
 29 | typedef int mode_t;
 30 | #else
 31 | #include <semaphore.h>
    |          `- note: while building module 'SwiftWASILibc' imported from /root/.swiftpm/swift-sdks/swift-wasm-6.1-RELEASE-wasm32-unknown-wasi.artifactbundle/6.1-RELEASE-wasm32-unknown-wasi/wasm32-unknown-wasi/swift.xctoolchain/usr/lib/swift_static/shims/LibcOverlayShims.h:31:
 32 | #include <sys/ioctl.h>
 33 | #include <sys/types.h>
/root/.swiftpm/swift-sdks/swift-wasm-6.1-RELEASE-wasm32-unknown-wasi.artifactbundle/6.1-RELEASE-wasm32-unknown-wasi/wasm32-unknown-wasi/WASI.sdk/include/wasm32-wasi/netinet/in.h:9:10: note: while building module 'std_inttypes_h' imported from /root/.swiftpm/swift-sdks/swift-wasm-6.1-RELEASE-wasm32-unknown-wasi.artifactbundle/6.1-RELEASE-wasm32-unknown-wasi/wasm32-unknown-wasi/WASI.sdk/include/wasm32-wasi/netinet/in.h:9:
  7 |
  8 | #include <features.h>
  9 | #include <inttypes.h>
    |          `- note: while building module 'std_inttypes_h' imported from /root/.swiftpm/swift-sdks/swift-wasm-6.1-RELEASE-wasm32-unknown-wasi.artifactbundle/6.1-RELEASE-wasm32-unknown-wasi/wasm32-unknown-wasi/WASI.sdk/include/wasm32-wasi/netinet/in.h:9:
 10 | #include <sys/socket.h>
 11 | #ifdef __wasilibc_unmodified_upstream /* Use alternate WASI libc headers */
<module-includes>:1:10: note: in file included from <module-includes>:1:
1 | #include "inttypes.h"
  |          `- note: in file included from <module-includes>:1:
2 |
/root/.swiftpm/swift-sdks/swift-wasm-6.1-RELEASE-wasm32-unknown-wasi.artifactbundle/6.1-RELEASE-wasm32-unknown-wasi/wasm32-unknown-wasi/WASI.sdk/include/c++/v1/inttypes.h:252:17: note: in file included from /root/.swiftpm/swift-sdks/swift-wasm-6.1-RELEASE-wasm32-unknown-wasi.artifactbundle/6.1-RELEASE-wasm32-unknown-wasi/wasm32-unknown-wasi/WASI.sdk/include/c++/v1/inttypes.h:252:
250 |
251 | #if __has_include_next(<inttypes.h>)
252 | #  include_next <inttypes.h>
    |                 `- note: in file included from /root/.swiftpm/swift-sdks/swift-wasm-6.1-RELEASE-wasm32-unknown-wasi.artifactbundle/6.1-RELEASE-wasm32-unknown-wasi/wasm32-unknown-wasi/WASI.sdk/include/c++/v1/inttypes.h:252:
253 | #endif
254 |
/root/.swiftpm/swift-sdks/swift-wasm-6.1-RELEASE-wasm32-unknown-wasi.artifactbundle/6.1-RELEASE-wasm32-unknown-wasi/wasm32-unknown-wasi/swift.xctoolchain/usr/lib/swift_static/clang/include/inttypes.h:24:15: error: cyclic dependency in module 'SwiftWASILibc': SwiftWASILibc -> std_inttypes_h -> SwiftWASILibc
 22 | #endif
 23 |
 24 | #include_next <inttypes.h>
    |               `- error: cyclic dependency in module 'SwiftWASILibc': SwiftWASILibc -> std_inttypes_h -> SwiftWASILibc
 25 |
 26 | #if defined(_MSC_VER) && _MSC_VER < 1900
/root/.swiftpm/swift-sdks/swift-wasm-6.1-RELEASE-wasm32-unknown-wasi.artifactbundle/6.1-RELEASE-wasm32-unknown-wasi/wasm32-unknown-wasi/swift.xctoolchain/usr/lib/swift_static/shims/LibcOverlayShims.h:31:10: note: while building module 'SwiftWASILibc' imported from /root/.swiftpm/swift-sdks/swift-wasm-6.1-RELEASE-wasm32-unknown-wasi.artifactbundle/6.1-RELEASE-wasm32-unknown-wasi/wasm32-unknown-wasi/swift.xctoolchain/usr/lib/swift_static/shims/LibcOverlayShims.h:31:
 29 | typedef int mode_t;
 30 | #else
 31 | #include <semaphore.h>
    |          `- note: while building module 'SwiftWASILibc' imported from /root/.swiftpm/swift-sdks/swift-wasm-6.1-RELEASE-wasm32-unknown-wasi.artifactbundle/6.1-RELEASE-wasm32-unknown-wasi/wasm32-unknown-wasi/swift.xctoolchain/usr/lib/swift_static/shims/LibcOverlayShims.h:31:
 32 | #include <sys/ioctl.h>
 33 | #include <sys/types.h>
<module-includes>:14:10: note: in file included from <module-includes>:14:
12 | #include "string.h"
13 | #include "time.h"
14 | #include "arpa/inet.h"
   |          `- note: in file included from <module-includes>:14:
15 | #include "cpio.h"
16 | #include "dirent.h"
/root/.swiftpm/swift-sdks/swift-wasm-6.1-RELEASE-wasm32-unknown-wasi.artifactbundle/6.1-RELEASE-wasm32-unknown-wasi/wasm32-unknown-wasi/WASI.sdk/include/wasm32-wasi/arpa/inet.h:9:10: note: in file included from /root/.swiftpm/swift-sdks/swift-wasm-6.1-RELEASE-wasm32-unknown-wasi.artifactbundle/6.1-RELEASE-wasm32-unknown-wasi/wasm32-unknown-wasi/WASI.sdk/include/wasm32-wasi/arpa/inet.h:9:
 7 |
 8 | #include <features.h>
 9 | #include <netinet/in.h>
   |          `- note: in file included from /root/.swiftpm/swift-sdks/swift-wasm-6.1-RELEASE-wasm32-unknown-wasi.artifactbundle/6.1-RELEASE-wasm32-unknown-wasi/wasm32-unknown-wasi/WASI.sdk/include/wasm32-wasi/arpa/inet.h:9:
10 |
11 | uint32_t htonl(uint32_t);
/root/.swiftpm/swift-sdks/swift-wasm-6.1-RELEASE-wasm32-unknown-wasi.artifactbundle/6.1-RELEASE-wasm32-unknown-wasi/wasm32-unknown-wasi/WASI.sdk/include/wasm32-wasi/netinet/in.h:9:10: error: could not build module 'std_inttypes_h'
  7 |
  8 | #include <features.h>
  9 | #include <inttypes.h>
    |          `- error: could not build module 'std_inttypes_h'
 10 | #include <sys/socket.h>
 11 | #ifdef __wasilibc_unmodified_upstream /* Use alternate WASI libc headers */
<module-includes>:1:10: note: in file included from <module-includes>:1:
1 | #include "LibcOverlayShims.h"
  |          `- note: in file included from <module-includes>:1:
2 |
/root/.swiftpm/swift-sdks/swift-wasm-6.1-RELEASE-wasm32-unknown-wasi.artifactbundle/6.1-RELEASE-wasm32-unknown-wasi/wasm32-unknown-wasi/swift.xctoolchain/usr/lib/swift_static/shims/LibcOverlayShims.h:31:10: error: could not build module 'SwiftWASILibc'
 29 | typedef int mode_t;
 30 | #else
 31 | #include <semaphore.h>
    |          `- error: could not build module 'SwiftWASILibc'
 32 | #include <sys/ioctl.h>
 33 | #include <sys/types.h>
 34 | #endif
 35 |
 36 | #include <errno.h>
    |          `- note: while building module 'std_errno_h' imported from /root/.swiftpm/swift-sdks/swift-wasm-6.1-RELEASE-wasm32-unknown-wasi.artifactbundle/6.1-RELEASE-wasm32-unknown-wasi/wasm32-unknown-wasi/swift.xctoolchain/usr/lib/swift_static/shims/LibcOverlayShims.h:36:
 37 | #include <fcntl.h>
 38 |
<module-includes>:1:10: note: in file included from <module-includes>:1:
1 | #include "errno.h"
  |          `- note: in file included from <module-includes>:1:
2 |
<unknown>:0: error: could not build C module 'SwiftOverlayShims'
/root/.swiftpm/swift-sdks/swift-wasm-6.1-RELEASE-wasm32-unknown-wasi.artifactbundle/6.1-RELEASE-wasm32-unknown-wasi/wasm32-unknown-wasi/WASI.sdk/include/c++/v1/errno.h:32:17: error: could not build module 'SwiftWASILibc'
 30 |
 31 | #if __has_include_next(<errno.h>)
 32 | #  include_next <errno.h>
    |                 `- error: could not build module 'SwiftWASILibc'
 33 | #endif
 34 |
[31/54] Compiling Nodal XPathVariableValue.swift
/root/.swiftpm/swift-sdks/swift-wasm-6.1-RELEASE-wasm32-unknown-wasi.artifactbundle/6.1-RELEASE-wasm32-unknown-wasi/wasm32-unknown-wasi/swift.xctoolchain/usr/lib/swift_static/shims/LibcOverlayShims.h:31:10: note: while building module 'SwiftWASILibc' imported from /root/.swiftpm/swift-sdks/swift-wasm-6.1-RELEASE-wasm32-unknown-wasi.artifactbundle/6.1-RELEASE-wasm32-unknown-wasi/wasm32-unknown-wasi/swift.xctoolchain/usr/lib/swift_static/shims/LibcOverlayShims.h:31:
 29 | typedef int mode_t;
 30 | #else
 31 | #include <semaphore.h>
    |          `- note: while building module 'SwiftWASILibc' imported from /root/.swiftpm/swift-sdks/swift-wasm-6.1-RELEASE-wasm32-unknown-wasi.artifactbundle/6.1-RELEASE-wasm32-unknown-wasi/wasm32-unknown-wasi/swift.xctoolchain/usr/lib/swift_static/shims/LibcOverlayShims.h:31:
 32 | #include <sys/ioctl.h>
 33 | #include <sys/types.h>
/root/.swiftpm/swift-sdks/swift-wasm-6.1-RELEASE-wasm32-unknown-wasi.artifactbundle/6.1-RELEASE-wasm32-unknown-wasi/wasm32-unknown-wasi/WASI.sdk/include/wasm32-wasi/netinet/in.h:9:10: note: while building module 'std_inttypes_h' imported from /root/.swiftpm/swift-sdks/swift-wasm-6.1-RELEASE-wasm32-unknown-wasi.artifactbundle/6.1-RELEASE-wasm32-unknown-wasi/wasm32-unknown-wasi/WASI.sdk/include/wasm32-wasi/netinet/in.h:9:
  7 |
  8 | #include <features.h>
  9 | #include <inttypes.h>
    |          `- note: while building module 'std_inttypes_h' imported from /root/.swiftpm/swift-sdks/swift-wasm-6.1-RELEASE-wasm32-unknown-wasi.artifactbundle/6.1-RELEASE-wasm32-unknown-wasi/wasm32-unknown-wasi/WASI.sdk/include/wasm32-wasi/netinet/in.h:9:
 10 | #include <sys/socket.h>
 11 | #ifdef __wasilibc_unmodified_upstream /* Use alternate WASI libc headers */
<module-includes>:1:10: note: in file included from <module-includes>:1:
1 | #include "inttypes.h"
  |          `- note: in file included from <module-includes>:1:
2 |
/root/.swiftpm/swift-sdks/swift-wasm-6.1-RELEASE-wasm32-unknown-wasi.artifactbundle/6.1-RELEASE-wasm32-unknown-wasi/wasm32-unknown-wasi/WASI.sdk/include/c++/v1/inttypes.h:252:17: note: in file included from /root/.swiftpm/swift-sdks/swift-wasm-6.1-RELEASE-wasm32-unknown-wasi.artifactbundle/6.1-RELEASE-wasm32-unknown-wasi/wasm32-unknown-wasi/WASI.sdk/include/c++/v1/inttypes.h:252:
250 |
251 | #if __has_include_next(<inttypes.h>)
252 | #  include_next <inttypes.h>
    |                 `- note: in file included from /root/.swiftpm/swift-sdks/swift-wasm-6.1-RELEASE-wasm32-unknown-wasi.artifactbundle/6.1-RELEASE-wasm32-unknown-wasi/wasm32-unknown-wasi/WASI.sdk/include/c++/v1/inttypes.h:252:
253 | #endif
254 |
/root/.swiftpm/swift-sdks/swift-wasm-6.1-RELEASE-wasm32-unknown-wasi.artifactbundle/6.1-RELEASE-wasm32-unknown-wasi/wasm32-unknown-wasi/swift.xctoolchain/usr/lib/swift_static/clang/include/inttypes.h:24:15: error: cyclic dependency in module 'SwiftWASILibc': SwiftWASILibc -> std_inttypes_h -> SwiftWASILibc
 22 | #endif
 23 |
 24 | #include_next <inttypes.h>
    |               `- error: cyclic dependency in module 'SwiftWASILibc': SwiftWASILibc -> std_inttypes_h -> SwiftWASILibc
 25 |
 26 | #if defined(_MSC_VER) && _MSC_VER < 1900
/root/.swiftpm/swift-sdks/swift-wasm-6.1-RELEASE-wasm32-unknown-wasi.artifactbundle/6.1-RELEASE-wasm32-unknown-wasi/wasm32-unknown-wasi/swift.xctoolchain/usr/lib/swift_static/shims/LibcOverlayShims.h:31:10: note: while building module 'SwiftWASILibc' imported from /root/.swiftpm/swift-sdks/swift-wasm-6.1-RELEASE-wasm32-unknown-wasi.artifactbundle/6.1-RELEASE-wasm32-unknown-wasi/wasm32-unknown-wasi/swift.xctoolchain/usr/lib/swift_static/shims/LibcOverlayShims.h:31:
 29 | typedef int mode_t;
 30 | #else
 31 | #include <semaphore.h>
    |          `- note: while building module 'SwiftWASILibc' imported from /root/.swiftpm/swift-sdks/swift-wasm-6.1-RELEASE-wasm32-unknown-wasi.artifactbundle/6.1-RELEASE-wasm32-unknown-wasi/wasm32-unknown-wasi/swift.xctoolchain/usr/lib/swift_static/shims/LibcOverlayShims.h:31:
 32 | #include <sys/ioctl.h>
 33 | #include <sys/types.h>
<module-includes>:14:10: note: in file included from <module-includes>:14:
12 | #include "string.h"
13 | #include "time.h"
14 | #include "arpa/inet.h"
   |          `- note: in file included from <module-includes>:14:
15 | #include "cpio.h"
16 | #include "dirent.h"
/root/.swiftpm/swift-sdks/swift-wasm-6.1-RELEASE-wasm32-unknown-wasi.artifactbundle/6.1-RELEASE-wasm32-unknown-wasi/wasm32-unknown-wasi/WASI.sdk/include/wasm32-wasi/arpa/inet.h:9:10: note: in file included from /root/.swiftpm/swift-sdks/swift-wasm-6.1-RELEASE-wasm32-unknown-wasi.artifactbundle/6.1-RELEASE-wasm32-unknown-wasi/wasm32-unknown-wasi/WASI.sdk/include/wasm32-wasi/arpa/inet.h:9:
 7 |
 8 | #include <features.h>
 9 | #include <netinet/in.h>
   |          `- note: in file included from /root/.swiftpm/swift-sdks/swift-wasm-6.1-RELEASE-wasm32-unknown-wasi.artifactbundle/6.1-RELEASE-wasm32-unknown-wasi/wasm32-unknown-wasi/WASI.sdk/include/wasm32-wasi/arpa/inet.h:9:
10 |
11 | uint32_t htonl(uint32_t);
/root/.swiftpm/swift-sdks/swift-wasm-6.1-RELEASE-wasm32-unknown-wasi.artifactbundle/6.1-RELEASE-wasm32-unknown-wasi/wasm32-unknown-wasi/WASI.sdk/include/wasm32-wasi/netinet/in.h:9:10: error: could not build module 'std_inttypes_h'
  7 |
  8 | #include <features.h>
  9 | #include <inttypes.h>
    |          `- error: could not build module 'std_inttypes_h'
 10 | #include <sys/socket.h>
 11 | #ifdef __wasilibc_unmodified_upstream /* Use alternate WASI libc headers */
<module-includes>:1:10: note: in file included from <module-includes>:1:
1 | #include "LibcOverlayShims.h"
  |          `- note: in file included from <module-includes>:1:
2 |
/root/.swiftpm/swift-sdks/swift-wasm-6.1-RELEASE-wasm32-unknown-wasi.artifactbundle/6.1-RELEASE-wasm32-unknown-wasi/wasm32-unknown-wasi/swift.xctoolchain/usr/lib/swift_static/shims/LibcOverlayShims.h:31:10: error: could not build module 'SwiftWASILibc'
 29 | typedef int mode_t;
 30 | #else
 31 | #include <semaphore.h>
    |          `- error: could not build module 'SwiftWASILibc'
 32 | #include <sys/ioctl.h>
 33 | #include <sys/types.h>
 34 | #endif
 35 |
 36 | #include <errno.h>
    |          `- note: while building module 'std_errno_h' imported from /root/.swiftpm/swift-sdks/swift-wasm-6.1-RELEASE-wasm32-unknown-wasi.artifactbundle/6.1-RELEASE-wasm32-unknown-wasi/wasm32-unknown-wasi/swift.xctoolchain/usr/lib/swift_static/shims/LibcOverlayShims.h:36:
 37 | #include <fcntl.h>
 38 |
<module-includes>:1:10: note: in file included from <module-includes>:1:
1 | #include "errno.h"
  |          `- note: in file included from <module-includes>:1:
2 |
<unknown>:0: error: could not build C module 'SwiftOverlayShims'
/root/.swiftpm/swift-sdks/swift-wasm-6.1-RELEASE-wasm32-unknown-wasi.artifactbundle/6.1-RELEASE-wasm32-unknown-wasi/wasm32-unknown-wasi/WASI.sdk/include/c++/v1/errno.h:32:17: error: could not build module 'SwiftWASILibc'
 30 |
 31 | #if __has_include_next(<errno.h>)
 32 | #  include_next <errno.h>
    |                 `- error: could not build module 'SwiftWASILibc'
 33 | #endif
 34 |
error: emit-module command failed with exit code 1 (use -v to see invocation)
[32/54] Emitting module Nodal
/root/.swiftpm/swift-sdks/swift-wasm-6.1-RELEASE-wasm32-unknown-wasi.artifactbundle/6.1-RELEASE-wasm32-unknown-wasi/wasm32-unknown-wasi/swift.xctoolchain/usr/lib/swift_static/shims/LibcOverlayShims.h:31:10: note: while building module 'SwiftWASILibc' imported from /root/.swiftpm/swift-sdks/swift-wasm-6.1-RELEASE-wasm32-unknown-wasi.artifactbundle/6.1-RELEASE-wasm32-unknown-wasi/wasm32-unknown-wasi/swift.xctoolchain/usr/lib/swift_static/shims/LibcOverlayShims.h:31:
 29 | typedef int mode_t;
 30 | #else
 31 | #include <semaphore.h>
    |          `- note: while building module 'SwiftWASILibc' imported from /root/.swiftpm/swift-sdks/swift-wasm-6.1-RELEASE-wasm32-unknown-wasi.artifactbundle/6.1-RELEASE-wasm32-unknown-wasi/wasm32-unknown-wasi/swift.xctoolchain/usr/lib/swift_static/shims/LibcOverlayShims.h:31:
 32 | #include <sys/ioctl.h>
 33 | #include <sys/types.h>
/root/.swiftpm/swift-sdks/swift-wasm-6.1-RELEASE-wasm32-unknown-wasi.artifactbundle/6.1-RELEASE-wasm32-unknown-wasi/wasm32-unknown-wasi/WASI.sdk/include/wasm32-wasi/netinet/in.h:9:10: note: while building module 'std_inttypes_h' imported from /root/.swiftpm/swift-sdks/swift-wasm-6.1-RELEASE-wasm32-unknown-wasi.artifactbundle/6.1-RELEASE-wasm32-unknown-wasi/wasm32-unknown-wasi/WASI.sdk/include/wasm32-wasi/netinet/in.h:9:
  7 |
  8 | #include <features.h>
  9 | #include <inttypes.h>
    |          `- note: while building module 'std_inttypes_h' imported from /root/.swiftpm/swift-sdks/swift-wasm-6.1-RELEASE-wasm32-unknown-wasi.artifactbundle/6.1-RELEASE-wasm32-unknown-wasi/wasm32-unknown-wasi/WASI.sdk/include/wasm32-wasi/netinet/in.h:9:
 10 | #include <sys/socket.h>
 11 | #ifdef __wasilibc_unmodified_upstream /* Use alternate WASI libc headers */
<module-includes>:1:10: note: in file included from <module-includes>:1:
1 | #include "inttypes.h"
  |          `- note: in file included from <module-includes>:1:
2 |
/root/.swiftpm/swift-sdks/swift-wasm-6.1-RELEASE-wasm32-unknown-wasi.artifactbundle/6.1-RELEASE-wasm32-unknown-wasi/wasm32-unknown-wasi/WASI.sdk/include/c++/v1/inttypes.h:252:17: note: in file included from /root/.swiftpm/swift-sdks/swift-wasm-6.1-RELEASE-wasm32-unknown-wasi.artifactbundle/6.1-RELEASE-wasm32-unknown-wasi/wasm32-unknown-wasi/WASI.sdk/include/c++/v1/inttypes.h:252:
250 |
251 | #if __has_include_next(<inttypes.h>)
252 | #  include_next <inttypes.h>
    |                 `- note: in file included from /root/.swiftpm/swift-sdks/swift-wasm-6.1-RELEASE-wasm32-unknown-wasi.artifactbundle/6.1-RELEASE-wasm32-unknown-wasi/wasm32-unknown-wasi/WASI.sdk/include/c++/v1/inttypes.h:252:
253 | #endif
254 |
/root/.swiftpm/swift-sdks/swift-wasm-6.1-RELEASE-wasm32-unknown-wasi.artifactbundle/6.1-RELEASE-wasm32-unknown-wasi/wasm32-unknown-wasi/swift.xctoolchain/usr/lib/swift_static/clang/include/inttypes.h:24:15: error: cyclic dependency in module 'SwiftWASILibc': SwiftWASILibc -> std_inttypes_h -> SwiftWASILibc
 22 | #endif
 23 |
 24 | #include_next <inttypes.h>
    |               `- error: cyclic dependency in module 'SwiftWASILibc': SwiftWASILibc -> std_inttypes_h -> SwiftWASILibc
 25 |
 26 | #if defined(_MSC_VER) && _MSC_VER < 1900
/root/.swiftpm/swift-sdks/swift-wasm-6.1-RELEASE-wasm32-unknown-wasi.artifactbundle/6.1-RELEASE-wasm32-unknown-wasi/wasm32-unknown-wasi/swift.xctoolchain/usr/lib/swift_static/shims/LibcOverlayShims.h:31:10: note: while building module 'SwiftWASILibc' imported from /root/.swiftpm/swift-sdks/swift-wasm-6.1-RELEASE-wasm32-unknown-wasi.artifactbundle/6.1-RELEASE-wasm32-unknown-wasi/wasm32-unknown-wasi/swift.xctoolchain/usr/lib/swift_static/shims/LibcOverlayShims.h:31:
 29 | typedef int mode_t;
 30 | #else
 31 | #include <semaphore.h>
    |          `- note: while building module 'SwiftWASILibc' imported from /root/.swiftpm/swift-sdks/swift-wasm-6.1-RELEASE-wasm32-unknown-wasi.artifactbundle/6.1-RELEASE-wasm32-unknown-wasi/wasm32-unknown-wasi/swift.xctoolchain/usr/lib/swift_static/shims/LibcOverlayShims.h:31:
 32 | #include <sys/ioctl.h>
 33 | #include <sys/types.h>
<module-includes>:14:10: note: in file included from <module-includes>:14:
12 | #include "string.h"
13 | #include "time.h"
14 | #include "arpa/inet.h"
   |          `- note: in file included from <module-includes>:14:
15 | #include "cpio.h"
16 | #include "dirent.h"
/root/.swiftpm/swift-sdks/swift-wasm-6.1-RELEASE-wasm32-unknown-wasi.artifactbundle/6.1-RELEASE-wasm32-unknown-wasi/wasm32-unknown-wasi/WASI.sdk/include/wasm32-wasi/arpa/inet.h:9:10: note: in file included from /root/.swiftpm/swift-sdks/swift-wasm-6.1-RELEASE-wasm32-unknown-wasi.artifactbundle/6.1-RELEASE-wasm32-unknown-wasi/wasm32-unknown-wasi/WASI.sdk/include/wasm32-wasi/arpa/inet.h:9:
 7 |
 8 | #include <features.h>
 9 | #include <netinet/in.h>
   |          `- note: in file included from /root/.swiftpm/swift-sdks/swift-wasm-6.1-RELEASE-wasm32-unknown-wasi.artifactbundle/6.1-RELEASE-wasm32-unknown-wasi/wasm32-unknown-wasi/WASI.sdk/include/wasm32-wasi/arpa/inet.h:9:
10 |
11 | uint32_t htonl(uint32_t);
/root/.swiftpm/swift-sdks/swift-wasm-6.1-RELEASE-wasm32-unknown-wasi.artifactbundle/6.1-RELEASE-wasm32-unknown-wasi/wasm32-unknown-wasi/WASI.sdk/include/wasm32-wasi/netinet/in.h:9:10: error: could not build module 'std_inttypes_h'
  7 |
  8 | #include <features.h>
  9 | #include <inttypes.h>
    |          `- error: could not build module 'std_inttypes_h'
 10 | #include <sys/socket.h>
 11 | #ifdef __wasilibc_unmodified_upstream /* Use alternate WASI libc headers */
<module-includes>:1:10: note: in file included from <module-includes>:1:
1 | #include "LibcOverlayShims.h"
  |          `- note: in file included from <module-includes>:1:
2 |
/root/.swiftpm/swift-sdks/swift-wasm-6.1-RELEASE-wasm32-unknown-wasi.artifactbundle/6.1-RELEASE-wasm32-unknown-wasi/wasm32-unknown-wasi/swift.xctoolchain/usr/lib/swift_static/shims/LibcOverlayShims.h:31:10: error: could not build module 'SwiftWASILibc'
 29 | typedef int mode_t;
 30 | #else
 31 | #include <semaphore.h>
    |          `- error: could not build module 'SwiftWASILibc'
 32 | #include <sys/ioctl.h>
 33 | #include <sys/types.h>
 34 | #endif
 35 |
 36 | #include <errno.h>
    |          `- note: while building module 'std_errno_h' imported from /root/.swiftpm/swift-sdks/swift-wasm-6.1-RELEASE-wasm32-unknown-wasi.artifactbundle/6.1-RELEASE-wasm32-unknown-wasi/wasm32-unknown-wasi/swift.xctoolchain/usr/lib/swift_static/shims/LibcOverlayShims.h:36:
 37 | #include <fcntl.h>
 38 |
<module-includes>:1:10: note: in file included from <module-includes>:1:
1 | #include "errno.h"
  |          `- note: in file included from <module-includes>:1:
2 |
<unknown>:0: error: could not build C module 'SwiftOverlayShims'
/root/.swiftpm/swift-sdks/swift-wasm-6.1-RELEASE-wasm32-unknown-wasi.artifactbundle/6.1-RELEASE-wasm32-unknown-wasi/wasm32-unknown-wasi/WASI.sdk/include/c++/v1/errno.h:32:17: error: could not build module 'SwiftWASILibc'
 30 |
 31 | #if __has_include_next(<errno.h>)
 32 | #  include_next <errno.h>
    |                 `- error: could not build module 'SwiftWASILibc'
 33 | #endif
 34 |
[33/54] Compiling Nodal PugiNode.swift
/root/.swiftpm/swift-sdks/swift-wasm-6.1-RELEASE-wasm32-unknown-wasi.artifactbundle/6.1-RELEASE-wasm32-unknown-wasi/wasm32-unknown-wasi/swift.xctoolchain/usr/lib/swift_static/shims/LibcOverlayShims.h:31:10: note: while building module 'SwiftWASILibc' imported from /root/.swiftpm/swift-sdks/swift-wasm-6.1-RELEASE-wasm32-unknown-wasi.artifactbundle/6.1-RELEASE-wasm32-unknown-wasi/wasm32-unknown-wasi/swift.xctoolchain/usr/lib/swift_static/shims/LibcOverlayShims.h:31:
 29 | typedef int mode_t;
 30 | #else
 31 | #include <semaphore.h>
    |          `- note: while building module 'SwiftWASILibc' imported from /root/.swiftpm/swift-sdks/swift-wasm-6.1-RELEASE-wasm32-unknown-wasi.artifactbundle/6.1-RELEASE-wasm32-unknown-wasi/wasm32-unknown-wasi/swift.xctoolchain/usr/lib/swift_static/shims/LibcOverlayShims.h:31:
 32 | #include <sys/ioctl.h>
 33 | #include <sys/types.h>
/root/.swiftpm/swift-sdks/swift-wasm-6.1-RELEASE-wasm32-unknown-wasi.artifactbundle/6.1-RELEASE-wasm32-unknown-wasi/wasm32-unknown-wasi/WASI.sdk/include/wasm32-wasi/netinet/in.h:9:10: note: while building module 'std_inttypes_h' imported from /root/.swiftpm/swift-sdks/swift-wasm-6.1-RELEASE-wasm32-unknown-wasi.artifactbundle/6.1-RELEASE-wasm32-unknown-wasi/wasm32-unknown-wasi/WASI.sdk/include/wasm32-wasi/netinet/in.h:9:
  7 |
  8 | #include <features.h>
  9 | #include <inttypes.h>
    |          `- note: while building module 'std_inttypes_h' imported from /root/.swiftpm/swift-sdks/swift-wasm-6.1-RELEASE-wasm32-unknown-wasi.artifactbundle/6.1-RELEASE-wasm32-unknown-wasi/wasm32-unknown-wasi/WASI.sdk/include/wasm32-wasi/netinet/in.h:9:
 10 | #include <sys/socket.h>
 11 | #ifdef __wasilibc_unmodified_upstream /* Use alternate WASI libc headers */
<module-includes>:1:10: note: in file included from <module-includes>:1:
1 | #include "inttypes.h"
  |          `- note: in file included from <module-includes>:1:
2 |
/root/.swiftpm/swift-sdks/swift-wasm-6.1-RELEASE-wasm32-unknown-wasi.artifactbundle/6.1-RELEASE-wasm32-unknown-wasi/wasm32-unknown-wasi/WASI.sdk/include/c++/v1/inttypes.h:252:17: note: in file included from /root/.swiftpm/swift-sdks/swift-wasm-6.1-RELEASE-wasm32-unknown-wasi.artifactbundle/6.1-RELEASE-wasm32-unknown-wasi/wasm32-unknown-wasi/WASI.sdk/include/c++/v1/inttypes.h:252:
250 |
251 | #if __has_include_next(<inttypes.h>)
252 | #  include_next <inttypes.h>
    |                 `- note: in file included from /root/.swiftpm/swift-sdks/swift-wasm-6.1-RELEASE-wasm32-unknown-wasi.artifactbundle/6.1-RELEASE-wasm32-unknown-wasi/wasm32-unknown-wasi/WASI.sdk/include/c++/v1/inttypes.h:252:
253 | #endif
254 |
/root/.swiftpm/swift-sdks/swift-wasm-6.1-RELEASE-wasm32-unknown-wasi.artifactbundle/6.1-RELEASE-wasm32-unknown-wasi/wasm32-unknown-wasi/swift.xctoolchain/usr/lib/swift_static/clang/include/inttypes.h:24:15: error: cyclic dependency in module 'SwiftWASILibc': SwiftWASILibc -> std_inttypes_h -> SwiftWASILibc
 22 | #endif
 23 |
 24 | #include_next <inttypes.h>
    |               `- error: cyclic dependency in module 'SwiftWASILibc': SwiftWASILibc -> std_inttypes_h -> SwiftWASILibc
 25 |
 26 | #if defined(_MSC_VER) && _MSC_VER < 1900
/root/.swiftpm/swift-sdks/swift-wasm-6.1-RELEASE-wasm32-unknown-wasi.artifactbundle/6.1-RELEASE-wasm32-unknown-wasi/wasm32-unknown-wasi/swift.xctoolchain/usr/lib/swift_static/shims/LibcOverlayShims.h:31:10: note: while building module 'SwiftWASILibc' imported from /root/.swiftpm/swift-sdks/swift-wasm-6.1-RELEASE-wasm32-unknown-wasi.artifactbundle/6.1-RELEASE-wasm32-unknown-wasi/wasm32-unknown-wasi/swift.xctoolchain/usr/lib/swift_static/shims/LibcOverlayShims.h:31:
 29 | typedef int mode_t;
 30 | #else
 31 | #include <semaphore.h>
    |          `- note: while building module 'SwiftWASILibc' imported from /root/.swiftpm/swift-sdks/swift-wasm-6.1-RELEASE-wasm32-unknown-wasi.artifactbundle/6.1-RELEASE-wasm32-unknown-wasi/wasm32-unknown-wasi/swift.xctoolchain/usr/lib/swift_static/shims/LibcOverlayShims.h:31:
 32 | #include <sys/ioctl.h>
 33 | #include <sys/types.h>
<module-includes>:14:10: note: in file included from <module-includes>:14:
12 | #include "string.h"
13 | #include "time.h"
14 | #include "arpa/inet.h"
   |          `- note: in file included from <module-includes>:14:
15 | #include "cpio.h"
16 | #include "dirent.h"
/root/.swiftpm/swift-sdks/swift-wasm-6.1-RELEASE-wasm32-unknown-wasi.artifactbundle/6.1-RELEASE-wasm32-unknown-wasi/wasm32-unknown-wasi/WASI.sdk/include/wasm32-wasi/arpa/inet.h:9:10: note: in file included from /root/.swiftpm/swift-sdks/swift-wasm-6.1-RELEASE-wasm32-unknown-wasi.artifactbundle/6.1-RELEASE-wasm32-unknown-wasi/wasm32-unknown-wasi/WASI.sdk/include/wasm32-wasi/arpa/inet.h:9:
 7 |
 8 | #include <features.h>
 9 | #include <netinet/in.h>
   |          `- note: in file included from /root/.swiftpm/swift-sdks/swift-wasm-6.1-RELEASE-wasm32-unknown-wasi.artifactbundle/6.1-RELEASE-wasm32-unknown-wasi/wasm32-unknown-wasi/WASI.sdk/include/wasm32-wasi/arpa/inet.h:9:
10 |
11 | uint32_t htonl(uint32_t);
/root/.swiftpm/swift-sdks/swift-wasm-6.1-RELEASE-wasm32-unknown-wasi.artifactbundle/6.1-RELEASE-wasm32-unknown-wasi/wasm32-unknown-wasi/WASI.sdk/include/wasm32-wasi/netinet/in.h:9:10: error: could not build module 'std_inttypes_h'
  7 |
  8 | #include <features.h>
  9 | #include <inttypes.h>
    |          `- error: could not build module 'std_inttypes_h'
 10 | #include <sys/socket.h>
 11 | #ifdef __wasilibc_unmodified_upstream /* Use alternate WASI libc headers */
<module-includes>:1:10: note: in file included from <module-includes>:1:
1 | #include "LibcOverlayShims.h"
  |          `- note: in file included from <module-includes>:1:
2 |
/root/.swiftpm/swift-sdks/swift-wasm-6.1-RELEASE-wasm32-unknown-wasi.artifactbundle/6.1-RELEASE-wasm32-unknown-wasi/wasm32-unknown-wasi/swift.xctoolchain/usr/lib/swift_static/shims/LibcOverlayShims.h:31:10: error: could not build module 'SwiftWASILibc'
 29 | typedef int mode_t;
 30 | #else
 31 | #include <semaphore.h>
    |          `- error: could not build module 'SwiftWASILibc'
 32 | #include <sys/ioctl.h>
 33 | #include <sys/types.h>
 34 | #endif
 35 |
 36 | #include <errno.h>
    |          `- note: while building module 'std_errno_h' imported from /root/.swiftpm/swift-sdks/swift-wasm-6.1-RELEASE-wasm32-unknown-wasi.artifactbundle/6.1-RELEASE-wasm32-unknown-wasi/wasm32-unknown-wasi/swift.xctoolchain/usr/lib/swift_static/shims/LibcOverlayShims.h:36:
 37 | #include <fcntl.h>
 38 |
<module-includes>:1:10: note: in file included from <module-includes>:1:
1 | #include "errno.h"
  |          `- note: in file included from <module-includes>:1:
2 |
<unknown>:0: error: could not build C module 'SwiftOverlayShims'
/root/.swiftpm/swift-sdks/swift-wasm-6.1-RELEASE-wasm32-unknown-wasi.artifactbundle/6.1-RELEASE-wasm32-unknown-wasi/wasm32-unknown-wasi/WASI.sdk/include/c++/v1/errno.h:32:17: error: could not build module 'SwiftWASILibc'
 30 |
 31 | #if __has_include_next(<errno.h>)
 32 | #  include_next <errno.h>
    |                 `- error: could not build module 'SwiftWASILibc'
 33 | #endif
 34 |
[34/54] Compiling Nodal Node+Attributes.swift
/root/.swiftpm/swift-sdks/swift-wasm-6.1-RELEASE-wasm32-unknown-wasi.artifactbundle/6.1-RELEASE-wasm32-unknown-wasi/wasm32-unknown-wasi/swift.xctoolchain/usr/lib/swift_static/shims/LibcOverlayShims.h:31:10: note: while building module 'SwiftWASILibc' imported from /root/.swiftpm/swift-sdks/swift-wasm-6.1-RELEASE-wasm32-unknown-wasi.artifactbundle/6.1-RELEASE-wasm32-unknown-wasi/wasm32-unknown-wasi/swift.xctoolchain/usr/lib/swift_static/shims/LibcOverlayShims.h:31:
 29 | typedef int mode_t;
 30 | #else
 31 | #include <semaphore.h>
    |          `- note: while building module 'SwiftWASILibc' imported from /root/.swiftpm/swift-sdks/swift-wasm-6.1-RELEASE-wasm32-unknown-wasi.artifactbundle/6.1-RELEASE-wasm32-unknown-wasi/wasm32-unknown-wasi/swift.xctoolchain/usr/lib/swift_static/shims/LibcOverlayShims.h:31:
 32 | #include <sys/ioctl.h>
 33 | #include <sys/types.h>
/root/.swiftpm/swift-sdks/swift-wasm-6.1-RELEASE-wasm32-unknown-wasi.artifactbundle/6.1-RELEASE-wasm32-unknown-wasi/wasm32-unknown-wasi/WASI.sdk/include/wasm32-wasi/netinet/in.h:9:10: note: while building module 'std_inttypes_h' imported from /root/.swiftpm/swift-sdks/swift-wasm-6.1-RELEASE-wasm32-unknown-wasi.artifactbundle/6.1-RELEASE-wasm32-unknown-wasi/wasm32-unknown-wasi/WASI.sdk/include/wasm32-wasi/netinet/in.h:9:
  7 |
  8 | #include <features.h>
  9 | #include <inttypes.h>
    |          `- note: while building module 'std_inttypes_h' imported from /root/.swiftpm/swift-sdks/swift-wasm-6.1-RELEASE-wasm32-unknown-wasi.artifactbundle/6.1-RELEASE-wasm32-unknown-wasi/wasm32-unknown-wasi/WASI.sdk/include/wasm32-wasi/netinet/in.h:9:
 10 | #include <sys/socket.h>
 11 | #ifdef __wasilibc_unmodified_upstream /* Use alternate WASI libc headers */
<module-includes>:1:10: note: in file included from <module-includes>:1:
1 | #include "inttypes.h"
  |          `- note: in file included from <module-includes>:1:
2 |
/root/.swiftpm/swift-sdks/swift-wasm-6.1-RELEASE-wasm32-unknown-wasi.artifactbundle/6.1-RELEASE-wasm32-unknown-wasi/wasm32-unknown-wasi/WASI.sdk/include/c++/v1/inttypes.h:252:17: note: in file included from /root/.swiftpm/swift-sdks/swift-wasm-6.1-RELEASE-wasm32-unknown-wasi.artifactbundle/6.1-RELEASE-wasm32-unknown-wasi/wasm32-unknown-wasi/WASI.sdk/include/c++/v1/inttypes.h:252:
250 |
251 | #if __has_include_next(<inttypes.h>)
252 | #  include_next <inttypes.h>
    |                 `- note: in file included from /root/.swiftpm/swift-sdks/swift-wasm-6.1-RELEASE-wasm32-unknown-wasi.artifactbundle/6.1-RELEASE-wasm32-unknown-wasi/wasm32-unknown-wasi/WASI.sdk/include/c++/v1/inttypes.h:252:
253 | #endif
254 |
/root/.swiftpm/swift-sdks/swift-wasm-6.1-RELEASE-wasm32-unknown-wasi.artifactbundle/6.1-RELEASE-wasm32-unknown-wasi/wasm32-unknown-wasi/swift.xctoolchain/usr/lib/swift_static/clang/include/inttypes.h:24:15: error: cyclic dependency in module 'SwiftWASILibc': SwiftWASILibc -> std_inttypes_h -> SwiftWASILibc
 22 | #endif
 23 |
 24 | #include_next <inttypes.h>
    |               `- error: cyclic dependency in module 'SwiftWASILibc': SwiftWASILibc -> std_inttypes_h -> SwiftWASILibc
 25 |
 26 | #if defined(_MSC_VER) && _MSC_VER < 1900
/root/.swiftpm/swift-sdks/swift-wasm-6.1-RELEASE-wasm32-unknown-wasi.artifactbundle/6.1-RELEASE-wasm32-unknown-wasi/wasm32-unknown-wasi/swift.xctoolchain/usr/lib/swift_static/shims/LibcOverlayShims.h:31:10: note: while building module 'SwiftWASILibc' imported from /root/.swiftpm/swift-sdks/swift-wasm-6.1-RELEASE-wasm32-unknown-wasi.artifactbundle/6.1-RELEASE-wasm32-unknown-wasi/wasm32-unknown-wasi/swift.xctoolchain/usr/lib/swift_static/shims/LibcOverlayShims.h:31:
 29 | typedef int mode_t;
 30 | #else
 31 | #include <semaphore.h>
    |          `- note: while building module 'SwiftWASILibc' imported from /root/.swiftpm/swift-sdks/swift-wasm-6.1-RELEASE-wasm32-unknown-wasi.artifactbundle/6.1-RELEASE-wasm32-unknown-wasi/wasm32-unknown-wasi/swift.xctoolchain/usr/lib/swift_static/shims/LibcOverlayShims.h:31:
 32 | #include <sys/ioctl.h>
 33 | #include <sys/types.h>
<module-includes>:14:10: note: in file included from <module-includes>:14:
12 | #include "string.h"
13 | #include "time.h"
14 | #include "arpa/inet.h"
   |          `- note: in file included from <module-includes>:14:
15 | #include "cpio.h"
16 | #include "dirent.h"
/root/.swiftpm/swift-sdks/swift-wasm-6.1-RELEASE-wasm32-unknown-wasi.artifactbundle/6.1-RELEASE-wasm32-unknown-wasi/wasm32-unknown-wasi/WASI.sdk/include/wasm32-wasi/arpa/inet.h:9:10: note: in file included from /root/.swiftpm/swift-sdks/swift-wasm-6.1-RELEASE-wasm32-unknown-wasi.artifactbundle/6.1-RELEASE-wasm32-unknown-wasi/wasm32-unknown-wasi/WASI.sdk/include/wasm32-wasi/arpa/inet.h:9:
 7 |
 8 | #include <features.h>
 9 | #include <netinet/in.h>
   |          `- note: in file included from /root/.swiftpm/swift-sdks/swift-wasm-6.1-RELEASE-wasm32-unknown-wasi.artifactbundle/6.1-RELEASE-wasm32-unknown-wasi/wasm32-unknown-wasi/WASI.sdk/include/wasm32-wasi/arpa/inet.h:9:
10 |
11 | uint32_t htonl(uint32_t);
/root/.swiftpm/swift-sdks/swift-wasm-6.1-RELEASE-wasm32-unknown-wasi.artifactbundle/6.1-RELEASE-wasm32-unknown-wasi/wasm32-unknown-wasi/WASI.sdk/include/wasm32-wasi/netinet/in.h:9:10: error: could not build module 'std_inttypes_h'
  7 |
  8 | #include <features.h>
  9 | #include <inttypes.h>
    |          `- error: could not build module 'std_inttypes_h'
 10 | #include <sys/socket.h>
 11 | #ifdef __wasilibc_unmodified_upstream /* Use alternate WASI libc headers */
<module-includes>:1:10: note: in file included from <module-includes>:1:
1 | #include "LibcOverlayShims.h"
  |          `- note: in file included from <module-includes>:1:
2 |
/root/.swiftpm/swift-sdks/swift-wasm-6.1-RELEASE-wasm32-unknown-wasi.artifactbundle/6.1-RELEASE-wasm32-unknown-wasi/wasm32-unknown-wasi/swift.xctoolchain/usr/lib/swift_static/shims/LibcOverlayShims.h:31:10: error: could not build module 'SwiftWASILibc'
 29 | typedef int mode_t;
 30 | #else
 31 | #include <semaphore.h>
    |          `- error: could not build module 'SwiftWASILibc'
 32 | #include <sys/ioctl.h>
 33 | #include <sys/types.h>
 34 | #endif
 35 |
 36 | #include <errno.h>
    |          `- note: while building module 'std_errno_h' imported from /root/.swiftpm/swift-sdks/swift-wasm-6.1-RELEASE-wasm32-unknown-wasi.artifactbundle/6.1-RELEASE-wasm32-unknown-wasi/wasm32-unknown-wasi/swift.xctoolchain/usr/lib/swift_static/shims/LibcOverlayShims.h:36:
 37 | #include <fcntl.h>
 38 |
<module-includes>:1:10: note: in file included from <module-includes>:1:
1 | #include "errno.h"
  |          `- note: in file included from <module-includes>:1:
2 |
<unknown>:0: error: could not build C module 'SwiftOverlayShims'
/root/.swiftpm/swift-sdks/swift-wasm-6.1-RELEASE-wasm32-unknown-wasi.artifactbundle/6.1-RELEASE-wasm32-unknown-wasi/wasm32-unknown-wasi/WASI.sdk/include/c++/v1/errno.h:32:17: error: could not build module 'SwiftWASILibc'
 30 |
 31 | #if __has_include_next(<errno.h>)
 32 | #  include_next <errno.h>
    |                 `- error: could not build module 'SwiftWASILibc'
 33 | #endif
 34 |
[35/54] Compiling Nodal Node+Children.swift
/root/.swiftpm/swift-sdks/swift-wasm-6.1-RELEASE-wasm32-unknown-wasi.artifactbundle/6.1-RELEASE-wasm32-unknown-wasi/wasm32-unknown-wasi/swift.xctoolchain/usr/lib/swift_static/shims/LibcOverlayShims.h:31:10: note: while building module 'SwiftWASILibc' imported from /root/.swiftpm/swift-sdks/swift-wasm-6.1-RELEASE-wasm32-unknown-wasi.artifactbundle/6.1-RELEASE-wasm32-unknown-wasi/wasm32-unknown-wasi/swift.xctoolchain/usr/lib/swift_static/shims/LibcOverlayShims.h:31:
 29 | typedef int mode_t;
 30 | #else
 31 | #include <semaphore.h>
    |          `- note: while building module 'SwiftWASILibc' imported from /root/.swiftpm/swift-sdks/swift-wasm-6.1-RELEASE-wasm32-unknown-wasi.artifactbundle/6.1-RELEASE-wasm32-unknown-wasi/wasm32-unknown-wasi/swift.xctoolchain/usr/lib/swift_static/shims/LibcOverlayShims.h:31:
 32 | #include <sys/ioctl.h>
 33 | #include <sys/types.h>
/root/.swiftpm/swift-sdks/swift-wasm-6.1-RELEASE-wasm32-unknown-wasi.artifactbundle/6.1-RELEASE-wasm32-unknown-wasi/wasm32-unknown-wasi/WASI.sdk/include/wasm32-wasi/netinet/in.h:9:10: note: while building module 'std_inttypes_h' imported from /root/.swiftpm/swift-sdks/swift-wasm-6.1-RELEASE-wasm32-unknown-wasi.artifactbundle/6.1-RELEASE-wasm32-unknown-wasi/wasm32-unknown-wasi/WASI.sdk/include/wasm32-wasi/netinet/in.h:9:
  7 |
  8 | #include <features.h>
  9 | #include <inttypes.h>
    |          `- note: while building module 'std_inttypes_h' imported from /root/.swiftpm/swift-sdks/swift-wasm-6.1-RELEASE-wasm32-unknown-wasi.artifactbundle/6.1-RELEASE-wasm32-unknown-wasi/wasm32-unknown-wasi/WASI.sdk/include/wasm32-wasi/netinet/in.h:9:
 10 | #include <sys/socket.h>
 11 | #ifdef __wasilibc_unmodified_upstream /* Use alternate WASI libc headers */
<module-includes>:1:10: note: in file included from <module-includes>:1:
1 | #include "inttypes.h"
  |          `- note: in file included from <module-includes>:1:
2 |
/root/.swiftpm/swift-sdks/swift-wasm-6.1-RELEASE-wasm32-unknown-wasi.artifactbundle/6.1-RELEASE-wasm32-unknown-wasi/wasm32-unknown-wasi/WASI.sdk/include/c++/v1/inttypes.h:252:17: note: in file included from /root/.swiftpm/swift-sdks/swift-wasm-6.1-RELEASE-wasm32-unknown-wasi.artifactbundle/6.1-RELEASE-wasm32-unknown-wasi/wasm32-unknown-wasi/WASI.sdk/include/c++/v1/inttypes.h:252:
250 |
251 | #if __has_include_next(<inttypes.h>)
252 | #  include_next <inttypes.h>
    |                 `- note: in file included from /root/.swiftpm/swift-sdks/swift-wasm-6.1-RELEASE-wasm32-unknown-wasi.artifactbundle/6.1-RELEASE-wasm32-unknown-wasi/wasm32-unknown-wasi/WASI.sdk/include/c++/v1/inttypes.h:252:
253 | #endif
254 |
/root/.swiftpm/swift-sdks/swift-wasm-6.1-RELEASE-wasm32-unknown-wasi.artifactbundle/6.1-RELEASE-wasm32-unknown-wasi/wasm32-unknown-wasi/swift.xctoolchain/usr/lib/swift_static/clang/include/inttypes.h:24:15: error: cyclic dependency in module 'SwiftWASILibc': SwiftWASILibc -> std_inttypes_h -> SwiftWASILibc
 22 | #endif
 23 |
 24 | #include_next <inttypes.h>
    |               `- error: cyclic dependency in module 'SwiftWASILibc': SwiftWASILibc -> std_inttypes_h -> SwiftWASILibc
 25 |
 26 | #if defined(_MSC_VER) && _MSC_VER < 1900
/root/.swiftpm/swift-sdks/swift-wasm-6.1-RELEASE-wasm32-unknown-wasi.artifactbundle/6.1-RELEASE-wasm32-unknown-wasi/wasm32-unknown-wasi/swift.xctoolchain/usr/lib/swift_static/shims/LibcOverlayShims.h:31:10: note: while building module 'SwiftWASILibc' imported from /root/.swiftpm/swift-sdks/swift-wasm-6.1-RELEASE-wasm32-unknown-wasi.artifactbundle/6.1-RELEASE-wasm32-unknown-wasi/wasm32-unknown-wasi/swift.xctoolchain/usr/lib/swift_static/shims/LibcOverlayShims.h:31:
 29 | typedef int mode_t;
 30 | #else
 31 | #include <semaphore.h>
    |          `- note: while building module 'SwiftWASILibc' imported from /root/.swiftpm/swift-sdks/swift-wasm-6.1-RELEASE-wasm32-unknown-wasi.artifactbundle/6.1-RELEASE-wasm32-unknown-wasi/wasm32-unknown-wasi/swift.xctoolchain/usr/lib/swift_static/shims/LibcOverlayShims.h:31:
 32 | #include <sys/ioctl.h>
 33 | #include <sys/types.h>
<module-includes>:14:10: note: in file included from <module-includes>:14:
12 | #include "string.h"
13 | #include "time.h"
14 | #include "arpa/inet.h"
   |          `- note: in file included from <module-includes>:14:
15 | #include "cpio.h"
16 | #include "dirent.h"
/root/.swiftpm/swift-sdks/swift-wasm-6.1-RELEASE-wasm32-unknown-wasi.artifactbundle/6.1-RELEASE-wasm32-unknown-wasi/wasm32-unknown-wasi/WASI.sdk/include/wasm32-wasi/arpa/inet.h:9:10: note: in file included from /root/.swiftpm/swift-sdks/swift-wasm-6.1-RELEASE-wasm32-unknown-wasi.artifactbundle/6.1-RELEASE-wasm32-unknown-wasi/wasm32-unknown-wasi/WASI.sdk/include/wasm32-wasi/arpa/inet.h:9:
 7 |
 8 | #include <features.h>
 9 | #include <netinet/in.h>
   |          `- note: in file included from /root/.swiftpm/swift-sdks/swift-wasm-6.1-RELEASE-wasm32-unknown-wasi.artifactbundle/6.1-RELEASE-wasm32-unknown-wasi/wasm32-unknown-wasi/WASI.sdk/include/wasm32-wasi/arpa/inet.h:9:
10 |
11 | uint32_t htonl(uint32_t);
/root/.swiftpm/swift-sdks/swift-wasm-6.1-RELEASE-wasm32-unknown-wasi.artifactbundle/6.1-RELEASE-wasm32-unknown-wasi/wasm32-unknown-wasi/WASI.sdk/include/wasm32-wasi/netinet/in.h:9:10: error: could not build module 'std_inttypes_h'
  7 |
  8 | #include <features.h>
  9 | #include <inttypes.h>
    |          `- error: could not build module 'std_inttypes_h'
 10 | #include <sys/socket.h>
 11 | #ifdef __wasilibc_unmodified_upstream /* Use alternate WASI libc headers */
<module-includes>:1:10: note: in file included from <module-includes>:1:
1 | #include "LibcOverlayShims.h"
  |          `- note: in file included from <module-includes>:1:
2 |
/root/.swiftpm/swift-sdks/swift-wasm-6.1-RELEASE-wasm32-unknown-wasi.artifactbundle/6.1-RELEASE-wasm32-unknown-wasi/wasm32-unknown-wasi/swift.xctoolchain/usr/lib/swift_static/shims/LibcOverlayShims.h:31:10: error: could not build module 'SwiftWASILibc'
 29 | typedef int mode_t;
 30 | #else
 31 | #include <semaphore.h>
    |          `- error: could not build module 'SwiftWASILibc'
 32 | #include <sys/ioctl.h>
 33 | #include <sys/types.h>
 34 | #endif
 35 |
 36 | #include <errno.h>
    |          `- note: while building module 'std_errno_h' imported from /root/.swiftpm/swift-sdks/swift-wasm-6.1-RELEASE-wasm32-unknown-wasi.artifactbundle/6.1-RELEASE-wasm32-unknown-wasi/wasm32-unknown-wasi/swift.xctoolchain/usr/lib/swift_static/shims/LibcOverlayShims.h:36:
 37 | #include <fcntl.h>
 38 |
<module-includes>:1:10: note: in file included from <module-includes>:1:
1 | #include "errno.h"
  |          `- note: in file included from <module-includes>:1:
2 |
<unknown>:0: error: could not build C module 'SwiftOverlayShims'
/root/.swiftpm/swift-sdks/swift-wasm-6.1-RELEASE-wasm32-unknown-wasi.artifactbundle/6.1-RELEASE-wasm32-unknown-wasi/wasm32-unknown-wasi/WASI.sdk/include/c++/v1/errno.h:32:17: error: could not build module 'SwiftWASILibc'
 30 |
 31 | #if __has_include_next(<errno.h>)
 32 | #  include_next <errno.h>
    |                 `- error: could not build module 'SwiftWASILibc'
 33 | #endif
 34 |
[36/54] Compiling Nodal Node+Elements.swift
/root/.swiftpm/swift-sdks/swift-wasm-6.1-RELEASE-wasm32-unknown-wasi.artifactbundle/6.1-RELEASE-wasm32-unknown-wasi/wasm32-unknown-wasi/swift.xctoolchain/usr/lib/swift_static/shims/LibcOverlayShims.h:31:10: note: while building module 'SwiftWASILibc' imported from /root/.swiftpm/swift-sdks/swift-wasm-6.1-RELEASE-wasm32-unknown-wasi.artifactbundle/6.1-RELEASE-wasm32-unknown-wasi/wasm32-unknown-wasi/swift.xctoolchain/usr/lib/swift_static/shims/LibcOverlayShims.h:31:
 29 | typedef int mode_t;
 30 | #else
 31 | #include <semaphore.h>
    |          `- note: while building module 'SwiftWASILibc' imported from /root/.swiftpm/swift-sdks/swift-wasm-6.1-RELEASE-wasm32-unknown-wasi.artifactbundle/6.1-RELEASE-wasm32-unknown-wasi/wasm32-unknown-wasi/swift.xctoolchain/usr/lib/swift_static/shims/LibcOverlayShims.h:31:
 32 | #include <sys/ioctl.h>
 33 | #include <sys/types.h>
/root/.swiftpm/swift-sdks/swift-wasm-6.1-RELEASE-wasm32-unknown-wasi.artifactbundle/6.1-RELEASE-wasm32-unknown-wasi/wasm32-unknown-wasi/WASI.sdk/include/wasm32-wasi/netinet/in.h:9:10: note: while building module 'std_inttypes_h' imported from /root/.swiftpm/swift-sdks/swift-wasm-6.1-RELEASE-wasm32-unknown-wasi.artifactbundle/6.1-RELEASE-wasm32-unknown-wasi/wasm32-unknown-wasi/WASI.sdk/include/wasm32-wasi/netinet/in.h:9:
  7 |
  8 | #include <features.h>
  9 | #include <inttypes.h>
    |          `- note: while building module 'std_inttypes_h' imported from /root/.swiftpm/swift-sdks/swift-wasm-6.1-RELEASE-wasm32-unknown-wasi.artifactbundle/6.1-RELEASE-wasm32-unknown-wasi/wasm32-unknown-wasi/WASI.sdk/include/wasm32-wasi/netinet/in.h:9:
 10 | #include <sys/socket.h>
 11 | #ifdef __wasilibc_unmodified_upstream /* Use alternate WASI libc headers */
<module-includes>:1:10: note: in file included from <module-includes>:1:
1 | #include "inttypes.h"
  |          `- note: in file included from <module-includes>:1:
2 |
/root/.swiftpm/swift-sdks/swift-wasm-6.1-RELEASE-wasm32-unknown-wasi.artifactbundle/6.1-RELEASE-wasm32-unknown-wasi/wasm32-unknown-wasi/WASI.sdk/include/c++/v1/inttypes.h:252:17: note: in file included from /root/.swiftpm/swift-sdks/swift-wasm-6.1-RELEASE-wasm32-unknown-wasi.artifactbundle/6.1-RELEASE-wasm32-unknown-wasi/wasm32-unknown-wasi/WASI.sdk/include/c++/v1/inttypes.h:252:
250 |
251 | #if __has_include_next(<inttypes.h>)
252 | #  include_next <inttypes.h>
    |                 `- note: in file included from /root/.swiftpm/swift-sdks/swift-wasm-6.1-RELEASE-wasm32-unknown-wasi.artifactbundle/6.1-RELEASE-wasm32-unknown-wasi/wasm32-unknown-wasi/WASI.sdk/include/c++/v1/inttypes.h:252:
253 | #endif
254 |
/root/.swiftpm/swift-sdks/swift-wasm-6.1-RELEASE-wasm32-unknown-wasi.artifactbundle/6.1-RELEASE-wasm32-unknown-wasi/wasm32-unknown-wasi/swift.xctoolchain/usr/lib/swift_static/clang/include/inttypes.h:24:15: error: cyclic dependency in module 'SwiftWASILibc': SwiftWASILibc -> std_inttypes_h -> SwiftWASILibc
 22 | #endif
 23 |
 24 | #include_next <inttypes.h>
    |               `- error: cyclic dependency in module 'SwiftWASILibc': SwiftWASILibc -> std_inttypes_h -> SwiftWASILibc
 25 |
 26 | #if defined(_MSC_VER) && _MSC_VER < 1900
/root/.swiftpm/swift-sdks/swift-wasm-6.1-RELEASE-wasm32-unknown-wasi.artifactbundle/6.1-RELEASE-wasm32-unknown-wasi/wasm32-unknown-wasi/swift.xctoolchain/usr/lib/swift_static/shims/LibcOverlayShims.h:31:10: note: while building module 'SwiftWASILibc' imported from /root/.swiftpm/swift-sdks/swift-wasm-6.1-RELEASE-wasm32-unknown-wasi.artifactbundle/6.1-RELEASE-wasm32-unknown-wasi/wasm32-unknown-wasi/swift.xctoolchain/usr/lib/swift_static/shims/LibcOverlayShims.h:31:
 29 | typedef int mode_t;
 30 | #else
 31 | #include <semaphore.h>
    |          `- note: while building module 'SwiftWASILibc' imported from /root/.swiftpm/swift-sdks/swift-wasm-6.1-RELEASE-wasm32-unknown-wasi.artifactbundle/6.1-RELEASE-wasm32-unknown-wasi/wasm32-unknown-wasi/swift.xctoolchain/usr/lib/swift_static/shims/LibcOverlayShims.h:31:
 32 | #include <sys/ioctl.h>
 33 | #include <sys/types.h>
<module-includes>:14:10: note: in file included from <module-includes>:14:
12 | #include "string.h"
13 | #include "time.h"
14 | #include "arpa/inet.h"
   |          `- note: in file included from <module-includes>:14:
15 | #include "cpio.h"
16 | #include "dirent.h"
/root/.swiftpm/swift-sdks/swift-wasm-6.1-RELEASE-wasm32-unknown-wasi.artifactbundle/6.1-RELEASE-wasm32-unknown-wasi/wasm32-unknown-wasi/WASI.sdk/include/wasm32-wasi/arpa/inet.h:9:10: note: in file included from /root/.swiftpm/swift-sdks/swift-wasm-6.1-RELEASE-wasm32-unknown-wasi.artifactbundle/6.1-RELEASE-wasm32-unknown-wasi/wasm32-unknown-wasi/WASI.sdk/include/wasm32-wasi/arpa/inet.h:9:
 7 |
 8 | #include <features.h>
 9 | #include <netinet/in.h>
   |          `- note: in file included from /root/.swiftpm/swift-sdks/swift-wasm-6.1-RELEASE-wasm32-unknown-wasi.artifactbundle/6.1-RELEASE-wasm32-unknown-wasi/wasm32-unknown-wasi/WASI.sdk/include/wasm32-wasi/arpa/inet.h:9:
10 |
11 | uint32_t htonl(uint32_t);
/root/.swiftpm/swift-sdks/swift-wasm-6.1-RELEASE-wasm32-unknown-wasi.artifactbundle/6.1-RELEASE-wasm32-unknown-wasi/wasm32-unknown-wasi/WASI.sdk/include/wasm32-wasi/netinet/in.h:9:10: error: could not build module 'std_inttypes_h'
  7 |
  8 | #include <features.h>
  9 | #include <inttypes.h>
    |          `- error: could not build module 'std_inttypes_h'
 10 | #include <sys/socket.h>
 11 | #ifdef __wasilibc_unmodified_upstream /* Use alternate WASI libc headers */
<module-includes>:1:10: note: in file included from <module-includes>:1:
1 | #include "LibcOverlayShims.h"
  |          `- note: in file included from <module-includes>:1:
2 |
/root/.swiftpm/swift-sdks/swift-wasm-6.1-RELEASE-wasm32-unknown-wasi.artifactbundle/6.1-RELEASE-wasm32-unknown-wasi/wasm32-unknown-wasi/swift.xctoolchain/usr/lib/swift_static/shims/LibcOverlayShims.h:31:10: error: could not build module 'SwiftWASILibc'
 29 | typedef int mode_t;
 30 | #else
 31 | #include <semaphore.h>
    |          `- error: could not build module 'SwiftWASILibc'
 32 | #include <sys/ioctl.h>
 33 | #include <sys/types.h>
 34 | #endif
 35 |
 36 | #include <errno.h>
    |          `- note: while building module 'std_errno_h' imported from /root/.swiftpm/swift-sdks/swift-wasm-6.1-RELEASE-wasm32-unknown-wasi.artifactbundle/6.1-RELEASE-wasm32-unknown-wasi/wasm32-unknown-wasi/swift.xctoolchain/usr/lib/swift_static/shims/LibcOverlayShims.h:36:
 37 | #include <fcntl.h>
 38 |
<module-includes>:1:10: note: in file included from <module-includes>:1:
1 | #include "errno.h"
  |          `- note: in file included from <module-includes>:1:
2 |
<unknown>:0: error: could not build C module 'SwiftOverlayShims'
/root/.swiftpm/swift-sdks/swift-wasm-6.1-RELEASE-wasm32-unknown-wasi.artifactbundle/6.1-RELEASE-wasm32-unknown-wasi/wasm32-unknown-wasi/WASI.sdk/include/c++/v1/errno.h:32:17: error: could not build module 'SwiftWASILibc'
 30 |
 31 | #if __has_include_next(<errno.h>)
 32 | #  include_next <errno.h>
    |                 `- error: could not build module 'SwiftWASILibc'
 33 | #endif
 34 |
[37/54] Compiling Nodal Node+Hierarchy.swift
/root/.swiftpm/swift-sdks/swift-wasm-6.1-RELEASE-wasm32-unknown-wasi.artifactbundle/6.1-RELEASE-wasm32-unknown-wasi/wasm32-unknown-wasi/swift.xctoolchain/usr/lib/swift_static/shims/LibcOverlayShims.h:31:10: note: while building module 'SwiftWASILibc' imported from /root/.swiftpm/swift-sdks/swift-wasm-6.1-RELEASE-wasm32-unknown-wasi.artifactbundle/6.1-RELEASE-wasm32-unknown-wasi/wasm32-unknown-wasi/swift.xctoolchain/usr/lib/swift_static/shims/LibcOverlayShims.h:31:
 29 | typedef int mode_t;
 30 | #else
 31 | #include <semaphore.h>
    |          `- note: while building module 'SwiftWASILibc' imported from /root/.swiftpm/swift-sdks/swift-wasm-6.1-RELEASE-wasm32-unknown-wasi.artifactbundle/6.1-RELEASE-wasm32-unknown-wasi/wasm32-unknown-wasi/swift.xctoolchain/usr/lib/swift_static/shims/LibcOverlayShims.h:31:
 32 | #include <sys/ioctl.h>
 33 | #include <sys/types.h>
/root/.swiftpm/swift-sdks/swift-wasm-6.1-RELEASE-wasm32-unknown-wasi.artifactbundle/6.1-RELEASE-wasm32-unknown-wasi/wasm32-unknown-wasi/WASI.sdk/include/wasm32-wasi/netinet/in.h:9:10: note: while building module 'std_inttypes_h' imported from /root/.swiftpm/swift-sdks/swift-wasm-6.1-RELEASE-wasm32-unknown-wasi.artifactbundle/6.1-RELEASE-wasm32-unknown-wasi/wasm32-unknown-wasi/WASI.sdk/include/wasm32-wasi/netinet/in.h:9:
  7 |
  8 | #include <features.h>
  9 | #include <inttypes.h>
    |          `- note: while building module 'std_inttypes_h' imported from /root/.swiftpm/swift-sdks/swift-wasm-6.1-RELEASE-wasm32-unknown-wasi.artifactbundle/6.1-RELEASE-wasm32-unknown-wasi/wasm32-unknown-wasi/WASI.sdk/include/wasm32-wasi/netinet/in.h:9:
 10 | #include <sys/socket.h>
 11 | #ifdef __wasilibc_unmodified_upstream /* Use alternate WASI libc headers */
<module-includes>:1:10: note: in file included from <module-includes>:1:
1 | #include "inttypes.h"
  |          `- note: in file included from <module-includes>:1:
2 |
/root/.swiftpm/swift-sdks/swift-wasm-6.1-RELEASE-wasm32-unknown-wasi.artifactbundle/6.1-RELEASE-wasm32-unknown-wasi/wasm32-unknown-wasi/WASI.sdk/include/c++/v1/inttypes.h:252:17: note: in file included from /root/.swiftpm/swift-sdks/swift-wasm-6.1-RELEASE-wasm32-unknown-wasi.artifactbundle/6.1-RELEASE-wasm32-unknown-wasi/wasm32-unknown-wasi/WASI.sdk/include/c++/v1/inttypes.h:252:
250 |
251 | #if __has_include_next(<inttypes.h>)
252 | #  include_next <inttypes.h>
    |                 `- note: in file included from /root/.swiftpm/swift-sdks/swift-wasm-6.1-RELEASE-wasm32-unknown-wasi.artifactbundle/6.1-RELEASE-wasm32-unknown-wasi/wasm32-unknown-wasi/WASI.sdk/include/c++/v1/inttypes.h:252:
253 | #endif
254 |
/root/.swiftpm/swift-sdks/swift-wasm-6.1-RELEASE-wasm32-unknown-wasi.artifactbundle/6.1-RELEASE-wasm32-unknown-wasi/wasm32-unknown-wasi/swift.xctoolchain/usr/lib/swift_static/clang/include/inttypes.h:24:15: error: cyclic dependency in module 'SwiftWASILibc': SwiftWASILibc -> std_inttypes_h -> SwiftWASILibc
 22 | #endif
 23 |
 24 | #include_next <inttypes.h>
    |               `- error: cyclic dependency in module 'SwiftWASILibc': SwiftWASILibc -> std_inttypes_h -> SwiftWASILibc
 25 |
 26 | #if defined(_MSC_VER) && _MSC_VER < 1900
/root/.swiftpm/swift-sdks/swift-wasm-6.1-RELEASE-wasm32-unknown-wasi.artifactbundle/6.1-RELEASE-wasm32-unknown-wasi/wasm32-unknown-wasi/swift.xctoolchain/usr/lib/swift_static/shims/LibcOverlayShims.h:31:10: note: while building module 'SwiftWASILibc' imported from /root/.swiftpm/swift-sdks/swift-wasm-6.1-RELEASE-wasm32-unknown-wasi.artifactbundle/6.1-RELEASE-wasm32-unknown-wasi/wasm32-unknown-wasi/swift.xctoolchain/usr/lib/swift_static/shims/LibcOverlayShims.h:31:
 29 | typedef int mode_t;
 30 | #else
 31 | #include <semaphore.h>
    |          `- note: while building module 'SwiftWASILibc' imported from /root/.swiftpm/swift-sdks/swift-wasm-6.1-RELEASE-wasm32-unknown-wasi.artifactbundle/6.1-RELEASE-wasm32-unknown-wasi/wasm32-unknown-wasi/swift.xctoolchain/usr/lib/swift_static/shims/LibcOverlayShims.h:31:
 32 | #include <sys/ioctl.h>
 33 | #include <sys/types.h>
<module-includes>:14:10: note: in file included from <module-includes>:14:
12 | #include "string.h"
13 | #include "time.h"
14 | #include "arpa/inet.h"
   |          `- note: in file included from <module-includes>:14:
15 | #include "cpio.h"
16 | #include "dirent.h"
/root/.swiftpm/swift-sdks/swift-wasm-6.1-RELEASE-wasm32-unknown-wasi.artifactbundle/6.1-RELEASE-wasm32-unknown-wasi/wasm32-unknown-wasi/WASI.sdk/include/wasm32-wasi/arpa/inet.h:9:10: note: in file included from /root/.swiftpm/swift-sdks/swift-wasm-6.1-RELEASE-wasm32-unknown-wasi.artifactbundle/6.1-RELEASE-wasm32-unknown-wasi/wasm32-unknown-wasi/WASI.sdk/include/wasm32-wasi/arpa/inet.h:9:
 7 |
 8 | #include <features.h>
 9 | #include <netinet/in.h>
   |          `- note: in file included from /root/.swiftpm/swift-sdks/swift-wasm-6.1-RELEASE-wasm32-unknown-wasi.artifactbundle/6.1-RELEASE-wasm32-unknown-wasi/wasm32-unknown-wasi/WASI.sdk/include/wasm32-wasi/arpa/inet.h:9:
10 |
11 | uint32_t htonl(uint32_t);
/root/.swiftpm/swift-sdks/swift-wasm-6.1-RELEASE-wasm32-unknown-wasi.artifactbundle/6.1-RELEASE-wasm32-unknown-wasi/wasm32-unknown-wasi/WASI.sdk/include/wasm32-wasi/netinet/in.h:9:10: error: could not build module 'std_inttypes_h'
  7 |
  8 | #include <features.h>
  9 | #include <inttypes.h>
    |          `- error: could not build module 'std_inttypes_h'
 10 | #include <sys/socket.h>
 11 | #ifdef __wasilibc_unmodified_upstream /* Use alternate WASI libc headers */
<module-includes>:1:10: note: in file included from <module-includes>:1:
1 | #include "LibcOverlayShims.h"
  |          `- note: in file included from <module-includes>:1:
2 |
/root/.swiftpm/swift-sdks/swift-wasm-6.1-RELEASE-wasm32-unknown-wasi.artifactbundle/6.1-RELEASE-wasm32-unknown-wasi/wasm32-unknown-wasi/swift.xctoolchain/usr/lib/swift_static/shims/LibcOverlayShims.h:31:10: error: could not build module 'SwiftWASILibc'
 29 | typedef int mode_t;
 30 | #else
 31 | #include <semaphore.h>
    |          `- error: could not build module 'SwiftWASILibc'
 32 | #include <sys/ioctl.h>
 33 | #include <sys/types.h>
 34 | #endif
 35 |
 36 | #include <errno.h>
    |          `- note: while building module 'std_errno_h' imported from /root/.swiftpm/swift-sdks/swift-wasm-6.1-RELEASE-wasm32-unknown-wasi.artifactbundle/6.1-RELEASE-wasm32-unknown-wasi/wasm32-unknown-wasi/swift.xctoolchain/usr/lib/swift_static/shims/LibcOverlayShims.h:36:
 37 | #include <fcntl.h>
 38 |
<module-includes>:1:10: note: in file included from <module-includes>:1:
1 | #include "errno.h"
  |          `- note: in file included from <module-includes>:1:
2 |
<unknown>:0: error: could not build C module 'SwiftOverlayShims'
/root/.swiftpm/swift-sdks/swift-wasm-6.1-RELEASE-wasm32-unknown-wasi.artifactbundle/6.1-RELEASE-wasm32-unknown-wasi/wasm32-unknown-wasi/WASI.sdk/include/c++/v1/errno.h:32:17: error: could not build module 'SwiftWASILibc'
 30 |
 31 | #if __has_include_next(<errno.h>)
 32 | #  include_next <errno.h>
    |                 `- error: could not build module 'SwiftWASILibc'
 33 | #endif
 34 |
[38/54] Compiling Nodal XMLDateFormat.swift
/root/.swiftpm/swift-sdks/swift-wasm-6.1-RELEASE-wasm32-unknown-wasi.artifactbundle/6.1-RELEASE-wasm32-unknown-wasi/wasm32-unknown-wasi/swift.xctoolchain/usr/lib/swift_static/shims/LibcOverlayShims.h:31:10: note: while building module 'SwiftWASILibc' imported from /root/.swiftpm/swift-sdks/swift-wasm-6.1-RELEASE-wasm32-unknown-wasi.artifactbundle/6.1-RELEASE-wasm32-unknown-wasi/wasm32-unknown-wasi/swift.xctoolchain/usr/lib/swift_static/shims/LibcOverlayShims.h:31:
 29 | typedef int mode_t;
 30 | #else
 31 | #include <semaphore.h>
    |          `- note: while building module 'SwiftWASILibc' imported from /root/.swiftpm/swift-sdks/swift-wasm-6.1-RELEASE-wasm32-unknown-wasi.artifactbundle/6.1-RELEASE-wasm32-unknown-wasi/wasm32-unknown-wasi/swift.xctoolchain/usr/lib/swift_static/shims/LibcOverlayShims.h:31:
 32 | #include <sys/ioctl.h>
 33 | #include <sys/types.h>
/root/.swiftpm/swift-sdks/swift-wasm-6.1-RELEASE-wasm32-unknown-wasi.artifactbundle/6.1-RELEASE-wasm32-unknown-wasi/wasm32-unknown-wasi/WASI.sdk/include/wasm32-wasi/netinet/in.h:9:10: note: while building module 'std_inttypes_h' imported from /root/.swiftpm/swift-sdks/swift-wasm-6.1-RELEASE-wasm32-unknown-wasi.artifactbundle/6.1-RELEASE-wasm32-unknown-wasi/wasm32-unknown-wasi/WASI.sdk/include/wasm32-wasi/netinet/in.h:9:
  7 |
  8 | #include <features.h>
  9 | #include <inttypes.h>
    |          `- note: while building module 'std_inttypes_h' imported from /root/.swiftpm/swift-sdks/swift-wasm-6.1-RELEASE-wasm32-unknown-wasi.artifactbundle/6.1-RELEASE-wasm32-unknown-wasi/wasm32-unknown-wasi/WASI.sdk/include/wasm32-wasi/netinet/in.h:9:
 10 | #include <sys/socket.h>
 11 | #ifdef __wasilibc_unmodified_upstream /* Use alternate WASI libc headers */
<module-includes>:1:10: note: in file included from <module-includes>:1:
1 | #include "inttypes.h"
  |          `- note: in file included from <module-includes>:1:
2 |
/root/.swiftpm/swift-sdks/swift-wasm-6.1-RELEASE-wasm32-unknown-wasi.artifactbundle/6.1-RELEASE-wasm32-unknown-wasi/wasm32-unknown-wasi/WASI.sdk/include/c++/v1/inttypes.h:252:17: note: in file included from /root/.swiftpm/swift-sdks/swift-wasm-6.1-RELEASE-wasm32-unknown-wasi.artifactbundle/6.1-RELEASE-wasm32-unknown-wasi/wasm32-unknown-wasi/WASI.sdk/include/c++/v1/inttypes.h:252:
250 |
251 | #if __has_include_next(<inttypes.h>)
252 | #  include_next <inttypes.h>
    |                 `- note: in file included from /root/.swiftpm/swift-sdks/swift-wasm-6.1-RELEASE-wasm32-unknown-wasi.artifactbundle/6.1-RELEASE-wasm32-unknown-wasi/wasm32-unknown-wasi/WASI.sdk/include/c++/v1/inttypes.h:252:
253 | #endif
254 |
/root/.swiftpm/swift-sdks/swift-wasm-6.1-RELEASE-wasm32-unknown-wasi.artifactbundle/6.1-RELEASE-wasm32-unknown-wasi/wasm32-unknown-wasi/swift.xctoolchain/usr/lib/swift_static/clang/include/inttypes.h:24:15: error: cyclic dependency in module 'SwiftWASILibc': SwiftWASILibc -> std_inttypes_h -> SwiftWASILibc
 22 | #endif
 23 |
 24 | #include_next <inttypes.h>
    |               `- error: cyclic dependency in module 'SwiftWASILibc': SwiftWASILibc -> std_inttypes_h -> SwiftWASILibc
 25 |
 26 | #if defined(_MSC_VER) && _MSC_VER < 1900
/root/.swiftpm/swift-sdks/swift-wasm-6.1-RELEASE-wasm32-unknown-wasi.artifactbundle/6.1-RELEASE-wasm32-unknown-wasi/wasm32-unknown-wasi/swift.xctoolchain/usr/lib/swift_static/shims/LibcOverlayShims.h:31:10: note: while building module 'SwiftWASILibc' imported from /root/.swiftpm/swift-sdks/swift-wasm-6.1-RELEASE-wasm32-unknown-wasi.artifactbundle/6.1-RELEASE-wasm32-unknown-wasi/wasm32-unknown-wasi/swift.xctoolchain/usr/lib/swift_static/shims/LibcOverlayShims.h:31:
 29 | typedef int mode_t;
 30 | #else
 31 | #include <semaphore.h>
    |          `- note: while building module 'SwiftWASILibc' imported from /root/.swiftpm/swift-sdks/swift-wasm-6.1-RELEASE-wasm32-unknown-wasi.artifactbundle/6.1-RELEASE-wasm32-unknown-wasi/wasm32-unknown-wasi/swift.xctoolchain/usr/lib/swift_static/shims/LibcOverlayShims.h:31:
 32 | #include <sys/ioctl.h>
 33 | #include <sys/types.h>
<module-includes>:14:10: note: in file included from <module-includes>:14:
12 | #include "string.h"
13 | #include "time.h"
14 | #include "arpa/inet.h"
   |          `- note: in file included from <module-includes>:14:
15 | #include "cpio.h"
16 | #include "dirent.h"
/root/.swiftpm/swift-sdks/swift-wasm-6.1-RELEASE-wasm32-unknown-wasi.artifactbundle/6.1-RELEASE-wasm32-unknown-wasi/wasm32-unknown-wasi/WASI.sdk/include/wasm32-wasi/arpa/inet.h:9:10: note: in file included from /root/.swiftpm/swift-sdks/swift-wasm-6.1-RELEASE-wasm32-unknown-wasi.artifactbundle/6.1-RELEASE-wasm32-unknown-wasi/wasm32-unknown-wasi/WASI.sdk/include/wasm32-wasi/arpa/inet.h:9:
 7 |
 8 | #include <features.h>
 9 | #include <netinet/in.h>
   |          `- note: in file included from /root/.swiftpm/swift-sdks/swift-wasm-6.1-RELEASE-wasm32-unknown-wasi.artifactbundle/6.1-RELEASE-wasm32-unknown-wasi/wasm32-unknown-wasi/WASI.sdk/include/wasm32-wasi/arpa/inet.h:9:
10 |
11 | uint32_t htonl(uint32_t);
/root/.swiftpm/swift-sdks/swift-wasm-6.1-RELEASE-wasm32-unknown-wasi.artifactbundle/6.1-RELEASE-wasm32-unknown-wasi/wasm32-unknown-wasi/WASI.sdk/include/wasm32-wasi/netinet/in.h:9:10: error: could not build module 'std_inttypes_h'
  7 |
  8 | #include <features.h>
  9 | #include <inttypes.h>
    |          `- error: could not build module 'std_inttypes_h'
 10 | #include <sys/socket.h>
 11 | #ifdef __wasilibc_unmodified_upstream /* Use alternate WASI libc headers */
<module-includes>:1:10: note: in file included from <module-includes>:1:
1 | #include "LibcOverlayShims.h"
  |          `- note: in file included from <module-includes>:1:
2 |
/root/.swiftpm/swift-sdks/swift-wasm-6.1-RELEASE-wasm32-unknown-wasi.artifactbundle/6.1-RELEASE-wasm32-unknown-wasi/wasm32-unknown-wasi/swift.xctoolchain/usr/lib/swift_static/shims/LibcOverlayShims.h:31:10: error: could not build module 'SwiftWASILibc'
 29 | typedef int mode_t;
 30 | #else
 31 | #include <semaphore.h>
    |          `- error: could not build module 'SwiftWASILibc'
 32 | #include <sys/ioctl.h>
 33 | #include <sys/types.h>
 34 | #endif
 35 |
 36 | #include <errno.h>
    |          `- note: while building module 'std_errno_h' imported from /root/.swiftpm/swift-sdks/swift-wasm-6.1-RELEASE-wasm32-unknown-wasi.artifactbundle/6.1-RELEASE-wasm32-unknown-wasi/wasm32-unknown-wasi/swift.xctoolchain/usr/lib/swift_static/shims/LibcOverlayShims.h:36:
 37 | #include <fcntl.h>
 38 |
<module-includes>:1:10: note: in file included from <module-includes>:1:
1 | #include "errno.h"
  |          `- note: in file included from <module-includes>:1:
2 |
<unknown>:0: error: could not build C module 'SwiftOverlayShims'
/root/.swiftpm/swift-sdks/swift-wasm-6.1-RELEASE-wasm32-unknown-wasi.artifactbundle/6.1-RELEASE-wasm32-unknown-wasi/wasm32-unknown-wasi/WASI.sdk/include/c++/v1/errno.h:32:17: error: could not build module 'SwiftWASILibc'
 30 |
 31 | #if __has_include_next(<errno.h>)
 32 | #  include_next <errno.h>
    |                 `- error: could not build module 'SwiftWASILibc'
 33 | #endif
 34 |
[39/54] Compiling Nodal XMLValueCodable.swift
/root/.swiftpm/swift-sdks/swift-wasm-6.1-RELEASE-wasm32-unknown-wasi.artifactbundle/6.1-RELEASE-wasm32-unknown-wasi/wasm32-unknown-wasi/swift.xctoolchain/usr/lib/swift_static/shims/LibcOverlayShims.h:31:10: note: while building module 'SwiftWASILibc' imported from /root/.swiftpm/swift-sdks/swift-wasm-6.1-RELEASE-wasm32-unknown-wasi.artifactbundle/6.1-RELEASE-wasm32-unknown-wasi/wasm32-unknown-wasi/swift.xctoolchain/usr/lib/swift_static/shims/LibcOverlayShims.h:31:
 29 | typedef int mode_t;
 30 | #else
 31 | #include <semaphore.h>
    |          `- note: while building module 'SwiftWASILibc' imported from /root/.swiftpm/swift-sdks/swift-wasm-6.1-RELEASE-wasm32-unknown-wasi.artifactbundle/6.1-RELEASE-wasm32-unknown-wasi/wasm32-unknown-wasi/swift.xctoolchain/usr/lib/swift_static/shims/LibcOverlayShims.h:31:
 32 | #include <sys/ioctl.h>
 33 | #include <sys/types.h>
/root/.swiftpm/swift-sdks/swift-wasm-6.1-RELEASE-wasm32-unknown-wasi.artifactbundle/6.1-RELEASE-wasm32-unknown-wasi/wasm32-unknown-wasi/WASI.sdk/include/wasm32-wasi/netinet/in.h:9:10: note: while building module 'std_inttypes_h' imported from /root/.swiftpm/swift-sdks/swift-wasm-6.1-RELEASE-wasm32-unknown-wasi.artifactbundle/6.1-RELEASE-wasm32-unknown-wasi/wasm32-unknown-wasi/WASI.sdk/include/wasm32-wasi/netinet/in.h:9:
  7 |
  8 | #include <features.h>
  9 | #include <inttypes.h>
    |          `- note: while building module 'std_inttypes_h' imported from /root/.swiftpm/swift-sdks/swift-wasm-6.1-RELEASE-wasm32-unknown-wasi.artifactbundle/6.1-RELEASE-wasm32-unknown-wasi/wasm32-unknown-wasi/WASI.sdk/include/wasm32-wasi/netinet/in.h:9:
 10 | #include <sys/socket.h>
 11 | #ifdef __wasilibc_unmodified_upstream /* Use alternate WASI libc headers */
<module-includes>:1:10: note: in file included from <module-includes>:1:
1 | #include "inttypes.h"
  |          `- note: in file included from <module-includes>:1:
2 |
/root/.swiftpm/swift-sdks/swift-wasm-6.1-RELEASE-wasm32-unknown-wasi.artifactbundle/6.1-RELEASE-wasm32-unknown-wasi/wasm32-unknown-wasi/WASI.sdk/include/c++/v1/inttypes.h:252:17: note: in file included from /root/.swiftpm/swift-sdks/swift-wasm-6.1-RELEASE-wasm32-unknown-wasi.artifactbundle/6.1-RELEASE-wasm32-unknown-wasi/wasm32-unknown-wasi/WASI.sdk/include/c++/v1/inttypes.h:252:
250 |
251 | #if __has_include_next(<inttypes.h>)
252 | #  include_next <inttypes.h>
    |                 `- note: in file included from /root/.swiftpm/swift-sdks/swift-wasm-6.1-RELEASE-wasm32-unknown-wasi.artifactbundle/6.1-RELEASE-wasm32-unknown-wasi/wasm32-unknown-wasi/WASI.sdk/include/c++/v1/inttypes.h:252:
253 | #endif
254 |
/root/.swiftpm/swift-sdks/swift-wasm-6.1-RELEASE-wasm32-unknown-wasi.artifactbundle/6.1-RELEASE-wasm32-unknown-wasi/wasm32-unknown-wasi/swift.xctoolchain/usr/lib/swift_static/clang/include/inttypes.h:24:15: error: cyclic dependency in module 'SwiftWASILibc': SwiftWASILibc -> std_inttypes_h -> SwiftWASILibc
 22 | #endif
 23 |
 24 | #include_next <inttypes.h>
    |               `- error: cyclic dependency in module 'SwiftWASILibc': SwiftWASILibc -> std_inttypes_h -> SwiftWASILibc
 25 |
 26 | #if defined(_MSC_VER) && _MSC_VER < 1900
/root/.swiftpm/swift-sdks/swift-wasm-6.1-RELEASE-wasm32-unknown-wasi.artifactbundle/6.1-RELEASE-wasm32-unknown-wasi/wasm32-unknown-wasi/swift.xctoolchain/usr/lib/swift_static/shims/LibcOverlayShims.h:31:10: note: while building module 'SwiftWASILibc' imported from /root/.swiftpm/swift-sdks/swift-wasm-6.1-RELEASE-wasm32-unknown-wasi.artifactbundle/6.1-RELEASE-wasm32-unknown-wasi/wasm32-unknown-wasi/swift.xctoolchain/usr/lib/swift_static/shims/LibcOverlayShims.h:31:
 29 | typedef int mode_t;
 30 | #else
 31 | #include <semaphore.h>
    |          `- note: while building module 'SwiftWASILibc' imported from /root/.swiftpm/swift-sdks/swift-wasm-6.1-RELEASE-wasm32-unknown-wasi.artifactbundle/6.1-RELEASE-wasm32-unknown-wasi/wasm32-unknown-wasi/swift.xctoolchain/usr/lib/swift_static/shims/LibcOverlayShims.h:31:
 32 | #include <sys/ioctl.h>
 33 | #include <sys/types.h>
<module-includes>:14:10: note: in file included from <module-includes>:14:
12 | #include "string.h"
13 | #include "time.h"
14 | #include "arpa/inet.h"
   |          `- note: in file included from <module-includes>:14:
15 | #include "cpio.h"
16 | #include "dirent.h"
/root/.swiftpm/swift-sdks/swift-wasm-6.1-RELEASE-wasm32-unknown-wasi.artifactbundle/6.1-RELEASE-wasm32-unknown-wasi/wasm32-unknown-wasi/WASI.sdk/include/wasm32-wasi/arpa/inet.h:9:10: note: in file included from /root/.swiftpm/swift-sdks/swift-wasm-6.1-RELEASE-wasm32-unknown-wasi.artifactbundle/6.1-RELEASE-wasm32-unknown-wasi/wasm32-unknown-wasi/WASI.sdk/include/wasm32-wasi/arpa/inet.h:9:
 7 |
 8 | #include <features.h>
 9 | #include <netinet/in.h>
   |          `- note: in file included from /root/.swiftpm/swift-sdks/swift-wasm-6.1-RELEASE-wasm32-unknown-wasi.artifactbundle/6.1-RELEASE-wasm32-unknown-wasi/wasm32-unknown-wasi/WASI.sdk/include/wasm32-wasi/arpa/inet.h:9:
10 |
11 | uint32_t htonl(uint32_t);
/root/.swiftpm/swift-sdks/swift-wasm-6.1-RELEASE-wasm32-unknown-wasi.artifactbundle/6.1-RELEASE-wasm32-unknown-wasi/wasm32-unknown-wasi/WASI.sdk/include/wasm32-wasi/netinet/in.h:9:10: error: could not build module 'std_inttypes_h'
  7 |
  8 | #include <features.h>
  9 | #include <inttypes.h>
    |          `- error: could not build module 'std_inttypes_h'
 10 | #include <sys/socket.h>
 11 | #ifdef __wasilibc_unmodified_upstream /* Use alternate WASI libc headers */
<module-includes>:1:10: note: in file included from <module-includes>:1:
1 | #include "LibcOverlayShims.h"
  |          `- note: in file included from <module-includes>:1:
2 |
/root/.swiftpm/swift-sdks/swift-wasm-6.1-RELEASE-wasm32-unknown-wasi.artifactbundle/6.1-RELEASE-wasm32-unknown-wasi/wasm32-unknown-wasi/swift.xctoolchain/usr/lib/swift_static/shims/LibcOverlayShims.h:31:10: error: could not build module 'SwiftWASILibc'
 29 | typedef int mode_t;
 30 | #else
 31 | #include <semaphore.h>
    |          `- error: could not build module 'SwiftWASILibc'
 32 | #include <sys/ioctl.h>
 33 | #include <sys/types.h>
 34 | #endif
 35 |
 36 | #include <errno.h>
    |          `- note: while building module 'std_errno_h' imported from /root/.swiftpm/swift-sdks/swift-wasm-6.1-RELEASE-wasm32-unknown-wasi.artifactbundle/6.1-RELEASE-wasm32-unknown-wasi/wasm32-unknown-wasi/swift.xctoolchain/usr/lib/swift_static/shims/LibcOverlayShims.h:36:
 37 | #include <fcntl.h>
 38 |
<module-includes>:1:10: note: in file included from <module-includes>:1:
1 | #include "errno.h"
  |          `- note: in file included from <module-includes>:1:
2 |
<unknown>:0: error: could not build C module 'SwiftOverlayShims'
/root/.swiftpm/swift-sdks/swift-wasm-6.1-RELEASE-wasm32-unknown-wasi.artifactbundle/6.1-RELEASE-wasm32-unknown-wasi/wasm32-unknown-wasi/WASI.sdk/include/c++/v1/errno.h:32:17: error: could not build module 'SwiftWASILibc'
 30 |
 31 | #if __has_include_next(<errno.h>)
 32 | #  include_next <errno.h>
    |                 `- error: could not build module 'SwiftWASILibc'
 33 | #endif
 34 |
[40/54] Compiling Nodal Document+Errors.swift
/root/.swiftpm/swift-sdks/swift-wasm-6.1-RELEASE-wasm32-unknown-wasi.artifactbundle/6.1-RELEASE-wasm32-unknown-wasi/wasm32-unknown-wasi/swift.xctoolchain/usr/lib/swift_static/shims/LibcOverlayShims.h:31:10: note: while building module 'SwiftWASILibc' imported from /root/.swiftpm/swift-sdks/swift-wasm-6.1-RELEASE-wasm32-unknown-wasi.artifactbundle/6.1-RELEASE-wasm32-unknown-wasi/wasm32-unknown-wasi/swift.xctoolchain/usr/lib/swift_static/shims/LibcOverlayShims.h:31:
 29 | typedef int mode_t;
 30 | #else
 31 | #include <semaphore.h>
    |          `- note: while building module 'SwiftWASILibc' imported from /root/.swiftpm/swift-sdks/swift-wasm-6.1-RELEASE-wasm32-unknown-wasi.artifactbundle/6.1-RELEASE-wasm32-unknown-wasi/wasm32-unknown-wasi/swift.xctoolchain/usr/lib/swift_static/shims/LibcOverlayShims.h:31:
 32 | #include <sys/ioctl.h>
 33 | #include <sys/types.h>
/root/.swiftpm/swift-sdks/swift-wasm-6.1-RELEASE-wasm32-unknown-wasi.artifactbundle/6.1-RELEASE-wasm32-unknown-wasi/wasm32-unknown-wasi/WASI.sdk/include/wasm32-wasi/netinet/in.h:9:10: note: while building module 'std_inttypes_h' imported from /root/.swiftpm/swift-sdks/swift-wasm-6.1-RELEASE-wasm32-unknown-wasi.artifactbundle/6.1-RELEASE-wasm32-unknown-wasi/wasm32-unknown-wasi/WASI.sdk/include/wasm32-wasi/netinet/in.h:9:
  7 |
  8 | #include <features.h>
  9 | #include <inttypes.h>
    |          `- note: while building module 'std_inttypes_h' imported from /root/.swiftpm/swift-sdks/swift-wasm-6.1-RELEASE-wasm32-unknown-wasi.artifactbundle/6.1-RELEASE-wasm32-unknown-wasi/wasm32-unknown-wasi/WASI.sdk/include/wasm32-wasi/netinet/in.h:9:
 10 | #include <sys/socket.h>
 11 | #ifdef __wasilibc_unmodified_upstream /* Use alternate WASI libc headers */
<module-includes>:1:10: note: in file included from <module-includes>:1:
1 | #include "inttypes.h"
  |          `- note: in file included from <module-includes>:1:
2 |
/root/.swiftpm/swift-sdks/swift-wasm-6.1-RELEASE-wasm32-unknown-wasi.artifactbundle/6.1-RELEASE-wasm32-unknown-wasi/wasm32-unknown-wasi/WASI.sdk/include/c++/v1/inttypes.h:252:17: note: in file included from /root/.swiftpm/swift-sdks/swift-wasm-6.1-RELEASE-wasm32-unknown-wasi.artifactbundle/6.1-RELEASE-wasm32-unknown-wasi/wasm32-unknown-wasi/WASI.sdk/include/c++/v1/inttypes.h:252:
250 |
251 | #if __has_include_next(<inttypes.h>)
252 | #  include_next <inttypes.h>
    |                 `- note: in file included from /root/.swiftpm/swift-sdks/swift-wasm-6.1-RELEASE-wasm32-unknown-wasi.artifactbundle/6.1-RELEASE-wasm32-unknown-wasi/wasm32-unknown-wasi/WASI.sdk/include/c++/v1/inttypes.h:252:
253 | #endif
254 |
/root/.swiftpm/swift-sdks/swift-wasm-6.1-RELEASE-wasm32-unknown-wasi.artifactbundle/6.1-RELEASE-wasm32-unknown-wasi/wasm32-unknown-wasi/swift.xctoolchain/usr/lib/swift_static/clang/include/inttypes.h:24:15: error: cyclic dependency in module 'SwiftWASILibc': SwiftWASILibc -> std_inttypes_h -> SwiftWASILibc
 22 | #endif
 23 |
 24 | #include_next <inttypes.h>
    |               `- error: cyclic dependency in module 'SwiftWASILibc': SwiftWASILibc -> std_inttypes_h -> SwiftWASILibc
 25 |
 26 | #if defined(_MSC_VER) && _MSC_VER < 1900
/root/.swiftpm/swift-sdks/swift-wasm-6.1-RELEASE-wasm32-unknown-wasi.artifactbundle/6.1-RELEASE-wasm32-unknown-wasi/wasm32-unknown-wasi/swift.xctoolchain/usr/lib/swift_static/shims/LibcOverlayShims.h:31:10: note: while building module 'SwiftWASILibc' imported from /root/.swiftpm/swift-sdks/swift-wasm-6.1-RELEASE-wasm32-unknown-wasi.artifactbundle/6.1-RELEASE-wasm32-unknown-wasi/wasm32-unknown-wasi/swift.xctoolchain/usr/lib/swift_static/shims/LibcOverlayShims.h:31:
 29 | typedef int mode_t;
 30 | #else
 31 | #include <semaphore.h>
    |          `- note: while building module 'SwiftWASILibc' imported from /root/.swiftpm/swift-sdks/swift-wasm-6.1-RELEASE-wasm32-unknown-wasi.artifactbundle/6.1-RELEASE-wasm32-unknown-wasi/wasm32-unknown-wasi/swift.xctoolchain/usr/lib/swift_static/shims/LibcOverlayShims.h:31:
 32 | #include <sys/ioctl.h>
 33 | #include <sys/types.h>
<module-includes>:14:10: note: in file included from <module-includes>:14:
12 | #include "string.h"
13 | #include "time.h"
14 | #include "arpa/inet.h"
   |          `- note: in file included from <module-includes>:14:
15 | #include "cpio.h"
16 | #include "dirent.h"
/root/.swiftpm/swift-sdks/swift-wasm-6.1-RELEASE-wasm32-unknown-wasi.artifactbundle/6.1-RELEASE-wasm32-unknown-wasi/wasm32-unknown-wasi/WASI.sdk/include/wasm32-wasi/arpa/inet.h:9:10: note: in file included from /root/.swiftpm/swift-sdks/swift-wasm-6.1-RELEASE-wasm32-unknown-wasi.artifactbundle/6.1-RELEASE-wasm32-unknown-wasi/wasm32-unknown-wasi/WASI.sdk/include/wasm32-wasi/arpa/inet.h:9:
 7 |
 8 | #include <features.h>
 9 | #include <netinet/in.h>
   |          `- note: in file included from /root/.swiftpm/swift-sdks/swift-wasm-6.1-RELEASE-wasm32-unknown-wasi.artifactbundle/6.1-RELEASE-wasm32-unknown-wasi/wasm32-unknown-wasi/WASI.sdk/include/wasm32-wasi/arpa/inet.h:9:
10 |
11 | uint32_t htonl(uint32_t);
/root/.swiftpm/swift-sdks/swift-wasm-6.1-RELEASE-wasm32-unknown-wasi.artifactbundle/6.1-RELEASE-wasm32-unknown-wasi/wasm32-unknown-wasi/WASI.sdk/include/wasm32-wasi/netinet/in.h:9:10: error: could not build module 'std_inttypes_h'
  7 |
  8 | #include <features.h>
  9 | #include <inttypes.h>
    |          `- error: could not build module 'std_inttypes_h'
 10 | #include <sys/socket.h>
 11 | #ifdef __wasilibc_unmodified_upstream /* Use alternate WASI libc headers */
<module-includes>:1:10: note: in file included from <module-includes>:1:
1 | #include "LibcOverlayShims.h"
  |          `- note: in file included from <module-includes>:1:
2 |
/root/.swiftpm/swift-sdks/swift-wasm-6.1-RELEASE-wasm32-unknown-wasi.artifactbundle/6.1-RELEASE-wasm32-unknown-wasi/wasm32-unknown-wasi/swift.xctoolchain/usr/lib/swift_static/shims/LibcOverlayShims.h:31:10: error: could not build module 'SwiftWASILibc'
 29 | typedef int mode_t;
 30 | #else
 31 | #include <semaphore.h>
    |          `- error: could not build module 'SwiftWASILibc'
 32 | #include <sys/ioctl.h>
 33 | #include <sys/types.h>
 34 | #endif
 35 |
 36 | #include <errno.h>
    |          `- note: while building module 'std_errno_h' imported from /root/.swiftpm/swift-sdks/swift-wasm-6.1-RELEASE-wasm32-unknown-wasi.artifactbundle/6.1-RELEASE-wasm32-unknown-wasi/wasm32-unknown-wasi/swift.xctoolchain/usr/lib/swift_static/shims/LibcOverlayShims.h:36:
 37 | #include <fcntl.h>
 38 |
<module-includes>:1:10: note: in file included from <module-includes>:1:
1 | #include "errno.h"
  |          `- note: in file included from <module-includes>:1:
2 |
<unknown>:0: error: could not build C module 'SwiftOverlayShims'
/root/.swiftpm/swift-sdks/swift-wasm-6.1-RELEASE-wasm32-unknown-wasi.artifactbundle/6.1-RELEASE-wasm32-unknown-wasi/wasm32-unknown-wasi/WASI.sdk/include/c++/v1/errno.h:32:17: error: could not build module 'SwiftWASILibc'
 30 |
 31 | #if __has_include_next(<errno.h>)
 32 | #  include_next <errno.h>
    |                 `- error: could not build module 'SwiftWASILibc'
 33 | #endif
 34 |
[41/54] Compiling Nodal Document+Input.swift
/root/.swiftpm/swift-sdks/swift-wasm-6.1-RELEASE-wasm32-unknown-wasi.artifactbundle/6.1-RELEASE-wasm32-unknown-wasi/wasm32-unknown-wasi/swift.xctoolchain/usr/lib/swift_static/shims/LibcOverlayShims.h:31:10: note: while building module 'SwiftWASILibc' imported from /root/.swiftpm/swift-sdks/swift-wasm-6.1-RELEASE-wasm32-unknown-wasi.artifactbundle/6.1-RELEASE-wasm32-unknown-wasi/wasm32-unknown-wasi/swift.xctoolchain/usr/lib/swift_static/shims/LibcOverlayShims.h:31:
 29 | typedef int mode_t;
 30 | #else
 31 | #include <semaphore.h>
    |          `- note: while building module 'SwiftWASILibc' imported from /root/.swiftpm/swift-sdks/swift-wasm-6.1-RELEASE-wasm32-unknown-wasi.artifactbundle/6.1-RELEASE-wasm32-unknown-wasi/wasm32-unknown-wasi/swift.xctoolchain/usr/lib/swift_static/shims/LibcOverlayShims.h:31:
 32 | #include <sys/ioctl.h>
 33 | #include <sys/types.h>
/root/.swiftpm/swift-sdks/swift-wasm-6.1-RELEASE-wasm32-unknown-wasi.artifactbundle/6.1-RELEASE-wasm32-unknown-wasi/wasm32-unknown-wasi/WASI.sdk/include/wasm32-wasi/netinet/in.h:9:10: note: while building module 'std_inttypes_h' imported from /root/.swiftpm/swift-sdks/swift-wasm-6.1-RELEASE-wasm32-unknown-wasi.artifactbundle/6.1-RELEASE-wasm32-unknown-wasi/wasm32-unknown-wasi/WASI.sdk/include/wasm32-wasi/netinet/in.h:9:
  7 |
  8 | #include <features.h>
  9 | #include <inttypes.h>
    |          `- note: while building module 'std_inttypes_h' imported from /root/.swiftpm/swift-sdks/swift-wasm-6.1-RELEASE-wasm32-unknown-wasi.artifactbundle/6.1-RELEASE-wasm32-unknown-wasi/wasm32-unknown-wasi/WASI.sdk/include/wasm32-wasi/netinet/in.h:9:
 10 | #include <sys/socket.h>
 11 | #ifdef __wasilibc_unmodified_upstream /* Use alternate WASI libc headers */
<module-includes>:1:10: note: in file included from <module-includes>:1:
1 | #include "inttypes.h"
  |          `- note: in file included from <module-includes>:1:
2 |
/root/.swiftpm/swift-sdks/swift-wasm-6.1-RELEASE-wasm32-unknown-wasi.artifactbundle/6.1-RELEASE-wasm32-unknown-wasi/wasm32-unknown-wasi/WASI.sdk/include/c++/v1/inttypes.h:252:17: note: in file included from /root/.swiftpm/swift-sdks/swift-wasm-6.1-RELEASE-wasm32-unknown-wasi.artifactbundle/6.1-RELEASE-wasm32-unknown-wasi/wasm32-unknown-wasi/WASI.sdk/include/c++/v1/inttypes.h:252:
250 |
251 | #if __has_include_next(<inttypes.h>)
252 | #  include_next <inttypes.h>
    |                 `- note: in file included from /root/.swiftpm/swift-sdks/swift-wasm-6.1-RELEASE-wasm32-unknown-wasi.artifactbundle/6.1-RELEASE-wasm32-unknown-wasi/wasm32-unknown-wasi/WASI.sdk/include/c++/v1/inttypes.h:252:
253 | #endif
254 |
/root/.swiftpm/swift-sdks/swift-wasm-6.1-RELEASE-wasm32-unknown-wasi.artifactbundle/6.1-RELEASE-wasm32-unknown-wasi/wasm32-unknown-wasi/swift.xctoolchain/usr/lib/swift_static/clang/include/inttypes.h:24:15: error: cyclic dependency in module 'SwiftWASILibc': SwiftWASILibc -> std_inttypes_h -> SwiftWASILibc
 22 | #endif
 23 |
 24 | #include_next <inttypes.h>
    |               `- error: cyclic dependency in module 'SwiftWASILibc': SwiftWASILibc -> std_inttypes_h -> SwiftWASILibc
 25 |
 26 | #if defined(_MSC_VER) && _MSC_VER < 1900
/root/.swiftpm/swift-sdks/swift-wasm-6.1-RELEASE-wasm32-unknown-wasi.artifactbundle/6.1-RELEASE-wasm32-unknown-wasi/wasm32-unknown-wasi/swift.xctoolchain/usr/lib/swift_static/shims/LibcOverlayShims.h:31:10: note: while building module 'SwiftWASILibc' imported from /root/.swiftpm/swift-sdks/swift-wasm-6.1-RELEASE-wasm32-unknown-wasi.artifactbundle/6.1-RELEASE-wasm32-unknown-wasi/wasm32-unknown-wasi/swift.xctoolchain/usr/lib/swift_static/shims/LibcOverlayShims.h:31:
 29 | typedef int mode_t;
 30 | #else
 31 | #include <semaphore.h>
    |          `- note: while building module 'SwiftWASILibc' imported from /root/.swiftpm/swift-sdks/swift-wasm-6.1-RELEASE-wasm32-unknown-wasi.artifactbundle/6.1-RELEASE-wasm32-unknown-wasi/wasm32-unknown-wasi/swift.xctoolchain/usr/lib/swift_static/shims/LibcOverlayShims.h:31:
 32 | #include <sys/ioctl.h>
 33 | #include <sys/types.h>
<module-includes>:14:10: note: in file included from <module-includes>:14:
12 | #include "string.h"
13 | #include "time.h"
14 | #include "arpa/inet.h"
   |          `- note: in file included from <module-includes>:14:
15 | #include "cpio.h"
16 | #include "dirent.h"
/root/.swiftpm/swift-sdks/swift-wasm-6.1-RELEASE-wasm32-unknown-wasi.artifactbundle/6.1-RELEASE-wasm32-unknown-wasi/wasm32-unknown-wasi/WASI.sdk/include/wasm32-wasi/arpa/inet.h:9:10: note: in file included from /root/.swiftpm/swift-sdks/swift-wasm-6.1-RELEASE-wasm32-unknown-wasi.artifactbundle/6.1-RELEASE-wasm32-unknown-wasi/wasm32-unknown-wasi/WASI.sdk/include/wasm32-wasi/arpa/inet.h:9:
 7 |
 8 | #include <features.h>
 9 | #include <netinet/in.h>
   |          `- note: in file included from /root/.swiftpm/swift-sdks/swift-wasm-6.1-RELEASE-wasm32-unknown-wasi.artifactbundle/6.1-RELEASE-wasm32-unknown-wasi/wasm32-unknown-wasi/WASI.sdk/include/wasm32-wasi/arpa/inet.h:9:
10 |
11 | uint32_t htonl(uint32_t);
/root/.swiftpm/swift-sdks/swift-wasm-6.1-RELEASE-wasm32-unknown-wasi.artifactbundle/6.1-RELEASE-wasm32-unknown-wasi/wasm32-unknown-wasi/WASI.sdk/include/wasm32-wasi/netinet/in.h:9:10: error: could not build module 'std_inttypes_h'
  7 |
  8 | #include <features.h>
  9 | #include <inttypes.h>
    |          `- error: could not build module 'std_inttypes_h'
 10 | #include <sys/socket.h>
 11 | #ifdef __wasilibc_unmodified_upstream /* Use alternate WASI libc headers */
<module-includes>:1:10: note: in file included from <module-includes>:1:
1 | #include "LibcOverlayShims.h"
  |          `- note: in file included from <module-includes>:1:
2 |
/root/.swiftpm/swift-sdks/swift-wasm-6.1-RELEASE-wasm32-unknown-wasi.artifactbundle/6.1-RELEASE-wasm32-unknown-wasi/wasm32-unknown-wasi/swift.xctoolchain/usr/lib/swift_static/shims/LibcOverlayShims.h:31:10: error: could not build module 'SwiftWASILibc'
 29 | typedef int mode_t;
 30 | #else
 31 | #include <semaphore.h>
    |          `- error: could not build module 'SwiftWASILibc'
 32 | #include <sys/ioctl.h>
 33 | #include <sys/types.h>
 34 | #endif
 35 |
 36 | #include <errno.h>
    |          `- note: while building module 'std_errno_h' imported from /root/.swiftpm/swift-sdks/swift-wasm-6.1-RELEASE-wasm32-unknown-wasi.artifactbundle/6.1-RELEASE-wasm32-unknown-wasi/wasm32-unknown-wasi/swift.xctoolchain/usr/lib/swift_static/shims/LibcOverlayShims.h:36:
 37 | #include <fcntl.h>
 38 |
<module-includes>:1:10: note: in file included from <module-includes>:1:
1 | #include "errno.h"
  |          `- note: in file included from <module-includes>:1:
2 |
<unknown>:0: error: could not build C module 'SwiftOverlayShims'
/root/.swiftpm/swift-sdks/swift-wasm-6.1-RELEASE-wasm32-unknown-wasi.artifactbundle/6.1-RELEASE-wasm32-unknown-wasi/wasm32-unknown-wasi/WASI.sdk/include/c++/v1/errno.h:32:17: error: could not build module 'SwiftWASILibc'
 30 |
 31 | #if __has_include_next(<errno.h>)
 32 | #  include_next <errno.h>
    |                 `- error: could not build module 'SwiftWASILibc'
 33 | #endif
 34 |
[42/54] Compiling Nodal Document+Namespaces.swift
/root/.swiftpm/swift-sdks/swift-wasm-6.1-RELEASE-wasm32-unknown-wasi.artifactbundle/6.1-RELEASE-wasm32-unknown-wasi/wasm32-unknown-wasi/swift.xctoolchain/usr/lib/swift_static/shims/LibcOverlayShims.h:31:10: note: while building module 'SwiftWASILibc' imported from /root/.swiftpm/swift-sdks/swift-wasm-6.1-RELEASE-wasm32-unknown-wasi.artifactbundle/6.1-RELEASE-wasm32-unknown-wasi/wasm32-unknown-wasi/swift.xctoolchain/usr/lib/swift_static/shims/LibcOverlayShims.h:31:
 29 | typedef int mode_t;
 30 | #else
 31 | #include <semaphore.h>
    |          `- note: while building module 'SwiftWASILibc' imported from /root/.swiftpm/swift-sdks/swift-wasm-6.1-RELEASE-wasm32-unknown-wasi.artifactbundle/6.1-RELEASE-wasm32-unknown-wasi/wasm32-unknown-wasi/swift.xctoolchain/usr/lib/swift_static/shims/LibcOverlayShims.h:31:
 32 | #include <sys/ioctl.h>
 33 | #include <sys/types.h>
/root/.swiftpm/swift-sdks/swift-wasm-6.1-RELEASE-wasm32-unknown-wasi.artifactbundle/6.1-RELEASE-wasm32-unknown-wasi/wasm32-unknown-wasi/WASI.sdk/include/wasm32-wasi/netinet/in.h:9:10: note: while building module 'std_inttypes_h' imported from /root/.swiftpm/swift-sdks/swift-wasm-6.1-RELEASE-wasm32-unknown-wasi.artifactbundle/6.1-RELEASE-wasm32-unknown-wasi/wasm32-unknown-wasi/WASI.sdk/include/wasm32-wasi/netinet/in.h:9:
  7 |
  8 | #include <features.h>
  9 | #include <inttypes.h>
    |          `- note: while building module 'std_inttypes_h' imported from /root/.swiftpm/swift-sdks/swift-wasm-6.1-RELEASE-wasm32-unknown-wasi.artifactbundle/6.1-RELEASE-wasm32-unknown-wasi/wasm32-unknown-wasi/WASI.sdk/include/wasm32-wasi/netinet/in.h:9:
 10 | #include <sys/socket.h>
 11 | #ifdef __wasilibc_unmodified_upstream /* Use alternate WASI libc headers */
<module-includes>:1:10: note: in file included from <module-includes>:1:
1 | #include "inttypes.h"
  |          `- note: in file included from <module-includes>:1:
2 |
/root/.swiftpm/swift-sdks/swift-wasm-6.1-RELEASE-wasm32-unknown-wasi.artifactbundle/6.1-RELEASE-wasm32-unknown-wasi/wasm32-unknown-wasi/WASI.sdk/include/c++/v1/inttypes.h:252:17: note: in file included from /root/.swiftpm/swift-sdks/swift-wasm-6.1-RELEASE-wasm32-unknown-wasi.artifactbundle/6.1-RELEASE-wasm32-unknown-wasi/wasm32-unknown-wasi/WASI.sdk/include/c++/v1/inttypes.h:252:
250 |
251 | #if __has_include_next(<inttypes.h>)
252 | #  include_next <inttypes.h>
    |                 `- note: in file included from /root/.swiftpm/swift-sdks/swift-wasm-6.1-RELEASE-wasm32-unknown-wasi.artifactbundle/6.1-RELEASE-wasm32-unknown-wasi/wasm32-unknown-wasi/WASI.sdk/include/c++/v1/inttypes.h:252:
253 | #endif
254 |
/root/.swiftpm/swift-sdks/swift-wasm-6.1-RELEASE-wasm32-unknown-wasi.artifactbundle/6.1-RELEASE-wasm32-unknown-wasi/wasm32-unknown-wasi/swift.xctoolchain/usr/lib/swift_static/clang/include/inttypes.h:24:15: error: cyclic dependency in module 'SwiftWASILibc': SwiftWASILibc -> std_inttypes_h -> SwiftWASILibc
 22 | #endif
 23 |
 24 | #include_next <inttypes.h>
    |               `- error: cyclic dependency in module 'SwiftWASILibc': SwiftWASILibc -> std_inttypes_h -> SwiftWASILibc
 25 |
 26 | #if defined(_MSC_VER) && _MSC_VER < 1900
/root/.swiftpm/swift-sdks/swift-wasm-6.1-RELEASE-wasm32-unknown-wasi.artifactbundle/6.1-RELEASE-wasm32-unknown-wasi/wasm32-unknown-wasi/swift.xctoolchain/usr/lib/swift_static/shims/LibcOverlayShims.h:31:10: note: while building module 'SwiftWASILibc' imported from /root/.swiftpm/swift-sdks/swift-wasm-6.1-RELEASE-wasm32-unknown-wasi.artifactbundle/6.1-RELEASE-wasm32-unknown-wasi/wasm32-unknown-wasi/swift.xctoolchain/usr/lib/swift_static/shims/LibcOverlayShims.h:31:
 29 | typedef int mode_t;
 30 | #else
 31 | #include <semaphore.h>
    |          `- note: while building module 'SwiftWASILibc' imported from /root/.swiftpm/swift-sdks/swift-wasm-6.1-RELEASE-wasm32-unknown-wasi.artifactbundle/6.1-RELEASE-wasm32-unknown-wasi/wasm32-unknown-wasi/swift.xctoolchain/usr/lib/swift_static/shims/LibcOverlayShims.h:31:
 32 | #include <sys/ioctl.h>
 33 | #include <sys/types.h>
<module-includes>:14:10: note: in file included from <module-includes>:14:
12 | #include "string.h"
13 | #include "time.h"
14 | #include "arpa/inet.h"
   |          `- note: in file included from <module-includes>:14:
15 | #include "cpio.h"
16 | #include "dirent.h"
/root/.swiftpm/swift-sdks/swift-wasm-6.1-RELEASE-wasm32-unknown-wasi.artifactbundle/6.1-RELEASE-wasm32-unknown-wasi/wasm32-unknown-wasi/WASI.sdk/include/wasm32-wasi/arpa/inet.h:9:10: note: in file included from /root/.swiftpm/swift-sdks/swift-wasm-6.1-RELEASE-wasm32-unknown-wasi.artifactbundle/6.1-RELEASE-wasm32-unknown-wasi/wasm32-unknown-wasi/WASI.sdk/include/wasm32-wasi/arpa/inet.h:9:
 7 |
 8 | #include <features.h>
 9 | #include <netinet/in.h>
   |          `- note: in file included from /root/.swiftpm/swift-sdks/swift-wasm-6.1-RELEASE-wasm32-unknown-wasi.artifactbundle/6.1-RELEASE-wasm32-unknown-wasi/wasm32-unknown-wasi/WASI.sdk/include/wasm32-wasi/arpa/inet.h:9:
10 |
11 | uint32_t htonl(uint32_t);
/root/.swiftpm/swift-sdks/swift-wasm-6.1-RELEASE-wasm32-unknown-wasi.artifactbundle/6.1-RELEASE-wasm32-unknown-wasi/wasm32-unknown-wasi/WASI.sdk/include/wasm32-wasi/netinet/in.h:9:10: error: could not build module 'std_inttypes_h'
  7 |
  8 | #include <features.h>
  9 | #include <inttypes.h>
    |          `- error: could not build module 'std_inttypes_h'
 10 | #include <sys/socket.h>
 11 | #ifdef __wasilibc_unmodified_upstream /* Use alternate WASI libc headers */
<module-includes>:1:10: note: in file included from <module-includes>:1:
1 | #include "LibcOverlayShims.h"
  |          `- note: in file included from <module-includes>:1:
2 |
/root/.swiftpm/swift-sdks/swift-wasm-6.1-RELEASE-wasm32-unknown-wasi.artifactbundle/6.1-RELEASE-wasm32-unknown-wasi/wasm32-unknown-wasi/swift.xctoolchain/usr/lib/swift_static/shims/LibcOverlayShims.h:31:10: error: could not build module 'SwiftWASILibc'
 29 | typedef int mode_t;
 30 | #else
 31 | #include <semaphore.h>
    |          `- error: could not build module 'SwiftWASILibc'
 32 | #include <sys/ioctl.h>
 33 | #include <sys/types.h>
 34 | #endif
 35 |
 36 | #include <errno.h>
    |          `- note: while building module 'std_errno_h' imported from /root/.swiftpm/swift-sdks/swift-wasm-6.1-RELEASE-wasm32-unknown-wasi.artifactbundle/6.1-RELEASE-wasm32-unknown-wasi/wasm32-unknown-wasi/swift.xctoolchain/usr/lib/swift_static/shims/LibcOverlayShims.h:36:
 37 | #include <fcntl.h>
 38 |
<module-includes>:1:10: note: in file included from <module-includes>:1:
1 | #include "errno.h"
  |          `- note: in file included from <module-includes>:1:
2 |
<unknown>:0: error: could not build C module 'SwiftOverlayShims'
/root/.swiftpm/swift-sdks/swift-wasm-6.1-RELEASE-wasm32-unknown-wasi.artifactbundle/6.1-RELEASE-wasm32-unknown-wasi/wasm32-unknown-wasi/WASI.sdk/include/c++/v1/errno.h:32:17: error: could not build module 'SwiftWASILibc'
 30 |
 31 | #if __has_include_next(<errno.h>)
 32 | #  include_next <errno.h>
    |                 `- error: could not build module 'SwiftWASILibc'
 33 | #endif
 34 |
[43/54] Compiling Nodal Document+Output.swift
/root/.swiftpm/swift-sdks/swift-wasm-6.1-RELEASE-wasm32-unknown-wasi.artifactbundle/6.1-RELEASE-wasm32-unknown-wasi/wasm32-unknown-wasi/swift.xctoolchain/usr/lib/swift_static/shims/LibcOverlayShims.h:31:10: note: while building module 'SwiftWASILibc' imported from /root/.swiftpm/swift-sdks/swift-wasm-6.1-RELEASE-wasm32-unknown-wasi.artifactbundle/6.1-RELEASE-wasm32-unknown-wasi/wasm32-unknown-wasi/swift.xctoolchain/usr/lib/swift_static/shims/LibcOverlayShims.h:31:
 29 | typedef int mode_t;
 30 | #else
 31 | #include <semaphore.h>
    |          `- note: while building module 'SwiftWASILibc' imported from /root/.swiftpm/swift-sdks/swift-wasm-6.1-RELEASE-wasm32-unknown-wasi.artifactbundle/6.1-RELEASE-wasm32-unknown-wasi/wasm32-unknown-wasi/swift.xctoolchain/usr/lib/swift_static/shims/LibcOverlayShims.h:31:
 32 | #include <sys/ioctl.h>
 33 | #include <sys/types.h>
/root/.swiftpm/swift-sdks/swift-wasm-6.1-RELEASE-wasm32-unknown-wasi.artifactbundle/6.1-RELEASE-wasm32-unknown-wasi/wasm32-unknown-wasi/WASI.sdk/include/wasm32-wasi/netinet/in.h:9:10: note: while building module 'std_inttypes_h' imported from /root/.swiftpm/swift-sdks/swift-wasm-6.1-RELEASE-wasm32-unknown-wasi.artifactbundle/6.1-RELEASE-wasm32-unknown-wasi/wasm32-unknown-wasi/WASI.sdk/include/wasm32-wasi/netinet/in.h:9:
  7 |
  8 | #include <features.h>
  9 | #include <inttypes.h>
    |          `- note: while building module 'std_inttypes_h' imported from /root/.swiftpm/swift-sdks/swift-wasm-6.1-RELEASE-wasm32-unknown-wasi.artifactbundle/6.1-RELEASE-wasm32-unknown-wasi/wasm32-unknown-wasi/WASI.sdk/include/wasm32-wasi/netinet/in.h:9:
 10 | #include <sys/socket.h>
 11 | #ifdef __wasilibc_unmodified_upstream /* Use alternate WASI libc headers */
<module-includes>:1:10: note: in file included from <module-includes>:1:
1 | #include "inttypes.h"
  |          `- note: in file included from <module-includes>:1:
2 |
/root/.swiftpm/swift-sdks/swift-wasm-6.1-RELEASE-wasm32-unknown-wasi.artifactbundle/6.1-RELEASE-wasm32-unknown-wasi/wasm32-unknown-wasi/WASI.sdk/include/c++/v1/inttypes.h:252:17: note: in file included from /root/.swiftpm/swift-sdks/swift-wasm-6.1-RELEASE-wasm32-unknown-wasi.artifactbundle/6.1-RELEASE-wasm32-unknown-wasi/wasm32-unknown-wasi/WASI.sdk/include/c++/v1/inttypes.h:252:
250 |
251 | #if __has_include_next(<inttypes.h>)
252 | #  include_next <inttypes.h>
    |                 `- note: in file included from /root/.swiftpm/swift-sdks/swift-wasm-6.1-RELEASE-wasm32-unknown-wasi.artifactbundle/6.1-RELEASE-wasm32-unknown-wasi/wasm32-unknown-wasi/WASI.sdk/include/c++/v1/inttypes.h:252:
253 | #endif
254 |
/root/.swiftpm/swift-sdks/swift-wasm-6.1-RELEASE-wasm32-unknown-wasi.artifactbundle/6.1-RELEASE-wasm32-unknown-wasi/wasm32-unknown-wasi/swift.xctoolchain/usr/lib/swift_static/clang/include/inttypes.h:24:15: error: cyclic dependency in module 'SwiftWASILibc': SwiftWASILibc -> std_inttypes_h -> SwiftWASILibc
 22 | #endif
 23 |
 24 | #include_next <inttypes.h>
    |               `- error: cyclic dependency in module 'SwiftWASILibc': SwiftWASILibc -> std_inttypes_h -> SwiftWASILibc
 25 |
 26 | #if defined(_MSC_VER) && _MSC_VER < 1900
/root/.swiftpm/swift-sdks/swift-wasm-6.1-RELEASE-wasm32-unknown-wasi.artifactbundle/6.1-RELEASE-wasm32-unknown-wasi/wasm32-unknown-wasi/swift.xctoolchain/usr/lib/swift_static/shims/LibcOverlayShims.h:31:10: note: while building module 'SwiftWASILibc' imported from /root/.swiftpm/swift-sdks/swift-wasm-6.1-RELEASE-wasm32-unknown-wasi.artifactbundle/6.1-RELEASE-wasm32-unknown-wasi/wasm32-unknown-wasi/swift.xctoolchain/usr/lib/swift_static/shims/LibcOverlayShims.h:31:
 29 | typedef int mode_t;
 30 | #else
 31 | #include <semaphore.h>
    |          `- note: while building module 'SwiftWASILibc' imported from /root/.swiftpm/swift-sdks/swift-wasm-6.1-RELEASE-wasm32-unknown-wasi.artifactbundle/6.1-RELEASE-wasm32-unknown-wasi/wasm32-unknown-wasi/swift.xctoolchain/usr/lib/swift_static/shims/LibcOverlayShims.h:31:
 32 | #include <sys/ioctl.h>
 33 | #include <sys/types.h>
<module-includes>:14:10: note: in file included from <module-includes>:14:
12 | #include "string.h"
13 | #include "time.h"
14 | #include "arpa/inet.h"
   |          `- note: in file included from <module-includes>:14:
15 | #include "cpio.h"
16 | #include "dirent.h"
/root/.swiftpm/swift-sdks/swift-wasm-6.1-RELEASE-wasm32-unknown-wasi.artifactbundle/6.1-RELEASE-wasm32-unknown-wasi/wasm32-unknown-wasi/WASI.sdk/include/wasm32-wasi/arpa/inet.h:9:10: note: in file included from /root/.swiftpm/swift-sdks/swift-wasm-6.1-RELEASE-wasm32-unknown-wasi.artifactbundle/6.1-RELEASE-wasm32-unknown-wasi/wasm32-unknown-wasi/WASI.sdk/include/wasm32-wasi/arpa/inet.h:9:
 7 |
 8 | #include <features.h>
 9 | #include <netinet/in.h>
   |          `- note: in file included from /root/.swiftpm/swift-sdks/swift-wasm-6.1-RELEASE-wasm32-unknown-wasi.artifactbundle/6.1-RELEASE-wasm32-unknown-wasi/wasm32-unknown-wasi/WASI.sdk/include/wasm32-wasi/arpa/inet.h:9:
10 |
11 | uint32_t htonl(uint32_t);
/root/.swiftpm/swift-sdks/swift-wasm-6.1-RELEASE-wasm32-unknown-wasi.artifactbundle/6.1-RELEASE-wasm32-unknown-wasi/wasm32-unknown-wasi/WASI.sdk/include/wasm32-wasi/netinet/in.h:9:10: error: could not build module 'std_inttypes_h'
  7 |
  8 | #include <features.h>
  9 | #include <inttypes.h>
    |          `- error: could not build module 'std_inttypes_h'
 10 | #include <sys/socket.h>
 11 | #ifdef __wasilibc_unmodified_upstream /* Use alternate WASI libc headers */
<module-includes>:1:10: note: in file included from <module-includes>:1:
1 | #include "LibcOverlayShims.h"
  |          `- note: in file included from <module-includes>:1:
2 |
/root/.swiftpm/swift-sdks/swift-wasm-6.1-RELEASE-wasm32-unknown-wasi.artifactbundle/6.1-RELEASE-wasm32-unknown-wasi/wasm32-unknown-wasi/swift.xctoolchain/usr/lib/swift_static/shims/LibcOverlayShims.h:31:10: error: could not build module 'SwiftWASILibc'
 29 | typedef int mode_t;
 30 | #else
 31 | #include <semaphore.h>
    |          `- error: could not build module 'SwiftWASILibc'
 32 | #include <sys/ioctl.h>
 33 | #include <sys/types.h>
 34 | #endif
 35 |
 36 | #include <errno.h>
    |          `- note: while building module 'std_errno_h' imported from /root/.swiftpm/swift-sdks/swift-wasm-6.1-RELEASE-wasm32-unknown-wasi.artifactbundle/6.1-RELEASE-wasm32-unknown-wasi/wasm32-unknown-wasi/swift.xctoolchain/usr/lib/swift_static/shims/LibcOverlayShims.h:36:
 37 | #include <fcntl.h>
 38 |
<module-includes>:1:10: note: in file included from <module-includes>:1:
1 | #include "errno.h"
  |          `- note: in file included from <module-includes>:1:
2 |
<unknown>:0: error: could not build C module 'SwiftOverlayShims'
/root/.swiftpm/swift-sdks/swift-wasm-6.1-RELEASE-wasm32-unknown-wasi.artifactbundle/6.1-RELEASE-wasm32-unknown-wasi/wasm32-unknown-wasi/WASI.sdk/include/c++/v1/errno.h:32:17: error: could not build module 'SwiftWASILibc'
 30 |
 31 | #if __has_include_next(<errno.h>)
 32 | #  include_next <errno.h>
    |                 `- error: could not build module 'SwiftWASILibc'
 33 | #endif
 34 |
[44/54] Compiling Nodal Node+XMLElementCodable.swift
/root/.swiftpm/swift-sdks/swift-wasm-6.1-RELEASE-wasm32-unknown-wasi.artifactbundle/6.1-RELEASE-wasm32-unknown-wasi/wasm32-unknown-wasi/swift.xctoolchain/usr/lib/swift_static/shims/LibcOverlayShims.h:31:10: note: while building module 'SwiftWASILibc' imported from /root/.swiftpm/swift-sdks/swift-wasm-6.1-RELEASE-wasm32-unknown-wasi.artifactbundle/6.1-RELEASE-wasm32-unknown-wasi/wasm32-unknown-wasi/swift.xctoolchain/usr/lib/swift_static/shims/LibcOverlayShims.h:31:
 29 | typedef int mode_t;
 30 | #else
 31 | #include <semaphore.h>
    |          `- note: while building module 'SwiftWASILibc' imported from /root/.swiftpm/swift-sdks/swift-wasm-6.1-RELEASE-wasm32-unknown-wasi.artifactbundle/6.1-RELEASE-wasm32-unknown-wasi/wasm32-unknown-wasi/swift.xctoolchain/usr/lib/swift_static/shims/LibcOverlayShims.h:31:
 32 | #include <sys/ioctl.h>
 33 | #include <sys/types.h>
/root/.swiftpm/swift-sdks/swift-wasm-6.1-RELEASE-wasm32-unknown-wasi.artifactbundle/6.1-RELEASE-wasm32-unknown-wasi/wasm32-unknown-wasi/WASI.sdk/include/wasm32-wasi/netinet/in.h:9:10: note: while building module 'std_inttypes_h' imported from /root/.swiftpm/swift-sdks/swift-wasm-6.1-RELEASE-wasm32-unknown-wasi.artifactbundle/6.1-RELEASE-wasm32-unknown-wasi/wasm32-unknown-wasi/WASI.sdk/include/wasm32-wasi/netinet/in.h:9:
  7 |
  8 | #include <features.h>
  9 | #include <inttypes.h>
    |          `- note: while building module 'std_inttypes_h' imported from /root/.swiftpm/swift-sdks/swift-wasm-6.1-RELEASE-wasm32-unknown-wasi.artifactbundle/6.1-RELEASE-wasm32-unknown-wasi/wasm32-unknown-wasi/WASI.sdk/include/wasm32-wasi/netinet/in.h:9:
 10 | #include <sys/socket.h>
 11 | #ifdef __wasilibc_unmodified_upstream /* Use alternate WASI libc headers */
<module-includes>:1:10: note: in file included from <module-includes>:1:
1 | #include "inttypes.h"
  |          `- note: in file included from <module-includes>:1:
2 |
/root/.swiftpm/swift-sdks/swift-wasm-6.1-RELEASE-wasm32-unknown-wasi.artifactbundle/6.1-RELEASE-wasm32-unknown-wasi/wasm32-unknown-wasi/WASI.sdk/include/c++/v1/inttypes.h:252:17: note: in file included from /root/.swiftpm/swift-sdks/swift-wasm-6.1-RELEASE-wasm32-unknown-wasi.artifactbundle/6.1-RELEASE-wasm32-unknown-wasi/wasm32-unknown-wasi/WASI.sdk/include/c++/v1/inttypes.h:252:
250 |
251 | #if __has_include_next(<inttypes.h>)
252 | #  include_next <inttypes.h>
    |                 `- note: in file included from /root/.swiftpm/swift-sdks/swift-wasm-6.1-RELEASE-wasm32-unknown-wasi.artifactbundle/6.1-RELEASE-wasm32-unknown-wasi/wasm32-unknown-wasi/WASI.sdk/include/c++/v1/inttypes.h:252:
253 | #endif
254 |
/root/.swiftpm/swift-sdks/swift-wasm-6.1-RELEASE-wasm32-unknown-wasi.artifactbundle/6.1-RELEASE-wasm32-unknown-wasi/wasm32-unknown-wasi/swift.xctoolchain/usr/lib/swift_static/clang/include/inttypes.h:24:15: error: cyclic dependency in module 'SwiftWASILibc': SwiftWASILibc -> std_inttypes_h -> SwiftWASILibc
 22 | #endif
 23 |
 24 | #include_next <inttypes.h>
    |               `- error: cyclic dependency in module 'SwiftWASILibc': SwiftWASILibc -> std_inttypes_h -> SwiftWASILibc
 25 |
 26 | #if defined(_MSC_VER) && _MSC_VER < 1900
/root/.swiftpm/swift-sdks/swift-wasm-6.1-RELEASE-wasm32-unknown-wasi.artifactbundle/6.1-RELEASE-wasm32-unknown-wasi/wasm32-unknown-wasi/swift.xctoolchain/usr/lib/swift_static/shims/LibcOverlayShims.h:31:10: note: while building module 'SwiftWASILibc' imported from /root/.swiftpm/swift-sdks/swift-wasm-6.1-RELEASE-wasm32-unknown-wasi.artifactbundle/6.1-RELEASE-wasm32-unknown-wasi/wasm32-unknown-wasi/swift.xctoolchain/usr/lib/swift_static/shims/LibcOverlayShims.h:31:
 29 | typedef int mode_t;
 30 | #else
 31 | #include <semaphore.h>
    |          `- note: while building module 'SwiftWASILibc' imported from /root/.swiftpm/swift-sdks/swift-wasm-6.1-RELEASE-wasm32-unknown-wasi.artifactbundle/6.1-RELEASE-wasm32-unknown-wasi/wasm32-unknown-wasi/swift.xctoolchain/usr/lib/swift_static/shims/LibcOverlayShims.h:31:
 32 | #include <sys/ioctl.h>
 33 | #include <sys/types.h>
<module-includes>:14:10: note: in file included from <module-includes>:14:
12 | #include "string.h"
13 | #include "time.h"
14 | #include "arpa/inet.h"
   |          `- note: in file included from <module-includes>:14:
15 | #include "cpio.h"
16 | #include "dirent.h"
/root/.swiftpm/swift-sdks/swift-wasm-6.1-RELEASE-wasm32-unknown-wasi.artifactbundle/6.1-RELEASE-wasm32-unknown-wasi/wasm32-unknown-wasi/WASI.sdk/include/wasm32-wasi/arpa/inet.h:9:10: note: in file included from /root/.swiftpm/swift-sdks/swift-wasm-6.1-RELEASE-wasm32-unknown-wasi.artifactbundle/6.1-RELEASE-wasm32-unknown-wasi/wasm32-unknown-wasi/WASI.sdk/include/wasm32-wasi/arpa/inet.h:9:
 7 |
 8 | #include <features.h>
 9 | #include <netinet/in.h>
   |          `- note: in file included from /root/.swiftpm/swift-sdks/swift-wasm-6.1-RELEASE-wasm32-unknown-wasi.artifactbundle/6.1-RELEASE-wasm32-unknown-wasi/wasm32-unknown-wasi/WASI.sdk/include/wasm32-wasi/arpa/inet.h:9:
10 |
11 | uint32_t htonl(uint32_t);
/root/.swiftpm/swift-sdks/swift-wasm-6.1-RELEASE-wasm32-unknown-wasi.artifactbundle/6.1-RELEASE-wasm32-unknown-wasi/wasm32-unknown-wasi/WASI.sdk/include/wasm32-wasi/netinet/in.h:9:10: error: could not build module 'std_inttypes_h'
  7 |
  8 | #include <features.h>
  9 | #include <inttypes.h>
    |          `- error: could not build module 'std_inttypes_h'
 10 | #include <sys/socket.h>
 11 | #ifdef __wasilibc_unmodified_upstream /* Use alternate WASI libc headers */
<module-includes>:1:10: note: in file included from <module-includes>:1:
1 | #include "LibcOverlayShims.h"
  |          `- note: in file included from <module-includes>:1:
2 |
/root/.swiftpm/swift-sdks/swift-wasm-6.1-RELEASE-wasm32-unknown-wasi.artifactbundle/6.1-RELEASE-wasm32-unknown-wasi/wasm32-unknown-wasi/swift.xctoolchain/usr/lib/swift_static/shims/LibcOverlayShims.h:31:10: error: could not build module 'SwiftWASILibc'
 29 | typedef int mode_t;
 30 | #else
 31 | #include <semaphore.h>
    |          `- error: could not build module 'SwiftWASILibc'
 32 | #include <sys/ioctl.h>
 33 | #include <sys/types.h>
 34 | #endif
 35 |
 36 | #include <errno.h>
    |          `- note: while building module 'std_errno_h' imported from /root/.swiftpm/swift-sdks/swift-wasm-6.1-RELEASE-wasm32-unknown-wasi.artifactbundle/6.1-RELEASE-wasm32-unknown-wasi/wasm32-unknown-wasi/swift.xctoolchain/usr/lib/swift_static/shims/LibcOverlayShims.h:36:
 37 | #include <fcntl.h>
 38 |
<module-includes>:1:10: note: in file included from <module-includes>:1:
1 | #include "errno.h"
  |          `- note: in file included from <module-includes>:1:
2 |
<unknown>:0: error: could not build C module 'SwiftOverlayShims'
/root/.swiftpm/swift-sdks/swift-wasm-6.1-RELEASE-wasm32-unknown-wasi.artifactbundle/6.1-RELEASE-wasm32-unknown-wasi/wasm32-unknown-wasi/WASI.sdk/include/c++/v1/errno.h:32:17: error: could not build module 'SwiftWASILibc'
 30 |
 31 | #if __has_include_next(<errno.h>)
 32 | #  include_next <errno.h>
    |                 `- error: could not build module 'SwiftWASILibc'
 33 | #endif
 34 |
[45/54] Compiling Nodal XMLElementCodable.swift
/root/.swiftpm/swift-sdks/swift-wasm-6.1-RELEASE-wasm32-unknown-wasi.artifactbundle/6.1-RELEASE-wasm32-unknown-wasi/wasm32-unknown-wasi/swift.xctoolchain/usr/lib/swift_static/shims/LibcOverlayShims.h:31:10: note: while building module 'SwiftWASILibc' imported from /root/.swiftpm/swift-sdks/swift-wasm-6.1-RELEASE-wasm32-unknown-wasi.artifactbundle/6.1-RELEASE-wasm32-unknown-wasi/wasm32-unknown-wasi/swift.xctoolchain/usr/lib/swift_static/shims/LibcOverlayShims.h:31:
 29 | typedef int mode_t;
 30 | #else
 31 | #include <semaphore.h>
    |          `- note: while building module 'SwiftWASILibc' imported from /root/.swiftpm/swift-sdks/swift-wasm-6.1-RELEASE-wasm32-unknown-wasi.artifactbundle/6.1-RELEASE-wasm32-unknown-wasi/wasm32-unknown-wasi/swift.xctoolchain/usr/lib/swift_static/shims/LibcOverlayShims.h:31:
 32 | #include <sys/ioctl.h>
 33 | #include <sys/types.h>
/root/.swiftpm/swift-sdks/swift-wasm-6.1-RELEASE-wasm32-unknown-wasi.artifactbundle/6.1-RELEASE-wasm32-unknown-wasi/wasm32-unknown-wasi/WASI.sdk/include/wasm32-wasi/netinet/in.h:9:10: note: while building module 'std_inttypes_h' imported from /root/.swiftpm/swift-sdks/swift-wasm-6.1-RELEASE-wasm32-unknown-wasi.artifactbundle/6.1-RELEASE-wasm32-unknown-wasi/wasm32-unknown-wasi/WASI.sdk/include/wasm32-wasi/netinet/in.h:9:
  7 |
  8 | #include <features.h>
  9 | #include <inttypes.h>
    |          `- note: while building module 'std_inttypes_h' imported from /root/.swiftpm/swift-sdks/swift-wasm-6.1-RELEASE-wasm32-unknown-wasi.artifactbundle/6.1-RELEASE-wasm32-unknown-wasi/wasm32-unknown-wasi/WASI.sdk/include/wasm32-wasi/netinet/in.h:9:
 10 | #include <sys/socket.h>
 11 | #ifdef __wasilibc_unmodified_upstream /* Use alternate WASI libc headers */
<module-includes>:1:10: note: in file included from <module-includes>:1:
1 | #include "inttypes.h"
  |          `- note: in file included from <module-includes>:1:
2 |
/root/.swiftpm/swift-sdks/swift-wasm-6.1-RELEASE-wasm32-unknown-wasi.artifactbundle/6.1-RELEASE-wasm32-unknown-wasi/wasm32-unknown-wasi/WASI.sdk/include/c++/v1/inttypes.h:252:17: note: in file included from /root/.swiftpm/swift-sdks/swift-wasm-6.1-RELEASE-wasm32-unknown-wasi.artifactbundle/6.1-RELEASE-wasm32-unknown-wasi/wasm32-unknown-wasi/WASI.sdk/include/c++/v1/inttypes.h:252:
250 |
251 | #if __has_include_next(<inttypes.h>)
252 | #  include_next <inttypes.h>
    |                 `- note: in file included from /root/.swiftpm/swift-sdks/swift-wasm-6.1-RELEASE-wasm32-unknown-wasi.artifactbundle/6.1-RELEASE-wasm32-unknown-wasi/wasm32-unknown-wasi/WASI.sdk/include/c++/v1/inttypes.h:252:
253 | #endif
254 |
/root/.swiftpm/swift-sdks/swift-wasm-6.1-RELEASE-wasm32-unknown-wasi.artifactbundle/6.1-RELEASE-wasm32-unknown-wasi/wasm32-unknown-wasi/swift.xctoolchain/usr/lib/swift_static/clang/include/inttypes.h:24:15: error: cyclic dependency in module 'SwiftWASILibc': SwiftWASILibc -> std_inttypes_h -> SwiftWASILibc
 22 | #endif
 23 |
 24 | #include_next <inttypes.h>
    |               `- error: cyclic dependency in module 'SwiftWASILibc': SwiftWASILibc -> std_inttypes_h -> SwiftWASILibc
 25 |
 26 | #if defined(_MSC_VER) && _MSC_VER < 1900
/root/.swiftpm/swift-sdks/swift-wasm-6.1-RELEASE-wasm32-unknown-wasi.artifactbundle/6.1-RELEASE-wasm32-unknown-wasi/wasm32-unknown-wasi/swift.xctoolchain/usr/lib/swift_static/shims/LibcOverlayShims.h:31:10: note: while building module 'SwiftWASILibc' imported from /root/.swiftpm/swift-sdks/swift-wasm-6.1-RELEASE-wasm32-unknown-wasi.artifactbundle/6.1-RELEASE-wasm32-unknown-wasi/wasm32-unknown-wasi/swift.xctoolchain/usr/lib/swift_static/shims/LibcOverlayShims.h:31:
 29 | typedef int mode_t;
 30 | #else
 31 | #include <semaphore.h>
    |          `- note: while building module 'SwiftWASILibc' imported from /root/.swiftpm/swift-sdks/swift-wasm-6.1-RELEASE-wasm32-unknown-wasi.artifactbundle/6.1-RELEASE-wasm32-unknown-wasi/wasm32-unknown-wasi/swift.xctoolchain/usr/lib/swift_static/shims/LibcOverlayShims.h:31:
 32 | #include <sys/ioctl.h>
 33 | #include <sys/types.h>
<module-includes>:14:10: note: in file included from <module-includes>:14:
12 | #include "string.h"
13 | #include "time.h"
14 | #include "arpa/inet.h"
   |          `- note: in file included from <module-includes>:14:
15 | #include "cpio.h"
16 | #include "dirent.h"
/root/.swiftpm/swift-sdks/swift-wasm-6.1-RELEASE-wasm32-unknown-wasi.artifactbundle/6.1-RELEASE-wasm32-unknown-wasi/wasm32-unknown-wasi/WASI.sdk/include/wasm32-wasi/arpa/inet.h:9:10: note: in file included from /root/.swiftpm/swift-sdks/swift-wasm-6.1-RELEASE-wasm32-unknown-wasi.artifactbundle/6.1-RELEASE-wasm32-unknown-wasi/wasm32-unknown-wasi/WASI.sdk/include/wasm32-wasi/arpa/inet.h:9:
 7 |
 8 | #include <features.h>
 9 | #include <netinet/in.h>
   |          `- note: in file included from /root/.swiftpm/swift-sdks/swift-wasm-6.1-RELEASE-wasm32-unknown-wasi.artifactbundle/6.1-RELEASE-wasm32-unknown-wasi/wasm32-unknown-wasi/WASI.sdk/include/wasm32-wasi/arpa/inet.h:9:
10 |
11 | uint32_t htonl(uint32_t);
/root/.swiftpm/swift-sdks/swift-wasm-6.1-RELEASE-wasm32-unknown-wasi.artifactbundle/6.1-RELEASE-wasm32-unknown-wasi/wasm32-unknown-wasi/WASI.sdk/include/wasm32-wasi/netinet/in.h:9:10: error: could not build module 'std_inttypes_h'
  7 |
  8 | #include <features.h>
  9 | #include <inttypes.h>
    |          `- error: could not build module 'std_inttypes_h'
 10 | #include <sys/socket.h>
 11 | #ifdef __wasilibc_unmodified_upstream /* Use alternate WASI libc headers */
<module-includes>:1:10: note: in file included from <module-includes>:1:
1 | #include "LibcOverlayShims.h"
  |          `- note: in file included from <module-includes>:1:
2 |
/root/.swiftpm/swift-sdks/swift-wasm-6.1-RELEASE-wasm32-unknown-wasi.artifactbundle/6.1-RELEASE-wasm32-unknown-wasi/wasm32-unknown-wasi/swift.xctoolchain/usr/lib/swift_static/shims/LibcOverlayShims.h:31:10: error: could not build module 'SwiftWASILibc'
 29 | typedef int mode_t;
 30 | #else
 31 | #include <semaphore.h>
    |          `- error: could not build module 'SwiftWASILibc'
 32 | #include <sys/ioctl.h>
 33 | #include <sys/types.h>
 34 | #endif
 35 |
 36 | #include <errno.h>
    |          `- note: while building module 'std_errno_h' imported from /root/.swiftpm/swift-sdks/swift-wasm-6.1-RELEASE-wasm32-unknown-wasi.artifactbundle/6.1-RELEASE-wasm32-unknown-wasi/wasm32-unknown-wasi/swift.xctoolchain/usr/lib/swift_static/shims/LibcOverlayShims.h:36:
 37 | #include <fcntl.h>
 38 |
<module-includes>:1:10: note: in file included from <module-includes>:1:
1 | #include "errno.h"
  |          `- note: in file included from <module-includes>:1:
2 |
<unknown>:0: error: could not build C module 'SwiftOverlayShims'
/root/.swiftpm/swift-sdks/swift-wasm-6.1-RELEASE-wasm32-unknown-wasi.artifactbundle/6.1-RELEASE-wasm32-unknown-wasi/wasm32-unknown-wasi/WASI.sdk/include/c++/v1/errno.h:32:17: error: could not build module 'SwiftWASILibc'
 30 |
 31 | #if __has_include_next(<errno.h>)
 32 | #  include_next <errno.h>
    |                 `- error: could not build module 'SwiftWASILibc'
 33 | #endif
 34 |
[46/54] Compiling Nodal Foundation+XMLValueCodable.swift
/root/.swiftpm/swift-sdks/swift-wasm-6.1-RELEASE-wasm32-unknown-wasi.artifactbundle/6.1-RELEASE-wasm32-unknown-wasi/wasm32-unknown-wasi/swift.xctoolchain/usr/lib/swift_static/shims/LibcOverlayShims.h:31:10: note: while building module 'SwiftWASILibc' imported from /root/.swiftpm/swift-sdks/swift-wasm-6.1-RELEASE-wasm32-unknown-wasi.artifactbundle/6.1-RELEASE-wasm32-unknown-wasi/wasm32-unknown-wasi/swift.xctoolchain/usr/lib/swift_static/shims/LibcOverlayShims.h:31:
 29 | typedef int mode_t;
 30 | #else
 31 | #include <semaphore.h>
    |          `- note: while building module 'SwiftWASILibc' imported from /root/.swiftpm/swift-sdks/swift-wasm-6.1-RELEASE-wasm32-unknown-wasi.artifactbundle/6.1-RELEASE-wasm32-unknown-wasi/wasm32-unknown-wasi/swift.xctoolchain/usr/lib/swift_static/shims/LibcOverlayShims.h:31:
 32 | #include <sys/ioctl.h>
 33 | #include <sys/types.h>
/root/.swiftpm/swift-sdks/swift-wasm-6.1-RELEASE-wasm32-unknown-wasi.artifactbundle/6.1-RELEASE-wasm32-unknown-wasi/wasm32-unknown-wasi/WASI.sdk/include/wasm32-wasi/netinet/in.h:9:10: note: while building module 'std_inttypes_h' imported from /root/.swiftpm/swift-sdks/swift-wasm-6.1-RELEASE-wasm32-unknown-wasi.artifactbundle/6.1-RELEASE-wasm32-unknown-wasi/wasm32-unknown-wasi/WASI.sdk/include/wasm32-wasi/netinet/in.h:9:
  7 |
  8 | #include <features.h>
  9 | #include <inttypes.h>
    |          `- note: while building module 'std_inttypes_h' imported from /root/.swiftpm/swift-sdks/swift-wasm-6.1-RELEASE-wasm32-unknown-wasi.artifactbundle/6.1-RELEASE-wasm32-unknown-wasi/wasm32-unknown-wasi/WASI.sdk/include/wasm32-wasi/netinet/in.h:9:
 10 | #include <sys/socket.h>
 11 | #ifdef __wasilibc_unmodified_upstream /* Use alternate WASI libc headers */
<module-includes>:1:10: note: in file included from <module-includes>:1:
1 | #include "inttypes.h"
  |          `- note: in file included from <module-includes>:1:
2 |
/root/.swiftpm/swift-sdks/swift-wasm-6.1-RELEASE-wasm32-unknown-wasi.artifactbundle/6.1-RELEASE-wasm32-unknown-wasi/wasm32-unknown-wasi/WASI.sdk/include/c++/v1/inttypes.h:252:17: note: in file included from /root/.swiftpm/swift-sdks/swift-wasm-6.1-RELEASE-wasm32-unknown-wasi.artifactbundle/6.1-RELEASE-wasm32-unknown-wasi/wasm32-unknown-wasi/WASI.sdk/include/c++/v1/inttypes.h:252:
250 |
251 | #if __has_include_next(<inttypes.h>)
252 | #  include_next <inttypes.h>
    |                 `- note: in file included from /root/.swiftpm/swift-sdks/swift-wasm-6.1-RELEASE-wasm32-unknown-wasi.artifactbundle/6.1-RELEASE-wasm32-unknown-wasi/wasm32-unknown-wasi/WASI.sdk/include/c++/v1/inttypes.h:252:
253 | #endif
254 |
/root/.swiftpm/swift-sdks/swift-wasm-6.1-RELEASE-wasm32-unknown-wasi.artifactbundle/6.1-RELEASE-wasm32-unknown-wasi/wasm32-unknown-wasi/swift.xctoolchain/usr/lib/swift_static/clang/include/inttypes.h:24:15: error: cyclic dependency in module 'SwiftWASILibc': SwiftWASILibc -> std_inttypes_h -> SwiftWASILibc
 22 | #endif
 23 |
 24 | #include_next <inttypes.h>
    |               `- error: cyclic dependency in module 'SwiftWASILibc': SwiftWASILibc -> std_inttypes_h -> SwiftWASILibc
 25 |
 26 | #if defined(_MSC_VER) && _MSC_VER < 1900
/root/.swiftpm/swift-sdks/swift-wasm-6.1-RELEASE-wasm32-unknown-wasi.artifactbundle/6.1-RELEASE-wasm32-unknown-wasi/wasm32-unknown-wasi/swift.xctoolchain/usr/lib/swift_static/shims/LibcOverlayShims.h:31:10: note: while building module 'SwiftWASILibc' imported from /root/.swiftpm/swift-sdks/swift-wasm-6.1-RELEASE-wasm32-unknown-wasi.artifactbundle/6.1-RELEASE-wasm32-unknown-wasi/wasm32-unknown-wasi/swift.xctoolchain/usr/lib/swift_static/shims/LibcOverlayShims.h:31:
 29 | typedef int mode_t;
 30 | #else
 31 | #include <semaphore.h>
    |          `- note: while building module 'SwiftWASILibc' imported from /root/.swiftpm/swift-sdks/swift-wasm-6.1-RELEASE-wasm32-unknown-wasi.artifactbundle/6.1-RELEASE-wasm32-unknown-wasi/wasm32-unknown-wasi/swift.xctoolchain/usr/lib/swift_static/shims/LibcOverlayShims.h:31:
 32 | #include <sys/ioctl.h>
 33 | #include <sys/types.h>
<module-includes>:14:10: note: in file included from <module-includes>:14:
12 | #include "string.h"
13 | #include "time.h"
14 | #include "arpa/inet.h"
   |          `- note: in file included from <module-includes>:14:
15 | #include "cpio.h"
16 | #include "dirent.h"
/root/.swiftpm/swift-sdks/swift-wasm-6.1-RELEASE-wasm32-unknown-wasi.artifactbundle/6.1-RELEASE-wasm32-unknown-wasi/wasm32-unknown-wasi/WASI.sdk/include/wasm32-wasi/arpa/inet.h:9:10: note: in file included from /root/.swiftpm/swift-sdks/swift-wasm-6.1-RELEASE-wasm32-unknown-wasi.artifactbundle/6.1-RELEASE-wasm32-unknown-wasi/wasm32-unknown-wasi/WASI.sdk/include/wasm32-wasi/arpa/inet.h:9:
 7 |
 8 | #include <features.h>
 9 | #include <netinet/in.h>
   |          `- note: in file included from /root/.swiftpm/swift-sdks/swift-wasm-6.1-RELEASE-wasm32-unknown-wasi.artifactbundle/6.1-RELEASE-wasm32-unknown-wasi/wasm32-unknown-wasi/WASI.sdk/include/wasm32-wasi/arpa/inet.h:9:
10 |
11 | uint32_t htonl(uint32_t);
/root/.swiftpm/swift-sdks/swift-wasm-6.1-RELEASE-wasm32-unknown-wasi.artifactbundle/6.1-RELEASE-wasm32-unknown-wasi/wasm32-unknown-wasi/WASI.sdk/include/wasm32-wasi/netinet/in.h:9:10: error: could not build module 'std_inttypes_h'
  7 |
  8 | #include <features.h>
  9 | #include <inttypes.h>
    |          `- error: could not build module 'std_inttypes_h'
 10 | #include <sys/socket.h>
 11 | #ifdef __wasilibc_unmodified_upstream /* Use alternate WASI libc headers */
<module-includes>:1:10: note: in file included from <module-includes>:1:
1 | #include "LibcOverlayShims.h"
  |          `- note: in file included from <module-includes>:1:
2 |
/root/.swiftpm/swift-sdks/swift-wasm-6.1-RELEASE-wasm32-unknown-wasi.artifactbundle/6.1-RELEASE-wasm32-unknown-wasi/wasm32-unknown-wasi/swift.xctoolchain/usr/lib/swift_static/shims/LibcOverlayShims.h:31:10: error: could not build module 'SwiftWASILibc'
 29 | typedef int mode_t;
 30 | #else
 31 | #include <semaphore.h>
    |          `- error: could not build module 'SwiftWASILibc'
 32 | #include <sys/ioctl.h>
 33 | #include <sys/types.h>
 34 | #endif
 35 |
 36 | #include <errno.h>
    |          `- note: while building module 'std_errno_h' imported from /root/.swiftpm/swift-sdks/swift-wasm-6.1-RELEASE-wasm32-unknown-wasi.artifactbundle/6.1-RELEASE-wasm32-unknown-wasi/wasm32-unknown-wasi/swift.xctoolchain/usr/lib/swift_static/shims/LibcOverlayShims.h:36:
 37 | #include <fcntl.h>
 38 |
<module-includes>:1:10: note: in file included from <module-includes>:1:
1 | #include "errno.h"
  |          `- note: in file included from <module-includes>:1:
2 |
<unknown>:0: error: could not build C module 'SwiftOverlayShims'
/root/.swiftpm/swift-sdks/swift-wasm-6.1-RELEASE-wasm32-unknown-wasi.artifactbundle/6.1-RELEASE-wasm32-unknown-wasi/wasm32-unknown-wasi/WASI.sdk/include/c++/v1/errno.h:32:17: error: could not build module 'SwiftWASILibc'
 30 |
 31 | #if __has_include_next(<errno.h>)
 32 | #  include_next <errno.h>
    |                 `- error: could not build module 'SwiftWASILibc'
 33 | #endif
 34 |
[47/54] Compiling Nodal Node+XMLValueCodable.swift
/root/.swiftpm/swift-sdks/swift-wasm-6.1-RELEASE-wasm32-unknown-wasi.artifactbundle/6.1-RELEASE-wasm32-unknown-wasi/wasm32-unknown-wasi/swift.xctoolchain/usr/lib/swift_static/shims/LibcOverlayShims.h:31:10: note: while building module 'SwiftWASILibc' imported from /root/.swiftpm/swift-sdks/swift-wasm-6.1-RELEASE-wasm32-unknown-wasi.artifactbundle/6.1-RELEASE-wasm32-unknown-wasi/wasm32-unknown-wasi/swift.xctoolchain/usr/lib/swift_static/shims/LibcOverlayShims.h:31:
 29 | typedef int mode_t;
 30 | #else
 31 | #include <semaphore.h>
    |          `- note: while building module 'SwiftWASILibc' imported from /root/.swiftpm/swift-sdks/swift-wasm-6.1-RELEASE-wasm32-unknown-wasi.artifactbundle/6.1-RELEASE-wasm32-unknown-wasi/wasm32-unknown-wasi/swift.xctoolchain/usr/lib/swift_static/shims/LibcOverlayShims.h:31:
 32 | #include <sys/ioctl.h>
 33 | #include <sys/types.h>
/root/.swiftpm/swift-sdks/swift-wasm-6.1-RELEASE-wasm32-unknown-wasi.artifactbundle/6.1-RELEASE-wasm32-unknown-wasi/wasm32-unknown-wasi/WASI.sdk/include/wasm32-wasi/netinet/in.h:9:10: note: while building module 'std_inttypes_h' imported from /root/.swiftpm/swift-sdks/swift-wasm-6.1-RELEASE-wasm32-unknown-wasi.artifactbundle/6.1-RELEASE-wasm32-unknown-wasi/wasm32-unknown-wasi/WASI.sdk/include/wasm32-wasi/netinet/in.h:9:
  7 |
  8 | #include <features.h>
  9 | #include <inttypes.h>
    |          `- note: while building module 'std_inttypes_h' imported from /root/.swiftpm/swift-sdks/swift-wasm-6.1-RELEASE-wasm32-unknown-wasi.artifactbundle/6.1-RELEASE-wasm32-unknown-wasi/wasm32-unknown-wasi/WASI.sdk/include/wasm32-wasi/netinet/in.h:9:
 10 | #include <sys/socket.h>
 11 | #ifdef __wasilibc_unmodified_upstream /* Use alternate WASI libc headers */
<module-includes>:1:10: note: in file included from <module-includes>:1:
1 | #include "inttypes.h"
  |          `- note: in file included from <module-includes>:1:
2 |
/root/.swiftpm/swift-sdks/swift-wasm-6.1-RELEASE-wasm32-unknown-wasi.artifactbundle/6.1-RELEASE-wasm32-unknown-wasi/wasm32-unknown-wasi/WASI.sdk/include/c++/v1/inttypes.h:252:17: note: in file included from /root/.swiftpm/swift-sdks/swift-wasm-6.1-RELEASE-wasm32-unknown-wasi.artifactbundle/6.1-RELEASE-wasm32-unknown-wasi/wasm32-unknown-wasi/WASI.sdk/include/c++/v1/inttypes.h:252:
250 |
251 | #if __has_include_next(<inttypes.h>)
252 | #  include_next <inttypes.h>
    |                 `- note: in file included from /root/.swiftpm/swift-sdks/swift-wasm-6.1-RELEASE-wasm32-unknown-wasi.artifactbundle/6.1-RELEASE-wasm32-unknown-wasi/wasm32-unknown-wasi/WASI.sdk/include/c++/v1/inttypes.h:252:
253 | #endif
254 |
/root/.swiftpm/swift-sdks/swift-wasm-6.1-RELEASE-wasm32-unknown-wasi.artifactbundle/6.1-RELEASE-wasm32-unknown-wasi/wasm32-unknown-wasi/swift.xctoolchain/usr/lib/swift_static/clang/include/inttypes.h:24:15: error: cyclic dependency in module 'SwiftWASILibc': SwiftWASILibc -> std_inttypes_h -> SwiftWASILibc
 22 | #endif
 23 |
 24 | #include_next <inttypes.h>
    |               `- error: cyclic dependency in module 'SwiftWASILibc': SwiftWASILibc -> std_inttypes_h -> SwiftWASILibc
 25 |
 26 | #if defined(_MSC_VER) && _MSC_VER < 1900
/root/.swiftpm/swift-sdks/swift-wasm-6.1-RELEASE-wasm32-unknown-wasi.artifactbundle/6.1-RELEASE-wasm32-unknown-wasi/wasm32-unknown-wasi/swift.xctoolchain/usr/lib/swift_static/shims/LibcOverlayShims.h:31:10: note: while building module 'SwiftWASILibc' imported from /root/.swiftpm/swift-sdks/swift-wasm-6.1-RELEASE-wasm32-unknown-wasi.artifactbundle/6.1-RELEASE-wasm32-unknown-wasi/wasm32-unknown-wasi/swift.xctoolchain/usr/lib/swift_static/shims/LibcOverlayShims.h:31:
 29 | typedef int mode_t;
 30 | #else
 31 | #include <semaphore.h>
    |          `- note: while building module 'SwiftWASILibc' imported from /root/.swiftpm/swift-sdks/swift-wasm-6.1-RELEASE-wasm32-unknown-wasi.artifactbundle/6.1-RELEASE-wasm32-unknown-wasi/wasm32-unknown-wasi/swift.xctoolchain/usr/lib/swift_static/shims/LibcOverlayShims.h:31:
 32 | #include <sys/ioctl.h>
 33 | #include <sys/types.h>
<module-includes>:14:10: note: in file included from <module-includes>:14:
12 | #include "string.h"
13 | #include "time.h"
14 | #include "arpa/inet.h"
   |          `- note: in file included from <module-includes>:14:
15 | #include "cpio.h"
16 | #include "dirent.h"
/root/.swiftpm/swift-sdks/swift-wasm-6.1-RELEASE-wasm32-unknown-wasi.artifactbundle/6.1-RELEASE-wasm32-unknown-wasi/wasm32-unknown-wasi/WASI.sdk/include/wasm32-wasi/arpa/inet.h:9:10: note: in file included from /root/.swiftpm/swift-sdks/swift-wasm-6.1-RELEASE-wasm32-unknown-wasi.artifactbundle/6.1-RELEASE-wasm32-unknown-wasi/wasm32-unknown-wasi/WASI.sdk/include/wasm32-wasi/arpa/inet.h:9:
 7 |
 8 | #include <features.h>
 9 | #include <netinet/in.h>
   |          `- note: in file included from /root/.swiftpm/swift-sdks/swift-wasm-6.1-RELEASE-wasm32-unknown-wasi.artifactbundle/6.1-RELEASE-wasm32-unknown-wasi/wasm32-unknown-wasi/WASI.sdk/include/wasm32-wasi/arpa/inet.h:9:
10 |
11 | uint32_t htonl(uint32_t);
/root/.swiftpm/swift-sdks/swift-wasm-6.1-RELEASE-wasm32-unknown-wasi.artifactbundle/6.1-RELEASE-wasm32-unknown-wasi/wasm32-unknown-wasi/WASI.sdk/include/wasm32-wasi/netinet/in.h:9:10: error: could not build module 'std_inttypes_h'
  7 |
  8 | #include <features.h>
  9 | #include <inttypes.h>
    |          `- error: could not build module 'std_inttypes_h'
 10 | #include <sys/socket.h>
 11 | #ifdef __wasilibc_unmodified_upstream /* Use alternate WASI libc headers */
<module-includes>:1:10: note: in file included from <module-includes>:1:
1 | #include "LibcOverlayShims.h"
  |          `- note: in file included from <module-includes>:1:
2 |
/root/.swiftpm/swift-sdks/swift-wasm-6.1-RELEASE-wasm32-unknown-wasi.artifactbundle/6.1-RELEASE-wasm32-unknown-wasi/wasm32-unknown-wasi/swift.xctoolchain/usr/lib/swift_static/shims/LibcOverlayShims.h:31:10: error: could not build module 'SwiftWASILibc'
 29 | typedef int mode_t;
 30 | #else
 31 | #include <semaphore.h>
    |          `- error: could not build module 'SwiftWASILibc'
 32 | #include <sys/ioctl.h>
 33 | #include <sys/types.h>
 34 | #endif
 35 |
 36 | #include <errno.h>
    |          `- note: while building module 'std_errno_h' imported from /root/.swiftpm/swift-sdks/swift-wasm-6.1-RELEASE-wasm32-unknown-wasi.artifactbundle/6.1-RELEASE-wasm32-unknown-wasi/wasm32-unknown-wasi/swift.xctoolchain/usr/lib/swift_static/shims/LibcOverlayShims.h:36:
 37 | #include <fcntl.h>
 38 |
<module-includes>:1:10: note: in file included from <module-includes>:1:
1 | #include "errno.h"
  |          `- note: in file included from <module-includes>:1:
2 |
<unknown>:0: error: could not build C module 'SwiftOverlayShims'
/root/.swiftpm/swift-sdks/swift-wasm-6.1-RELEASE-wasm32-unknown-wasi.artifactbundle/6.1-RELEASE-wasm32-unknown-wasi/wasm32-unknown-wasi/WASI.sdk/include/c++/v1/errno.h:32:17: error: could not build module 'SwiftWASILibc'
 30 |
 31 | #if __has_include_next(<errno.h>)
 32 | #  include_next <errno.h>
    |                 `- error: could not build module 'SwiftWASILibc'
 33 | #endif
 34 |
[48/54] Compiling Nodal Node+XMLValueCodableArray.swift
/root/.swiftpm/swift-sdks/swift-wasm-6.1-RELEASE-wasm32-unknown-wasi.artifactbundle/6.1-RELEASE-wasm32-unknown-wasi/wasm32-unknown-wasi/swift.xctoolchain/usr/lib/swift_static/shims/LibcOverlayShims.h:31:10: note: while building module 'SwiftWASILibc' imported from /root/.swiftpm/swift-sdks/swift-wasm-6.1-RELEASE-wasm32-unknown-wasi.artifactbundle/6.1-RELEASE-wasm32-unknown-wasi/wasm32-unknown-wasi/swift.xctoolchain/usr/lib/swift_static/shims/LibcOverlayShims.h:31:
 29 | typedef int mode_t;
 30 | #else
 31 | #include <semaphore.h>
    |          `- note: while building module 'SwiftWASILibc' imported from /root/.swiftpm/swift-sdks/swift-wasm-6.1-RELEASE-wasm32-unknown-wasi.artifactbundle/6.1-RELEASE-wasm32-unknown-wasi/wasm32-unknown-wasi/swift.xctoolchain/usr/lib/swift_static/shims/LibcOverlayShims.h:31:
 32 | #include <sys/ioctl.h>
 33 | #include <sys/types.h>
/root/.swiftpm/swift-sdks/swift-wasm-6.1-RELEASE-wasm32-unknown-wasi.artifactbundle/6.1-RELEASE-wasm32-unknown-wasi/wasm32-unknown-wasi/WASI.sdk/include/wasm32-wasi/netinet/in.h:9:10: note: while building module 'std_inttypes_h' imported from /root/.swiftpm/swift-sdks/swift-wasm-6.1-RELEASE-wasm32-unknown-wasi.artifactbundle/6.1-RELEASE-wasm32-unknown-wasi/wasm32-unknown-wasi/WASI.sdk/include/wasm32-wasi/netinet/in.h:9:
  7 |
  8 | #include <features.h>
  9 | #include <inttypes.h>
    |          `- note: while building module 'std_inttypes_h' imported from /root/.swiftpm/swift-sdks/swift-wasm-6.1-RELEASE-wasm32-unknown-wasi.artifactbundle/6.1-RELEASE-wasm32-unknown-wasi/wasm32-unknown-wasi/WASI.sdk/include/wasm32-wasi/netinet/in.h:9:
 10 | #include <sys/socket.h>
 11 | #ifdef __wasilibc_unmodified_upstream /* Use alternate WASI libc headers */
<module-includes>:1:10: note: in file included from <module-includes>:1:
1 | #include "inttypes.h"
  |          `- note: in file included from <module-includes>:1:
2 |
/root/.swiftpm/swift-sdks/swift-wasm-6.1-RELEASE-wasm32-unknown-wasi.artifactbundle/6.1-RELEASE-wasm32-unknown-wasi/wasm32-unknown-wasi/WASI.sdk/include/c++/v1/inttypes.h:252:17: note: in file included from /root/.swiftpm/swift-sdks/swift-wasm-6.1-RELEASE-wasm32-unknown-wasi.artifactbundle/6.1-RELEASE-wasm32-unknown-wasi/wasm32-unknown-wasi/WASI.sdk/include/c++/v1/inttypes.h:252:
250 |
251 | #if __has_include_next(<inttypes.h>)
252 | #  include_next <inttypes.h>
    |                 `- note: in file included from /root/.swiftpm/swift-sdks/swift-wasm-6.1-RELEASE-wasm32-unknown-wasi.artifactbundle/6.1-RELEASE-wasm32-unknown-wasi/wasm32-unknown-wasi/WASI.sdk/include/c++/v1/inttypes.h:252:
253 | #endif
254 |
/root/.swiftpm/swift-sdks/swift-wasm-6.1-RELEASE-wasm32-unknown-wasi.artifactbundle/6.1-RELEASE-wasm32-unknown-wasi/wasm32-unknown-wasi/swift.xctoolchain/usr/lib/swift_static/clang/include/inttypes.h:24:15: error: cyclic dependency in module 'SwiftWASILibc': SwiftWASILibc -> std_inttypes_h -> SwiftWASILibc
 22 | #endif
 23 |
 24 | #include_next <inttypes.h>
    |               `- error: cyclic dependency in module 'SwiftWASILibc': SwiftWASILibc -> std_inttypes_h -> SwiftWASILibc
 25 |
 26 | #if defined(_MSC_VER) && _MSC_VER < 1900
/root/.swiftpm/swift-sdks/swift-wasm-6.1-RELEASE-wasm32-unknown-wasi.artifactbundle/6.1-RELEASE-wasm32-unknown-wasi/wasm32-unknown-wasi/swift.xctoolchain/usr/lib/swift_static/shims/LibcOverlayShims.h:31:10: note: while building module 'SwiftWASILibc' imported from /root/.swiftpm/swift-sdks/swift-wasm-6.1-RELEASE-wasm32-unknown-wasi.artifactbundle/6.1-RELEASE-wasm32-unknown-wasi/wasm32-unknown-wasi/swift.xctoolchain/usr/lib/swift_static/shims/LibcOverlayShims.h:31:
 29 | typedef int mode_t;
 30 | #else
 31 | #include <semaphore.h>
    |          `- note: while building module 'SwiftWASILibc' imported from /root/.swiftpm/swift-sdks/swift-wasm-6.1-RELEASE-wasm32-unknown-wasi.artifactbundle/6.1-RELEASE-wasm32-unknown-wasi/wasm32-unknown-wasi/swift.xctoolchain/usr/lib/swift_static/shims/LibcOverlayShims.h:31:
 32 | #include <sys/ioctl.h>
 33 | #include <sys/types.h>
<module-includes>:14:10: note: in file included from <module-includes>:14:
12 | #include "string.h"
13 | #include "time.h"
14 | #include "arpa/inet.h"
   |          `- note: in file included from <module-includes>:14:
15 | #include "cpio.h"
16 | #include "dirent.h"
/root/.swiftpm/swift-sdks/swift-wasm-6.1-RELEASE-wasm32-unknown-wasi.artifactbundle/6.1-RELEASE-wasm32-unknown-wasi/wasm32-unknown-wasi/WASI.sdk/include/wasm32-wasi/arpa/inet.h:9:10: note: in file included from /root/.swiftpm/swift-sdks/swift-wasm-6.1-RELEASE-wasm32-unknown-wasi.artifactbundle/6.1-RELEASE-wasm32-unknown-wasi/wasm32-unknown-wasi/WASI.sdk/include/wasm32-wasi/arpa/inet.h:9:
 7 |
 8 | #include <features.h>
 9 | #include <netinet/in.h>
   |          `- note: in file included from /root/.swiftpm/swift-sdks/swift-wasm-6.1-RELEASE-wasm32-unknown-wasi.artifactbundle/6.1-RELEASE-wasm32-unknown-wasi/wasm32-unknown-wasi/WASI.sdk/include/wasm32-wasi/arpa/inet.h:9:
10 |
11 | uint32_t htonl(uint32_t);
/root/.swiftpm/swift-sdks/swift-wasm-6.1-RELEASE-wasm32-unknown-wasi.artifactbundle/6.1-RELEASE-wasm32-unknown-wasi/wasm32-unknown-wasi/WASI.sdk/include/wasm32-wasi/netinet/in.h:9:10: error: could not build module 'std_inttypes_h'
  7 |
  8 | #include <features.h>
  9 | #include <inttypes.h>
    |          `- error: could not build module 'std_inttypes_h'
 10 | #include <sys/socket.h>
 11 | #ifdef __wasilibc_unmodified_upstream /* Use alternate WASI libc headers */
<module-includes>:1:10: note: in file included from <module-includes>:1:
1 | #include "LibcOverlayShims.h"
  |          `- note: in file included from <module-includes>:1:
2 |
/root/.swiftpm/swift-sdks/swift-wasm-6.1-RELEASE-wasm32-unknown-wasi.artifactbundle/6.1-RELEASE-wasm32-unknown-wasi/wasm32-unknown-wasi/swift.xctoolchain/usr/lib/swift_static/shims/LibcOverlayShims.h:31:10: error: could not build module 'SwiftWASILibc'
 29 | typedef int mode_t;
 30 | #else
 31 | #include <semaphore.h>
    |          `- error: could not build module 'SwiftWASILibc'
 32 | #include <sys/ioctl.h>
 33 | #include <sys/types.h>
 34 | #endif
 35 |
 36 | #include <errno.h>
    |          `- note: while building module 'std_errno_h' imported from /root/.swiftpm/swift-sdks/swift-wasm-6.1-RELEASE-wasm32-unknown-wasi.artifactbundle/6.1-RELEASE-wasm32-unknown-wasi/wasm32-unknown-wasi/swift.xctoolchain/usr/lib/swift_static/shims/LibcOverlayShims.h:36:
 37 | #include <fcntl.h>
 38 |
<module-includes>:1:10: note: in file included from <module-includes>:1:
1 | #include "errno.h"
  |          `- note: in file included from <module-includes>:1:
2 |
<unknown>:0: error: could not build C module 'SwiftOverlayShims'
/root/.swiftpm/swift-sdks/swift-wasm-6.1-RELEASE-wasm32-unknown-wasi.artifactbundle/6.1-RELEASE-wasm32-unknown-wasi/wasm32-unknown-wasi/WASI.sdk/include/c++/v1/errno.h:32:17: error: could not build module 'SwiftWASILibc'
 30 |
 31 | #if __has_include_next(<errno.h>)
 32 | #  include_next <errno.h>
    |                 `- error: could not build module 'SwiftWASILibc'
 33 | #endif
 34 |
[49/54] Compiling Nodal XMLDataFormat.swift
/root/.swiftpm/swift-sdks/swift-wasm-6.1-RELEASE-wasm32-unknown-wasi.artifactbundle/6.1-RELEASE-wasm32-unknown-wasi/wasm32-unknown-wasi/swift.xctoolchain/usr/lib/swift_static/shims/LibcOverlayShims.h:31:10: note: while building module 'SwiftWASILibc' imported from /root/.swiftpm/swift-sdks/swift-wasm-6.1-RELEASE-wasm32-unknown-wasi.artifactbundle/6.1-RELEASE-wasm32-unknown-wasi/wasm32-unknown-wasi/swift.xctoolchain/usr/lib/swift_static/shims/LibcOverlayShims.h:31:
 29 | typedef int mode_t;
 30 | #else
 31 | #include <semaphore.h>
    |          `- note: while building module 'SwiftWASILibc' imported from /root/.swiftpm/swift-sdks/swift-wasm-6.1-RELEASE-wasm32-unknown-wasi.artifactbundle/6.1-RELEASE-wasm32-unknown-wasi/wasm32-unknown-wasi/swift.xctoolchain/usr/lib/swift_static/shims/LibcOverlayShims.h:31:
 32 | #include <sys/ioctl.h>
 33 | #include <sys/types.h>
/root/.swiftpm/swift-sdks/swift-wasm-6.1-RELEASE-wasm32-unknown-wasi.artifactbundle/6.1-RELEASE-wasm32-unknown-wasi/wasm32-unknown-wasi/WASI.sdk/include/wasm32-wasi/netinet/in.h:9:10: note: while building module 'std_inttypes_h' imported from /root/.swiftpm/swift-sdks/swift-wasm-6.1-RELEASE-wasm32-unknown-wasi.artifactbundle/6.1-RELEASE-wasm32-unknown-wasi/wasm32-unknown-wasi/WASI.sdk/include/wasm32-wasi/netinet/in.h:9:
  7 |
  8 | #include <features.h>
  9 | #include <inttypes.h>
    |          `- note: while building module 'std_inttypes_h' imported from /root/.swiftpm/swift-sdks/swift-wasm-6.1-RELEASE-wasm32-unknown-wasi.artifactbundle/6.1-RELEASE-wasm32-unknown-wasi/wasm32-unknown-wasi/WASI.sdk/include/wasm32-wasi/netinet/in.h:9:
 10 | #include <sys/socket.h>
 11 | #ifdef __wasilibc_unmodified_upstream /* Use alternate WASI libc headers */
<module-includes>:1:10: note: in file included from <module-includes>:1:
1 | #include "inttypes.h"
  |          `- note: in file included from <module-includes>:1:
2 |
/root/.swiftpm/swift-sdks/swift-wasm-6.1-RELEASE-wasm32-unknown-wasi.artifactbundle/6.1-RELEASE-wasm32-unknown-wasi/wasm32-unknown-wasi/WASI.sdk/include/c++/v1/inttypes.h:252:17: note: in file included from /root/.swiftpm/swift-sdks/swift-wasm-6.1-RELEASE-wasm32-unknown-wasi.artifactbundle/6.1-RELEASE-wasm32-unknown-wasi/wasm32-unknown-wasi/WASI.sdk/include/c++/v1/inttypes.h:252:
250 |
251 | #if __has_include_next(<inttypes.h>)
252 | #  include_next <inttypes.h>
    |                 `- note: in file included from /root/.swiftpm/swift-sdks/swift-wasm-6.1-RELEASE-wasm32-unknown-wasi.artifactbundle/6.1-RELEASE-wasm32-unknown-wasi/wasm32-unknown-wasi/WASI.sdk/include/c++/v1/inttypes.h:252:
253 | #endif
254 |
/root/.swiftpm/swift-sdks/swift-wasm-6.1-RELEASE-wasm32-unknown-wasi.artifactbundle/6.1-RELEASE-wasm32-unknown-wasi/wasm32-unknown-wasi/swift.xctoolchain/usr/lib/swift_static/clang/include/inttypes.h:24:15: error: cyclic dependency in module 'SwiftWASILibc': SwiftWASILibc -> std_inttypes_h -> SwiftWASILibc
 22 | #endif
 23 |
 24 | #include_next <inttypes.h>
    |               `- error: cyclic dependency in module 'SwiftWASILibc': SwiftWASILibc -> std_inttypes_h -> SwiftWASILibc
 25 |
 26 | #if defined(_MSC_VER) && _MSC_VER < 1900
/root/.swiftpm/swift-sdks/swift-wasm-6.1-RELEASE-wasm32-unknown-wasi.artifactbundle/6.1-RELEASE-wasm32-unknown-wasi/wasm32-unknown-wasi/swift.xctoolchain/usr/lib/swift_static/shims/LibcOverlayShims.h:31:10: note: while building module 'SwiftWASILibc' imported from /root/.swiftpm/swift-sdks/swift-wasm-6.1-RELEASE-wasm32-unknown-wasi.artifactbundle/6.1-RELEASE-wasm32-unknown-wasi/wasm32-unknown-wasi/swift.xctoolchain/usr/lib/swift_static/shims/LibcOverlayShims.h:31:
 29 | typedef int mode_t;
 30 | #else
 31 | #include <semaphore.h>
    |          `- note: while building module 'SwiftWASILibc' imported from /root/.swiftpm/swift-sdks/swift-wasm-6.1-RELEASE-wasm32-unknown-wasi.artifactbundle/6.1-RELEASE-wasm32-unknown-wasi/wasm32-unknown-wasi/swift.xctoolchain/usr/lib/swift_static/shims/LibcOverlayShims.h:31:
 32 | #include <sys/ioctl.h>
 33 | #include <sys/types.h>
<module-includes>:14:10: note: in file included from <module-includes>:14:
12 | #include "string.h"
13 | #include "time.h"
14 | #include "arpa/inet.h"
   |          `- note: in file included from <module-includes>:14:
15 | #include "cpio.h"
16 | #include "dirent.h"
/root/.swiftpm/swift-sdks/swift-wasm-6.1-RELEASE-wasm32-unknown-wasi.artifactbundle/6.1-RELEASE-wasm32-unknown-wasi/wasm32-unknown-wasi/WASI.sdk/include/wasm32-wasi/arpa/inet.h:9:10: note: in file included from /root/.swiftpm/swift-sdks/swift-wasm-6.1-RELEASE-wasm32-unknown-wasi.artifactbundle/6.1-RELEASE-wasm32-unknown-wasi/wasm32-unknown-wasi/WASI.sdk/include/wasm32-wasi/arpa/inet.h:9:
 7 |
 8 | #include <features.h>
 9 | #include <netinet/in.h>
   |          `- note: in file included from /root/.swiftpm/swift-sdks/swift-wasm-6.1-RELEASE-wasm32-unknown-wasi.artifactbundle/6.1-RELEASE-wasm32-unknown-wasi/wasm32-unknown-wasi/WASI.sdk/include/wasm32-wasi/arpa/inet.h:9:
10 |
11 | uint32_t htonl(uint32_t);
/root/.swiftpm/swift-sdks/swift-wasm-6.1-RELEASE-wasm32-unknown-wasi.artifactbundle/6.1-RELEASE-wasm32-unknown-wasi/wasm32-unknown-wasi/WASI.sdk/include/wasm32-wasi/netinet/in.h:9:10: error: could not build module 'std_inttypes_h'
  7 |
  8 | #include <features.h>
  9 | #include <inttypes.h>
    |          `- error: could not build module 'std_inttypes_h'
 10 | #include <sys/socket.h>
 11 | #ifdef __wasilibc_unmodified_upstream /* Use alternate WASI libc headers */
<module-includes>:1:10: note: in file included from <module-includes>:1:
1 | #include "LibcOverlayShims.h"
  |          `- note: in file included from <module-includes>:1:
2 |
/root/.swiftpm/swift-sdks/swift-wasm-6.1-RELEASE-wasm32-unknown-wasi.artifactbundle/6.1-RELEASE-wasm32-unknown-wasi/wasm32-unknown-wasi/swift.xctoolchain/usr/lib/swift_static/shims/LibcOverlayShims.h:31:10: error: could not build module 'SwiftWASILibc'
 29 | typedef int mode_t;
 30 | #else
 31 | #include <semaphore.h>
    |          `- error: could not build module 'SwiftWASILibc'
 32 | #include <sys/ioctl.h>
 33 | #include <sys/types.h>
 34 | #endif
 35 |
 36 | #include <errno.h>
    |          `- note: while building module 'std_errno_h' imported from /root/.swiftpm/swift-sdks/swift-wasm-6.1-RELEASE-wasm32-unknown-wasi.artifactbundle/6.1-RELEASE-wasm32-unknown-wasi/wasm32-unknown-wasi/swift.xctoolchain/usr/lib/swift_static/shims/LibcOverlayShims.h:36:
 37 | #include <fcntl.h>
 38 |
<module-includes>:1:10: note: in file included from <module-includes>:1:
1 | #include "errno.h"
  |          `- note: in file included from <module-includes>:1:
2 |
<unknown>:0: error: could not build C module 'SwiftOverlayShims'
/root/.swiftpm/swift-sdks/swift-wasm-6.1-RELEASE-wasm32-unknown-wasi.artifactbundle/6.1-RELEASE-wasm32-unknown-wasi/wasm32-unknown-wasi/WASI.sdk/include/c++/v1/errno.h:32:17: error: could not build module 'SwiftWASILibc'
 30 |
 31 | #if __has_include_next(<errno.h>)
 32 | #  include_next <errno.h>
    |                 `- error: could not build module 'SwiftWASILibc'
 33 | #endif
 34 |
[50/54] Compiling Nodal Encoding.swift
/root/.swiftpm/swift-sdks/swift-wasm-6.1-RELEASE-wasm32-unknown-wasi.artifactbundle/6.1-RELEASE-wasm32-unknown-wasi/wasm32-unknown-wasi/swift.xctoolchain/usr/lib/swift_static/shims/LibcOverlayShims.h:31:10: note: while building module 'SwiftWASILibc' imported from /root/.swiftpm/swift-sdks/swift-wasm-6.1-RELEASE-wasm32-unknown-wasi.artifactbundle/6.1-RELEASE-wasm32-unknown-wasi/wasm32-unknown-wasi/swift.xctoolchain/usr/lib/swift_static/shims/LibcOverlayShims.h:31:
 29 | typedef int mode_t;
 30 | #else
 31 | #include <semaphore.h>
    |          `- note: while building module 'SwiftWASILibc' imported from /root/.swiftpm/swift-sdks/swift-wasm-6.1-RELEASE-wasm32-unknown-wasi.artifactbundle/6.1-RELEASE-wasm32-unknown-wasi/wasm32-unknown-wasi/swift.xctoolchain/usr/lib/swift_static/shims/LibcOverlayShims.h:31:
 32 | #include <sys/ioctl.h>
 33 | #include <sys/types.h>
/root/.swiftpm/swift-sdks/swift-wasm-6.1-RELEASE-wasm32-unknown-wasi.artifactbundle/6.1-RELEASE-wasm32-unknown-wasi/wasm32-unknown-wasi/WASI.sdk/include/wasm32-wasi/netinet/in.h:9:10: note: while building module 'std_inttypes_h' imported from /root/.swiftpm/swift-sdks/swift-wasm-6.1-RELEASE-wasm32-unknown-wasi.artifactbundle/6.1-RELEASE-wasm32-unknown-wasi/wasm32-unknown-wasi/WASI.sdk/include/wasm32-wasi/netinet/in.h:9:
  7 |
  8 | #include <features.h>
  9 | #include <inttypes.h>
    |          `- note: while building module 'std_inttypes_h' imported from /root/.swiftpm/swift-sdks/swift-wasm-6.1-RELEASE-wasm32-unknown-wasi.artifactbundle/6.1-RELEASE-wasm32-unknown-wasi/wasm32-unknown-wasi/WASI.sdk/include/wasm32-wasi/netinet/in.h:9:
 10 | #include <sys/socket.h>
 11 | #ifdef __wasilibc_unmodified_upstream /* Use alternate WASI libc headers */
<module-includes>:1:10: note: in file included from <module-includes>:1:
1 | #include "inttypes.h"
  |          `- note: in file included from <module-includes>:1:
2 |
/root/.swiftpm/swift-sdks/swift-wasm-6.1-RELEASE-wasm32-unknown-wasi.artifactbundle/6.1-RELEASE-wasm32-unknown-wasi/wasm32-unknown-wasi/WASI.sdk/include/c++/v1/inttypes.h:252:17: note: in file included from /root/.swiftpm/swift-sdks/swift-wasm-6.1-RELEASE-wasm32-unknown-wasi.artifactbundle/6.1-RELEASE-wasm32-unknown-wasi/wasm32-unknown-wasi/WASI.sdk/include/c++/v1/inttypes.h:252:
250 |
251 | #if __has_include_next(<inttypes.h>)
252 | #  include_next <inttypes.h>
    |                 `- note: in file included from /root/.swiftpm/swift-sdks/swift-wasm-6.1-RELEASE-wasm32-unknown-wasi.artifactbundle/6.1-RELEASE-wasm32-unknown-wasi/wasm32-unknown-wasi/WASI.sdk/include/c++/v1/inttypes.h:252:
253 | #endif
254 |
/root/.swiftpm/swift-sdks/swift-wasm-6.1-RELEASE-wasm32-unknown-wasi.artifactbundle/6.1-RELEASE-wasm32-unknown-wasi/wasm32-unknown-wasi/swift.xctoolchain/usr/lib/swift_static/clang/include/inttypes.h:24:15: error: cyclic dependency in module 'SwiftWASILibc': SwiftWASILibc -> std_inttypes_h -> SwiftWASILibc
 22 | #endif
 23 |
 24 | #include_next <inttypes.h>
    |               `- error: cyclic dependency in module 'SwiftWASILibc': SwiftWASILibc -> std_inttypes_h -> SwiftWASILibc
 25 |
 26 | #if defined(_MSC_VER) && _MSC_VER < 1900
/root/.swiftpm/swift-sdks/swift-wasm-6.1-RELEASE-wasm32-unknown-wasi.artifactbundle/6.1-RELEASE-wasm32-unknown-wasi/wasm32-unknown-wasi/swift.xctoolchain/usr/lib/swift_static/shims/LibcOverlayShims.h:31:10: note: while building module 'SwiftWASILibc' imported from /root/.swiftpm/swift-sdks/swift-wasm-6.1-RELEASE-wasm32-unknown-wasi.artifactbundle/6.1-RELEASE-wasm32-unknown-wasi/wasm32-unknown-wasi/swift.xctoolchain/usr/lib/swift_static/shims/LibcOverlayShims.h:31:
 29 | typedef int mode_t;
 30 | #else
 31 | #include <semaphore.h>
    |          `- note: while building module 'SwiftWASILibc' imported from /root/.swiftpm/swift-sdks/swift-wasm-6.1-RELEASE-wasm32-unknown-wasi.artifactbundle/6.1-RELEASE-wasm32-unknown-wasi/wasm32-unknown-wasi/swift.xctoolchain/usr/lib/swift_static/shims/LibcOverlayShims.h:31:
 32 | #include <sys/ioctl.h>
 33 | #include <sys/types.h>
<module-includes>:14:10: note: in file included from <module-includes>:14:
12 | #include "string.h"
13 | #include "time.h"
14 | #include "arpa/inet.h"
   |          `- note: in file included from <module-includes>:14:
15 | #include "cpio.h"
16 | #include "dirent.h"
/root/.swiftpm/swift-sdks/swift-wasm-6.1-RELEASE-wasm32-unknown-wasi.artifactbundle/6.1-RELEASE-wasm32-unknown-wasi/wasm32-unknown-wasi/WASI.sdk/include/wasm32-wasi/arpa/inet.h:9:10: note: in file included from /root/.swiftpm/swift-sdks/swift-wasm-6.1-RELEASE-wasm32-unknown-wasi.artifactbundle/6.1-RELEASE-wasm32-unknown-wasi/wasm32-unknown-wasi/WASI.sdk/include/wasm32-wasi/arpa/inet.h:9:
 7 |
 8 | #include <features.h>
 9 | #include <netinet/in.h>
   |          `- note: in file included from /root/.swiftpm/swift-sdks/swift-wasm-6.1-RELEASE-wasm32-unknown-wasi.artifactbundle/6.1-RELEASE-wasm32-unknown-wasi/wasm32-unknown-wasi/WASI.sdk/include/wasm32-wasi/arpa/inet.h:9:
10 |
11 | uint32_t htonl(uint32_t);
/root/.swiftpm/swift-sdks/swift-wasm-6.1-RELEASE-wasm32-unknown-wasi.artifactbundle/6.1-RELEASE-wasm32-unknown-wasi/wasm32-unknown-wasi/WASI.sdk/include/wasm32-wasi/netinet/in.h:9:10: error: could not build module 'std_inttypes_h'
  7 |
  8 | #include <features.h>
  9 | #include <inttypes.h>
    |          `- error: could not build module 'std_inttypes_h'
 10 | #include <sys/socket.h>
 11 | #ifdef __wasilibc_unmodified_upstream /* Use alternate WASI libc headers */
<module-includes>:1:10: note: in file included from <module-includes>:1:
1 | #include "LibcOverlayShims.h"
  |          `- note: in file included from <module-includes>:1:
2 |
/root/.swiftpm/swift-sdks/swift-wasm-6.1-RELEASE-wasm32-unknown-wasi.artifactbundle/6.1-RELEASE-wasm32-unknown-wasi/wasm32-unknown-wasi/swift.xctoolchain/usr/lib/swift_static/shims/LibcOverlayShims.h:31:10: error: could not build module 'SwiftWASILibc'
 29 | typedef int mode_t;
 30 | #else
 31 | #include <semaphore.h>
    |          `- error: could not build module 'SwiftWASILibc'
 32 | #include <sys/ioctl.h>
 33 | #include <sys/types.h>
 34 | #endif
 35 |
 36 | #include <errno.h>
    |          `- note: while building module 'std_errno_h' imported from /root/.swiftpm/swift-sdks/swift-wasm-6.1-RELEASE-wasm32-unknown-wasi.artifactbundle/6.1-RELEASE-wasm32-unknown-wasi/wasm32-unknown-wasi/swift.xctoolchain/usr/lib/swift_static/shims/LibcOverlayShims.h:36:
 37 | #include <fcntl.h>
 38 |
<module-includes>:1:10: note: in file included from <module-includes>:1:
1 | #include "errno.h"
  |          `- note: in file included from <module-includes>:1:
2 |
<unknown>:0: error: could not build C module 'SwiftOverlayShims'
/root/.swiftpm/swift-sdks/swift-wasm-6.1-RELEASE-wasm32-unknown-wasi.artifactbundle/6.1-RELEASE-wasm32-unknown-wasi/wasm32-unknown-wasi/WASI.sdk/include/c++/v1/errno.h:32:17: error: could not build module 'SwiftWASILibc'
 30 |
 31 | #if __has_include_next(<errno.h>)
 32 | #  include_next <errno.h>
    |                 `- error: could not build module 'SwiftWASILibc'
 33 | #endif
 34 |
[51/54] Compiling Nodal ExpandedName+Pending.swift
/root/.swiftpm/swift-sdks/swift-wasm-6.1-RELEASE-wasm32-unknown-wasi.artifactbundle/6.1-RELEASE-wasm32-unknown-wasi/wasm32-unknown-wasi/swift.xctoolchain/usr/lib/swift_static/shims/LibcOverlayShims.h:31:10: note: while building module 'SwiftWASILibc' imported from /root/.swiftpm/swift-sdks/swift-wasm-6.1-RELEASE-wasm32-unknown-wasi.artifactbundle/6.1-RELEASE-wasm32-unknown-wasi/wasm32-unknown-wasi/swift.xctoolchain/usr/lib/swift_static/shims/LibcOverlayShims.h:31:
 29 | typedef int mode_t;
 30 | #else
 31 | #include <semaphore.h>
    |          `- note: while building module 'SwiftWASILibc' imported from /root/.swiftpm/swift-sdks/swift-wasm-6.1-RELEASE-wasm32-unknown-wasi.artifactbundle/6.1-RELEASE-wasm32-unknown-wasi/wasm32-unknown-wasi/swift.xctoolchain/usr/lib/swift_static/shims/LibcOverlayShims.h:31:
 32 | #include <sys/ioctl.h>
 33 | #include <sys/types.h>
/root/.swiftpm/swift-sdks/swift-wasm-6.1-RELEASE-wasm32-unknown-wasi.artifactbundle/6.1-RELEASE-wasm32-unknown-wasi/wasm32-unknown-wasi/WASI.sdk/include/wasm32-wasi/netinet/in.h:9:10: note: while building module 'std_inttypes_h' imported from /root/.swiftpm/swift-sdks/swift-wasm-6.1-RELEASE-wasm32-unknown-wasi.artifactbundle/6.1-RELEASE-wasm32-unknown-wasi/wasm32-unknown-wasi/WASI.sdk/include/wasm32-wasi/netinet/in.h:9:
  7 |
  8 | #include <features.h>
  9 | #include <inttypes.h>
    |          `- note: while building module 'std_inttypes_h' imported from /root/.swiftpm/swift-sdks/swift-wasm-6.1-RELEASE-wasm32-unknown-wasi.artifactbundle/6.1-RELEASE-wasm32-unknown-wasi/wasm32-unknown-wasi/WASI.sdk/include/wasm32-wasi/netinet/in.h:9:
 10 | #include <sys/socket.h>
 11 | #ifdef __wasilibc_unmodified_upstream /* Use alternate WASI libc headers */
<module-includes>:1:10: note: in file included from <module-includes>:1:
1 | #include "inttypes.h"
  |          `- note: in file included from <module-includes>:1:
2 |
/root/.swiftpm/swift-sdks/swift-wasm-6.1-RELEASE-wasm32-unknown-wasi.artifactbundle/6.1-RELEASE-wasm32-unknown-wasi/wasm32-unknown-wasi/WASI.sdk/include/c++/v1/inttypes.h:252:17: note: in file included from /root/.swiftpm/swift-sdks/swift-wasm-6.1-RELEASE-wasm32-unknown-wasi.artifactbundle/6.1-RELEASE-wasm32-unknown-wasi/wasm32-unknown-wasi/WASI.sdk/include/c++/v1/inttypes.h:252:
250 |
251 | #if __has_include_next(<inttypes.h>)
252 | #  include_next <inttypes.h>
    |                 `- note: in file included from /root/.swiftpm/swift-sdks/swift-wasm-6.1-RELEASE-wasm32-unknown-wasi.artifactbundle/6.1-RELEASE-wasm32-unknown-wasi/wasm32-unknown-wasi/WASI.sdk/include/c++/v1/inttypes.h:252:
253 | #endif
254 |
/root/.swiftpm/swift-sdks/swift-wasm-6.1-RELEASE-wasm32-unknown-wasi.artifactbundle/6.1-RELEASE-wasm32-unknown-wasi/wasm32-unknown-wasi/swift.xctoolchain/usr/lib/swift_static/clang/include/inttypes.h:24:15: error: cyclic dependency in module 'SwiftWASILibc': SwiftWASILibc -> std_inttypes_h -> SwiftWASILibc
 22 | #endif
 23 |
 24 | #include_next <inttypes.h>
    |               `- error: cyclic dependency in module 'SwiftWASILibc': SwiftWASILibc -> std_inttypes_h -> SwiftWASILibc
 25 |
 26 | #if defined(_MSC_VER) && _MSC_VER < 1900
/root/.swiftpm/swift-sdks/swift-wasm-6.1-RELEASE-wasm32-unknown-wasi.artifactbundle/6.1-RELEASE-wasm32-unknown-wasi/wasm32-unknown-wasi/swift.xctoolchain/usr/lib/swift_static/shims/LibcOverlayShims.h:31:10: note: while building module 'SwiftWASILibc' imported from /root/.swiftpm/swift-sdks/swift-wasm-6.1-RELEASE-wasm32-unknown-wasi.artifactbundle/6.1-RELEASE-wasm32-unknown-wasi/wasm32-unknown-wasi/swift.xctoolchain/usr/lib/swift_static/shims/LibcOverlayShims.h:31:
 29 | typedef int mode_t;
 30 | #else
 31 | #include <semaphore.h>
    |          `- note: while building module 'SwiftWASILibc' imported from /root/.swiftpm/swift-sdks/swift-wasm-6.1-RELEASE-wasm32-unknown-wasi.artifactbundle/6.1-RELEASE-wasm32-unknown-wasi/wasm32-unknown-wasi/swift.xctoolchain/usr/lib/swift_static/shims/LibcOverlayShims.h:31:
 32 | #include <sys/ioctl.h>
 33 | #include <sys/types.h>
<module-includes>:14:10: note: in file included from <module-includes>:14:
12 | #include "string.h"
13 | #include "time.h"
14 | #include "arpa/inet.h"
   |          `- note: in file included from <module-includes>:14:
15 | #include "cpio.h"
16 | #include "dirent.h"
/root/.swiftpm/swift-sdks/swift-wasm-6.1-RELEASE-wasm32-unknown-wasi.artifactbundle/6.1-RELEASE-wasm32-unknown-wasi/wasm32-unknown-wasi/WASI.sdk/include/wasm32-wasi/arpa/inet.h:9:10: note: in file included from /root/.swiftpm/swift-sdks/swift-wasm-6.1-RELEASE-wasm32-unknown-wasi.artifactbundle/6.1-RELEASE-wasm32-unknown-wasi/wasm32-unknown-wasi/WASI.sdk/include/wasm32-wasi/arpa/inet.h:9:
 7 |
 8 | #include <features.h>
 9 | #include <netinet/in.h>
   |          `- note: in file included from /root/.swiftpm/swift-sdks/swift-wasm-6.1-RELEASE-wasm32-unknown-wasi.artifactbundle/6.1-RELEASE-wasm32-unknown-wasi/wasm32-unknown-wasi/WASI.sdk/include/wasm32-wasi/arpa/inet.h:9:
10 |
11 | uint32_t htonl(uint32_t);
/root/.swiftpm/swift-sdks/swift-wasm-6.1-RELEASE-wasm32-unknown-wasi.artifactbundle/6.1-RELEASE-wasm32-unknown-wasi/wasm32-unknown-wasi/WASI.sdk/include/wasm32-wasi/netinet/in.h:9:10: error: could not build module 'std_inttypes_h'
  7 |
  8 | #include <features.h>
  9 | #include <inttypes.h>
    |          `- error: could not build module 'std_inttypes_h'
 10 | #include <sys/socket.h>
 11 | #ifdef __wasilibc_unmodified_upstream /* Use alternate WASI libc headers */
<module-includes>:1:10: note: in file included from <module-includes>:1:
1 | #include "LibcOverlayShims.h"
  |          `- note: in file included from <module-includes>:1:
2 |
/root/.swiftpm/swift-sdks/swift-wasm-6.1-RELEASE-wasm32-unknown-wasi.artifactbundle/6.1-RELEASE-wasm32-unknown-wasi/wasm32-unknown-wasi/swift.xctoolchain/usr/lib/swift_static/shims/LibcOverlayShims.h:31:10: error: could not build module 'SwiftWASILibc'
 29 | typedef int mode_t;
 30 | #else
 31 | #include <semaphore.h>
    |          `- error: could not build module 'SwiftWASILibc'
 32 | #include <sys/ioctl.h>
 33 | #include <sys/types.h>
 34 | #endif
 35 |
 36 | #include <errno.h>
    |          `- note: while building module 'std_errno_h' imported from /root/.swiftpm/swift-sdks/swift-wasm-6.1-RELEASE-wasm32-unknown-wasi.artifactbundle/6.1-RELEASE-wasm32-unknown-wasi/wasm32-unknown-wasi/swift.xctoolchain/usr/lib/swift_static/shims/LibcOverlayShims.h:36:
 37 | #include <fcntl.h>
 38 |
<module-includes>:1:10: note: in file included from <module-includes>:1:
1 | #include "errno.h"
  |          `- note: in file included from <module-includes>:1:
2 |
<unknown>:0: error: could not build C module 'SwiftOverlayShims'
/root/.swiftpm/swift-sdks/swift-wasm-6.1-RELEASE-wasm32-unknown-wasi.artifactbundle/6.1-RELEASE-wasm32-unknown-wasi/wasm32-unknown-wasi/WASI.sdk/include/c++/v1/errno.h:32:17: error: could not build module 'SwiftWASILibc'
 30 |
 31 | #if __has_include_next(<errno.h>)
 32 | #  include_next <errno.h>
    |                 `- error: could not build module 'SwiftWASILibc'
 33 | #endif
 34 |
[52/54] Compiling Nodal ExpandedName.swift
/root/.swiftpm/swift-sdks/swift-wasm-6.1-RELEASE-wasm32-unknown-wasi.artifactbundle/6.1-RELEASE-wasm32-unknown-wasi/wasm32-unknown-wasi/swift.xctoolchain/usr/lib/swift_static/shims/LibcOverlayShims.h:31:10: note: while building module 'SwiftWASILibc' imported from /root/.swiftpm/swift-sdks/swift-wasm-6.1-RELEASE-wasm32-unknown-wasi.artifactbundle/6.1-RELEASE-wasm32-unknown-wasi/wasm32-unknown-wasi/swift.xctoolchain/usr/lib/swift_static/shims/LibcOverlayShims.h:31:
 29 | typedef int mode_t;
 30 | #else
 31 | #include <semaphore.h>
    |          `- note: while building module 'SwiftWASILibc' imported from /root/.swiftpm/swift-sdks/swift-wasm-6.1-RELEASE-wasm32-unknown-wasi.artifactbundle/6.1-RELEASE-wasm32-unknown-wasi/wasm32-unknown-wasi/swift.xctoolchain/usr/lib/swift_static/shims/LibcOverlayShims.h:31:
 32 | #include <sys/ioctl.h>
 33 | #include <sys/types.h>
/root/.swiftpm/swift-sdks/swift-wasm-6.1-RELEASE-wasm32-unknown-wasi.artifactbundle/6.1-RELEASE-wasm32-unknown-wasi/wasm32-unknown-wasi/WASI.sdk/include/wasm32-wasi/netinet/in.h:9:10: note: while building module 'std_inttypes_h' imported from /root/.swiftpm/swift-sdks/swift-wasm-6.1-RELEASE-wasm32-unknown-wasi.artifactbundle/6.1-RELEASE-wasm32-unknown-wasi/wasm32-unknown-wasi/WASI.sdk/include/wasm32-wasi/netinet/in.h:9:
  7 |
  8 | #include <features.h>
  9 | #include <inttypes.h>
    |          `- note: while building module 'std_inttypes_h' imported from /root/.swiftpm/swift-sdks/swift-wasm-6.1-RELEASE-wasm32-unknown-wasi.artifactbundle/6.1-RELEASE-wasm32-unknown-wasi/wasm32-unknown-wasi/WASI.sdk/include/wasm32-wasi/netinet/in.h:9:
 10 | #include <sys/socket.h>
 11 | #ifdef __wasilibc_unmodified_upstream /* Use alternate WASI libc headers */
<module-includes>:1:10: note: in file included from <module-includes>:1:
1 | #include "inttypes.h"
  |          `- note: in file included from <module-includes>:1:
2 |
/root/.swiftpm/swift-sdks/swift-wasm-6.1-RELEASE-wasm32-unknown-wasi.artifactbundle/6.1-RELEASE-wasm32-unknown-wasi/wasm32-unknown-wasi/WASI.sdk/include/c++/v1/inttypes.h:252:17: note: in file included from /root/.swiftpm/swift-sdks/swift-wasm-6.1-RELEASE-wasm32-unknown-wasi.artifactbundle/6.1-RELEASE-wasm32-unknown-wasi/wasm32-unknown-wasi/WASI.sdk/include/c++/v1/inttypes.h:252:
250 |
251 | #if __has_include_next(<inttypes.h>)
252 | #  include_next <inttypes.h>
    |                 `- note: in file included from /root/.swiftpm/swift-sdks/swift-wasm-6.1-RELEASE-wasm32-unknown-wasi.artifactbundle/6.1-RELEASE-wasm32-unknown-wasi/wasm32-unknown-wasi/WASI.sdk/include/c++/v1/inttypes.h:252:
253 | #endif
254 |
/root/.swiftpm/swift-sdks/swift-wasm-6.1-RELEASE-wasm32-unknown-wasi.artifactbundle/6.1-RELEASE-wasm32-unknown-wasi/wasm32-unknown-wasi/swift.xctoolchain/usr/lib/swift_static/clang/include/inttypes.h:24:15: error: cyclic dependency in module 'SwiftWASILibc': SwiftWASILibc -> std_inttypes_h -> SwiftWASILibc
 22 | #endif
 23 |
 24 | #include_next <inttypes.h>
    |               `- error: cyclic dependency in module 'SwiftWASILibc': SwiftWASILibc -> std_inttypes_h -> SwiftWASILibc
 25 |
 26 | #if defined(_MSC_VER) && _MSC_VER < 1900
/root/.swiftpm/swift-sdks/swift-wasm-6.1-RELEASE-wasm32-unknown-wasi.artifactbundle/6.1-RELEASE-wasm32-unknown-wasi/wasm32-unknown-wasi/swift.xctoolchain/usr/lib/swift_static/shims/LibcOverlayShims.h:31:10: note: while building module 'SwiftWASILibc' imported from /root/.swiftpm/swift-sdks/swift-wasm-6.1-RELEASE-wasm32-unknown-wasi.artifactbundle/6.1-RELEASE-wasm32-unknown-wasi/wasm32-unknown-wasi/swift.xctoolchain/usr/lib/swift_static/shims/LibcOverlayShims.h:31:
 29 | typedef int mode_t;
 30 | #else
 31 | #include <semaphore.h>
    |          `- note: while building module 'SwiftWASILibc' imported from /root/.swiftpm/swift-sdks/swift-wasm-6.1-RELEASE-wasm32-unknown-wasi.artifactbundle/6.1-RELEASE-wasm32-unknown-wasi/wasm32-unknown-wasi/swift.xctoolchain/usr/lib/swift_static/shims/LibcOverlayShims.h:31:
 32 | #include <sys/ioctl.h>
 33 | #include <sys/types.h>
<module-includes>:14:10: note: in file included from <module-includes>:14:
12 | #include "string.h"
13 | #include "time.h"
14 | #include "arpa/inet.h"
   |          `- note: in file included from <module-includes>:14:
15 | #include "cpio.h"
16 | #include "dirent.h"
/root/.swiftpm/swift-sdks/swift-wasm-6.1-RELEASE-wasm32-unknown-wasi.artifactbundle/6.1-RELEASE-wasm32-unknown-wasi/wasm32-unknown-wasi/WASI.sdk/include/wasm32-wasi/arpa/inet.h:9:10: note: in file included from /root/.swiftpm/swift-sdks/swift-wasm-6.1-RELEASE-wasm32-unknown-wasi.artifactbundle/6.1-RELEASE-wasm32-unknown-wasi/wasm32-unknown-wasi/WASI.sdk/include/wasm32-wasi/arpa/inet.h:9:
 7 |
 8 | #include <features.h>
 9 | #include <netinet/in.h>
   |          `- note: in file included from /root/.swiftpm/swift-sdks/swift-wasm-6.1-RELEASE-wasm32-unknown-wasi.artifactbundle/6.1-RELEASE-wasm32-unknown-wasi/wasm32-unknown-wasi/WASI.sdk/include/wasm32-wasi/arpa/inet.h:9:
10 |
11 | uint32_t htonl(uint32_t);
/root/.swiftpm/swift-sdks/swift-wasm-6.1-RELEASE-wasm32-unknown-wasi.artifactbundle/6.1-RELEASE-wasm32-unknown-wasi/wasm32-unknown-wasi/WASI.sdk/include/wasm32-wasi/netinet/in.h:9:10: error: could not build module 'std_inttypes_h'
  7 |
  8 | #include <features.h>
  9 | #include <inttypes.h>
    |          `- error: could not build module 'std_inttypes_h'
 10 | #include <sys/socket.h>
 11 | #ifdef __wasilibc_unmodified_upstream /* Use alternate WASI libc headers */
<module-includes>:1:10: note: in file included from <module-includes>:1:
1 | #include "LibcOverlayShims.h"
  |          `- note: in file included from <module-includes>:1:
2 |
/root/.swiftpm/swift-sdks/swift-wasm-6.1-RELEASE-wasm32-unknown-wasi.artifactbundle/6.1-RELEASE-wasm32-unknown-wasi/wasm32-unknown-wasi/swift.xctoolchain/usr/lib/swift_static/shims/LibcOverlayShims.h:31:10: error: could not build module 'SwiftWASILibc'
 29 | typedef int mode_t;
 30 | #else
 31 | #include <semaphore.h>
    |          `- error: could not build module 'SwiftWASILibc'
 32 | #include <sys/ioctl.h>
 33 | #include <sys/types.h>
 34 | #endif
 35 |
 36 | #include <errno.h>
    |          `- note: while building module 'std_errno_h' imported from /root/.swiftpm/swift-sdks/swift-wasm-6.1-RELEASE-wasm32-unknown-wasi.artifactbundle/6.1-RELEASE-wasm32-unknown-wasi/wasm32-unknown-wasi/swift.xctoolchain/usr/lib/swift_static/shims/LibcOverlayShims.h:36:
 37 | #include <fcntl.h>
 38 |
<module-includes>:1:10: note: in file included from <module-includes>:1:
1 | #include "errno.h"
  |          `- note: in file included from <module-includes>:1:
2 |
<unknown>:0: error: could not build C module 'SwiftOverlayShims'
/root/.swiftpm/swift-sdks/swift-wasm-6.1-RELEASE-wasm32-unknown-wasi.artifactbundle/6.1-RELEASE-wasm32-unknown-wasi/wasm32-unknown-wasi/WASI.sdk/include/c++/v1/errno.h:32:17: error: could not build module 'SwiftWASILibc'
 30 |
 31 | #if __has_include_next(<errno.h>)
 32 | #  include_next <errno.h>
    |                 `- error: could not build module 'SwiftWASILibc'
 33 | #endif
 34 |
[53/54] Compiling Nodal Extensions.swift
/root/.swiftpm/swift-sdks/swift-wasm-6.1-RELEASE-wasm32-unknown-wasi.artifactbundle/6.1-RELEASE-wasm32-unknown-wasi/wasm32-unknown-wasi/swift.xctoolchain/usr/lib/swift_static/shims/LibcOverlayShims.h:31:10: note: while building module 'SwiftWASILibc' imported from /root/.swiftpm/swift-sdks/swift-wasm-6.1-RELEASE-wasm32-unknown-wasi.artifactbundle/6.1-RELEASE-wasm32-unknown-wasi/wasm32-unknown-wasi/swift.xctoolchain/usr/lib/swift_static/shims/LibcOverlayShims.h:31:
 29 | typedef int mode_t;
 30 | #else
 31 | #include <semaphore.h>
    |          `- note: while building module 'SwiftWASILibc' imported from /root/.swiftpm/swift-sdks/swift-wasm-6.1-RELEASE-wasm32-unknown-wasi.artifactbundle/6.1-RELEASE-wasm32-unknown-wasi/wasm32-unknown-wasi/swift.xctoolchain/usr/lib/swift_static/shims/LibcOverlayShims.h:31:
 32 | #include <sys/ioctl.h>
 33 | #include <sys/types.h>
/root/.swiftpm/swift-sdks/swift-wasm-6.1-RELEASE-wasm32-unknown-wasi.artifactbundle/6.1-RELEASE-wasm32-unknown-wasi/wasm32-unknown-wasi/WASI.sdk/include/wasm32-wasi/netinet/in.h:9:10: note: while building module 'std_inttypes_h' imported from /root/.swiftpm/swift-sdks/swift-wasm-6.1-RELEASE-wasm32-unknown-wasi.artifactbundle/6.1-RELEASE-wasm32-unknown-wasi/wasm32-unknown-wasi/WASI.sdk/include/wasm32-wasi/netinet/in.h:9:
  7 |
  8 | #include <features.h>
  9 | #include <inttypes.h>
    |          `- note: while building module 'std_inttypes_h' imported from /root/.swiftpm/swift-sdks/swift-wasm-6.1-RELEASE-wasm32-unknown-wasi.artifactbundle/6.1-RELEASE-wasm32-unknown-wasi/wasm32-unknown-wasi/WASI.sdk/include/wasm32-wasi/netinet/in.h:9:
 10 | #include <sys/socket.h>
 11 | #ifdef __wasilibc_unmodified_upstream /* Use alternate WASI libc headers */
<module-includes>:1:10: note: in file included from <module-includes>:1:
1 | #include "inttypes.h"
  |          `- note: in file included from <module-includes>:1:
2 |
/root/.swiftpm/swift-sdks/swift-wasm-6.1-RELEASE-wasm32-unknown-wasi.artifactbundle/6.1-RELEASE-wasm32-unknown-wasi/wasm32-unknown-wasi/WASI.sdk/include/c++/v1/inttypes.h:252:17: note: in file included from /root/.swiftpm/swift-sdks/swift-wasm-6.1-RELEASE-wasm32-unknown-wasi.artifactbundle/6.1-RELEASE-wasm32-unknown-wasi/wasm32-unknown-wasi/WASI.sdk/include/c++/v1/inttypes.h:252:
250 |
251 | #if __has_include_next(<inttypes.h>)
252 | #  include_next <inttypes.h>
    |                 `- note: in file included from /root/.swiftpm/swift-sdks/swift-wasm-6.1-RELEASE-wasm32-unknown-wasi.artifactbundle/6.1-RELEASE-wasm32-unknown-wasi/wasm32-unknown-wasi/WASI.sdk/include/c++/v1/inttypes.h:252:
253 | #endif
254 |
/root/.swiftpm/swift-sdks/swift-wasm-6.1-RELEASE-wasm32-unknown-wasi.artifactbundle/6.1-RELEASE-wasm32-unknown-wasi/wasm32-unknown-wasi/swift.xctoolchain/usr/lib/swift_static/clang/include/inttypes.h:24:15: error: cyclic dependency in module 'SwiftWASILibc': SwiftWASILibc -> std_inttypes_h -> SwiftWASILibc
 22 | #endif
 23 |
 24 | #include_next <inttypes.h>
    |               `- error: cyclic dependency in module 'SwiftWASILibc': SwiftWASILibc -> std_inttypes_h -> SwiftWASILibc
 25 |
 26 | #if defined(_MSC_VER) && _MSC_VER < 1900
/root/.swiftpm/swift-sdks/swift-wasm-6.1-RELEASE-wasm32-unknown-wasi.artifactbundle/6.1-RELEASE-wasm32-unknown-wasi/wasm32-unknown-wasi/swift.xctoolchain/usr/lib/swift_static/shims/LibcOverlayShims.h:31:10: note: while building module 'SwiftWASILibc' imported from /root/.swiftpm/swift-sdks/swift-wasm-6.1-RELEASE-wasm32-unknown-wasi.artifactbundle/6.1-RELEASE-wasm32-unknown-wasi/wasm32-unknown-wasi/swift.xctoolchain/usr/lib/swift_static/shims/LibcOverlayShims.h:31:
 29 | typedef int mode_t;
 30 | #else
 31 | #include <semaphore.h>
    |          `- note: while building module 'SwiftWASILibc' imported from /root/.swiftpm/swift-sdks/swift-wasm-6.1-RELEASE-wasm32-unknown-wasi.artifactbundle/6.1-RELEASE-wasm32-unknown-wasi/wasm32-unknown-wasi/swift.xctoolchain/usr/lib/swift_static/shims/LibcOverlayShims.h:31:
 32 | #include <sys/ioctl.h>
 33 | #include <sys/types.h>
<module-includes>:14:10: note: in file included from <module-includes>:14:
12 | #include "string.h"
13 | #include "time.h"
14 | #include "arpa/inet.h"
   |          `- note: in file included from <module-includes>:14:
15 | #include "cpio.h"
16 | #include "dirent.h"
/root/.swiftpm/swift-sdks/swift-wasm-6.1-RELEASE-wasm32-unknown-wasi.artifactbundle/6.1-RELEASE-wasm32-unknown-wasi/wasm32-unknown-wasi/WASI.sdk/include/wasm32-wasi/arpa/inet.h:9:10: note: in file included from /root/.swiftpm/swift-sdks/swift-wasm-6.1-RELEASE-wasm32-unknown-wasi.artifactbundle/6.1-RELEASE-wasm32-unknown-wasi/wasm32-unknown-wasi/WASI.sdk/include/wasm32-wasi/arpa/inet.h:9:
 7 |
 8 | #include <features.h>
 9 | #include <netinet/in.h>
   |          `- note: in file included from /root/.swiftpm/swift-sdks/swift-wasm-6.1-RELEASE-wasm32-unknown-wasi.artifactbundle/6.1-RELEASE-wasm32-unknown-wasi/wasm32-unknown-wasi/WASI.sdk/include/wasm32-wasi/arpa/inet.h:9:
10 |
11 | uint32_t htonl(uint32_t);
/root/.swiftpm/swift-sdks/swift-wasm-6.1-RELEASE-wasm32-unknown-wasi.artifactbundle/6.1-RELEASE-wasm32-unknown-wasi/wasm32-unknown-wasi/WASI.sdk/include/wasm32-wasi/netinet/in.h:9:10: error: could not build module 'std_inttypes_h'
  7 |
  8 | #include <features.h>
  9 | #include <inttypes.h>
    |          `- error: could not build module 'std_inttypes_h'
 10 | #include <sys/socket.h>
 11 | #ifdef __wasilibc_unmodified_upstream /* Use alternate WASI libc headers */
<module-includes>:1:10: note: in file included from <module-includes>:1:
1 | #include "LibcOverlayShims.h"
  |          `- note: in file included from <module-includes>:1:
2 |
/root/.swiftpm/swift-sdks/swift-wasm-6.1-RELEASE-wasm32-unknown-wasi.artifactbundle/6.1-RELEASE-wasm32-unknown-wasi/wasm32-unknown-wasi/swift.xctoolchain/usr/lib/swift_static/shims/LibcOverlayShims.h:31:10: error: could not build module 'SwiftWASILibc'
 29 | typedef int mode_t;
 30 | #else
 31 | #include <semaphore.h>
    |          `- error: could not build module 'SwiftWASILibc'
 32 | #include <sys/ioctl.h>
 33 | #include <sys/types.h>
 34 | #endif
 35 |
 36 | #include <errno.h>
    |          `- note: while building module 'std_errno_h' imported from /root/.swiftpm/swift-sdks/swift-wasm-6.1-RELEASE-wasm32-unknown-wasi.artifactbundle/6.1-RELEASE-wasm32-unknown-wasi/wasm32-unknown-wasi/swift.xctoolchain/usr/lib/swift_static/shims/LibcOverlayShims.h:36:
 37 | #include <fcntl.h>
 38 |
<module-includes>:1:10: note: in file included from <module-includes>:1:
1 | #include "errno.h"
  |          `- note: in file included from <module-includes>:1:
2 |
<unknown>:0: error: could not build C module 'SwiftOverlayShims'
/root/.swiftpm/swift-sdks/swift-wasm-6.1-RELEASE-wasm32-unknown-wasi.artifactbundle/6.1-RELEASE-wasm32-unknown-wasi/wasm32-unknown-wasi/WASI.sdk/include/c++/v1/errno.h:32:17: error: could not build module 'SwiftWASILibc'
 30 |
 31 | #if __has_include_next(<errno.h>)
 32 | #  include_next <errno.h>
    |                 `- error: could not build module 'SwiftWASILibc'
 33 | #endif
 34 |
[54/54] Compiling Nodal Pugi.swift
/root/.swiftpm/swift-sdks/swift-wasm-6.1-RELEASE-wasm32-unknown-wasi.artifactbundle/6.1-RELEASE-wasm32-unknown-wasi/wasm32-unknown-wasi/swift.xctoolchain/usr/lib/swift_static/shims/LibcOverlayShims.h:31:10: note: while building module 'SwiftWASILibc' imported from /root/.swiftpm/swift-sdks/swift-wasm-6.1-RELEASE-wasm32-unknown-wasi.artifactbundle/6.1-RELEASE-wasm32-unknown-wasi/wasm32-unknown-wasi/swift.xctoolchain/usr/lib/swift_static/shims/LibcOverlayShims.h:31:
 29 | typedef int mode_t;
 30 | #else
 31 | #include <semaphore.h>
    |          `- note: while building module 'SwiftWASILibc' imported from /root/.swiftpm/swift-sdks/swift-wasm-6.1-RELEASE-wasm32-unknown-wasi.artifactbundle/6.1-RELEASE-wasm32-unknown-wasi/wasm32-unknown-wasi/swift.xctoolchain/usr/lib/swift_static/shims/LibcOverlayShims.h:31:
 32 | #include <sys/ioctl.h>
 33 | #include <sys/types.h>
/root/.swiftpm/swift-sdks/swift-wasm-6.1-RELEASE-wasm32-unknown-wasi.artifactbundle/6.1-RELEASE-wasm32-unknown-wasi/wasm32-unknown-wasi/WASI.sdk/include/wasm32-wasi/netinet/in.h:9:10: note: while building module 'std_inttypes_h' imported from /root/.swiftpm/swift-sdks/swift-wasm-6.1-RELEASE-wasm32-unknown-wasi.artifactbundle/6.1-RELEASE-wasm32-unknown-wasi/wasm32-unknown-wasi/WASI.sdk/include/wasm32-wasi/netinet/in.h:9:
  7 |
  8 | #include <features.h>
  9 | #include <inttypes.h>
    |          `- note: while building module 'std_inttypes_h' imported from /root/.swiftpm/swift-sdks/swift-wasm-6.1-RELEASE-wasm32-unknown-wasi.artifactbundle/6.1-RELEASE-wasm32-unknown-wasi/wasm32-unknown-wasi/WASI.sdk/include/wasm32-wasi/netinet/in.h:9:
 10 | #include <sys/socket.h>
 11 | #ifdef __wasilibc_unmodified_upstream /* Use alternate WASI libc headers */
<module-includes>:1:10: note: in file included from <module-includes>:1:
1 | #include "inttypes.h"
  |          `- note: in file included from <module-includes>:1:
2 |
/root/.swiftpm/swift-sdks/swift-wasm-6.1-RELEASE-wasm32-unknown-wasi.artifactbundle/6.1-RELEASE-wasm32-unknown-wasi/wasm32-unknown-wasi/WASI.sdk/include/c++/v1/inttypes.h:252:17: note: in file included from /root/.swiftpm/swift-sdks/swift-wasm-6.1-RELEASE-wasm32-unknown-wasi.artifactbundle/6.1-RELEASE-wasm32-unknown-wasi/wasm32-unknown-wasi/WASI.sdk/include/c++/v1/inttypes.h:252:
250 |
251 | #if __has_include_next(<inttypes.h>)
252 | #  include_next <inttypes.h>
    |                 `- note: in file included from /root/.swiftpm/swift-sdks/swift-wasm-6.1-RELEASE-wasm32-unknown-wasi.artifactbundle/6.1-RELEASE-wasm32-unknown-wasi/wasm32-unknown-wasi/WASI.sdk/include/c++/v1/inttypes.h:252:
253 | #endif
254 |
/root/.swiftpm/swift-sdks/swift-wasm-6.1-RELEASE-wasm32-unknown-wasi.artifactbundle/6.1-RELEASE-wasm32-unknown-wasi/wasm32-unknown-wasi/swift.xctoolchain/usr/lib/swift_static/clang/include/inttypes.h:24:15: error: cyclic dependency in module 'SwiftWASILibc': SwiftWASILibc -> std_inttypes_h -> SwiftWASILibc
 22 | #endif
 23 |
 24 | #include_next <inttypes.h>
    |               `- error: cyclic dependency in module 'SwiftWASILibc': SwiftWASILibc -> std_inttypes_h -> SwiftWASILibc
 25 |
 26 | #if defined(_MSC_VER) && _MSC_VER < 1900
/root/.swiftpm/swift-sdks/swift-wasm-6.1-RELEASE-wasm32-unknown-wasi.artifactbundle/6.1-RELEASE-wasm32-unknown-wasi/wasm32-unknown-wasi/swift.xctoolchain/usr/lib/swift_static/shims/LibcOverlayShims.h:31:10: note: while building module 'SwiftWASILibc' imported from /root/.swiftpm/swift-sdks/swift-wasm-6.1-RELEASE-wasm32-unknown-wasi.artifactbundle/6.1-RELEASE-wasm32-unknown-wasi/wasm32-unknown-wasi/swift.xctoolchain/usr/lib/swift_static/shims/LibcOverlayShims.h:31:
 29 | typedef int mode_t;
 30 | #else
 31 | #include <semaphore.h>
    |          `- note: while building module 'SwiftWASILibc' imported from /root/.swiftpm/swift-sdks/swift-wasm-6.1-RELEASE-wasm32-unknown-wasi.artifactbundle/6.1-RELEASE-wasm32-unknown-wasi/wasm32-unknown-wasi/swift.xctoolchain/usr/lib/swift_static/shims/LibcOverlayShims.h:31:
 32 | #include <sys/ioctl.h>
 33 | #include <sys/types.h>
<module-includes>:14:10: note: in file included from <module-includes>:14:
12 | #include "string.h"
13 | #include "time.h"
14 | #include "arpa/inet.h"
   |          `- note: in file included from <module-includes>:14:
15 | #include "cpio.h"
16 | #include "dirent.h"
/root/.swiftpm/swift-sdks/swift-wasm-6.1-RELEASE-wasm32-unknown-wasi.artifactbundle/6.1-RELEASE-wasm32-unknown-wasi/wasm32-unknown-wasi/WASI.sdk/include/wasm32-wasi/arpa/inet.h:9:10: note: in file included from /root/.swiftpm/swift-sdks/swift-wasm-6.1-RELEASE-wasm32-unknown-wasi.artifactbundle/6.1-RELEASE-wasm32-unknown-wasi/wasm32-unknown-wasi/WASI.sdk/include/wasm32-wasi/arpa/inet.h:9:
 7 |
 8 | #include <features.h>
 9 | #include <netinet/in.h>
   |          `- note: in file included from /root/.swiftpm/swift-sdks/swift-wasm-6.1-RELEASE-wasm32-unknown-wasi.artifactbundle/6.1-RELEASE-wasm32-unknown-wasi/wasm32-unknown-wasi/WASI.sdk/include/wasm32-wasi/arpa/inet.h:9:
10 |
11 | uint32_t htonl(uint32_t);
/root/.swiftpm/swift-sdks/swift-wasm-6.1-RELEASE-wasm32-unknown-wasi.artifactbundle/6.1-RELEASE-wasm32-unknown-wasi/wasm32-unknown-wasi/WASI.sdk/include/wasm32-wasi/netinet/in.h:9:10: error: could not build module 'std_inttypes_h'
  7 |
  8 | #include <features.h>
  9 | #include <inttypes.h>
    |          `- error: could not build module 'std_inttypes_h'
 10 | #include <sys/socket.h>
 11 | #ifdef __wasilibc_unmodified_upstream /* Use alternate WASI libc headers */
<module-includes>:1:10: note: in file included from <module-includes>:1:
1 | #include "LibcOverlayShims.h"
  |          `- note: in file included from <module-includes>:1:
2 |
/root/.swiftpm/swift-sdks/swift-wasm-6.1-RELEASE-wasm32-unknown-wasi.artifactbundle/6.1-RELEASE-wasm32-unknown-wasi/wasm32-unknown-wasi/swift.xctoolchain/usr/lib/swift_static/shims/LibcOverlayShims.h:31:10: error: could not build module 'SwiftWASILibc'
 29 | typedef int mode_t;
 30 | #else
 31 | #include <semaphore.h>
    |          `- error: could not build module 'SwiftWASILibc'
 32 | #include <sys/ioctl.h>
 33 | #include <sys/types.h>
 34 | #endif
 35 |
 36 | #include <errno.h>
    |          `- note: while building module 'std_errno_h' imported from /root/.swiftpm/swift-sdks/swift-wasm-6.1-RELEASE-wasm32-unknown-wasi.artifactbundle/6.1-RELEASE-wasm32-unknown-wasi/wasm32-unknown-wasi/swift.xctoolchain/usr/lib/swift_static/shims/LibcOverlayShims.h:36:
 37 | #include <fcntl.h>
 38 |
<module-includes>:1:10: note: in file included from <module-includes>:1:
1 | #include "errno.h"
  |          `- note: in file included from <module-includes>:1:
2 |
<unknown>:0: error: could not build C module 'SwiftOverlayShims'
/root/.swiftpm/swift-sdks/swift-wasm-6.1-RELEASE-wasm32-unknown-wasi.artifactbundle/6.1-RELEASE-wasm32-unknown-wasi/wasm32-unknown-wasi/WASI.sdk/include/c++/v1/errno.h:32:17: error: could not build module 'SwiftWASILibc'
 30 |
 31 | #if __has_include_next(<errno.h>)
 32 | #  include_next <errno.h>
    |                 `- error: could not build module 'SwiftWASILibc'
 33 | #endif
 34 |
BUILD FAILURE 6.1 wasm