Build Information
Failed to build Testcontainers, reference main (9be8a4), with Swift 6.4 for watchOS using Xcode 27.0 on 21 Sep 2026 21:01:40 UTC.
Build Command
No build command. This typically means the build failed at an early stage where we determine the build command.Build Log
========================================
RunAll
========================================
Builder version: 5.1.0
Interrupt handler set up.
========================================
Checkout
========================================
Clone URL: https://github.com/xtremekforever/testcontainers-swift.git
Reference: main
Initialized empty Git repository in /Users/admin/builder/spi-builder-workspace/.git/
From https://github.com/xtremekforever/testcontainers-swift
* branch main -> FETCH_HEAD
* [new branch] main -> origin/main
HEAD is now at 9be8a42 Add Sendable conformance to structs in Models/ (#25)
Cloned https://github.com/xtremekforever/testcontainers-swift.git
Revision (git rev-parse @):
9be8a421e94e4d30048e178a7b0c8b2bcb9f5e8b
SUCCESS checkout https://github.com/xtremekforever/testcontainers-swift.git at main
========================================
Build
========================================
Selected platform: watchOS
Swift version: 6.4
Building package at path: $PWD
https://github.com/xtremekforever/testcontainers-swift.git
Command line invocation:
/Applications/Xcode-27.0.0-Release.Candidate.app/Contents/Developer/usr/bin/xcodebuild -IDEClonedSourcePackagesDirPathOverride=/Users/admin/builder/spi-builder-workspace/.dependencies -resolvePackageDependencies
Resolve Package Graph
the package at '/Users/admin/builder/testcontainers-swift' cannot be accessed (/Users/admin/builder/testcontainers-swift doesn't exist in file system)
Resolved source packages:
RedisClientApp: (null)
2026-09-21 17:01:32.555 xcodebuild[525:3005] [MT] IDERunDestination: Supported platforms for the buildables in the current scheme is empty.
2026-09-21 17:01:32.705 xcodebuild[525:3005] [MT] IDERunDestination: Supported platforms for the buildables in the current scheme is empty.
2026-09-21 17:01:34.371 xcodebuild[525:3005] [MT] IDERunDestination: Supported platforms for the buildables in the current scheme is empty.
2026-09-21 17:01:38.910 xcodebuild[525:3005] Writing error result bundle to /var/folders/xq/y_g06wb113726d38xsyx71_h0000gn/T/ResultBundle_2026-21-09_17-01-0038.xcresult
xcodebuild: error: Could not resolve package dependencies:
the package at '/Users/admin/builder/testcontainers-swift' cannot be accessed (/Users/admin/builder/testcontainers-swift doesn't exist in file system)
Command line invocation:
/Applications/Xcode-27.0.0-Release.Candidate.app/Contents/Developer/usr/bin/xcodebuild -IDEClonedSourcePackagesDirPathOverride=/Users/admin/builder/spi-builder-workspace/.dependencies -resolvePackageDependencies
Resolve Package Graph
the package at '/Users/admin/builder/testcontainers-swift' cannot be accessed (/Users/admin/builder/testcontainers-swift doesn't exist in file system)
Resolved source packages:
RedisClientApp: (null)
2026-09-21 17:01:39.849 xcodebuild[593:3614] [MT] IDERunDestination: Supported platforms for the buildables in the current scheme is empty.
2026-09-21 17:01:39.986 xcodebuild[593:3614] [MT] IDERunDestination: Supported platforms for the buildables in the current scheme is empty.
2026-09-21 17:01:40.055 xcodebuild[593:3614] Writing error result bundle to /var/folders/xq/y_g06wb113726d38xsyx71_h0000gn/T/ResultBundle_2026-21-09_17-01-0040.xcresult
xcodebuild: error: Could not resolve package dependencies:
the package at '/Users/admin/builder/testcontainers-swift' cannot be accessed (/Users/admin/builder/testcontainers-swift doesn't exist in file system)
BUILD FAILURE 6.4 watchOS