The Swift Package Index logo.Swift Package Index

Build Information

Failed to build SwiftUIFormattedText, reference 0.0.5 (d680aa), with Swift 6.4 for macOS (SPM) on 17 Sep 2026 01:57:24 UTC.

Build Command

env DEVELOPER_DIR=/Applications/Xcode-27.0.0-Release.Candidate.app xcrun swift build --arch arm64

Build Log

========================================
RunAll
========================================
Builder version: 5.1.0
Interrupt handler set up.
========================================
Checkout
========================================
Clone URL: https://github.com/lukasmoellerch/SwiftUIFormattedText.git
Reference: 0.0.5
Initialized empty Git repository in /Users/admin/builder/spi-builder-workspace/.git/
From https://github.com/lukasmoellerch/SwiftUIFormattedText
 * tag               0.0.5      -> FETCH_HEAD
HEAD is now at d680aa3 made init public
Cloned https://github.com/lukasmoellerch/SwiftUIFormattedText.git
Revision (git rev-parse @):
d680aa3f7c93b1ca0789bb9687852f2c2b8152ef
SUCCESS checkout https://github.com/lukasmoellerch/SwiftUIFormattedText.git at 0.0.5
========================================
Build
========================================
Selected platform:         macosSpm
Swift version:             6.4
Building package at path:  $PWD
https://github.com/lukasmoellerch/SwiftUIFormattedText.git
Running build ...
env DEVELOPER_DIR=/Applications/Xcode-27.0.0-Release.Candidate.app xcrun swift build --arch arm64
Building for debugging...
[Planning deferred tasks]
[19 / 28]
[22 / 31] SwiftUIFormattedText
error: SwiftCompile normal arm64 /Users/admin/builder/spi-builder-workspace/Sources/SwiftUIFormattedText/SwiftUIFormattedText.swift failed with a nonzero exit code. Command line:     cd /Users/admin/builder
    builtin-SwiftPerFileCompile SwiftUIFormattedText.swift
/Users/admin/builder/spi-builder-workspace/Sources/SwiftUIFormattedText/SwiftUIFormattedText.swift:93:29: error: value of type 'Text' has no member 'color'
 91 |             }
 92 |             if let color = style.color {
 93 |                 node = node.color(color)
    |                             `- error: value of type 'Text' has no member 'color'
 94 |             }
 95 |             return node
/Users/admin/builder/spi-builder-workspace/Sources/SwiftUIFormattedText/SwiftUIFormattedText.swift:344:54: error: cannot find 'Length' in scope
342 |                     let sizeString = attributes["size"],
343 |                     let size = NumberFormatter().number(from: sizeString)?.floatValue {
344 |                     font = Font.custom(family, size: Length(size))
    |                                                      `- error: cannot find 'Length' in scope
345 |                 }
346 |                 let style = AttributedStringStyle(font: font, color: color)
Failed frontend command:
/Applications/Xcode-27.0.0-Release.Candidate.app/Contents/Developer/Toolchains/XcodeDefault.xctoolchain/usr/bin/swift-frontend -frontend -c -primary-file /Users/admin/builder/spi-builder-workspace/Sources/SwiftUIFormattedText/SwiftUIFormattedText.swift -emit-dependencies-path /Users/admin/builder/spi-builder-workspace/.build/out/Intermediates.noindex/SwiftUIFormattedText.build/Debug/SwiftUIFormattedText-t.build/Objects-normal/arm64/SwiftUIFormattedText.d -emit-const-values-path /Users/admin/builder/spi-builder-workspace/.build/out/Intermediates.noindex/SwiftUIFormattedText.build/Debug/SwiftUIFormattedText-t.build/Objects-normal/arm64/SwiftUIFormattedText.swiftconstvalues -emit-reference-dependencies-path /Users/admin/builder/spi-builder-workspace/.build/out/Intermediates.noindex/SwiftUIFormattedText.build/Debug/SwiftUIFormattedText-t.build/Objects-normal/arm64/SwiftUIFormattedText.swiftdeps -serialize-diagnostics-path /Users/admin/builder/spi-builder-workspace/.build/out/Intermediates.noindex/SwiftUIFormattedText.build/Debug/SwiftUIFormattedText-t.build/Objects-normal/arm64/SwiftUIFormattedText.dia -target arm64-apple-macos12.0 -Xllvm -aarch64-use-tbi -enable-objc-interop -stack-check -sdk /Applications/Xcode-27.0.0-Release.Candidate.app/Contents/Developer/Platforms/MacOSX.platform/Developer/SDKs/MacOSX27.0.sdk -I /Users/admin/builder/spi-builder-workspace/.build/out/Products/Debug -Isystem /Applications/Xcode-27.0.0-Release.Candidate.app/Contents/Developer/Platforms/MacOSX.platform/Developer/usr/lib -F /Users/admin/builder/spi-builder-workspace/.build/out/Products/Debug -F /Applications/Xcode-27.0.0-Release.Candidate.app/Contents/Developer/Platforms/MacOSX.platform/Developer/Library/Frameworks -module-cache-path /Users/admin/builder/spi-builder-workspace/.build/out/ModuleCache.noindex -color-diagnostics -Xcc -fcolor-diagnostics -enable-testing -g -debug-info-format\=dwarf -dwarf-version\=4 -swift-version 4.2 -Onone -D SWIFT_PACKAGE -D DEBUG -D SWIFT_MODULE_RESOURCE_BUNDLE_UNAVAILABLE -D Xcode -serialize-debugging-options -enable-experimental-feature DebugDescriptionMacro -empty-abi-descriptor -plugin-path /Applications/Xcode-27.0.0-Release.Candidate.app/Contents/Developer/Toolchains/XcodeDefault.xctoolchain/usr/lib/swift/host/plugins/testing -validate-clang-modules-once -clang-build-session-file /Users/admin/builder/spi-builder-workspace/.build/out/ModuleCache.noindex/Session.modulevalidation -Xcc -working-directory -Xcc /Users/admin/builder -enable-anonymous-context-mangled-names -file-compilation-dir /Users/admin/builder -Xcc -D_LIBCPP_HARDENING_MODE\=_LIBCPP_HARDENING_MODE_DEBUG -Xcc -ivfsstatcache -Xcc /Users/admin/builder/spi-builder-workspace/.build/out/SDKStatCaches.noindex/macosx27.0-26A425-80c5bbf1d171475443272936d42f90a36a22442a12e9d48fe1a705f55a1adfc4.sdkstatcache -Xcc -fmodules-prune-interval\=86400 -Xcc -fmodules-prune-after\=345600 -Xcc -I/Users/admin/builder/spi-builder-workspace/.build/out/Products/Debug/include -Xcc -I/Users/admin/builder/spi-builder-workspace/.build/out/Intermediates.noindex/SwiftUIFormattedText.build/Debug/SwiftUIFormattedText-t.build/DerivedSources-normal/arm64 -Xcc -I/Users/admin/builder/spi-builder-workspace/.build/out/Intermediates.noindex/SwiftUIFormattedText.build/Debug/SwiftUIFormattedText-t.build/DerivedSources/arm64 -Xcc -I/Users/admin/builder/spi-builder-workspace/.build/out/Intermediates.noindex/SwiftUIFormattedText.build/Debug/SwiftUIFormattedText-t.build/DerivedSources -Xcc -DSWIFT_PACKAGE -Xcc -DDEBUG\=1 -no-auto-bridging-header-chaining -module-name SwiftUIFormattedText -const-gather-protocols-file /Users/admin/builder/spi-builder-workspace/.build/out/Intermediates.noindex/SwiftUIFormattedText.build/Debug/SwiftUIFormattedText-t.build/Objects-normal/arm64/SwiftUIFormattedText_const_extract_protocols.json -disable-clang-spi -target-sdk-version 27.0 -target-sdk-name macosx27.0 -external-plugin-path /Applications/Xcode-27.0.0-Release.Candidate.app/Contents/Developer/Platforms/MacOSX.platform/Developer/usr/lib/swift/host/plugins\#/Applications/Xcode-27.0.0-Release.Candidate.app/Contents/Developer/Platforms/MacOSX.platform/Developer/usr/bin/swift-plugin-server -external-plugin-path /Applications/Xcode-27.0.0-Release.Candidate.app/Contents/Developer/Platforms/MacOSX.platform/Developer/usr/local/lib/swift/host/plugins\#/Applications/Xcode-27.0.0-Release.Candidate.app/Contents/Developer/Platforms/MacOSX.platform/Developer/usr/bin/swift-plugin-server -in-process-plugin-server-path /Applications/Xcode-27.0.0-Release.Candidate.app/Contents/Developer/Toolchains/XcodeDefault.xctoolchain/usr/lib/swift/host/libSwiftInProcPluginServer.dylib -plugin-path /Applications/Xcode-27.0.0-Release.Candidate.app/Contents/Developer/Toolchains/XcodeDefault.xctoolchain/usr/lib/swift/host/plugins -plugin-path /Applications/Xcode-27.0.0-Release.Candidate.app/Contents/Developer/Toolchains/XcodeDefault.xctoolchain/usr/local/lib/swift/host/plugins -parse-as-library -o /Users/admin/builder/spi-builder-workspace/.build/out/Intermediates.noindex/SwiftUIFormattedText.build/Debug/SwiftUIFormattedText-t.build/Objects-normal/arm64/SwiftUIFormattedText.o -index-unit-output-path /SwiftUIFormattedText.build/Debug/SwiftUIFormattedText-t.build/Objects-normal/arm64/SwiftUIFormattedText.o -index-store-path /Users/admin/builder/spi-builder-workspace/.build/out -index-system-modules
error: Build failed
BUILD FAILURE 6.4 macosSpm