Build Information
Failed to build MarqueeKit, reference 1.0.0 (6bb075), with Swift 6.3 for watchOS using Xcode 26.4 on 12 Jul 2026 12:03:25 UTC.
Build Command
env DEVELOPER_DIR=/Applications/Xcode-26.4.0.app xcrun xcodebuild -IDEClonedSourcePackagesDirPathOverride=$PWD/.dependencies -skipMacroValidation -skipPackagePluginValidation -derivedDataPath $PWD/.derivedData build -scheme MarqueeKit -destination generic/platform=watchOSBuild Log
========================================
RunAll
========================================
Builder version: undefined version: run 'make version' to update
Interrupt handler set up.
========================================
Checkout
========================================
Clone URL: https://github.com/GRimAce11/MarqueeKit.git
Reference: 1.0.0
Initialized empty Git repository in /Users/admin/builder/spi-builder-workspace/.git/
From https://github.com/GRimAce11/MarqueeKit
* tag 1.0.0 -> FETCH_HEAD
HEAD is now at 6bb075b docs: update MarqueeGroup docs for async-safe sync and speed fixes
Cloned https://github.com/GRimAce11/MarqueeKit.git
Revision (git rev-parse @):
6bb075b116361bc08d5a733493a21b568ae96189
SUCCESS checkout https://github.com/GRimAce11/MarqueeKit.git at 1.0.0
========================================
Build
========================================
Selected platform: watchOS
Swift version: 6.3
Building package at path: $PWD
https://github.com/GRimAce11/MarqueeKit.git
Command line invocation:
/Applications/Xcode-26.4.0.app/Contents/Developer/usr/bin/xcodebuild -IDEClonedSourcePackagesDirPathOverride=/Users/admin/builder/spi-builder-workspace/.dependencies -resolvePackageDependencies
Resolve Package Graph
Resolve Package Graph
Resolved source packages:
MarqueeKit: /Users/admin/builder/spi-builder-workspace
resolved source packages: MarqueeKit
2026-07-12 08:02:50.269 xcodebuild[569:3093] [MT] IDERunDestination: Supported platforms for the buildables in the current scheme is empty.
{
"dependencies" : [
],
"manifest_display_name" : "MarqueeKit",
"name" : "MarqueeKit",
"path" : "/Users/admin/builder/spi-builder-workspace",
"platforms" : [
{
"name" : "ios",
"version" : "17.0"
},
{
"name" : "macos",
"version" : "14.0"
},
{
"name" : "tvos",
"version" : "17.0"
}
],
"products" : [
{
"name" : "MarqueeKit",
"targets" : [
"MarqueeKit"
],
"type" : {
"library" : [
"automatic"
]
}
}
],
"targets" : [
{
"c99name" : "MarqueeKitTests",
"module_type" : "SwiftTarget",
"name" : "MarqueeKitTests",
"path" : "Tests/MarqueeKitTests",
"sources" : [
"EdgeCaseTests.swift",
"MarqueeConfigurationTests.swift",
"ReadingModeAnalyzerTests.swift",
"SpeedCalculatorTests.swift"
],
"target_dependencies" : [
"MarqueeKit"
],
"type" : "test"
},
{
"c99name" : "MarqueeKit",
"module_type" : "SwiftTarget",
"name" : "MarqueeKit",
"path" : "Sources/MarqueeKit",
"product_memberships" : [
"MarqueeKit"
],
"sources" : [
"Components/MarqueeBanner.swift",
"Components/MarqueeContent.swift",
"Components/MarqueeText.swift",
"Components/MarqueeTicker.swift",
"Core/MarqueeEngine.swift",
"Core/ReadingModeAnalyzer.swift",
"Core/SpeedCalculator.swift",
"Effects/EffectModifiers.swift",
"Group/MarqueeGroup.swift",
"Group/MarqueeSyncController.swift",
"Internal/HapticsEngine.swift",
"Internal/MarqueeScrollCore.swift",
"Internal/SizeTracker.swift",
"MarqueeKit.swift",
"Modifiers/ViewModifiers.swift",
"Types/MarqueeConfiguration.swift",
"Types/MarqueeDirection.swift",
"Types/MarqueeEffect.swift",
"Types/MarqueeHaptics.swift",
"Types/MarqueeReadingMode.swift",
"Types/MarqueeSpeed.swift",
"Types/MarqueeTheme.swift",
"Types/MarqueeTrigger.swift",
"UIKit/MarqueeHostingView.swift",
"UIKit/MarqueeTextView.swift"
],
"type" : "library"
}
],
"tools_version" : "5.9"
}
{
"workspace" : {
"name" : "spi-builder-workspace",
"schemes" : [
"MarqueeKit"
]
}
}
2026-07-12 08:03:10.648 xcodebuild[724:4300] [MT] IDERunDestination: Supported platforms for the buildables in the current scheme is empty.
Running build ...
env DEVELOPER_DIR=/Applications/Xcode-26.4.0.app xcrun xcodebuild -IDEClonedSourcePackagesDirPathOverride=$PWD/.dependencies -skipMacroValidation -skipPackagePluginValidation -derivedDataPath $PWD/.derivedData build -scheme MarqueeKit -destination generic/platform=watchOS
Command line invocation:
/Applications/Xcode-26.4.0.app/Contents/Developer/usr/bin/xcodebuild -IDEClonedSourcePackagesDirPathOverride=/Users/admin/builder/spi-builder-workspace/.dependencies -skipMacroValidation -skipPackagePluginValidation -derivedDataPath /Users/admin/builder/spi-builder-workspace/.derivedData build -scheme MarqueeKit -destination generic/platform=watchOS
Resolve Package Graph
Resolved source packages:
MarqueeKit: /Users/admin/builder/spi-builder-workspace
ComputePackagePrebuildTargetDependencyGraph
Prepare packages
CreateBuildRequest
SendProjectDescription
CreateBuildOperation
ComputeTargetDependencyGraph
note: Building targets in dependency order
note: Target dependency graph (2 targets)
Target 'MarqueeKit' in project 'MarqueeKit'
➜ Explicit dependency on target 'MarqueeKit' in project 'MarqueeKit'
Target 'MarqueeKit' in project 'MarqueeKit' (no dependencies)
GatherProvisioningInputs
CreateBuildDescription
ExecuteExternalTool /Applications/Xcode-26.4.0.app/Contents/Developer/Toolchains/XcodeDefault.xctoolchain/usr/bin/clang -v -E -dM -isysroot /Applications/Xcode-26.4.0.app/Contents/Developer/Platforms/WatchOS.platform/Developer/SDKs/WatchOS26.4.sdk -x c -c /dev/null
ExecuteExternalTool /Applications/Xcode-26.4.0.app/Contents/Developer/Toolchains/XcodeDefault.xctoolchain/usr/bin/swiftc --version
ExecuteExternalTool /Applications/Xcode-26.4.0.app/Contents/Developer/Toolchains/XcodeDefault.xctoolchain/usr/bin/ld -version_details
ReadFileContents /Applications/Xcode-26.4.0.app/Contents/Developer/Toolchains/XcodeDefault.xctoolchain/usr/share/docc/features.json
Build description signature: ee7cc808c6a11f4fad6abe55a08a6731
Build description path: /Users/admin/builder/spi-builder-workspace/.derivedData/Build/Intermediates.noindex/XCBuildData/ee7cc808c6a11f4fad6abe55a08a6731.xcbuilddata
CreateBuildDirectory /Users/admin/builder/spi-builder-workspace/.derivedData/Build/Products
cd /Users/admin/builder/spi-builder-workspace/.swiftpm/xcode
builtin-create-build-directory /Users/admin/builder/spi-builder-workspace/.derivedData/Build/Products
CreateBuildDirectory /Users/admin/builder/spi-builder-workspace/.derivedData/Build/Intermediates.noindex
cd /Users/admin/builder/spi-builder-workspace/.swiftpm/xcode
builtin-create-build-directory /Users/admin/builder/spi-builder-workspace/.derivedData/Build/Intermediates.noindex
ClangStatCache /Applications/Xcode-26.4.0.app/Contents/Developer/Toolchains/XcodeDefault.xctoolchain/usr/bin/clang-stat-cache /Applications/Xcode-26.4.0.app/Contents/Developer/Platforms/WatchOS.platform/Developer/SDKs/WatchOS26.4.sdk /Users/admin/builder/spi-builder-workspace/.derivedData/SDKStatCaches.noindex/watchos26.4-23T238-688ef53f1462e2c8f657fdc38a81448f9e51884a582f42380855760c9d4cc599.sdkstatcache
cd /Users/admin/builder/spi-builder-workspace/.swiftpm/xcode
/Applications/Xcode-26.4.0.app/Contents/Developer/Toolchains/XcodeDefault.xctoolchain/usr/bin/clang-stat-cache /Applications/Xcode-26.4.0.app/Contents/Developer/Platforms/WatchOS.platform/Developer/SDKs/WatchOS26.4.sdk -o /Users/admin/builder/spi-builder-workspace/.derivedData/SDKStatCaches.noindex/watchos26.4-23T238-688ef53f1462e2c8f657fdc38a81448f9e51884a582f42380855760c9d4cc599.sdkstatcache
CreateBuildDirectory /Users/admin/builder/spi-builder-workspace/.derivedData/Build/Intermediates.noindex/SwiftExplicitPrecompiledModules
cd /Users/admin/builder/spi-builder-workspace/.swiftpm/xcode
builtin-create-build-directory /Users/admin/builder/spi-builder-workspace/.derivedData/Build/Intermediates.noindex/SwiftExplicitPrecompiledModules
CreateBuildDirectory /Users/admin/builder/spi-builder-workspace/.derivedData/Build/Intermediates.noindex/ExplicitPrecompiledModules
cd /Users/admin/builder/spi-builder-workspace/.swiftpm/xcode
builtin-create-build-directory /Users/admin/builder/spi-builder-workspace/.derivedData/Build/Intermediates.noindex/ExplicitPrecompiledModules
CreateBuildDirectory /Users/admin/builder/spi-builder-workspace/.derivedData/Build/Intermediates.noindex/EagerLinkingTBDs/Debug-watchos
cd /Users/admin/builder/spi-builder-workspace/.swiftpm/xcode
builtin-create-build-directory /Users/admin/builder/spi-builder-workspace/.derivedData/Build/Intermediates.noindex/EagerLinkingTBDs/Debug-watchos
CreateBuildDirectory /Users/admin/builder/spi-builder-workspace/.derivedData/Build/Products/Debug-watchos
cd /Users/admin/builder/spi-builder-workspace/.swiftpm/xcode
builtin-create-build-directory /Users/admin/builder/spi-builder-workspace/.derivedData/Build/Products/Debug-watchos
CreateBuildDirectory /Users/admin/builder/spi-builder-workspace/.derivedData/Build/Products/Debug-watchos/PackageFrameworks
cd /Users/admin/builder/spi-builder-workspace/.swiftpm/xcode
builtin-create-build-directory /Users/admin/builder/spi-builder-workspace/.derivedData/Build/Products/Debug-watchos/PackageFrameworks
WriteAuxiliaryFile /Users/admin/builder/spi-builder-workspace/.derivedData/Build/Intermediates.noindex/MarqueeKit.build/Debug-watchos/MarqueeKit.build/MarqueeKit.modulemap (in target 'MarqueeKit' from project 'MarqueeKit')
cd /Users/admin/builder/spi-builder-workspace
write-file /Users/admin/builder/spi-builder-workspace/.derivedData/Build/Intermediates.noindex/MarqueeKit.build/Debug-watchos/MarqueeKit.build/MarqueeKit.modulemap
WriteAuxiliaryFile /Users/admin/builder/spi-builder-workspace/.derivedData/Build/Intermediates.noindex/MarqueeKit.build/Debug-watchos/MarqueeKit.build/Objects-normal/arm64/MarqueeKit_const_extract_protocols.json (in target 'MarqueeKit' from project 'MarqueeKit')
cd /Users/admin/builder/spi-builder-workspace
write-file /Users/admin/builder/spi-builder-workspace/.derivedData/Build/Intermediates.noindex/MarqueeKit.build/Debug-watchos/MarqueeKit.build/Objects-normal/arm64/MarqueeKit_const_extract_protocols.json
WriteAuxiliaryFile /Users/admin/builder/spi-builder-workspace/.derivedData/Build/Intermediates.noindex/MarqueeKit.build/Debug-watchos/MarqueeKit.build/Objects-normal/arm64/MarqueeKit.SwiftConstValuesFileList (in target 'MarqueeKit' from project 'MarqueeKit')
cd /Users/admin/builder/spi-builder-workspace
write-file /Users/admin/builder/spi-builder-workspace/.derivedData/Build/Intermediates.noindex/MarqueeKit.build/Debug-watchos/MarqueeKit.build/Objects-normal/arm64/MarqueeKit.SwiftConstValuesFileList
WriteAuxiliaryFile /Users/admin/builder/spi-builder-workspace/.derivedData/Build/Intermediates.noindex/MarqueeKit.build/Debug-watchos/MarqueeKit.build/Objects-normal/arm64_32/MarqueeKit-OutputFileMap.json (in target 'MarqueeKit' from project 'MarqueeKit')
cd /Users/admin/builder/spi-builder-workspace
write-file /Users/admin/builder/spi-builder-workspace/.derivedData/Build/Intermediates.noindex/MarqueeKit.build/Debug-watchos/MarqueeKit.build/Objects-normal/arm64_32/MarqueeKit-OutputFileMap.json
WriteAuxiliaryFile /Users/admin/builder/spi-builder-workspace/.derivedData/Build/Intermediates.noindex/MarqueeKit.build/Debug-watchos/MarqueeKit.build/Objects-normal/arm64_32/MarqueeKit.SwiftConstValuesFileList (in target 'MarqueeKit' from project 'MarqueeKit')
cd /Users/admin/builder/spi-builder-workspace
write-file /Users/admin/builder/spi-builder-workspace/.derivedData/Build/Intermediates.noindex/MarqueeKit.build/Debug-watchos/MarqueeKit.build/Objects-normal/arm64_32/MarqueeKit.SwiftConstValuesFileList
WriteAuxiliaryFile /Users/admin/builder/spi-builder-workspace/.derivedData/Build/Intermediates.noindex/MarqueeKit.build/Debug-watchos/MarqueeKit.build/Objects-normal/arm64/MarqueeKit.SwiftFileList (in target 'MarqueeKit' from project 'MarqueeKit')
cd /Users/admin/builder/spi-builder-workspace
write-file /Users/admin/builder/spi-builder-workspace/.derivedData/Build/Intermediates.noindex/MarqueeKit.build/Debug-watchos/MarqueeKit.build/Objects-normal/arm64/MarqueeKit.SwiftFileList
WriteAuxiliaryFile /Users/admin/builder/spi-builder-workspace/.derivedData/Build/Intermediates.noindex/MarqueeKit.build/Debug-watchos/MarqueeKit.build/Objects-normal/arm64_32/MarqueeKit_const_extract_protocols.json (in target 'MarqueeKit' from project 'MarqueeKit')
cd /Users/admin/builder/spi-builder-workspace
write-file /Users/admin/builder/spi-builder-workspace/.derivedData/Build/Intermediates.noindex/MarqueeKit.build/Debug-watchos/MarqueeKit.build/Objects-normal/arm64_32/MarqueeKit_const_extract_protocols.json
WriteAuxiliaryFile /Users/admin/builder/spi-builder-workspace/.derivedData/Build/Intermediates.noindex/MarqueeKit.build/Debug-watchos/MarqueeKit.build/Objects-normal/arm64_32/MarqueeKit.SwiftFileList (in target 'MarqueeKit' from project 'MarqueeKit')
cd /Users/admin/builder/spi-builder-workspace
write-file /Users/admin/builder/spi-builder-workspace/.derivedData/Build/Intermediates.noindex/MarqueeKit.build/Debug-watchos/MarqueeKit.build/Objects-normal/arm64_32/MarqueeKit.SwiftFileList
WriteAuxiliaryFile /Users/admin/builder/spi-builder-workspace/.derivedData/Build/Intermediates.noindex/MarqueeKit.build/Debug-watchos/MarqueeKit.build/Objects-normal/arm64_32/MarqueeKit.LinkFileList (in target 'MarqueeKit' from project 'MarqueeKit')
cd /Users/admin/builder/spi-builder-workspace
write-file /Users/admin/builder/spi-builder-workspace/.derivedData/Build/Intermediates.noindex/MarqueeKit.build/Debug-watchos/MarqueeKit.build/Objects-normal/arm64_32/MarqueeKit.LinkFileList
WriteAuxiliaryFile /Users/admin/builder/spi-builder-workspace/.derivedData/Build/Intermediates.noindex/MarqueeKit.build/Debug-watchos/MarqueeKit.build/Objects-normal/arm64/MarqueeKit.LinkFileList (in target 'MarqueeKit' from project 'MarqueeKit')
cd /Users/admin/builder/spi-builder-workspace
write-file /Users/admin/builder/spi-builder-workspace/.derivedData/Build/Intermediates.noindex/MarqueeKit.build/Debug-watchos/MarqueeKit.build/Objects-normal/arm64/MarqueeKit.LinkFileList
WriteAuxiliaryFile /Users/admin/builder/spi-builder-workspace/.derivedData/Build/Intermediates.noindex/MarqueeKit.build/Debug-watchos/MarqueeKit.build/Objects-normal/arm64/MarqueeKit-OutputFileMap.json (in target 'MarqueeKit' from project 'MarqueeKit')
cd /Users/admin/builder/spi-builder-workspace
write-file /Users/admin/builder/spi-builder-workspace/.derivedData/Build/Intermediates.noindex/MarqueeKit.build/Debug-watchos/MarqueeKit.build/Objects-normal/arm64/MarqueeKit-OutputFileMap.json
WriteAuxiliaryFile /Users/admin/builder/spi-builder-workspace/.derivedData/Build/Intermediates.noindex/MarqueeKit.build/Debug-watchos/MarqueeKit.build/MarqueeKit.DependencyStaticMetadataFileList (in target 'MarqueeKit' from project 'MarqueeKit')
cd /Users/admin/builder/spi-builder-workspace
write-file /Users/admin/builder/spi-builder-workspace/.derivedData/Build/Intermediates.noindex/MarqueeKit.build/Debug-watchos/MarqueeKit.build/MarqueeKit.DependencyStaticMetadataFileList
WriteAuxiliaryFile /Users/admin/builder/spi-builder-workspace/.derivedData/Build/Intermediates.noindex/MarqueeKit.build/Debug-watchos/MarqueeKit.build/MarqueeKit.DependencyMetadataFileList (in target 'MarqueeKit' from project 'MarqueeKit')
cd /Users/admin/builder/spi-builder-workspace
write-file /Users/admin/builder/spi-builder-workspace/.derivedData/Build/Intermediates.noindex/MarqueeKit.build/Debug-watchos/MarqueeKit.build/MarqueeKit.DependencyMetadataFileList
Copy /Users/admin/builder/spi-builder-workspace/.derivedData/Build/Intermediates.noindex/GeneratedModuleMaps-watchos/MarqueeKit.modulemap /Users/admin/builder/spi-builder-workspace/.derivedData/Build/Intermediates.noindex/MarqueeKit.build/Debug-watchos/MarqueeKit.build/MarqueeKit.modulemap (in target 'MarqueeKit' from project 'MarqueeKit')
cd /Users/admin/builder/spi-builder-workspace
builtin-copy -exclude .DS_Store -exclude CVS -exclude .svn -exclude .git -exclude .hg -resolve-src-symlinks /Users/admin/builder/spi-builder-workspace/.derivedData/Build/Intermediates.noindex/MarqueeKit.build/Debug-watchos/MarqueeKit.build/MarqueeKit.modulemap /Users/admin/builder/spi-builder-workspace/.derivedData/Build/Intermediates.noindex/GeneratedModuleMaps-watchos
SwiftDriver MarqueeKit normal arm64_32 com.apple.xcode.tools.swift.compiler (in target 'MarqueeKit' from project 'MarqueeKit')
cd /Users/admin/builder/spi-builder-workspace/.swiftpm/xcode
builtin-SwiftDriver -- /Applications/Xcode-26.4.0.app/Contents/Developer/Toolchains/XcodeDefault.xctoolchain/usr/bin/swiftc -module-name MarqueeKit -Onone @/Users/admin/builder/spi-builder-workspace/.derivedData/Build/Intermediates.noindex/MarqueeKit.build/Debug-watchos/MarqueeKit.build/Objects-normal/arm64_32/MarqueeKit.SwiftFileList -DSWIFT_PACKAGE -DDEBUG -DSWIFT_MODULE_RESOURCE_BUNDLE_UNAVAILABLE -DXcode -enable-experimental-feature StrictConcurrency -plugin-path /Applications/Xcode-26.4.0.app/Contents/Developer/Toolchains/XcodeDefault.xctoolchain/usr/lib/swift/host/plugins/testing -enable-experimental-feature DebugDescriptionMacro -sdk /Applications/Xcode-26.4.0.app/Contents/Developer/Platforms/WatchOS.platform/Developer/SDKs/WatchOS26.4.sdk -target arm64_32-apple-watchos10.0 -g -module-cache-path /Users/admin/builder/spi-builder-workspace/.derivedData/ModuleCache.noindex -Xfrontend -serialize-debugging-options -profile-coverage-mapping -profile-generate -enable-testing -index-store-path /Users/admin/builder/spi-builder-workspace/.derivedData/Index.noindex/DataStore -Xcc -D_LIBCPP_HARDENING_MODE\=_LIBCPP_HARDENING_MODE_DEBUG -swift-version 5 -I /Users/admin/builder/spi-builder-workspace/.derivedData/Build/Products/Debug-watchos -Isystem /Applications/Xcode-26.4.0.app/Contents/Developer/Platforms/WatchOS.platform/Developer/usr/lib -F /Users/admin/builder/spi-builder-workspace/.derivedData/Build/Products/Debug-watchos -F /Applications/Xcode-26.4.0.app/Contents/Developer/Platforms/WatchOS.platform/Developer/Library/Frameworks -F /Applications/Xcode-26.4.0.app/Contents/Developer/Platforms/WatchOS.platform/Developer/SDKs/WatchOS26.4.sdk/Developer/Library/Frameworks -c -j10 -enable-batch-mode -incremental -Xcc -ivfsstatcache -Xcc /Users/admin/builder/spi-builder-workspace/.derivedData/SDKStatCaches.noindex/watchos26.4-23T238-688ef53f1462e2c8f657fdc38a81448f9e51884a582f42380855760c9d4cc599.sdkstatcache -output-file-map /Users/admin/builder/spi-builder-workspace/.derivedData/Build/Intermediates.noindex/MarqueeKit.build/Debug-watchos/MarqueeKit.build/Objects-normal/arm64_32/MarqueeKit-OutputFileMap.json -use-frontend-parseable-output -save-temps -no-color-diagnostics -explicit-module-build -module-cache-path /Users/admin/builder/spi-builder-workspace/.derivedData/Build/Intermediates.noindex/SwiftExplicitPrecompiledModules -clang-scanner-module-cache-path /Users/admin/builder/spi-builder-workspace/.derivedData/ModuleCache.noindex -sdk-module-cache-path /Users/admin/builder/spi-builder-workspace/.derivedData/ModuleCache.noindex -serialize-diagnostics -emit-dependencies -emit-module -emit-module-path /Users/admin/builder/spi-builder-workspace/.derivedData/Build/Intermediates.noindex/MarqueeKit.build/Debug-watchos/MarqueeKit.build/Objects-normal/arm64_32/MarqueeKit.swiftmodule -validate-clang-modules-once -clang-build-session-file /Users/admin/builder/spi-builder-workspace/.derivedData/ModuleCache.noindex/Session.modulevalidation -package-name spi_builder_workspace -Xcc -I/Users/admin/builder/spi-builder-workspace/.derivedData/Build/Intermediates.noindex/MarqueeKit.build/Debug-watchos/MarqueeKit.build/swift-overrides.hmap -emit-const-values -Xfrontend -const-gather-protocols-file -Xfrontend /Users/admin/builder/spi-builder-workspace/.derivedData/Build/Intermediates.noindex/MarqueeKit.build/Debug-watchos/MarqueeKit.build/Objects-normal/arm64_32/MarqueeKit_const_extract_protocols.json -Xcc -I/Users/admin/builder/spi-builder-workspace/.derivedData/Build/Products/Debug-watchos/include -Xcc -I/Users/admin/builder/spi-builder-workspace/.derivedData/Build/Intermediates.noindex/MarqueeKit.build/Debug-watchos/MarqueeKit.build/DerivedSources-normal/arm64_32 -Xcc -I/Users/admin/builder/spi-builder-workspace/.derivedData/Build/Intermediates.noindex/MarqueeKit.build/Debug-watchos/MarqueeKit.build/DerivedSources/arm64_32 -Xcc -I/Users/admin/builder/spi-builder-workspace/.derivedData/Build/Intermediates.noindex/MarqueeKit.build/Debug-watchos/MarqueeKit.build/DerivedSources -Xcc -DSWIFT_PACKAGE -Xcc -DDEBUG\=1 -emit-objc-header -emit-objc-header-path /Users/admin/builder/spi-builder-workspace/.derivedData/Build/Intermediates.noindex/MarqueeKit.build/Debug-watchos/MarqueeKit.build/Objects-normal/arm64_32/MarqueeKit-Swift.h -working-directory /Users/admin/builder/spi-builder-workspace/.swiftpm/xcode -experimental-emit-module-separately -disable-cmo
SwiftDriver MarqueeKit normal arm64 com.apple.xcode.tools.swift.compiler (in target 'MarqueeKit' from project 'MarqueeKit')
cd /Users/admin/builder/spi-builder-workspace/.swiftpm/xcode
builtin-SwiftDriver -- /Applications/Xcode-26.4.0.app/Contents/Developer/Toolchains/XcodeDefault.xctoolchain/usr/bin/swiftc -module-name MarqueeKit -Onone @/Users/admin/builder/spi-builder-workspace/.derivedData/Build/Intermediates.noindex/MarqueeKit.build/Debug-watchos/MarqueeKit.build/Objects-normal/arm64/MarqueeKit.SwiftFileList -DSWIFT_PACKAGE -DDEBUG -DSWIFT_MODULE_RESOURCE_BUNDLE_UNAVAILABLE -DXcode -enable-experimental-feature StrictConcurrency -plugin-path /Applications/Xcode-26.4.0.app/Contents/Developer/Toolchains/XcodeDefault.xctoolchain/usr/lib/swift/host/plugins/testing -enable-experimental-feature DebugDescriptionMacro -sdk /Applications/Xcode-26.4.0.app/Contents/Developer/Platforms/WatchOS.platform/Developer/SDKs/WatchOS26.4.sdk -target arm64-apple-watchos10.0 -g -module-cache-path /Users/admin/builder/spi-builder-workspace/.derivedData/ModuleCache.noindex -Xfrontend -serialize-debugging-options -profile-coverage-mapping -profile-generate -enable-testing -index-store-path /Users/admin/builder/spi-builder-workspace/.derivedData/Index.noindex/DataStore -Xcc -D_LIBCPP_HARDENING_MODE\=_LIBCPP_HARDENING_MODE_DEBUG -swift-version 5 -I /Users/admin/builder/spi-builder-workspace/.derivedData/Build/Products/Debug-watchos -Isystem /Applications/Xcode-26.4.0.app/Contents/Developer/Platforms/WatchOS.platform/Developer/usr/lib -F /Users/admin/builder/spi-builder-workspace/.derivedData/Build/Products/Debug-watchos -F /Applications/Xcode-26.4.0.app/Contents/Developer/Platforms/WatchOS.platform/Developer/Library/Frameworks -F /Applications/Xcode-26.4.0.app/Contents/Developer/Platforms/WatchOS.platform/Developer/SDKs/WatchOS26.4.sdk/Developer/Library/Frameworks -c -j10 -enable-batch-mode -incremental -Xcc -ivfsstatcache -Xcc /Users/admin/builder/spi-builder-workspace/.derivedData/SDKStatCaches.noindex/watchos26.4-23T238-688ef53f1462e2c8f657fdc38a81448f9e51884a582f42380855760c9d4cc599.sdkstatcache -output-file-map /Users/admin/builder/spi-builder-workspace/.derivedData/Build/Intermediates.noindex/MarqueeKit.build/Debug-watchos/MarqueeKit.build/Objects-normal/arm64/MarqueeKit-OutputFileMap.json -use-frontend-parseable-output -save-temps -no-color-diagnostics -explicit-module-build -module-cache-path /Users/admin/builder/spi-builder-workspace/.derivedData/Build/Intermediates.noindex/SwiftExplicitPrecompiledModules -clang-scanner-module-cache-path /Users/admin/builder/spi-builder-workspace/.derivedData/ModuleCache.noindex -sdk-module-cache-path /Users/admin/builder/spi-builder-workspace/.derivedData/ModuleCache.noindex -serialize-diagnostics -emit-dependencies -emit-module -emit-module-path /Users/admin/builder/spi-builder-workspace/.derivedData/Build/Intermediates.noindex/MarqueeKit.build/Debug-watchos/MarqueeKit.build/Objects-normal/arm64/MarqueeKit.swiftmodule -validate-clang-modules-once -clang-build-session-file /Users/admin/builder/spi-builder-workspace/.derivedData/ModuleCache.noindex/Session.modulevalidation -package-name spi_builder_workspace -Xcc -I/Users/admin/builder/spi-builder-workspace/.derivedData/Build/Intermediates.noindex/MarqueeKit.build/Debug-watchos/MarqueeKit.build/swift-overrides.hmap -emit-const-values -Xfrontend -const-gather-protocols-file -Xfrontend /Users/admin/builder/spi-builder-workspace/.derivedData/Build/Intermediates.noindex/MarqueeKit.build/Debug-watchos/MarqueeKit.build/Objects-normal/arm64/MarqueeKit_const_extract_protocols.json -Xcc -I/Users/admin/builder/spi-builder-workspace/.derivedData/Build/Products/Debug-watchos/include -Xcc -I/Users/admin/builder/spi-builder-workspace/.derivedData/Build/Intermediates.noindex/MarqueeKit.build/Debug-watchos/MarqueeKit.build/DerivedSources-normal/arm64 -Xcc -I/Users/admin/builder/spi-builder-workspace/.derivedData/Build/Intermediates.noindex/MarqueeKit.build/Debug-watchos/MarqueeKit.build/DerivedSources/arm64 -Xcc -I/Users/admin/builder/spi-builder-workspace/.derivedData/Build/Intermediates.noindex/MarqueeKit.build/Debug-watchos/MarqueeKit.build/DerivedSources -Xcc -DSWIFT_PACKAGE -Xcc -DDEBUG\=1 -emit-objc-header -emit-objc-header-path /Users/admin/builder/spi-builder-workspace/.derivedData/Build/Intermediates.noindex/MarqueeKit.build/Debug-watchos/MarqueeKit.build/Objects-normal/arm64/MarqueeKit-Swift.h -working-directory /Users/admin/builder/spi-builder-workspace/.swiftpm/xcode -experimental-emit-module-separately -disable-cmo
SwiftExplicitDependencyGeneratePcm arm64 /Users/admin/builder/spi-builder-workspace/.derivedData/ModuleCache.noindex/_AvailabilityInternal-9FKWK8IDCHHC3NXLJ2XQ5IQV6.pcm
SwiftExplicitDependencyGeneratePcm arm64 /Users/admin/builder/spi-builder-workspace/.derivedData/ModuleCache.noindex/_SwiftConcurrencyShims-DUCOK4TK92CTD42OXDA1ZNQE4.pcm
SwiftExplicitDependencyGeneratePcm arm64 /Users/admin/builder/spi-builder-workspace/.derivedData/ModuleCache.noindex/SwiftShims-B69EYQWEVKSIGNJZKYHR2Q9QO.pcm
SwiftExplicitDependencyGeneratePcm arm64 /Users/admin/builder/spi-builder-workspace/.derivedData/ModuleCache.noindex/_Builtin_float-64SVI3JFJ3UKP4C6X0OLYO830.pcm
SwiftExplicitDependencyGeneratePcm arm64_32 /Users/admin/builder/spi-builder-workspace/.derivedData/ModuleCache.noindex/SwiftShims-1SU5ITVAD0IOPFW9PGAM4K5UA.pcm
SwiftExplicitDependencyGeneratePcm arm64_32 /Users/admin/builder/spi-builder-workspace/.derivedData/ModuleCache.noindex/_AvailabilityInternal-2DTNL8T5MKRQYAGUSOL6U8ZDV.pcm
SwiftExplicitDependencyGeneratePcm arm64 /Users/admin/builder/spi-builder-workspace/.derivedData/ModuleCache.noindex/ptrauth-AJX0T9B8L1Q3XNNOXOEZIT8RH.pcm
SwiftExplicitDependencyGeneratePcm arm64_32 /Users/admin/builder/spi-builder-workspace/.derivedData/ModuleCache.noindex/_Builtin_stdarg-C5SVPIYECR3VZY1UE4FL7OF4G.pcm
SwiftExplicitDependencyGeneratePcm arm64_32 /Users/admin/builder/spi-builder-workspace/.derivedData/ModuleCache.noindex/ptrcheck-9HLFLNTO8GHE1CGLX3O9VDPWZ.pcm
SwiftExplicitDependencyGeneratePcm arm64_32 /Users/admin/builder/spi-builder-workspace/.derivedData/ModuleCache.noindex/_Builtin_float-8WB2TQ5ID0E4TLXDTEVJ2XNQ6.pcm
SwiftExplicitDependencyGeneratePcm arm64 /Users/admin/builder/spi-builder-workspace/.derivedData/ModuleCache.noindex/DeveloperToolsSupport-5MZ8EW7NLJWA7IKR4GLJFNETU.pcm
SwiftExplicitDependencyGeneratePcm arm64 /Users/admin/builder/spi-builder-workspace/.derivedData/ModuleCache.noindex/ptrcheck-CQT494I37559JYD3PA7WDDHWT.pcm
SwiftExplicitDependencyGeneratePcm arm64 /Users/admin/builder/spi-builder-workspace/.derivedData/ModuleCache.noindex/_Builtin_stddef-6BGY691FJWHBF8WK1C0KR0NSP.pcm
SwiftExplicitDependencyGeneratePcm arm64 /Users/admin/builder/spi-builder-workspace/.derivedData/ModuleCache.noindex/_Builtin_stdarg-50H2DFYYV5EW682NL84TR3FV1.pcm
SwiftExplicitDependencyGeneratePcm arm64 /Users/admin/builder/spi-builder-workspace/.derivedData/ModuleCache.noindex/_Builtin_stdbool-CM4QDBLSHYZT29UKT3T72KQVR.pcm
SwiftExplicitDependencyGeneratePcm arm64_32 /Users/admin/builder/spi-builder-workspace/.derivedData/ModuleCache.noindex/_Builtin_stddef-C4TC854O65J5497BBX600KKRB.pcm
SwiftExplicitDependencyGeneratePcm arm64_32 /Users/admin/builder/spi-builder-workspace/.derivedData/ModuleCache.noindex/DeveloperToolsSupport-9J3L8AWD4607TMVHE9FJ9CPKD.pcm
SwiftExplicitDependencyGeneratePcm arm64_32 /Users/admin/builder/spi-builder-workspace/.derivedData/ModuleCache.noindex/_SwiftConcurrencyShims-8J360MDDQXUL93K2URBTQH9R7.pcm
SwiftExplicitDependencyGeneratePcm arm64_32 /Users/admin/builder/spi-builder-workspace/.derivedData/ModuleCache.noindex/_Builtin_stdbool-412RH2O2ONCZJ7OEVHFAOI0AK.pcm
SwiftExplicitDependencyGeneratePcm arm64_32 /Users/admin/builder/spi-builder-workspace/.derivedData/ModuleCache.noindex/ptrauth-CSYNJ36TKIRL7QNRKDKOGXJU2.pcm
SwiftExplicitDependencyGeneratePcm arm64_32 /Users/admin/builder/spi-builder-workspace/.derivedData/ModuleCache.noindex/_DarwinFoundation1-BS2JXGE4HZ5FY2BPGNP630G8F.pcm
SwiftExplicitDependencyGeneratePcm arm64 /Users/admin/builder/spi-builder-workspace/.derivedData/ModuleCache.noindex/_DarwinFoundation1-2Q28C3Q4TAV3NMR8JWE92WTRF.pcm
SwiftExplicitDependencyGeneratePcm arm64_32 /Users/admin/builder/spi-builder-workspace/.derivedData/ModuleCache.noindex/_DarwinFoundation2-1RJ6JRGXZ8SPWZ1ITP42AK7ED.pcm
SwiftExplicitDependencyGeneratePcm arm64_32 /Users/admin/builder/spi-builder-workspace/.derivedData/ModuleCache.noindex/_Builtin_limits-3IQFCXNJ9EXDUEG18FF5AUJ7Y.pcm
SwiftExplicitDependencyGeneratePcm arm64 /Users/admin/builder/spi-builder-workspace/.derivedData/ModuleCache.noindex/_Builtin_limits-9RZQTF1GJ0416YQ0Z02NZZXQC.pcm
SwiftExplicitDependencyGeneratePcm arm64 /Users/admin/builder/spi-builder-workspace/.derivedData/ModuleCache.noindex/_DarwinFoundation2-EWJ448ABN70728AP6ZZ9WEOUL.pcm
SwiftExplicitDependencyGeneratePcm arm64 /Users/admin/builder/spi-builder-workspace/.derivedData/ModuleCache.noindex/sys_types-2UB4LFMFDMJ9BAWDPUJUGHDF4.pcm
SwiftExplicitDependencyGeneratePcm arm64 /Users/admin/builder/spi-builder-workspace/.derivedData/ModuleCache.noindex/_Builtin_stdint-1QOGRV0BGHI0YS4FVC1LRKC3H.pcm
SwiftExplicitDependencyGeneratePcm arm64_32 /Users/admin/builder/spi-builder-workspace/.derivedData/ModuleCache.noindex/_Builtin_stdint-EGGP79F0O4J8S59BX8NXLCSRA.pcm
SwiftExplicitDependencyGeneratePcm arm64_32 /Users/admin/builder/spi-builder-workspace/.derivedData/ModuleCache.noindex/_Builtin_tgmath-DY6WKCDV3NA72F8AGBGRFKZGG.pcm
SwiftExplicitDependencyGeneratePcm arm64_32 /Users/admin/builder/spi-builder-workspace/.derivedData/ModuleCache.noindex/sys_types-A93LFYRPY6H19OYORB7OCRWS.pcm
SwiftExplicitDependencyGeneratePcm arm64 /Users/admin/builder/spi-builder-workspace/.derivedData/ModuleCache.noindex/_Builtin_tgmath-1675B1725I7QUM5CROU7GGGIJ.pcm
SwiftExplicitDependencyGeneratePcm arm64_32 /Users/admin/builder/spi-builder-workspace/.derivedData/ModuleCache.noindex/_DarwinFoundation3-64R5F69X303A73IHCYRY9YQZ5.pcm
SwiftExplicitDependencyGeneratePcm arm64_32 /Users/admin/builder/spi-builder-workspace/.derivedData/ModuleCache.noindex/_Builtin_stdatomic-DLHOAHOR8GLK4022COFU562FV.pcm
SwiftExplicitDependencyGeneratePcm arm64_32 /Users/admin/builder/spi-builder-workspace/.derivedData/ModuleCache.noindex/_Builtin_intrinsics-5E0WJX3ZS74HNOLQ8Q7FQHXTM.pcm
SwiftExplicitDependencyGeneratePcm arm64 /Users/admin/builder/spi-builder-workspace/.derivedData/ModuleCache.noindex/_Builtin_stdatomic-C4XIH00HPYLUZUYX1OO6N5AHD.pcm
SwiftExplicitDependencyGeneratePcm arm64 /Users/admin/builder/spi-builder-workspace/.derivedData/ModuleCache.noindex/_DarwinFoundation3-85XSHOS3CYWKRNKX2G54S4O40.pcm
SwiftExplicitDependencyGeneratePcm arm64 /Users/admin/builder/spi-builder-workspace/.derivedData/ModuleCache.noindex/_Builtin_intrinsics-S7ZVJRS6BUI5XGE6CFWTY1EW.pcm
SwiftExplicitDependencyGeneratePcm arm64_32 /Users/admin/builder/spi-builder-workspace/.derivedData/ModuleCache.noindex/_Builtin_inttypes-DFP9KL85KTQ4S03234NG2STCR.pcm
SwiftExplicitDependencyGeneratePcm arm64 /Users/admin/builder/spi-builder-workspace/.derivedData/ModuleCache.noindex/_Builtin_inttypes-5VSELNGR1UTMSG0B9R9OUAADQ.pcm
SwiftExplicitDependencyGeneratePcm arm64_32 /Users/admin/builder/spi-builder-workspace/.derivedData/ModuleCache.noindex/Darwin-7YSIOPFZ55PIKH4VLTSKSD1VC.pcm
SwiftExplicitDependencyGeneratePcm arm64 /Users/admin/builder/spi-builder-workspace/.derivedData/ModuleCache.noindex/Darwin-BBMJ4730QL10MWDNUFZJBYRN.pcm
SwiftExplicitDependencyGeneratePcm arm64_32 /Users/admin/builder/spi-builder-workspace/.derivedData/ModuleCache.noindex/simd-E5XINL4WKGFVXW9FA6LUC8YHB.pcm
SwiftExplicitDependencyGeneratePcm arm64 /Users/admin/builder/spi-builder-workspace/.derivedData/ModuleCache.noindex/simd-93HVP82BEGEB3QDZRARK75YZ0.pcm
SwiftExplicitDependencyGeneratePcm arm64 /Users/admin/builder/spi-builder-workspace/.derivedData/ModuleCache.noindex/ObjectiveC-Y2H3FASB6S9J4MW2R2WQEJLM.pcm
SwiftExplicitDependencyGeneratePcm arm64 /Users/admin/builder/spi-builder-workspace/.derivedData/ModuleCache.noindex/MachO-5XJ4B2ELAF9MVDJSZ5ZT9JPIJ.pcm
SwiftExplicitDependencyGeneratePcm arm64_32 /Users/admin/builder/spi-builder-workspace/.derivedData/ModuleCache.noindex/ObjectiveC-A454NAS899IHKN5FXNYEN6YN8.pcm
SwiftExplicitDependencyGeneratePcm arm64_32 /Users/admin/builder/spi-builder-workspace/.derivedData/ModuleCache.noindex/MachO-6OVRRG971REDI9TGJVV7MUK7J.pcm
SwiftExplicitDependencyGeneratePcm arm64 /Users/admin/builder/spi-builder-workspace/.derivedData/ModuleCache.noindex/os_object-C5Y3EORD6K8DOSP4T3Q3RFZ8L.pcm
SwiftExplicitDependencyGeneratePcm arm64_32 /Users/admin/builder/spi-builder-workspace/.derivedData/ModuleCache.noindex/os_object-IVSSSVSJYK45M023SEEMEEK7.pcm
SwiftExplicitDependencyGeneratePcm arm64 /Users/admin/builder/spi-builder-workspace/.derivedData/ModuleCache.noindex/os_workgroup-819V7E6IGB5TNT5WEQ245EX6R.pcm
SwiftExplicitDependencyGeneratePcm arm64_32 /Users/admin/builder/spi-builder-workspace/.derivedData/ModuleCache.noindex/os_workgroup-1OOJFHXIHOZPPYDUR9OHEF8Q8.pcm
SwiftExplicitDependencyGeneratePcm arm64 /Users/admin/builder/spi-builder-workspace/.derivedData/ModuleCache.noindex/Spatial-5SEWWCKXBGK2U2GP0AM85IL0M.pcm
SwiftExplicitDependencyGeneratePcm arm64_32 /Users/admin/builder/spi-builder-workspace/.derivedData/ModuleCache.noindex/Spatial-APGIL5XRA4Z9FRU214Q8KO347.pcm
SwiftExplicitDependencyGeneratePcm arm64 /Users/admin/builder/spi-builder-workspace/.derivedData/ModuleCache.noindex/Dispatch-R1PG9Y2DP3EK3LRUA8PRPADC.pcm
SwiftExplicitDependencyGeneratePcm arm64_32 /Users/admin/builder/spi-builder-workspace/.derivedData/ModuleCache.noindex/Dispatch-3505J0L9W5O3CWY9CI0FWKIHP.pcm
SwiftExplicitDependencyGeneratePcm arm64_32 /Users/admin/builder/spi-builder-workspace/.derivedData/ModuleCache.noindex/CoreFoundation-ARJYTIRRDW39S4NN6EM23QIBS.pcm
SwiftExplicitDependencyGeneratePcm arm64_32 /Users/admin/builder/spi-builder-workspace/.derivedData/ModuleCache.noindex/XPC-EBVVYR4TF0PQUZ4W3Y6BB8T4R.pcm
SwiftExplicitDependencyGeneratePcm arm64 /Users/admin/builder/spi-builder-workspace/.derivedData/ModuleCache.noindex/XPC-9LXFH1YGCTEYI6FZTMA69KC0E.pcm
SwiftExplicitDependencyGeneratePcm arm64 /Users/admin/builder/spi-builder-workspace/.derivedData/ModuleCache.noindex/CoreFoundation-5K8M5ISJ7BMQVNR98DK2M4NVG.pcm
SwiftExplicitDependencyGeneratePcm arm64_32 /Users/admin/builder/spi-builder-workspace/.derivedData/ModuleCache.noindex/os-FCCOJCZWP2Q09XPQ8G3X375E.pcm
SwiftExplicitDependencyGeneratePcm arm64 /Users/admin/builder/spi-builder-workspace/.derivedData/ModuleCache.noindex/os-BDPCIHQ8S0Y3RPV5OGGIJLBOI.pcm
SwiftExplicitDependencyGeneratePcm arm64 /Users/admin/builder/spi-builder-workspace/.derivedData/ModuleCache.noindex/Security-BV24I6SQZR1TBPFSIT5KTQ5X9.pcm
SwiftExplicitDependencyGeneratePcm arm64 /Users/admin/builder/spi-builder-workspace/.derivedData/ModuleCache.noindex/CoreGraphics-1L5IBV5BK03AOHQMVY94DA0Y9.pcm
SwiftExplicitDependencyGeneratePcm arm64_32 /Users/admin/builder/spi-builder-workspace/.derivedData/ModuleCache.noindex/Security-18V7BBHOAWHI6N4MT8WMS1NTI.pcm
SwiftExplicitDependencyGeneratePcm arm64_32 /Users/admin/builder/spi-builder-workspace/.derivedData/ModuleCache.noindex/CoreGraphics-5GMJA9NE7FQ02TC83K493IA04.pcm
SwiftExplicitDependencyGeneratePcm arm64_32 /Users/admin/builder/spi-builder-workspace/.derivedData/ModuleCache.noindex/Foundation-6R9V5UMJYXKQLO5TWCMLTAXSH.pcm
SwiftExplicitDependencyGeneratePcm arm64 /Users/admin/builder/spi-builder-workspace/.derivedData/ModuleCache.noindex/Foundation-DGTSTG9ILAWV20UWIH3AFDWUP.pcm
SwiftExplicitDependencyGeneratePcm arm64 /Users/admin/builder/spi-builder-workspace/.derivedData/ModuleCache.noindex/CoreText-AR50W5VJFBMQSWJTE58G2P6XT.pcm
SwiftExplicitDependencyGeneratePcm arm64 /Users/admin/builder/spi-builder-workspace/.derivedData/ModuleCache.noindex/CoreVideo-1K1IVEGX3YCBIEYLBA6OWJAE3.pcm
SwiftExplicitDependencyGeneratePcm arm64_32 /Users/admin/builder/spi-builder-workspace/.derivedData/ModuleCache.noindex/CoreVideo-E4FR5RSL9DK6F673O677NE1YT.pcm
SwiftExplicitDependencyGeneratePcm arm64_32 /Users/admin/builder/spi-builder-workspace/.derivedData/ModuleCache.noindex/CoreText-5L7DP4XQGHN9DXPRFIEWGVXZP.pcm
SwiftExplicitDependencyGeneratePcm arm64 /Users/admin/builder/spi-builder-workspace/.derivedData/ModuleCache.noindex/OSLog-DACM4PAKP5JOBUFCFB274ELTX.pcm
SwiftExplicitDependencyGeneratePcm arm64 /Users/admin/builder/spi-builder-workspace/.derivedData/ModuleCache.noindex/_LocationEssentials-CIRZLSQVZUGG4M8XT20Z7F3IU.pcm
SwiftExplicitDependencyGeneratePcm arm64 /Users/admin/builder/spi-builder-workspace/.derivedData/ModuleCache.noindex/CoreData-7B7BQ3TZGCAP0VEA0XDH186E9.pcm
SwiftExplicitDependencyGeneratePcm arm64 /Users/admin/builder/spi-builder-workspace/.derivedData/ModuleCache.noindex/QuartzCore-5O2JCF71SSNHHYM5PE623JIQQ.pcm
SwiftExplicitDependencyGeneratePcm arm64 /Users/admin/builder/spi-builder-workspace/.derivedData/ModuleCache.noindex/UniformTypeIdentifiers-C4ZFWHHUCMFEQ5ZB9GHY4SRR5.pcm
SwiftExplicitDependencyGeneratePcm arm64 /Users/admin/builder/spi-builder-workspace/.derivedData/ModuleCache.noindex/Symbols-EA6E33ABXA034OLA3JC6B7411.pcm
SwiftExplicitDependencyGeneratePcm arm64 /Users/admin/builder/spi-builder-workspace/.derivedData/ModuleCache.noindex/UIUtilities-6MCEYYNNB2NNIFT1JJ04J9339.pcm
SwiftExplicitDependencyGeneratePcm arm64 /Users/admin/builder/spi-builder-workspace/.derivedData/ModuleCache.noindex/UserNotifications-9QZGO88OF6PPVA3VHH2OISBDA.pcm
SwiftExplicitDependencyGeneratePcm arm64 /Users/admin/builder/spi-builder-workspace/.derivedData/ModuleCache.noindex/DataDetection-9MZGFMND9QLYM91N6G142CEC1.pcm
SwiftExplicitDependencyGeneratePcm arm64 /Users/admin/builder/spi-builder-workspace/.derivedData/ModuleCache.noindex/Accessibility-4FJUXQLX9CHSXYEMQLI4P71WE.pcm
SwiftExplicitDependencyGeneratePcm arm64_32 /Users/admin/builder/spi-builder-workspace/.derivedData/ModuleCache.noindex/_LocationEssentials-TQ8FFE2AQUNFFB4L2ZNLR88.pcm
SwiftExplicitDependencyGeneratePcm arm64_32 /Users/admin/builder/spi-builder-workspace/.derivedData/ModuleCache.noindex/OSLog-C23HUI9F1HEGKBHKRW4E1YT4R.pcm
SwiftExplicitDependencyGeneratePcm arm64_32 /Users/admin/builder/spi-builder-workspace/.derivedData/ModuleCache.noindex/UIUtilities-DPYL8PIIQR4U9ZSP4QJG5W7RE.pcm
SwiftExplicitDependencyGeneratePcm arm64_32 /Users/admin/builder/spi-builder-workspace/.derivedData/ModuleCache.noindex/Accessibility-60D33VG40IRSAK4ZJ67ER942Z.pcm
SwiftExplicitDependencyGeneratePcm arm64_32 /Users/admin/builder/spi-builder-workspace/.derivedData/ModuleCache.noindex/QuartzCore-5EX6KFLXASOF4ZDWSBPXE6PW3.pcm
SwiftExplicitDependencyGeneratePcm arm64_32 /Users/admin/builder/spi-builder-workspace/.derivedData/ModuleCache.noindex/DataDetection-BKXNJSCY05VYJVQN4B51SQ2WU.pcm
SwiftExplicitDependencyGeneratePcm arm64_32 /Users/admin/builder/spi-builder-workspace/.derivedData/ModuleCache.noindex/CoreData-36M0KT4C4JH368R79Q3UCQOJ2.pcm
SwiftExplicitDependencyGeneratePcm arm64_32 /Users/admin/builder/spi-builder-workspace/.derivedData/ModuleCache.noindex/UniformTypeIdentifiers-3L3AB6YHK1ZJ72QWR9VA199NK.pcm
SwiftExplicitDependencyGeneratePcm arm64_32 /Users/admin/builder/spi-builder-workspace/.derivedData/ModuleCache.noindex/Symbols-4D0OKF0U8U0TQX1DXSV3MYO1Z.pcm
SwiftExplicitDependencyGeneratePcm arm64 /Users/admin/builder/spi-builder-workspace/.derivedData/ModuleCache.noindex/SwiftUICore-6DYMKPCCH9OBNIDCHPW7233W3.pcm
SwiftExplicitDependencyGeneratePcm arm64_32 /Users/admin/builder/spi-builder-workspace/.derivedData/ModuleCache.noindex/CoreTransferable-ALDBP3KNFU3XIEH7I3FWE9C55.pcm
SwiftExplicitDependencyGeneratePcm arm64 /Users/admin/builder/spi-builder-workspace/.derivedData/ModuleCache.noindex/SceneKit-7S3KBXISEMRBTG5GJ75FDDH3E.pcm
SwiftExplicitDependencyGeneratePcm arm64 /Users/admin/builder/spi-builder-workspace/.derivedData/ModuleCache.noindex/CoreTransferable-3BB69E7UMLD3XTTJHSBD736H3.pcm
SwiftExplicitDependencyGeneratePcm arm64 /Users/admin/builder/spi-builder-workspace/.derivedData/ModuleCache.noindex/UIKit-A8NAX9CYX4DL3CFEXO3JM8ZY5.pcm
SwiftExplicitDependencyGeneratePcm arm64_32 /Users/admin/builder/spi-builder-workspace/.derivedData/ModuleCache.noindex/UserNotifications-D88TG8IEWP7KRO0HXWQG7CBTD.pcm
SwiftExplicitDependencyGeneratePcm arm64_32 /Users/admin/builder/spi-builder-workspace/.derivedData/ModuleCache.noindex/CoreLocation-87UVQC9BPWT6GECL73BYNGY74.pcm
SwiftExplicitDependencyGeneratePcm arm64_32 /Users/admin/builder/spi-builder-workspace/.derivedData/ModuleCache.noindex/SceneKit-CSVWAQ6GWQX0WZS46SRCNJA1U.pcm
SwiftExplicitDependencyGeneratePcm arm64 /Users/admin/builder/spi-builder-workspace/.derivedData/ModuleCache.noindex/CoreLocation-2YAZZ6ALWYXP5MW2O7B2S52I0.pcm
SwiftExplicitDependencyGeneratePcm arm64_32 /Users/admin/builder/spi-builder-workspace/.derivedData/ModuleCache.noindex/SwiftUICore-1V1QCOC1YJMMNVI402F6P2LXO.pcm
SwiftExplicitDependencyGeneratePcm arm64_32 /Users/admin/builder/spi-builder-workspace/.derivedData/ModuleCache.noindex/UIKit-D12962RW1UX3WWJBZMUULNP5A.pcm
SwiftExplicitDependencyGeneratePcm arm64 /Users/admin/builder/spi-builder-workspace/.derivedData/ModuleCache.noindex/HomeKit-AFYO8VD07E9DOSVY1SIG5VAWR.pcm
SwiftExplicitDependencyGeneratePcm arm64 /Users/admin/builder/spi-builder-workspace/.derivedData/ModuleCache.noindex/MapKit-F1ZIGUR9KX4RXK1L9RGNLGTA2.pcm
SwiftExplicitDependencyGeneratePcm arm64_32 /Users/admin/builder/spi-builder-workspace/.derivedData/ModuleCache.noindex/MapKit-35PFVXNZNJB6HV1SLFKIDSI1D.pcm
SwiftExplicitDependencyGeneratePcm arm64_32 /Users/admin/builder/spi-builder-workspace/.derivedData/ModuleCache.noindex/HomeKit-CWGMV8RVDR50WYITXZ84VVQJG.pcm
SwiftExplicitDependencyGeneratePcm arm64 /Users/admin/builder/spi-builder-workspace/.derivedData/ModuleCache.noindex/WatchKit-3G96APSP1GZE65CIKC2BO3Z2E.pcm
SwiftExplicitDependencyGeneratePcm arm64_32 /Users/admin/builder/spi-builder-workspace/.derivedData/ModuleCache.noindex/WatchKit-BP2PB9NS0O0YWS0XU3O12SJB6.pcm
SwiftExplicitDependencyGeneratePcm arm64 /Users/admin/builder/spi-builder-workspace/.derivedData/ModuleCache.noindex/SwiftUI-6F98K2RU9CERXOT4R9M47COR6.pcm
SwiftEmitModule normal arm64 Emitting\ module\ for\ MarqueeKit (in target 'MarqueeKit' from project 'MarqueeKit')
EmitSwiftModule normal arm64 (in target 'MarqueeKit' from project 'MarqueeKit')
cd /Users/admin/builder/spi-builder-workspace/.swiftpm/xcode
/Users/admin/builder/spi-builder-workspace/Sources/MarqueeKit/Internal/HapticsEngine.swift:14:36: error: 'UIImpactFeedbackGenerator' is unavailable in watchOS
private lazy var lightImpact = UIImpactFeedbackGenerator(style: .light)
^~~~~~~~~~~~~~~~~~~~~~~~~
/Applications/Xcode-26.4.0.app/Contents/Developer/Platforms/WatchOS.platform/Developer/SDKs/WatchOS26.4.sdk/System/Library/Frameworks/UIKit.framework/Headers/UIImpactFeedbackGenerator.h:25:12: note: 'UIImpactFeedbackGenerator' has been explicitly marked unavailable here
@interface UIImpactFeedbackGenerator : UIFeedbackGenerator
^
/Users/admin/builder/spi-builder-workspace/Sources/MarqueeKit/Internal/HapticsEngine.swift:15:36: error: 'UIImpactFeedbackGenerator' is unavailable in watchOS
private lazy var softImpact = UIImpactFeedbackGenerator(style: .soft)
^~~~~~~~~~~~~~~~~~~~~~~~~
/Applications/Xcode-26.4.0.app/Contents/Developer/Platforms/WatchOS.platform/Developer/SDKs/WatchOS26.4.sdk/System/Library/Frameworks/UIKit.framework/Headers/UIImpactFeedbackGenerator.h:25:12: note: 'UIImpactFeedbackGenerator' has been explicitly marked unavailable here
@interface UIImpactFeedbackGenerator : UIFeedbackGenerator
^
/Users/admin/builder/spi-builder-workspace/Sources/MarqueeKit/UIKit/MarqueeHostingView.swift:27:36: error: cannot find type 'UIHostingController' in scope
private let hostingController: UIHostingController<Content>
^~~~~~~~~~~~~~~~~~~
/Users/admin/builder/spi-builder-workspace/Sources/MarqueeKit/UIKit/MarqueeHostingView.swift:23:47: error: 'UIView' is unavailable in watchOS
open class MarqueeHostingView<Content: View>: UIView {
^~~~~~
/Applications/Xcode-26.4.0.app/Contents/Developer/Platforms/WatchOS.platform/Developer/SDKs/WatchOS26.4.sdk/System/Library/Frameworks/UIKit.framework/Headers/UIView.h:148:12: note: 'UIView' has been explicitly marked unavailable here
@interface UIView : UIResponder <NSCoding, UIAppearance, UIAppearanceContainer, UIDynamicItem, UITraitEnvironment, UICoordinateSpace, UIFocusItem, UIFocusItemContainer, CALayerDelegate>
^
/Users/admin/builder/spi-builder-workspace/Sources/MarqueeKit/UIKit/MarqueeTextView.swift:42:36: error: cannot find type 'UIHostingController' in scope
private var hostingController: UIHostingController<MarqueeText>?
^~~~~~~~~~~~~~~~~~~
/Users/admin/builder/spi-builder-workspace/Sources/MarqueeKit/UIKit/MarqueeTextView.swift:43:27: error: 'UIView' is unavailable in watchOS
private var hostView: UIView? { hostingController?.view }
^~~~~~
/Applications/Xcode-26.4.0.app/Contents/Developer/Platforms/WatchOS.platform/Developer/SDKs/WatchOS26.4.sdk/System/Library/Frameworks/UIKit.framework/Headers/UIView.h:148:12: note: 'UIView' has been explicitly marked unavailable here
@interface UIView : UIResponder <NSCoding, UIAppearance, UIAppearanceContainer, UIDynamicItem, UITraitEnvironment, UICoordinateSpace, UIFocusItem, UIFocusItemContainer, CALayerDelegate>
^
/Users/admin/builder/spi-builder-workspace/Sources/MarqueeKit/UIKit/MarqueeTextView.swift:21:29: error: 'UIView' is unavailable in watchOS
open class MarqueeTextView: UIView {
^~~~~~
/Applications/Xcode-26.4.0.app/Contents/Developer/Platforms/WatchOS.platform/Developer/SDKs/WatchOS26.4.sdk/System/Library/Frameworks/UIKit.framework/Headers/UIView.h:148:12: note: 'UIView' has been explicitly marked unavailable here
@interface UIView : UIResponder <NSCoding, UIAppearance, UIAppearanceContainer, UIDynamicItem, UITraitEnvironment, UICoordinateSpace, UIFocusItem, UIFocusItemContainer, CALayerDelegate>
^
Failed frontend command:
/Applications/Xcode-26.4.0.app/Contents/Developer/Toolchains/XcodeDefault.xctoolchain/usr/bin/swift-frontend -frontend -emit-module -experimental-skip-non-inlinable-function-bodies-without-types /Users/admin/builder/spi-builder-workspace/Sources/MarqueeKit/Components/MarqueeBanner.swift /Users/admin/builder/spi-builder-workspace/Sources/MarqueeKit/Components/MarqueeContent.swift /Users/admin/builder/spi-builder-workspace/Sources/MarqueeKit/Components/MarqueeText.swift /Users/admin/builder/spi-builder-workspace/Sources/MarqueeKit/Components/MarqueeTicker.swift /Users/admin/builder/spi-builder-workspace/Sources/MarqueeKit/Core/MarqueeEngine.swift /Users/admin/builder/spi-builder-workspace/Sources/MarqueeKit/Core/ReadingModeAnalyzer.swift /Users/admin/builder/spi-builder-workspace/Sources/MarqueeKit/Core/SpeedCalculator.swift /Users/admin/builder/spi-builder-workspace/Sources/MarqueeKit/Effects/EffectModifiers.swift /Users/admin/builder/spi-builder-workspace/Sources/MarqueeKit/Group/MarqueeGroup.swift /Users/admin/builder/spi-builder-workspace/Sources/MarqueeKit/Group/MarqueeSyncController.swift /Users/admin/builder/spi-builder-workspace/Sources/MarqueeKit/Internal/HapticsEngine.swift /Users/admin/builder/spi-builder-workspace/Sources/MarqueeKit/Internal/MarqueeScrollCore.swift /Users/admin/builder/spi-builder-workspace/Sources/MarqueeKit/Internal/SizeTracker.swift /Users/admin/builder/spi-builder-workspace/Sources/MarqueeKit/MarqueeKit.swift /Users/admin/builder/spi-builder-workspace/Sources/MarqueeKit/Modifiers/ViewModifiers.swift /Users/admin/builder/spi-builder-workspace/Sources/MarqueeKit/Types/MarqueeConfiguration.swift /Users/admin/builder/spi-builder-workspace/Sources/MarqueeKit/Types/MarqueeDirection.swift /Users/admin/builder/spi-builder-workspace/Sources/MarqueeKit/Types/MarqueeEffect.swift /Users/admin/builder/spi-builder-workspace/Sources/MarqueeKit/Types/MarqueeHaptics.swift /Users/admin/builder/spi-builder-workspace/Sources/MarqueeKit/Types/MarqueeReadingMode.swift /Users/admin/builder/spi-builder-workspace/Sources/MarqueeKit/Types/MarqueeSpeed.swift /Users/admin/builder/spi-builder-workspace/Sources/MarqueeKit/Types/MarqueeTheme.swift /Users/admin/builder/spi-builder-workspace/Sources/MarqueeKit/Types/MarqueeTrigger.swift /Users/admin/builder/spi-builder-workspace/Sources/MarqueeKit/UIKit/MarqueeHostingView.swift /Users/admin/builder/spi-builder-workspace/Sources/MarqueeKit/UIKit/MarqueeTextView.swift -target arm64-apple-watchos10.0 -module-can-import-version UIKit 9126.4.27.1 9126.4.27 -load-resolved-plugin /Applications/Xcode-26.4.0.app/Contents/Developer/Platforms/WatchOS.platform/Developer/usr/lib/swift/host/plugins/libFoundationMacros.dylib\#/Applications/Xcode-26.4.0.app/Contents/Developer/Platforms/WatchOS.platform/Developer/usr/bin/swift-plugin-server\#FoundationMacros -load-resolved-plugin /Applications/Xcode-26.4.0.app/Contents/Developer/Platforms/WatchOS.platform/Developer/usr/lib/swift/host/plugins/libObservationMacros.dylib\#/Applications/Xcode-26.4.0.app/Contents/Developer/Platforms/WatchOS.platform/Developer/usr/bin/swift-plugin-server\#ObservationMacros -load-resolved-plugin /Applications/Xcode-26.4.0.app/Contents/Developer/Platforms/WatchOS.platform/Developer/usr/lib/swift/host/plugins/libPreviewsMacros.dylib\#/Applications/Xcode-26.4.0.app/Contents/Developer/Platforms/WatchOS.platform/Developer/usr/bin/swift-plugin-server\#PreviewsMacros -load-resolved-plugin /Applications/Xcode-26.4.0.app/Contents/Developer/Platforms/WatchOS.platform/Developer/usr/lib/swift/host/plugins/libSwiftMacros.dylib\#/Applications/Xcode-26.4.0.app/Contents/Developer/Platforms/WatchOS.platform/Developer/usr/bin/swift-plugin-server\#SwiftMacros -load-resolved-plugin /Applications/Xcode-26.4.0.app/Contents/Developer/Platforms/WatchOS.platform/Developer/usr/lib/swift/host/plugins/libSwiftUIMacros.dylib\#/Applications/Xcode-26.4.0.app/Contents/Developer/Platforms/WatchOS.platform/Developer/usr/bin/swift-plugin-server\#SwiftUIMacros -disable-implicit-swift-modules -Xcc -fno-implicit-modules -Xcc -fno-implicit-module-maps -explicit-swift-module-map-file /Users/admin/builder/spi-builder-workspace/.derivedData/Build/Intermediates.noindex/MarqueeKit.build/Debug-watchos/MarqueeKit.build/Objects-normal/arm64/MarqueeKit-dependencies-2.json -Xllvm -aarch64-use-tbi -enable-objc-interop -stack-check -sdk /Applications/Xcode-26.4.0.app/Contents/Developer/Platforms/WatchOS.platform/Developer/SDKs/WatchOS26.4.sdk -I /Users/admin/builder/spi-builder-workspace/.derivedData/Build/Products/Debug-watchos -Isystem /Applications/Xcode-26.4.0.app/Contents/Developer/Platforms/WatchOS.platform/Developer/usr/lib -F /Users/admin/builder/spi-builder-workspace/.derivedData/Build/Products/Debug-watchos -F /Applications/Xcode-26.4.0.app/Contents/Developer/Platforms/WatchOS.platform/Developer/Library/Frameworks -F /Applications/Xcode-26.4.0.app/Contents/Developer/Platforms/WatchOS.platform/Developer/SDKs/WatchOS26.4.sdk/Developer/Library/Frameworks -no-color-diagnostics -Xcc -fno-color-diagnostics -enable-testing -g -debug-info-format\=dwarf -dwarf-version\=4 -module-cache-path /Users/admin/builder/spi-builder-workspace/.derivedData/Build/Intermediates.noindex/SwiftExplicitPrecompiledModules -profile-generate -profile-coverage-mapping -swift-version 5 -Onone -D SWIFT_PACKAGE -D DEBUG -D SWIFT_MODULE_RESOURCE_BUNDLE_UNAVAILABLE -D Xcode -serialize-debugging-options -const-gather-protocols-file /Users/admin/builder/spi-builder-workspace/.derivedData/Build/Intermediates.noindex/MarqueeKit.build/Debug-watchos/MarqueeKit.build/Objects-normal/arm64/MarqueeKit_const_extract_protocols.json -enable-experimental-feature StrictConcurrency -enable-experimental-feature DebugDescriptionMacro -empty-abi-descriptor -validate-clang-modules-once -clang-build-session-file /Users/admin/builder/spi-builder-workspace/.derivedData/ModuleCache.noindex/Session.modulevalidation -Xcc -working-directory -Xcc /Users/admin/builder/spi-builder-workspace/.swiftpm/xcode -enable-anonymous-context-mangled-names -file-compilation-dir /Users/admin/builder/spi-builder-workspace/.swiftpm/xcode -Xcc -D_LIBCPP_HARDENING_MODE\=_LIBCPP_HARDENING_MODE_DEBUG -Xcc -ivfsstatcache -Xcc /Users/admin/builder/spi-builder-workspace/.derivedData/SDKStatCaches.noindex/watchos26.4-23T238-688ef53f1462e2c8f657fdc38a81448f9e51884a582f42380855760c9d4cc599.sdkstatcache -Xcc -I/Users/admin/builder/spi-builder-workspace/.derivedData/Build/Intermediates.noindex/MarqueeKit.build/Debug-watchos/MarqueeKit.build/swift-overrides.hmap -Xcc -I/Users/admin/builder/spi-builder-workspace/.derivedData/Build/Products/Debug-watchos/include -Xcc -I/Users/admin/builder/spi-builder-workspace/.derivedData/Build/Intermediates.noindex/MarqueeKit.build/Debug-watchos/MarqueeKit.build/DerivedSources-normal/arm64 -Xcc -I/Users/admin/builder/spi-builder-workspace/.derivedData/Build/Intermediates.noindex/MarqueeKit.build/Debug-watchos/MarqueeKit.build/DerivedSources/arm64 -Xcc -I/Users/admin/builder/spi-builder-workspace/.derivedData/Build/Intermediates.noindex/MarqueeKit.build/Debug-watchos/MarqueeKit.build/DerivedSources -Xcc -DSWIFT_PACKAGE -Xcc -DDEBUG\=1 -no-auto-bridging-header-chaining -module-name MarqueeKit -package-name spi_builder_workspace -frontend-parseable-output -disable-clang-spi -clang-target arm64-apple-watchos26.4 -target-sdk-version 26.4 -target-sdk-name watchos26.4 -in-process-plugin-server-path /Applications/Xcode-26.4.0.app/Contents/Developer/Toolchains/XcodeDefault.xctoolchain/usr/lib/swift/host/libSwiftInProcPluginServer.dylib -emit-module-doc-path /Users/admin/builder/spi-builder-workspace/.derivedData/Build/Intermediates.noindex/MarqueeKit.build/Debug-watchos/MarqueeKit.build/Objects-normal/arm64/MarqueeKit.swiftdoc -emit-module-source-info-path /Users/admin/builder/spi-builder-workspace/.derivedData/Build/Intermediates.noindex/MarqueeKit.build/Debug-watchos/MarqueeKit.build/Objects-normal/arm64/MarqueeKit.swiftsourceinfo -emit-objc-header-path /Users/admin/builder/spi-builder-workspace/.derivedData/Build/Intermediates.noindex/MarqueeKit.build/Debug-watchos/MarqueeKit.build/Objects-normal/arm64/MarqueeKit-Swift.h -serialize-diagnostics-path /Users/admin/builder/spi-builder-workspace/.derivedData/Build/Intermediates.noindex/MarqueeKit.build/Debug-watchos/MarqueeKit.build/Objects-normal/arm64/MarqueeKit-primary-emit-module.dia -emit-dependencies-path /Users/admin/builder/spi-builder-workspace/.derivedData/Build/Intermediates.noindex/MarqueeKit.build/Debug-watchos/MarqueeKit.build/Objects-normal/arm64/MarqueeKit-primary-emit-module.d -o /Users/admin/builder/spi-builder-workspace/.derivedData/Build/Intermediates.noindex/MarqueeKit.build/Debug-watchos/MarqueeKit.build/Objects-normal/arm64/MarqueeKit.swiftmodule -emit-abi-descriptor-path /Users/admin/builder/spi-builder-workspace/.derivedData/Build/Intermediates.noindex/MarqueeKit.build/Debug-watchos/MarqueeKit.build/Objects-normal/arm64/MarqueeKit.abi.json
SwiftCompile normal arm64 Compiling\ MarqueeHostingView.swift,\ MarqueeTextView.swift /Users/admin/builder/spi-builder-workspace/Sources/MarqueeKit/UIKit/MarqueeHostingView.swift /Users/admin/builder/spi-builder-workspace/Sources/MarqueeKit/UIKit/MarqueeTextView.swift (in target 'MarqueeKit' from project 'MarqueeKit')
SwiftCompile normal arm64 /Users/admin/builder/spi-builder-workspace/Sources/MarqueeKit/UIKit/MarqueeHostingView.swift (in target 'MarqueeKit' from project 'MarqueeKit')
cd /Users/admin/builder/spi-builder-workspace/.swiftpm/xcode
SwiftCompile normal arm64 /Users/admin/builder/spi-builder-workspace/Sources/MarqueeKit/UIKit/MarqueeTextView.swift (in target 'MarqueeKit' from project 'MarqueeKit')
cd /Users/admin/builder/spi-builder-workspace/.swiftpm/xcode
SwiftCompile normal arm64 Compiling\ MarqueeTheme.swift,\ MarqueeTrigger.swift /Users/admin/builder/spi-builder-workspace/Sources/MarqueeKit/Types/MarqueeTheme.swift /Users/admin/builder/spi-builder-workspace/Sources/MarqueeKit/Types/MarqueeTrigger.swift (in target 'MarqueeKit' from project 'MarqueeKit')
SwiftCompile normal arm64 /Users/admin/builder/spi-builder-workspace/Sources/MarqueeKit/Types/MarqueeTheme.swift (in target 'MarqueeKit' from project 'MarqueeKit')
cd /Users/admin/builder/spi-builder-workspace/.swiftpm/xcode
SwiftCompile normal arm64 /Users/admin/builder/spi-builder-workspace/Sources/MarqueeKit/Types/MarqueeTrigger.swift (in target 'MarqueeKit' from project 'MarqueeKit')
cd /Users/admin/builder/spi-builder-workspace/.swiftpm/xcode
SwiftCompile normal arm64 Compiling\ MarqueeTicker.swift,\ MarqueeEngine.swift,\ ReadingModeAnalyzer.swift /Users/admin/builder/spi-builder-workspace/Sources/MarqueeKit/Components/MarqueeTicker.swift /Users/admin/builder/spi-builder-workspace/Sources/MarqueeKit/Core/MarqueeEngine.swift /Users/admin/builder/spi-builder-workspace/Sources/MarqueeKit/Core/ReadingModeAnalyzer.swift (in target 'MarqueeKit' from project 'MarqueeKit')
SwiftCompile normal arm64 /Users/admin/builder/spi-builder-workspace/Sources/MarqueeKit/Components/MarqueeTicker.swift (in target 'MarqueeKit' from project 'MarqueeKit')
cd /Users/admin/builder/spi-builder-workspace/.swiftpm/xcode
SwiftCompile normal arm64 /Users/admin/builder/spi-builder-workspace/Sources/MarqueeKit/Core/MarqueeEngine.swift (in target 'MarqueeKit' from project 'MarqueeKit')
cd /Users/admin/builder/spi-builder-workspace/.swiftpm/xcode
SwiftCompile normal arm64 /Users/admin/builder/spi-builder-workspace/Sources/MarqueeKit/Core/ReadingModeAnalyzer.swift (in target 'MarqueeKit' from project 'MarqueeKit')
cd /Users/admin/builder/spi-builder-workspace/.swiftpm/xcode
SwiftCompile normal arm64 Compiling\ MarqueeReadingMode.swift,\ MarqueeSpeed.swift /Users/admin/builder/spi-builder-workspace/Sources/MarqueeKit/Types/MarqueeReadingMode.swift /Users/admin/builder/spi-builder-workspace/Sources/MarqueeKit/Types/MarqueeSpeed.swift (in target 'MarqueeKit' from project 'MarqueeKit')
SwiftCompile normal arm64 /Users/admin/builder/spi-builder-workspace/Sources/MarqueeKit/Types/MarqueeReadingMode.swift (in target 'MarqueeKit' from project 'MarqueeKit')
cd /Users/admin/builder/spi-builder-workspace/.swiftpm/xcode
SwiftCompile normal arm64 /Users/admin/builder/spi-builder-workspace/Sources/MarqueeKit/Types/MarqueeSpeed.swift (in target 'MarqueeKit' from project 'MarqueeKit')
cd /Users/admin/builder/spi-builder-workspace/.swiftpm/xcode
SwiftCompile normal arm64 Compiling\ SizeTracker.swift,\ MarqueeKit.swift,\ ViewModifiers.swift /Users/admin/builder/spi-builder-workspace/Sources/MarqueeKit/Internal/SizeTracker.swift /Users/admin/builder/spi-builder-workspace/Sources/MarqueeKit/MarqueeKit.swift /Users/admin/builder/spi-builder-workspace/Sources/MarqueeKit/Modifiers/ViewModifiers.swift (in target 'MarqueeKit' from project 'MarqueeKit')
SwiftCompile normal arm64 /Users/admin/builder/spi-builder-workspace/Sources/MarqueeKit/Internal/SizeTracker.swift (in target 'MarqueeKit' from project 'MarqueeKit')
cd /Users/admin/builder/spi-builder-workspace/.swiftpm/xcode
SwiftCompile normal arm64 /Users/admin/builder/spi-builder-workspace/Sources/MarqueeKit/MarqueeKit.swift (in target 'MarqueeKit' from project 'MarqueeKit')
cd /Users/admin/builder/spi-builder-workspace/.swiftpm/xcode
SwiftCompile normal arm64 /Users/admin/builder/spi-builder-workspace/Sources/MarqueeKit/Modifiers/ViewModifiers.swift (in target 'MarqueeKit' from project 'MarqueeKit')
cd /Users/admin/builder/spi-builder-workspace/.swiftpm/xcode
SwiftCompile normal arm64 Compiling\ SpeedCalculator.swift,\ EffectModifiers.swift,\ MarqueeGroup.swift /Users/admin/builder/spi-builder-workspace/Sources/MarqueeKit/Core/SpeedCalculator.swift /Users/admin/builder/spi-builder-workspace/Sources/MarqueeKit/Effects/EffectModifiers.swift /Users/admin/builder/spi-builder-workspace/Sources/MarqueeKit/Group/MarqueeGroup.swift (in target 'MarqueeKit' from project 'MarqueeKit')
SwiftCompile normal arm64 /Users/admin/builder/spi-builder-workspace/Sources/MarqueeKit/Core/SpeedCalculator.swift (in target 'MarqueeKit' from project 'MarqueeKit')
cd /Users/admin/builder/spi-builder-workspace/.swiftpm/xcode
SwiftCompile normal arm64 /Users/admin/builder/spi-builder-workspace/Sources/MarqueeKit/Effects/EffectModifiers.swift (in target 'MarqueeKit' from project 'MarqueeKit')
cd /Users/admin/builder/spi-builder-workspace/.swiftpm/xcode
SwiftCompile normal arm64 /Users/admin/builder/spi-builder-workspace/Sources/MarqueeKit/Group/MarqueeGroup.swift (in target 'MarqueeKit' from project 'MarqueeKit')
cd /Users/admin/builder/spi-builder-workspace/.swiftpm/xcode
SwiftCompile normal arm64 Compiling\ MarqueeEffect.swift,\ MarqueeHaptics.swift /Users/admin/builder/spi-builder-workspace/Sources/MarqueeKit/Types/MarqueeEffect.swift /Users/admin/builder/spi-builder-workspace/Sources/MarqueeKit/Types/MarqueeHaptics.swift (in target 'MarqueeKit' from project 'MarqueeKit')
SwiftCompile normal arm64 /Users/admin/builder/spi-builder-workspace/Sources/MarqueeKit/Types/MarqueeEffect.swift (in target 'MarqueeKit' from project 'MarqueeKit')
cd /Users/admin/builder/spi-builder-workspace/.swiftpm/xcode
SwiftCompile normal arm64 /Users/admin/builder/spi-builder-workspace/Sources/MarqueeKit/Types/MarqueeHaptics.swift (in target 'MarqueeKit' from project 'MarqueeKit')
cd /Users/admin/builder/spi-builder-workspace/.swiftpm/xcode
SwiftCompile normal arm64 Compiling\ MarqueeBanner.swift,\ MarqueeContent.swift,\ MarqueeText.swift /Users/admin/builder/spi-builder-workspace/Sources/MarqueeKit/Components/MarqueeBanner.swift /Users/admin/builder/spi-builder-workspace/Sources/MarqueeKit/Components/MarqueeContent.swift /Users/admin/builder/spi-builder-workspace/Sources/MarqueeKit/Components/MarqueeText.swift (in target 'MarqueeKit' from project 'MarqueeKit')
SwiftCompile normal arm64 /Users/admin/builder/spi-builder-workspace/Sources/MarqueeKit/Components/MarqueeBanner.swift (in target 'MarqueeKit' from project 'MarqueeKit')
cd /Users/admin/builder/spi-builder-workspace/.swiftpm/xcode
SwiftCompile normal arm64 /Users/admin/builder/spi-builder-workspace/Sources/MarqueeKit/Components/MarqueeContent.swift (in target 'MarqueeKit' from project 'MarqueeKit')
cd /Users/admin/builder/spi-builder-workspace/.swiftpm/xcode
SwiftCompile normal arm64 /Users/admin/builder/spi-builder-workspace/Sources/MarqueeKit/Components/MarqueeText.swift (in target 'MarqueeKit' from project 'MarqueeKit')
cd /Users/admin/builder/spi-builder-workspace/.swiftpm/xcode
SwiftCompile normal arm64 Compiling\ MarqueeConfiguration.swift,\ MarqueeDirection.swift /Users/admin/builder/spi-builder-workspace/Sources/MarqueeKit/Types/MarqueeConfiguration.swift /Users/admin/builder/spi-builder-workspace/Sources/MarqueeKit/Types/MarqueeDirection.swift (in target 'MarqueeKit' from project 'MarqueeKit')
SwiftCompile normal arm64 /Users/admin/builder/spi-builder-workspace/Sources/MarqueeKit/Types/MarqueeConfiguration.swift (in target 'MarqueeKit' from project 'MarqueeKit')
cd /Users/admin/builder/spi-builder-workspace/.swiftpm/xcode
SwiftCompile normal arm64 /Users/admin/builder/spi-builder-workspace/Sources/MarqueeKit/Types/MarqueeDirection.swift (in target 'MarqueeKit' from project 'MarqueeKit')
cd /Users/admin/builder/spi-builder-workspace/.swiftpm/xcode
SwiftExplicitDependencyGeneratePcm arm64_32 /Users/admin/builder/spi-builder-workspace/.derivedData/ModuleCache.noindex/SwiftUI-AEO5BILCDFD91YRNCNOK0QG3V.pcm
2026-07-12 08:03:12.103 xcodebuild[732:4387] [MT] IDERunDestination: Supported platforms for the buildables in the current scheme is empty.
** BUILD FAILED **
The following build commands failed:
EmitSwiftModule normal arm64 (in target 'MarqueeKit' from project 'MarqueeKit')
SwiftEmitModule normal arm64 Emitting\ module\ for\ MarqueeKit (in target 'MarqueeKit' from project 'MarqueeKit')
Building workspace spi-builder-workspace with scheme MarqueeKit
(3 failures)
Command line invocation:
/Applications/Xcode-26.4.0.app/Contents/Developer/usr/bin/xcodebuild -IDEClonedSourcePackagesDirPathOverride=/Users/admin/builder/spi-builder-workspace/.dependencies -resolvePackageDependencies
Resolve Package Graph
Resolved source packages:
MarqueeKit: /Users/admin/builder/spi-builder-workspace
resolved source packages: MarqueeKit
2026-07-12 08:03:21.414 xcodebuild[873:4930] [MT] IDERunDestination: Supported platforms for the buildables in the current scheme is empty.
{
"dependencies" : [
],
"manifest_display_name" : "MarqueeKit",
"name" : "MarqueeKit",
"path" : "/Users/admin/builder/spi-builder-workspace",
"platforms" : [
{
"name" : "ios",
"version" : "17.0"
},
{
"name" : "macos",
"version" : "14.0"
},
{
"name" : "tvos",
"version" : "17.0"
}
],
"products" : [
{
"name" : "MarqueeKit",
"targets" : [
"MarqueeKit"
],
"type" : {
"library" : [
"automatic"
]
}
}
],
"targets" : [
{
"c99name" : "MarqueeKitTests",
"module_type" : "SwiftTarget",
"name" : "MarqueeKitTests",
"path" : "Tests/MarqueeKitTests",
"sources" : [
"EdgeCaseTests.swift",
"MarqueeConfigurationTests.swift",
"ReadingModeAnalyzerTests.swift",
"SpeedCalculatorTests.swift"
],
"target_dependencies" : [
"MarqueeKit"
],
"type" : "test"
},
{
"c99name" : "MarqueeKit",
"module_type" : "SwiftTarget",
"name" : "MarqueeKit",
"path" : "Sources/MarqueeKit",
"product_memberships" : [
"MarqueeKit"
],
"sources" : [
"Components/MarqueeBanner.swift",
"Components/MarqueeContent.swift",
"Components/MarqueeText.swift",
"Components/MarqueeTicker.swift",
"Core/MarqueeEngine.swift",
"Core/ReadingModeAnalyzer.swift",
"Core/SpeedCalculator.swift",
"Effects/EffectModifiers.swift",
"Group/MarqueeGroup.swift",
"Group/MarqueeSyncController.swift",
"Internal/HapticsEngine.swift",
"Internal/MarqueeScrollCore.swift",
"Internal/SizeTracker.swift",
"MarqueeKit.swift",
"Modifiers/ViewModifiers.swift",
"Types/MarqueeConfiguration.swift",
"Types/MarqueeDirection.swift",
"Types/MarqueeEffect.swift",
"Types/MarqueeHaptics.swift",
"Types/MarqueeReadingMode.swift",
"Types/MarqueeSpeed.swift",
"Types/MarqueeTheme.swift",
"Types/MarqueeTrigger.swift",
"UIKit/MarqueeHostingView.swift",
"UIKit/MarqueeTextView.swift"
],
"type" : "library"
}
],
"tools_version" : "5.9"
}
{
"workspace" : {
"name" : "spi-builder-workspace",
"schemes" : [
"MarqueeKit"
]
}
}
2026-07-12 08:03:22.565 xcodebuild[883:5012] [MT] IDERunDestination: Supported platforms for the buildables in the current scheme is empty.
Running build ...
env DEVELOPER_DIR=/Applications/Xcode-26.4.0.app xcrun xcodebuild -IDEClonedSourcePackagesDirPathOverride=$PWD/.dependencies -skipMacroValidation -skipPackagePluginValidation -derivedDataPath $PWD/.derivedData build -scheme MarqueeKit -destination generic/platform=watchOS
Command line invocation:
/Applications/Xcode-26.4.0.app/Contents/Developer/usr/bin/xcodebuild -IDEClonedSourcePackagesDirPathOverride=/Users/admin/builder/spi-builder-workspace/.dependencies -skipMacroValidation -skipPackagePluginValidation -derivedDataPath /Users/admin/builder/spi-builder-workspace/.derivedData build -scheme MarqueeKit -destination generic/platform=watchOS
Resolve Package Graph
Resolved source packages:
MarqueeKit: /Users/admin/builder/spi-builder-workspace
ComputePackagePrebuildTargetDependencyGraph
Prepare packages
CreateBuildRequest
SendProjectDescription
CreateBuildOperation
ComputeTargetDependencyGraph
note: Building targets in dependency order
note: Target dependency graph (2 targets)
Target 'MarqueeKit' in project 'MarqueeKit'
➜ Explicit dependency on target 'MarqueeKit' in project 'MarqueeKit'
Target 'MarqueeKit' in project 'MarqueeKit' (no dependencies)
GatherProvisioningInputs
CreateBuildDescription
ClangStatCache /Applications/Xcode-26.4.0.app/Contents/Developer/Toolchains/XcodeDefault.xctoolchain/usr/bin/clang-stat-cache /Applications/Xcode-26.4.0.app/Contents/Developer/Platforms/WatchOS.platform/Developer/SDKs/WatchOS26.4.sdk /Users/admin/builder/spi-builder-workspace/.derivedData/SDKStatCaches.noindex/watchos26.4-23T238-688ef53f1462e2c8f657fdc38a81448f9e51884a582f42380855760c9d4cc599.sdkstatcache
cd /Users/admin/builder/spi-builder-workspace/.swiftpm/xcode
/Applications/Xcode-26.4.0.app/Contents/Developer/Toolchains/XcodeDefault.xctoolchain/usr/bin/clang-stat-cache /Applications/Xcode-26.4.0.app/Contents/Developer/Platforms/WatchOS.platform/Developer/SDKs/WatchOS26.4.sdk -o /Users/admin/builder/spi-builder-workspace/.derivedData/SDKStatCaches.noindex/watchos26.4-23T238-688ef53f1462e2c8f657fdc38a81448f9e51884a582f42380855760c9d4cc599.sdkstatcache
SwiftDriver MarqueeKit normal arm64_32 com.apple.xcode.tools.swift.compiler (in target 'MarqueeKit' from project 'MarqueeKit')
cd /Users/admin/builder/spi-builder-workspace/.swiftpm/xcode
builtin-SwiftDriver -- /Applications/Xcode-26.4.0.app/Contents/Developer/Toolchains/XcodeDefault.xctoolchain/usr/bin/swiftc -module-name MarqueeKit -Onone @/Users/admin/builder/spi-builder-workspace/.derivedData/Build/Intermediates.noindex/MarqueeKit.build/Debug-watchos/MarqueeKit.build/Objects-normal/arm64_32/MarqueeKit.SwiftFileList -DSWIFT_PACKAGE -DDEBUG -DSWIFT_MODULE_RESOURCE_BUNDLE_UNAVAILABLE -DXcode -enable-experimental-feature StrictConcurrency -plugin-path /Applications/Xcode-26.4.0.app/Contents/Developer/Toolchains/XcodeDefault.xctoolchain/usr/lib/swift/host/plugins/testing -enable-experimental-feature DebugDescriptionMacro -sdk /Applications/Xcode-26.4.0.app/Contents/Developer/Platforms/WatchOS.platform/Developer/SDKs/WatchOS26.4.sdk -target arm64_32-apple-watchos10.0 -g -module-cache-path /Users/admin/builder/spi-builder-workspace/.derivedData/ModuleCache.noindex -Xfrontend -serialize-debugging-options -profile-coverage-mapping -profile-generate -enable-testing -index-store-path /Users/admin/builder/spi-builder-workspace/.derivedData/Index.noindex/DataStore -Xcc -D_LIBCPP_HARDENING_MODE\=_LIBCPP_HARDENING_MODE_DEBUG -swift-version 5 -I /Users/admin/builder/spi-builder-workspace/.derivedData/Build/Products/Debug-watchos -Isystem /Applications/Xcode-26.4.0.app/Contents/Developer/Platforms/WatchOS.platform/Developer/usr/lib -F /Users/admin/builder/spi-builder-workspace/.derivedData/Build/Products/Debug-watchos -F /Applications/Xcode-26.4.0.app/Contents/Developer/Platforms/WatchOS.platform/Developer/Library/Frameworks -F /Applications/Xcode-26.4.0.app/Contents/Developer/Platforms/WatchOS.platform/Developer/SDKs/WatchOS26.4.sdk/Developer/Library/Frameworks -c -j10 -enable-batch-mode -incremental -Xcc -ivfsstatcache -Xcc /Users/admin/builder/spi-builder-workspace/.derivedData/SDKStatCaches.noindex/watchos26.4-23T238-688ef53f1462e2c8f657fdc38a81448f9e51884a582f42380855760c9d4cc599.sdkstatcache -output-file-map /Users/admin/builder/spi-builder-workspace/.derivedData/Build/Intermediates.noindex/MarqueeKit.build/Debug-watchos/MarqueeKit.build/Objects-normal/arm64_32/MarqueeKit-OutputFileMap.json -use-frontend-parseable-output -save-temps -no-color-diagnostics -explicit-module-build -module-cache-path /Users/admin/builder/spi-builder-workspace/.derivedData/Build/Intermediates.noindex/SwiftExplicitPrecompiledModules -clang-scanner-module-cache-path /Users/admin/builder/spi-builder-workspace/.derivedData/ModuleCache.noindex -sdk-module-cache-path /Users/admin/builder/spi-builder-workspace/.derivedData/ModuleCache.noindex -serialize-diagnostics -emit-dependencies -emit-module -emit-module-path /Users/admin/builder/spi-builder-workspace/.derivedData/Build/Intermediates.noindex/MarqueeKit.build/Debug-watchos/MarqueeKit.build/Objects-normal/arm64_32/MarqueeKit.swiftmodule -validate-clang-modules-once -clang-build-session-file /Users/admin/builder/spi-builder-workspace/.derivedData/ModuleCache.noindex/Session.modulevalidation -package-name spi_builder_workspace -Xcc -I/Users/admin/builder/spi-builder-workspace/.derivedData/Build/Intermediates.noindex/MarqueeKit.build/Debug-watchos/MarqueeKit.build/swift-overrides.hmap -emit-const-values -Xfrontend -const-gather-protocols-file -Xfrontend /Users/admin/builder/spi-builder-workspace/.derivedData/Build/Intermediates.noindex/MarqueeKit.build/Debug-watchos/MarqueeKit.build/Objects-normal/arm64_32/MarqueeKit_const_extract_protocols.json -Xcc -I/Users/admin/builder/spi-builder-workspace/.derivedData/Build/Products/Debug-watchos/include -Xcc -I/Users/admin/builder/spi-builder-workspace/.derivedData/Build/Intermediates.noindex/MarqueeKit.build/Debug-watchos/MarqueeKit.build/DerivedSources-normal/arm64_32 -Xcc -I/Users/admin/builder/spi-builder-workspace/.derivedData/Build/Intermediates.noindex/MarqueeKit.build/Debug-watchos/MarqueeKit.build/DerivedSources/arm64_32 -Xcc -I/Users/admin/builder/spi-builder-workspace/.derivedData/Build/Intermediates.noindex/MarqueeKit.build/Debug-watchos/MarqueeKit.build/DerivedSources -Xcc -DSWIFT_PACKAGE -Xcc -DDEBUG\=1 -emit-objc-header -emit-objc-header-path /Users/admin/builder/spi-builder-workspace/.derivedData/Build/Intermediates.noindex/MarqueeKit.build/Debug-watchos/MarqueeKit.build/Objects-normal/arm64_32/MarqueeKit-Swift.h -working-directory /Users/admin/builder/spi-builder-workspace/.swiftpm/xcode -experimental-emit-module-separately -disable-cmo
SwiftDriver MarqueeKit normal arm64 com.apple.xcode.tools.swift.compiler (in target 'MarqueeKit' from project 'MarqueeKit')
cd /Users/admin/builder/spi-builder-workspace/.swiftpm/xcode
builtin-SwiftDriver -- /Applications/Xcode-26.4.0.app/Contents/Developer/Toolchains/XcodeDefault.xctoolchain/usr/bin/swiftc -module-name MarqueeKit -Onone @/Users/admin/builder/spi-builder-workspace/.derivedData/Build/Intermediates.noindex/MarqueeKit.build/Debug-watchos/MarqueeKit.build/Objects-normal/arm64/MarqueeKit.SwiftFileList -DSWIFT_PACKAGE -DDEBUG -DSWIFT_MODULE_RESOURCE_BUNDLE_UNAVAILABLE -DXcode -enable-experimental-feature StrictConcurrency -plugin-path /Applications/Xcode-26.4.0.app/Contents/Developer/Toolchains/XcodeDefault.xctoolchain/usr/lib/swift/host/plugins/testing -enable-experimental-feature DebugDescriptionMacro -sdk /Applications/Xcode-26.4.0.app/Contents/Developer/Platforms/WatchOS.platform/Developer/SDKs/WatchOS26.4.sdk -target arm64-apple-watchos10.0 -g -module-cache-path /Users/admin/builder/spi-builder-workspace/.derivedData/ModuleCache.noindex -Xfrontend -serialize-debugging-options -profile-coverage-mapping -profile-generate -enable-testing -index-store-path /Users/admin/builder/spi-builder-workspace/.derivedData/Index.noindex/DataStore -Xcc -D_LIBCPP_HARDENING_MODE\=_LIBCPP_HARDENING_MODE_DEBUG -swift-version 5 -I /Users/admin/builder/spi-builder-workspace/.derivedData/Build/Products/Debug-watchos -Isystem /Applications/Xcode-26.4.0.app/Contents/Developer/Platforms/WatchOS.platform/Developer/usr/lib -F /Users/admin/builder/spi-builder-workspace/.derivedData/Build/Products/Debug-watchos -F /Applications/Xcode-26.4.0.app/Contents/Developer/Platforms/WatchOS.platform/Developer/Library/Frameworks -F /Applications/Xcode-26.4.0.app/Contents/Developer/Platforms/WatchOS.platform/Developer/SDKs/WatchOS26.4.sdk/Developer/Library/Frameworks -c -j10 -enable-batch-mode -incremental -Xcc -ivfsstatcache -Xcc /Users/admin/builder/spi-builder-workspace/.derivedData/SDKStatCaches.noindex/watchos26.4-23T238-688ef53f1462e2c8f657fdc38a81448f9e51884a582f42380855760c9d4cc599.sdkstatcache -output-file-map /Users/admin/builder/spi-builder-workspace/.derivedData/Build/Intermediates.noindex/MarqueeKit.build/Debug-watchos/MarqueeKit.build/Objects-normal/arm64/MarqueeKit-OutputFileMap.json -use-frontend-parseable-output -save-temps -no-color-diagnostics -explicit-module-build -module-cache-path /Users/admin/builder/spi-builder-workspace/.derivedData/Build/Intermediates.noindex/SwiftExplicitPrecompiledModules -clang-scanner-module-cache-path /Users/admin/builder/spi-builder-workspace/.derivedData/ModuleCache.noindex -sdk-module-cache-path /Users/admin/builder/spi-builder-workspace/.derivedData/ModuleCache.noindex -serialize-diagnostics -emit-dependencies -emit-module -emit-module-path /Users/admin/builder/spi-builder-workspace/.derivedData/Build/Intermediates.noindex/MarqueeKit.build/Debug-watchos/MarqueeKit.build/Objects-normal/arm64/MarqueeKit.swiftmodule -validate-clang-modules-once -clang-build-session-file /Users/admin/builder/spi-builder-workspace/.derivedData/ModuleCache.noindex/Session.modulevalidation -package-name spi_builder_workspace -Xcc -I/Users/admin/builder/spi-builder-workspace/.derivedData/Build/Intermediates.noindex/MarqueeKit.build/Debug-watchos/MarqueeKit.build/swift-overrides.hmap -emit-const-values -Xfrontend -const-gather-protocols-file -Xfrontend /Users/admin/builder/spi-builder-workspace/.derivedData/Build/Intermediates.noindex/MarqueeKit.build/Debug-watchos/MarqueeKit.build/Objects-normal/arm64/MarqueeKit_const_extract_protocols.json -Xcc -I/Users/admin/builder/spi-builder-workspace/.derivedData/Build/Products/Debug-watchos/include -Xcc -I/Users/admin/builder/spi-builder-workspace/.derivedData/Build/Intermediates.noindex/MarqueeKit.build/Debug-watchos/MarqueeKit.build/DerivedSources-normal/arm64 -Xcc -I/Users/admin/builder/spi-builder-workspace/.derivedData/Build/Intermediates.noindex/MarqueeKit.build/Debug-watchos/MarqueeKit.build/DerivedSources/arm64 -Xcc -I/Users/admin/builder/spi-builder-workspace/.derivedData/Build/Intermediates.noindex/MarqueeKit.build/Debug-watchos/MarqueeKit.build/DerivedSources -Xcc -DSWIFT_PACKAGE -Xcc -DDEBUG\=1 -emit-objc-header -emit-objc-header-path /Users/admin/builder/spi-builder-workspace/.derivedData/Build/Intermediates.noindex/MarqueeKit.build/Debug-watchos/MarqueeKit.build/Objects-normal/arm64/MarqueeKit-Swift.h -working-directory /Users/admin/builder/spi-builder-workspace/.swiftpm/xcode -experimental-emit-module-separately -disable-cmo
SwiftCompile normal arm64 Compiling\ MarqueeTicker.swift,\ MarqueeEngine.swift,\ ReadingModeAnalyzer.swift /Users/admin/builder/spi-builder-workspace/Sources/MarqueeKit/Components/MarqueeTicker.swift /Users/admin/builder/spi-builder-workspace/Sources/MarqueeKit/Core/MarqueeEngine.swift /Users/admin/builder/spi-builder-workspace/Sources/MarqueeKit/Core/ReadingModeAnalyzer.swift (in target 'MarqueeKit' from project 'MarqueeKit')
SwiftCompile normal arm64 /Users/admin/builder/spi-builder-workspace/Sources/MarqueeKit/Components/MarqueeTicker.swift (in target 'MarqueeKit' from project 'MarqueeKit')
cd /Users/admin/builder/spi-builder-workspace/.swiftpm/xcode
SwiftCompile normal arm64 /Users/admin/builder/spi-builder-workspace/Sources/MarqueeKit/Core/MarqueeEngine.swift (in target 'MarqueeKit' from project 'MarqueeKit')
cd /Users/admin/builder/spi-builder-workspace/.swiftpm/xcode
SwiftCompile normal arm64 /Users/admin/builder/spi-builder-workspace/Sources/MarqueeKit/Core/ReadingModeAnalyzer.swift (in target 'MarqueeKit' from project 'MarqueeKit')
cd /Users/admin/builder/spi-builder-workspace/.swiftpm/xcode
SwiftCompile normal arm64 Compiling\ MarqueeBanner.swift,\ MarqueeContent.swift,\ MarqueeText.swift /Users/admin/builder/spi-builder-workspace/Sources/MarqueeKit/Components/MarqueeBanner.swift /Users/admin/builder/spi-builder-workspace/Sources/MarqueeKit/Components/MarqueeContent.swift /Users/admin/builder/spi-builder-workspace/Sources/MarqueeKit/Components/MarqueeText.swift (in target 'MarqueeKit' from project 'MarqueeKit')
SwiftCompile normal arm64 /Users/admin/builder/spi-builder-workspace/Sources/MarqueeKit/Components/MarqueeBanner.swift (in target 'MarqueeKit' from project 'MarqueeKit')
cd /Users/admin/builder/spi-builder-workspace/.swiftpm/xcode
SwiftCompile normal arm64 /Users/admin/builder/spi-builder-workspace/Sources/MarqueeKit/Components/MarqueeContent.swift (in target 'MarqueeKit' from project 'MarqueeKit')
cd /Users/admin/builder/spi-builder-workspace/.swiftpm/xcode
SwiftCompile normal arm64 /Users/admin/builder/spi-builder-workspace/Sources/MarqueeKit/Components/MarqueeText.swift (in target 'MarqueeKit' from project 'MarqueeKit')
cd /Users/admin/builder/spi-builder-workspace/.swiftpm/xcode
SwiftCompile normal arm64 Compiling\ MarqueeReadingMode.swift,\ MarqueeSpeed.swift /Users/admin/builder/spi-builder-workspace/Sources/MarqueeKit/Types/MarqueeReadingMode.swift /Users/admin/builder/spi-builder-workspace/Sources/MarqueeKit/Types/MarqueeSpeed.swift (in target 'MarqueeKit' from project 'MarqueeKit')
SwiftCompile normal arm64 /Users/admin/builder/spi-builder-workspace/Sources/MarqueeKit/Types/MarqueeReadingMode.swift (in target 'MarqueeKit' from project 'MarqueeKit')
cd /Users/admin/builder/spi-builder-workspace/.swiftpm/xcode
SwiftCompile normal arm64 /Users/admin/builder/spi-builder-workspace/Sources/MarqueeKit/Types/MarqueeSpeed.swift (in target 'MarqueeKit' from project 'MarqueeKit')
cd /Users/admin/builder/spi-builder-workspace/.swiftpm/xcode
SwiftCompile normal arm64 Compiling\ MarqueeSyncController.swift,\ HapticsEngine.swift,\ MarqueeScrollCore.swift /Users/admin/builder/spi-builder-workspace/Sources/MarqueeKit/Group/MarqueeSyncController.swift /Users/admin/builder/spi-builder-workspace/Sources/MarqueeKit/Internal/HapticsEngine.swift /Users/admin/builder/spi-builder-workspace/Sources/MarqueeKit/Internal/MarqueeScrollCore.swift (in target 'MarqueeKit' from project 'MarqueeKit')
SwiftCompile normal arm64 /Users/admin/builder/spi-builder-workspace/Sources/MarqueeKit/Group/MarqueeSyncController.swift (in target 'MarqueeKit' from project 'MarqueeKit')
cd /Users/admin/builder/spi-builder-workspace/.swiftpm/xcode
SwiftCompile normal arm64 /Users/admin/builder/spi-builder-workspace/Sources/MarqueeKit/Internal/HapticsEngine.swift (in target 'MarqueeKit' from project 'MarqueeKit')
cd /Users/admin/builder/spi-builder-workspace/.swiftpm/xcode
SwiftCompile normal arm64 /Users/admin/builder/spi-builder-workspace/Sources/MarqueeKit/Internal/MarqueeScrollCore.swift (in target 'MarqueeKit' from project 'MarqueeKit')
cd /Users/admin/builder/spi-builder-workspace/.swiftpm/xcode
SwiftCompile normal arm64 Compiling\ MarqueeEffect.swift,\ MarqueeHaptics.swift /Users/admin/builder/spi-builder-workspace/Sources/MarqueeKit/Types/MarqueeEffect.swift /Users/admin/builder/spi-builder-workspace/Sources/MarqueeKit/Types/MarqueeHaptics.swift (in target 'MarqueeKit' from project 'MarqueeKit')
SwiftCompile normal arm64 /Users/admin/builder/spi-builder-workspace/Sources/MarqueeKit/Types/MarqueeEffect.swift (in target 'MarqueeKit' from project 'MarqueeKit')
cd /Users/admin/builder/spi-builder-workspace/.swiftpm/xcode
SwiftCompile normal arm64 /Users/admin/builder/spi-builder-workspace/Sources/MarqueeKit/Types/MarqueeHaptics.swift (in target 'MarqueeKit' from project 'MarqueeKit')
cd /Users/admin/builder/spi-builder-workspace/.swiftpm/xcode
SwiftCompile normal arm64 Compiling\ SpeedCalculator.swift,\ EffectModifiers.swift,\ MarqueeGroup.swift /Users/admin/builder/spi-builder-workspace/Sources/MarqueeKit/Core/SpeedCalculator.swift /Users/admin/builder/spi-builder-workspace/Sources/MarqueeKit/Effects/EffectModifiers.swift /Users/admin/builder/spi-builder-workspace/Sources/MarqueeKit/Group/MarqueeGroup.swift (in target 'MarqueeKit' from project 'MarqueeKit')
SwiftCompile normal arm64 /Users/admin/builder/spi-builder-workspace/Sources/MarqueeKit/Core/SpeedCalculator.swift (in target 'MarqueeKit' from project 'MarqueeKit')
cd /Users/admin/builder/spi-builder-workspace/.swiftpm/xcode
SwiftCompile normal arm64 /Users/admin/builder/spi-builder-workspace/Sources/MarqueeKit/Effects/EffectModifiers.swift (in target 'MarqueeKit' from project 'MarqueeKit')
cd /Users/admin/builder/spi-builder-workspace/.swiftpm/xcode
SwiftCompile normal arm64 /Users/admin/builder/spi-builder-workspace/Sources/MarqueeKit/Group/MarqueeGroup.swift (in target 'MarqueeKit' from project 'MarqueeKit')
cd /Users/admin/builder/spi-builder-workspace/.swiftpm/xcode
SwiftCompile normal arm64 Compiling\ MarqueeTheme.swift,\ MarqueeTrigger.swift /Users/admin/builder/spi-builder-workspace/Sources/MarqueeKit/Types/MarqueeTheme.swift /Users/admin/builder/spi-builder-workspace/Sources/MarqueeKit/Types/MarqueeTrigger.swift (in target 'MarqueeKit' from project 'MarqueeKit')
SwiftCompile normal arm64 /Users/admin/builder/spi-builder-workspace/Sources/MarqueeKit/Types/MarqueeTheme.swift (in target 'MarqueeKit' from project 'MarqueeKit')
cd /Users/admin/builder/spi-builder-workspace/.swiftpm/xcode
SwiftCompile normal arm64 /Users/admin/builder/spi-builder-workspace/Sources/MarqueeKit/Types/MarqueeTrigger.swift (in target 'MarqueeKit' from project 'MarqueeKit')
cd /Users/admin/builder/spi-builder-workspace/.swiftpm/xcode
SwiftEmitModule normal arm64 Emitting\ module\ for\ MarqueeKit (in target 'MarqueeKit' from project 'MarqueeKit')
Failed frontend command:
/Applications/Xcode-26.4.0.app/Contents/Developer/Toolchains/XcodeDefault.xctoolchain/usr/bin/swift-frontend -frontend -emit-module -experimental-skip-non-inlinable-function-bodies-without-types /Users/admin/builder/spi-builder-workspace/Sources/MarqueeKit/Components/MarqueeBanner.swift /Users/admin/builder/spi-builder-workspace/Sources/MarqueeKit/Components/MarqueeContent.swift /Users/admin/builder/spi-builder-workspace/Sources/MarqueeKit/Components/MarqueeText.swift /Users/admin/builder/spi-builder-workspace/Sources/MarqueeKit/Components/MarqueeTicker.swift /Users/admin/builder/spi-builder-workspace/Sources/MarqueeKit/Core/MarqueeEngine.swift /Users/admin/builder/spi-builder-workspace/Sources/MarqueeKit/Core/ReadingModeAnalyzer.swift /Users/admin/builder/spi-builder-workspace/Sources/MarqueeKit/Core/SpeedCalculator.swift /Users/admin/builder/spi-builder-workspace/Sources/MarqueeKit/Effects/EffectModifiers.swift /Users/admin/builder/spi-builder-workspace/Sources/MarqueeKit/Group/MarqueeGroup.swift /Users/admin/builder/spi-builder-workspace/Sources/MarqueeKit/Group/MarqueeSyncController.swift /Users/admin/builder/spi-builder-workspace/Sources/MarqueeKit/Internal/HapticsEngine.swift /Users/admin/builder/spi-builder-workspace/Sources/MarqueeKit/Internal/MarqueeScrollCore.swift /Users/admin/builder/spi-builder-workspace/Sources/MarqueeKit/Internal/SizeTracker.swift /Users/admin/builder/spi-builder-workspace/Sources/MarqueeKit/MarqueeKit.swift /Users/admin/builder/spi-builder-workspace/Sources/MarqueeKit/Modifiers/ViewModifiers.swift /Users/admin/builder/spi-builder-workspace/Sources/MarqueeKit/Types/MarqueeConfiguration.swift /Users/admin/builder/spi-builder-workspace/Sources/MarqueeKit/Types/MarqueeDirection.swift /Users/admin/builder/spi-builder-workspace/Sources/MarqueeKit/Types/MarqueeEffect.swift /Users/admin/builder/spi-builder-workspace/Sources/MarqueeKit/Types/MarqueeHaptics.swift /Users/admin/builder/spi-builder-workspace/Sources/MarqueeKit/Types/MarqueeReadingMode.swift /Users/admin/builder/spi-builder-workspace/Sources/MarqueeKit/Types/MarqueeSpeed.swift /Users/admin/builder/spi-builder-workspace/Sources/MarqueeKit/Types/MarqueeTheme.swift /Users/admin/builder/spi-builder-workspace/Sources/MarqueeKit/Types/MarqueeTrigger.swift /Users/admin/builder/spi-builder-workspace/Sources/MarqueeKit/UIKit/MarqueeHostingView.swift /Users/admin/builder/spi-builder-workspace/Sources/MarqueeKit/UIKit/MarqueeTextView.swift -target arm64-apple-watchos10.0 -module-can-import-version UIKit 9126.4.27.1 9126.4.27 -load-resolved-plugin /Applications/Xcode-26.4.0.app/Contents/Developer/Platforms/WatchOS.platform/Developer/usr/lib/swift/host/plugins/libFoundationMacros.dylib\#/Applications/Xcode-26.4.0.app/Contents/Developer/Platforms/WatchOS.platform/Developer/usr/bin/swift-plugin-server\#FoundationMacros -load-resolved-plugin /Applications/Xcode-26.4.0.app/Contents/Developer/Platforms/WatchOS.platform/Developer/usr/lib/swift/host/plugins/libObservationMacros.dylib\#/Applications/Xcode-26.4.0.app/Contents/Developer/Platforms/WatchOS.platform/Developer/usr/bin/swift-plugin-server\#ObservationMacros -load-resolved-plugin /Applications/Xcode-26.4.0.app/Contents/Developer/Platforms/WatchOS.platform/Developer/usr/lib/swift/host/plugins/libPreviewsMacros.dylib\#/Applications/Xcode-26.4.0.app/Contents/Developer/Platforms/WatchOS.platform/Developer/usr/bin/swift-plugin-server\#PreviewsMacros -load-resolved-plugin /Applications/Xcode-26.4.0.app/Contents/Developer/Platforms/WatchOS.platform/Developer/usr/lib/swift/host/plugins/libSwiftMacros.dylib\#/Applications/Xcode-26.4.0.app/Contents/Developer/Platforms/WatchOS.platform/Developer/usr/bin/swift-plugin-server\#SwiftMacros -load-resolved-plugin /Applications/Xcode-26.4.0.app/Contents/Developer/Platforms/WatchOS.platform/Developer/usr/lib/swift/host/plugins/libSwiftUIMacros.dylib\#/Applications/Xcode-26.4.0.app/Contents/Developer/Platforms/WatchOS.platform/Developer/usr/bin/swift-plugin-server\#SwiftUIMacros -disable-implicit-swift-modules -Xcc -fno-implicit-modules -Xcc -fno-implicit-module-maps -explicit-swift-module-map-file /Users/admin/builder/spi-builder-workspace/.derivedData/Build/Intermediates.noindex/MarqueeKit.build/Debug-watchos/MarqueeKit.build/Objects-normal/arm64/MarqueeKit-dependencies-2.json -Xllvm -aarch64-use-tbi -enable-objc-interop -stack-check -sdk /Applications/Xcode-26.4.0.app/Contents/Developer/Platforms/WatchOS.platform/Developer/SDKs/WatchOS26.4.sdk -I /Users/admin/builder/spi-builder-workspace/.derivedData/Build/Products/Debug-watchos -Isystem /Applications/Xcode-26.4.0.app/Contents/Developer/Platforms/WatchOS.platform/Developer/usr/lib -F /Users/admin/builder/spi-builder-workspace/.derivedData/Build/Products/Debug-watchos -F /Applications/Xcode-26.4.0.app/Contents/Developer/Platforms/WatchOS.platform/Developer/Library/Frameworks -F /Applications/Xcode-26.4.0.app/Contents/Developer/Platforms/WatchOS.platform/Developer/SDKs/WatchOS26.4.sdk/Developer/Library/Frameworks -no-color-diagnostics -Xcc -fno-color-diagnostics -enable-testing -g -debug-info-format\=dwarf -dwarf-version\=4 -module-cache-path /Users/admin/builder/spi-builder-workspace/.derivedData/Build/Intermediates.noindex/SwiftExplicitPrecompiledModules -profile-generate -profile-coverage-mapping -swift-version 5 -Onone -D SWIFT_PACKAGE -D DEBUG -D SWIFT_MODULE_RESOURCE_BUNDLE_UNAVAILABLE -D Xcode -serialize-debugging-options -const-gather-protocols-file /Users/admin/builder/spi-builder-workspace/.derivedData/Build/Intermediates.noindex/MarqueeKit.build/Debug-watchos/MarqueeKit.build/Objects-normal/arm64/MarqueeKit_const_extract_protocols.json -enable-experimental-feature StrictConcurrency -enable-experimental-feature DebugDescriptionMacro -empty-abi-descriptor -validate-clang-modules-once -clang-build-session-file /Users/admin/builder/spi-builder-workspace/.derivedData/ModuleCache.noindex/Session.modulevalidation -Xcc -working-directory -Xcc /Users/admin/builder/spi-builder-workspace/.swiftpm/xcode -enable-anonymous-context-mangled-names -file-compilation-dir /Users/admin/builder/spi-builder-workspace/.swiftpm/xcode -Xcc -D_LIBCPP_HARDENING_MODE\=_LIBCPP_HARDENING_MODE_DEBUG -Xcc -ivfsstatcache -Xcc /Users/admin/builder/spi-builder-workspace/.derivedData/SDKStatCaches.noindex/watchos26.4-23T238-688ef53f1462e2c8f657fdc38a81448f9e51884a582f42380855760c9d4cc599.sdkstatcache -Xcc -I/Users/admin/builder/spi-builder-workspace/.derivedData/Build/Intermediates.noindex/MarqueeKit.build/Debug-watchos/MarqueeKit.build/swift-overrides.hmap -Xcc -I/Users/admin/builder/spi-builder-workspace/.derivedData/Build/Products/Debug-watchos/include -Xcc -I/Users/admin/builder/spi-builder-workspace/.derivedData/Build/Intermediates.noindex/MarqueeKit.build/Debug-watchos/MarqueeKit.build/DerivedSources-normal/arm64 -Xcc -I/Users/admin/builder/spi-builder-workspace/.derivedData/Build/Intermediates.noindex/MarqueeKit.build/Debug-watchos/MarqueeKit.build/DerivedSources/arm64 -Xcc -I/Users/admin/builder/spi-builder-workspace/.derivedData/Build/Intermediates.noindex/MarqueeKit.build/Debug-watchos/MarqueeKit.build/DerivedSources -Xcc -DSWIFT_PACKAGE -Xcc -DDEBUG\=1 -no-auto-bridging-header-chaining -module-name MarqueeKit -package-name spi_builder_workspace -frontend-parseable-output -disable-clang-spi -clang-target arm64-apple-watchos26.4 -target-sdk-version 26.4 -target-sdk-name watchos26.4 -in-process-plugin-server-path /Applications/Xcode-26.4.0.app/Contents/Developer/Toolchains/XcodeDefault.xctoolchain/usr/lib/swift/host/libSwiftInProcPluginServer.dylib -emit-module-doc-path /Users/admin/builder/spi-builder-workspace/.derivedData/Build/Intermediates.noindex/MarqueeKit.build/Debug-watchos/MarqueeKit.build/Objects-normal/arm64/MarqueeKit.swiftdoc -emit-module-source-info-path /Users/admin/builder/spi-builder-workspace/.derivedData/Build/Intermediates.noindex/MarqueeKit.build/Debug-watchos/MarqueeKit.build/Objects-normal/arm64/MarqueeKit.swiftsourceinfo -emit-objc-header-path /Users/admin/builder/spi-builder-workspace/.derivedData/Build/Intermediates.noindex/MarqueeKit.build/Debug-watchos/MarqueeKit.build/Objects-normal/arm64/MarqueeKit-Swift.h -serialize-diagnostics-path /Users/admin/builder/spi-builder-workspace/.derivedData/Build/Intermediates.noindex/MarqueeKit.build/Debug-watchos/MarqueeKit.build/Objects-normal/arm64/MarqueeKit-primary-emit-module.dia -emit-dependencies-path /Users/admin/builder/spi-builder-workspace/.derivedData/Build/Intermediates.noindex/MarqueeKit.build/Debug-watchos/MarqueeKit.build/Objects-normal/arm64/MarqueeKit-primary-emit-module.d -o /Users/admin/builder/spi-builder-workspace/.derivedData/Build/Intermediates.noindex/MarqueeKit.build/Debug-watchos/MarqueeKit.build/Objects-normal/arm64/MarqueeKit.swiftmodule -emit-abi-descriptor-path /Users/admin/builder/spi-builder-workspace/.derivedData/Build/Intermediates.noindex/MarqueeKit.build/Debug-watchos/MarqueeKit.build/Objects-normal/arm64/MarqueeKit.abi.json
EmitSwiftModule normal arm64 (in target 'MarqueeKit' from project 'MarqueeKit')
cd /Users/admin/builder/spi-builder-workspace/.swiftpm/xcode
/Users/admin/builder/spi-builder-workspace/Sources/MarqueeKit/Internal/HapticsEngine.swift:14:36: error: 'UIImpactFeedbackGenerator' is unavailable in watchOS
private lazy var lightImpact = UIImpactFeedbackGenerator(style: .light)
^~~~~~~~~~~~~~~~~~~~~~~~~
/Applications/Xcode-26.4.0.app/Contents/Developer/Platforms/WatchOS.platform/Developer/SDKs/WatchOS26.4.sdk/System/Library/Frameworks/UIKit.framework/Headers/UIImpactFeedbackGenerator.h:25:12: note: 'UIImpactFeedbackGenerator' has been explicitly marked unavailable here
@interface UIImpactFeedbackGenerator : UIFeedbackGenerator
^
/Users/admin/builder/spi-builder-workspace/Sources/MarqueeKit/Internal/HapticsEngine.swift:15:36: error: 'UIImpactFeedbackGenerator' is unavailable in watchOS
private lazy var softImpact = UIImpactFeedbackGenerator(style: .soft)
^~~~~~~~~~~~~~~~~~~~~~~~~
/Applications/Xcode-26.4.0.app/Contents/Developer/Platforms/WatchOS.platform/Developer/SDKs/WatchOS26.4.sdk/System/Library/Frameworks/UIKit.framework/Headers/UIImpactFeedbackGenerator.h:25:12: note: 'UIImpactFeedbackGenerator' has been explicitly marked unavailable here
@interface UIImpactFeedbackGenerator : UIFeedbackGenerator
^
/Users/admin/builder/spi-builder-workspace/Sources/MarqueeKit/UIKit/MarqueeHostingView.swift:27:36: error: cannot find type 'UIHostingController' in scope
private let hostingController: UIHostingController<Content>
^~~~~~~~~~~~~~~~~~~
/Users/admin/builder/spi-builder-workspace/Sources/MarqueeKit/UIKit/MarqueeHostingView.swift:23:47: error: 'UIView' is unavailable in watchOS
open class MarqueeHostingView<Content: View>: UIView {
^~~~~~
/Applications/Xcode-26.4.0.app/Contents/Developer/Platforms/WatchOS.platform/Developer/SDKs/WatchOS26.4.sdk/System/Library/Frameworks/UIKit.framework/Headers/UIView.h:148:12: note: 'UIView' has been explicitly marked unavailable here
@interface UIView : UIResponder <NSCoding, UIAppearance, UIAppearanceContainer, UIDynamicItem, UITraitEnvironment, UICoordinateSpace, UIFocusItem, UIFocusItemContainer, CALayerDelegate>
^
/Users/admin/builder/spi-builder-workspace/Sources/MarqueeKit/UIKit/MarqueeTextView.swift:42:36: error: cannot find type 'UIHostingController' in scope
private var hostingController: UIHostingController<MarqueeText>?
^~~~~~~~~~~~~~~~~~~
/Users/admin/builder/spi-builder-workspace/Sources/MarqueeKit/UIKit/MarqueeTextView.swift:43:27: error: 'UIView' is unavailable in watchOS
private var hostView: UIView? { hostingController?.view }
^~~~~~
/Applications/Xcode-26.4.0.app/Contents/Developer/Platforms/WatchOS.platform/Developer/SDKs/WatchOS26.4.sdk/System/Library/Frameworks/UIKit.framework/Headers/UIView.h:148:12: note: 'UIView' has been explicitly marked unavailable here
@interface UIView : UIResponder <NSCoding, UIAppearance, UIAppearanceContainer, UIDynamicItem, UITraitEnvironment, UICoordinateSpace, UIFocusItem, UIFocusItemContainer, CALayerDelegate>
^
/Users/admin/builder/spi-builder-workspace/Sources/MarqueeKit/UIKit/MarqueeTextView.swift:21:29: error: 'UIView' is unavailable in watchOS
open class MarqueeTextView: UIView {
^~~~~~
/Applications/Xcode-26.4.0.app/Contents/Developer/Platforms/WatchOS.platform/Developer/SDKs/WatchOS26.4.sdk/System/Library/Frameworks/UIKit.framework/Headers/UIView.h:148:12: note: 'UIView' has been explicitly marked unavailable here
@interface UIView : UIResponder <NSCoding, UIAppearance, UIAppearanceContainer, UIDynamicItem, UITraitEnvironment, UICoordinateSpace, UIFocusItem, UIFocusItemContainer, CALayerDelegate>
^
SwiftCompile normal arm64 Compiling\ MarqueeHostingView.swift,\ MarqueeTextView.swift /Users/admin/builder/spi-builder-workspace/Sources/MarqueeKit/UIKit/MarqueeHostingView.swift /Users/admin/builder/spi-builder-workspace/Sources/MarqueeKit/UIKit/MarqueeTextView.swift (in target 'MarqueeKit' from project 'MarqueeKit')
SwiftCompile normal arm64 /Users/admin/builder/spi-builder-workspace/Sources/MarqueeKit/UIKit/MarqueeHostingView.swift (in target 'MarqueeKit' from project 'MarqueeKit')
cd /Users/admin/builder/spi-builder-workspace/.swiftpm/xcode
SwiftCompile normal arm64 /Users/admin/builder/spi-builder-workspace/Sources/MarqueeKit/UIKit/MarqueeTextView.swift (in target 'MarqueeKit' from project 'MarqueeKit')
cd /Users/admin/builder/spi-builder-workspace/.swiftpm/xcode
SwiftCompile normal arm64 Compiling\ MarqueeConfiguration.swift,\ MarqueeDirection.swift /Users/admin/builder/spi-builder-workspace/Sources/MarqueeKit/Types/MarqueeConfiguration.swift /Users/admin/builder/spi-builder-workspace/Sources/MarqueeKit/Types/MarqueeDirection.swift (in target 'MarqueeKit' from project 'MarqueeKit')
SwiftCompile normal arm64 /Users/admin/builder/spi-builder-workspace/Sources/MarqueeKit/Types/MarqueeConfiguration.swift (in target 'MarqueeKit' from project 'MarqueeKit')
cd /Users/admin/builder/spi-builder-workspace/.swiftpm/xcode
SwiftCompile normal arm64 /Users/admin/builder/spi-builder-workspace/Sources/MarqueeKit/Types/MarqueeDirection.swift (in target 'MarqueeKit' from project 'MarqueeKit')
cd /Users/admin/builder/spi-builder-workspace/.swiftpm/xcode
SwiftExplicitDependencyGeneratePcm arm64_32 /Users/admin/builder/spi-builder-workspace/.derivedData/ModuleCache.noindex/SwiftUI-AEO5BILCDFD91YRNCNOK0QG3V.pcm
2026-07-12 08:03:23.437 xcodebuild[886:5045] [MT] IDERunDestination: Supported platforms for the buildables in the current scheme is empty.
** BUILD FAILED **
The following build commands failed:
SwiftEmitModule normal arm64 Emitting\ module\ for\ MarqueeKit (in target 'MarqueeKit' from project 'MarqueeKit')
EmitSwiftModule normal arm64 (in target 'MarqueeKit' from project 'MarqueeKit')
Building workspace spi-builder-workspace with scheme MarqueeKit
(3 failures)
BUILD FAILURE 6.3 watchOS