Build Information
Failed to build GoogleCloudTraceV1, reference main (c2d0f7), with Swift 6.2 for Android on 11 Oct 2026 19:54:51 UTC.
Build Command
bash -c docker run --pull=always --rm -v "checkouts-54344845-2":/host -w "$PWD" -e JAVA_HOME="/root/.sdkman/candidates/java/current" -e SPI_BUILD="1" -e SPI_PROCESSING="1" registry.gitlab.com/saguaro1/spi-images:android-6.2-latest swift build --swift-sdk aarch64-unknown-linux-android28 2>&1Build Log
========================================
RunAll
========================================
Builder version: 5.1.1
Interrupt handler set up.
========================================
Checkout
========================================
Clone URL: https://github.com/googleapis/swift-google-devtools-cloudtrace-v1.git
Reference: main
Initialized empty Git repository in /host/spi-builder-workspace/.git/
hint: Using 'master' as the name for the initial branch. This default branch name
hint: is subject to change. To configure the initial branch name to use in all
hint: of your new repositories, which will suppress this warning, call:
hint:
hint: git config --global init.defaultBranch <name>
hint:
hint: Names commonly chosen instead of 'master' are 'main', 'trunk' and
hint: 'development'. The just-created branch can be renamed via this command:
hint:
hint: git branch -m <name>
From https://github.com/googleapis/swift-google-devtools-cloudtrace-v1
* branch main -> FETCH_HEAD
* [new branch] main -> origin/main
HEAD is now at c2d0f78 chore: release circa 2026-10-07 (#1382)
Cloned https://github.com/googleapis/swift-google-devtools-cloudtrace-v1.git
Revision (git rev-parse @):
c2d0f782a20b997c469eaeaf6dfb24caefb99217
SPI manifest file found: $PWD/.spi.yml
SUCCESS checkout https://github.com/googleapis/swift-google-devtools-cloudtrace-v1.git at main
========================================
Build
========================================
Selected platform: android
Swift version: 6.2
Building package at path: $PWD
https://github.com/googleapis/swift-google-devtools-cloudtrace-v1.git
Running build ...
bash -c docker run --pull=always --rm -v "checkouts-54344845-2":/host -w "$PWD" -e JAVA_HOME="/root/.sdkman/candidates/java/current" -e SPI_BUILD="1" -e SPI_PROCESSING="1" registry.gitlab.com/saguaro1/spi-images:android-6.2-latest swift build --swift-sdk aarch64-unknown-linux-android28 2>&1
android-6.2-latest: Pulling from saguaro1/spi-images
Digest: sha256:a839c9ce201f1dacc8eb056626ec7ab0a1c6d53d7b77c83feda395f4507c51be
Status: Image is up to date for registry.gitlab.com/saguaro1/spi-images:android-6.2-latest
Fetching https://github.com/googleapis/swift-google-gax
Fetching https://github.com/googleapis/swift-google-auth
Fetching https://github.com/googleapis/swift-google-wkt
Fetching https://github.com/apple/swift-log
[1/1748] Fetching swift-google-gax
[71/2771] Fetching swift-google-gax, swift-google-auth
[82/11028] Fetching swift-google-gax, swift-google-auth, swift-log
[303/12051] Fetching swift-google-gax, swift-google-auth, swift-log, swift-google-wkt
Fetched https://github.com/googleapis/swift-google-gax from cache (0.41s)
[5514/10303] Fetching swift-google-auth, swift-log, swift-google-wkt
Fetched https://github.com/googleapis/swift-google-wkt from cache (0.43s)
[8372/9280] Fetching swift-google-auth, swift-log
Fetched https://github.com/googleapis/swift-google-auth from cache (0.43s)
[7514/8257] Fetching swift-log
Fetched https://github.com/apple/swift-log from cache (0.52s)
Computing version for https://github.com/googleapis/swift-google-wkt
Computed https://github.com/googleapis/swift-google-wkt at 0.5.0 (0.67s)
Fetching https://github.com/swift-extras/swift-extras-base64
[1/954] Fetching swift-extras-base64
Fetched https://github.com/swift-extras/swift-extras-base64 from cache (0.39s)
Computing version for https://github.com/googleapis/swift-google-gax
Computed https://github.com/googleapis/swift-google-gax at 0.5.0 (0.58s)
Fetching https://github.com/googleapis/swift-google-rpc
Fetching https://github.com/swift-server/async-http-client.git
Fetching https://github.com/apple/swift-nio
[1/422] Fetching swift-google-rpc
[423/16886] Fetching swift-google-rpc, async-http-client
[16887/103260] Fetching swift-google-rpc, async-http-client, swift-nio
Fetched https://github.com/googleapis/swift-google-rpc from cache (3.23s)
Fetched https://github.com/swift-server/async-http-client.git from cache (3.23s)
Fetched https://github.com/apple/swift-nio from cache (3.26s)
Computing version for https://github.com/googleapis/swift-google-auth
Computed https://github.com/googleapis/swift-google-auth at 0.5.0 (3.43s)
Fetching https://github.com/apple/swift-system.git
Fetching https://github.com/vapor/jwt-kit.git
[1/7241] Fetching swift-system
[2/17495] Fetching swift-system, jwt-kit
Fetched https://github.com/apple/swift-system.git from cache (0.87s)
Fetched https://github.com/vapor/jwt-kit.git from cache (0.87s)
Computing version for https://github.com/googleapis/swift-google-rpc
Computed https://github.com/googleapis/swift-google-rpc at 0.5.0 (1.06s)
Computing version for https://github.com/swift-extras/swift-extras-base64
Computed https://github.com/swift-extras/swift-extras-base64 at 1.2.0 (0.16s)
Computing version for https://github.com/swift-server/async-http-client.git
Computed https://github.com/swift-server/async-http-client.git at 1.36.2 (0.18s)
Fetching https://github.com/apple/swift-configuration.git
Fetching https://github.com/apple/swift-nio-ssl.git
Fetching https://github.com/apple/swift-service-context.git
Fetching https://github.com/apple/swift-algorithms.git
Fetching https://github.com/apple/swift-atomics.git
Fetching https://github.com/apple/swift-distributed-tracing.git
[1/1501] Fetching swift-service-context
[542/5429] Fetching swift-service-context, swift-configuration
[1468/7318] Fetching swift-service-context, swift-configuration, swift-atomics
Fetched https://github.com/apple/swift-service-context.git from cache (0.38s)
[1282/5817] Fetching swift-configuration, swift-atomics
Fetching https://github.com/apple/swift-nio-extras.git
[1844/22688] Fetching swift-configuration, swift-atomics, swift-nio-ssl
[2749/29239] Fetching swift-configuration, swift-atomics, swift-nio-ssl, swift-distributed-tracing
[3295/35403] Fetching swift-configuration, swift-atomics, swift-nio-ssl, swift-distributed-tracing, swift-algorithms
Fetched https://github.com/apple/swift-distributed-tracing.git from cache (0.61s)
[14681/28852] Fetching swift-configuration, swift-atomics, swift-nio-ssl, swift-algorithms
Fetching https://github.com/apple/swift-nio-http2.git
[17887/35555] Fetching swift-configuration, swift-atomics, swift-nio-ssl, swift-algorithms, swift-nio-extras
Fetched https://github.com/apple/swift-nio-extras.git from cache (0.55s)
Fetching https://github.com/apple/swift-nio-transport-services.git
[28346/28852] Fetching swift-configuration, swift-atomics, swift-nio-ssl, swift-algorithms
[28685/41146] Fetching swift-configuration, swift-atomics, swift-nio-ssl, swift-algorithms, swift-nio-http2
[37951/44013] Fetching swift-configuration, swift-atomics, swift-nio-ssl, swift-algorithms, swift-nio-http2, swift-nio-transport-services
Fetched https://github.com/apple/swift-nio-transport-services.git from cache (0.47s)
Fetched https://github.com/apple/swift-atomics.git from cache (1.57s)
Fetched https://github.com/apple/swift-algorithms.git from cache (1.57s)
Fetched https://github.com/apple/swift-configuration.git from cache (1.57s)
Fetched https://github.com/apple/swift-nio-ssl.git from cache (1.58s)
Fetched https://github.com/apple/swift-nio-http2.git from cache (1.01s)
Computing version for https://github.com/apple/swift-service-context.git
Computed https://github.com/apple/swift-service-context.git at 1.3.0 (1.77s)
Computing version for https://github.com/apple/swift-algorithms.git
Computed https://github.com/apple/swift-algorithms.git at 1.2.1 (0.87s)
Fetching https://github.com/apple/swift-numerics.git
[1/6732] Fetching swift-numerics
Fetched https://github.com/apple/swift-numerics.git from cache (0.55s)
Computing version for https://github.com/apple/swift-log
Computed https://github.com/apple/swift-log at 1.16.1 (0.72s)
Computing version for https://github.com/apple/swift-distributed-tracing.git
Computed https://github.com/apple/swift-distributed-tracing.git at 1.5.0 (0.16s)
Computing version for https://github.com/apple/swift-atomics.git
Computed https://github.com/apple/swift-atomics.git at 1.3.1 (0.15s)
Computing version for https://github.com/apple/swift-numerics.git
Computed https://github.com/apple/swift-numerics.git at 1.1.1 (0.14s)
Computing version for https://github.com/apple/swift-nio
Computed https://github.com/apple/swift-nio at 2.104.0 (0.35s)
Fetching https://github.com/apple/swift-collections.git
[1/28703] Fetching swift-collections
Fetched https://github.com/apple/swift-collections.git from cache (1.17s)
Computing version for https://github.com/apple/swift-configuration.git
Computed https://github.com/apple/swift-configuration.git at 1.2.2 (1.97s)
Fetching https://github.com/swift-server/swift-service-lifecycle
[1/2867] Fetching swift-service-lifecycle
Fetched https://github.com/swift-server/swift-service-lifecycle from cache (0.45s)
Computing version for https://github.com/apple/swift-nio-transport-services.git
Computed https://github.com/apple/swift-nio-transport-services.git at 1.28.0 (0.61s)
Computing version for https://github.com/swift-server/swift-service-lifecycle
Computed https://github.com/swift-server/swift-service-lifecycle at 2.12.1 (0.14s)
Fetching https://github.com/apple/swift-async-algorithms.git
[1/6820] Fetching swift-async-algorithms
Fetched https://github.com/apple/swift-async-algorithms.git from cache (0.56s)
Computing version for https://github.com/apple/swift-async-algorithms.git
Computed https://github.com/apple/swift-async-algorithms.git at 1.1.7 (0.77s)
Computing version for https://github.com/apple/swift-collections.git
Computed https://github.com/apple/swift-collections.git at 1.7.2 (0.24s)
Computing version for https://github.com/apple/swift-nio-http2.git
Computed https://github.com/apple/swift-nio-http2.git at 1.46.0 (0.16s)
Computing version for https://github.com/vapor/jwt-kit.git
Computed https://github.com/vapor/jwt-kit.git at 5.7.1 (0.15s)
Fetching https://github.com/apple/swift-crypto.git
Fetching https://github.com/apple/swift-certificates.git
[1/18629] Fetching swift-crypto
[747/26242] Fetching swift-crypto, swift-certificates
Fetched https://github.com/apple/swift-certificates.git from cache (1.67s)
Fetched https://github.com/apple/swift-crypto.git from cache (1.68s)
Computing version for https://github.com/apple/swift-crypto.git
Computed https://github.com/apple/swift-crypto.git at 4.5.2 (2.29s)
Fetching https://github.com/apple/swift-asn1.git
[1/2009] Fetching swift-asn1
Fetched https://github.com/apple/swift-asn1.git from cache (0.42s)
Computing version for https://github.com/apple/swift-asn1.git
Computed https://github.com/apple/swift-asn1.git at 1.7.3 (0.61s)
Computing version for https://github.com/apple/swift-certificates.git
Computed https://github.com/apple/swift-certificates.git at 1.21.0 (0.21s)
Computing version for https://github.com/apple/swift-nio-ssl.git
Computed https://github.com/apple/swift-nio-ssl.git at 2.37.5 (0.19s)
Computing version for https://github.com/apple/swift-system.git
Computed https://github.com/apple/swift-system.git at 1.8.1 (0.19s)
Computing version for https://github.com/apple/swift-nio-extras.git
Computed https://github.com/apple/swift-nio-extras.git at 1.35.1 (0.27s)
Fetching https://github.com/apple/swift-http-types.git
Fetching https://github.com/apple/swift-http-structured-headers.git
[1/1939] Fetching swift-http-types
[2/3192] Fetching swift-http-types, swift-http-structured-headers
Fetched https://github.com/apple/swift-http-structured-headers.git from cache (0.40s)
Fetched https://github.com/apple/swift-http-types.git from cache (0.40s)
Computing version for https://github.com/apple/swift-http-structured-headers.git
Computed https://github.com/apple/swift-http-structured-headers.git at 1.7.0 (0.56s)
Computing version for https://github.com/apple/swift-http-types.git
Computed https://github.com/apple/swift-http-types.git at 1.8.0 (0.17s)
Creating working copy for https://github.com/apple/swift-nio-ssl.git
Working copy of https://github.com/apple/swift-nio-ssl.git resolved at 2.37.5
Creating working copy for https://github.com/apple/swift-distributed-tracing.git
Working copy of https://github.com/apple/swift-distributed-tracing.git resolved at 1.5.0
Creating working copy for https://github.com/apple/swift-async-algorithms.git
Working copy of https://github.com/apple/swift-async-algorithms.git resolved at 1.1.7
Creating working copy for https://github.com/apple/swift-system.git
Working copy of https://github.com/apple/swift-system.git resolved at 1.8.1
Creating working copy for https://github.com/apple/swift-service-context.git
Working copy of https://github.com/apple/swift-service-context.git resolved at 1.3.0
Creating working copy for https://github.com/swift-server/async-http-client.git
Working copy of https://github.com/swift-server/async-http-client.git resolved at 1.36.2
Creating working copy for https://github.com/swift-server/swift-service-lifecycle
Working copy of https://github.com/swift-server/swift-service-lifecycle resolved at 2.12.1
Creating working copy for https://github.com/googleapis/swift-google-wkt
Working copy of https://github.com/googleapis/swift-google-wkt resolved at 0.5.0
Creating working copy for https://github.com/apple/swift-crypto.git
Working copy of https://github.com/apple/swift-crypto.git resolved at 4.5.2
Creating working copy for https://github.com/googleapis/swift-google-gax
Working copy of https://github.com/googleapis/swift-google-gax resolved at 0.5.0
Creating working copy for https://github.com/apple/swift-certificates.git
Working copy of https://github.com/apple/swift-certificates.git resolved at 1.21.0
Creating working copy for https://github.com/swift-extras/swift-extras-base64
Working copy of https://github.com/swift-extras/swift-extras-base64 resolved at 1.2.0
Creating working copy for https://github.com/apple/swift-nio-extras.git
Working copy of https://github.com/apple/swift-nio-extras.git resolved at 1.35.1
Creating working copy for https://github.com/apple/swift-numerics.git
Working copy of https://github.com/apple/swift-numerics.git resolved at 1.1.1
Creating working copy for https://github.com/apple/swift-asn1.git
Working copy of https://github.com/apple/swift-asn1.git resolved at 1.7.3
Creating working copy for https://github.com/apple/swift-configuration.git
Working copy of https://github.com/apple/swift-configuration.git resolved at 1.2.2
Creating working copy for https://github.com/apple/swift-atomics.git
Working copy of https://github.com/apple/swift-atomics.git resolved at 1.3.1
Creating working copy for https://github.com/googleapis/swift-google-rpc
Working copy of https://github.com/googleapis/swift-google-rpc resolved at 0.5.0
Creating working copy for https://github.com/apple/swift-nio
Working copy of https://github.com/apple/swift-nio resolved at 2.104.0
Creating working copy for https://github.com/vapor/jwt-kit.git
Working copy of https://github.com/vapor/jwt-kit.git resolved at 5.7.1
Creating working copy for https://github.com/apple/swift-log
Working copy of https://github.com/apple/swift-log resolved at 1.16.1
Creating working copy for https://github.com/apple/swift-collections.git
Working copy of https://github.com/apple/swift-collections.git resolved at 1.7.2
Creating working copy for https://github.com/apple/swift-nio-transport-services.git
Working copy of https://github.com/apple/swift-nio-transport-services.git resolved at 1.28.0
Creating working copy for https://github.com/apple/swift-algorithms.git
Working copy of https://github.com/apple/swift-algorithms.git resolved at 1.2.1
Creating working copy for https://github.com/apple/swift-nio-http2.git
Working copy of https://github.com/apple/swift-nio-http2.git resolved at 1.46.0
Creating working copy for https://github.com/apple/swift-http-structured-headers.git
Working copy of https://github.com/apple/swift-http-structured-headers.git resolved at 1.7.0
Creating working copy for https://github.com/apple/swift-http-types.git
Working copy of https://github.com/apple/swift-http-types.git resolved at 1.8.0
Creating working copy for https://github.com/googleapis/swift-google-auth
Working copy of https://github.com/googleapis/swift-google-auth resolved at 0.5.0
Building for debugging...
[0/902] Write sources
[9/902] Compiling p256_beeu-armv8-asm-apple.S
[10/902] Compiling _NumericsShims _NumericsShims.c
[10/902] Write sources
[15/902] Compiling _AtomicsShims.c
[16/902] Write sources
[47/902] Compiling CXKCPShims shims.c
[48/902] Compiling SimpleFIPS202.c
[49/902] Compiling KeccakSponge.c
[50/902] Compiling rand.cc
[51/902] Compiling KeccakHash.c
[52/902] Compiling KeccakP-1600-opt64.c
[53/902] Compiling CNIOWindows shim.c
[54/902] Compiling CNIOWindows WSAStartup.c
[55/902] Compiling CNIOWASI CNIOWASI.c
[56/902] Compiling CSystem shims.c
[57/902] Compiling CNIOPosix event_loop_id.c
[58/902] Compiling CNIOOpenBSD shim.c
[59/902] Write swift-version--11D90AFD9DD3AB2.txt
[60/902] Compiling f_string.cc
[61/902] Compiling refcount.cc
[62/902] Compiling trusty.cc
[63/902] Compiling CNIOLinux liburing_shims.c
[64/902] Compiling getentropy.cc
[65/902] Compiling CNIOLinux shim.c
[67/967] Emitting module ServiceContextModule
[67/967] Compiling pool.cc
[68/967] Compiling CNIOLLHTTP c_nio_llhttp.c
[70/989] Emitting module Logging
[71/990] Compiling Logging LogHandler.swift
[72/990] Compiling RealModule ElementaryFunctions.swift
[73/992] Compiling RealModule RealFunctions.swift
[74/993] Compiling Logging MultiplexLogHandler.swift
[75/993] Compiling Logging StreamLogHandler.swift
[76/993] Emitting module RealModule
[77/993] Compiling ServiceContextModule ServiceContext.swift
[78/993] Compiling ServiceContextModule ServiceContextKey.swift
[81/994] Compiling Logging LogEvent.swift
[82/994] Compiling SwiftASN1 TimeUtilities.swift
[83/994] Compiling SwiftASN1 UTCTime.swift
[84/994] Emitting module _NIOBase64
[85/994] Compiling Logging Logger+With.swift
[86/994] Compiling _NIOBase64 Base64.swift
[87/995] Compiling RealModule Real.swift
[89/995] Compiling RealModule Float+Real.swift
[90/995] Compiling SwiftASN1 ASN1Null.swift
[95/995] Compiling RealModule Float16+Real.swift
[97/995] Compiling RealModule Float80+Real.swift
[98/995] Compiling RealModule RelaxedArithmetic.swift
[99/996] Emitting module _NIODataStructures
[100/996] Compiling _NIODataStructures Heap.swift
[101/996] Compiling Logging Logger.swift
[102/996] Compiling Logging LoggingSystem.swift
[103/996] Compiling Logging Logger+Attributes.swift
[106/1000] Emitting module _CertificateInternals
[107/1001] Compiling _CertificateInternals _TinyArray.swift
[109/1003] Compiling _NIODataStructures _TinyArray.swift
[110/1008] Compiling _NIODataStructures PriorityQueue.swift
[112/1037] Wrapping AST for _NIOBase64 for debugging
[113/1037] Wrapping AST for _CertificateInternals for debugging
[114/1037] Wrapping AST for _NIODataStructures for debugging
[116/1037] Compiling InternalCollectionsUtilities UnsafeMutablePointer+Extras.swift
[117/1037] Compiling InternalCollectionsUtilities UnsafeMutableRawBufferPointer+Extras.swift
[118/1037] Compiling InternalCollectionsUtilities UnsafePointer+Extras.swift
[118/1040] Wrapping AST for ServiceContextModule for debugging
[120/1040] Compiling Instrumentation NoOpInstrument.swift
[120/1040] Wrapping AST for RealModule for debugging
[122/1040] Compiling Instrumentation MultiplexInstrument.swift
[122/1040] Compiling CNIOLLHTTP c_nio_http.c
[124/1040] Emitting module Instrumentation
[124/1040] Compiling CNIOFreeBSD shim.c
[126/1040] Compiling Instrumentation Instrument.swift
[127/1040] Compiling InternalCollectionsUtilities UnsafeRawBufferPointer+Extras.swift
[128/1040] Compiling InternalCollectionsUtilities _SortedCollection.swift
[129/1040] Compiling InternalCollectionsUtilities _UniqueCollection.swift
[129/1040] Compiling CNIOExtrasZlib zutil.c
[130/1040] Compiling CNIOLLHTTP c_nio_api.c
[131/1040] Compiling CNIOExtrasZlib inftrees.c
[132/1040] Compiling CNIOExtrasZlib trees.c
[133/1040] Compiling CNIOExtrasZlib inffast.c
[134/1040] Compiling CNIOExtrasZlib inflate.c
[136/1040] Compiling InternalCollectionsUtilities Strideable+LimitHelpers.swift
[137/1040] Compiling InternalCollectionsUtilities String+Padding.swift
[138/1040] Compiling InternalCollectionsUtilities TemporaryAllocation.swift
[139/1040] Compiling InternalCollectionsUtilities _UnsafeBitSet+Index.swift
[140/1040] Emitting module SwiftASN1
[140/1040] Compiling CNIOExtrasZlib crc32.c
[142/1040] Compiling InternalCollectionsUtilities Iterable+CopyContents.swift
[143/1040] Compiling InternalCollectionsUtilities Iterable+Equality.swift
[144/1040] Compiling InternalCollectionsUtilities LifetimeOverride.swift
[145/1040] Compiling InternalCollectionsUtilities MutableRef.swift
[146/1040] Compiling InternalCollectionsUtilities MutableSpan+Extras.swift
[147/1040] Compiling InternalCollectionsUtilities OutputSpan+Extras.swift
[148/1040] Compiling InternalCollectionsUtilities RandomAccessCollection+Offsets.swift
[149/1040] Compiling InternalCollectionsUtilities Span+Extras.swift
[150/1040] Compiling InternalCollectionsUtilities FixedWidthInteger+roundUpToPowerOfTwo.swift
[151/1040] Compiling InternalCollectionsUtilities Integer rank.swift
[152/1040] Compiling InternalCollectionsUtilities UInt+first and last set bit.swift
[153/1040] Compiling InternalCollectionsUtilities UInt+reversed.swift
[154/1040] Compiling InternalCollectionsUtilities BorrowingIteratorProtocol+Equality.swift
[155/1040] Compiling InternalCollectionsUtilities BorrowingIteratorProtocol+Extras.swift
[156/1040] Compiling InternalCollectionsUtilities Debugging.swift
[157/1040] Compiling InternalCollectionsUtilities Descriptions.swift
[157/1040] Compiling CNIOExtrasZlib adler32.c
[158/1040] Compiling CNIODarwin shim.c
[159/1040] Compiling CNIOExtrasZlib deflate.c
[160/1040] Compiling fiat_p256_adx_sqr.S
[161/1040] Compiling fiat_p256_adx_mul.S
[162/1040] Compiling fiat_curve25519_adx_square.S
[165/1040] Compiling fiat_curve25519_adx_mul.S
[167/1040] Emitting module InternalCollectionsUtilities
[167/1040] Compiling CNIOBoringSSLShims shims.c
[169/1040] Compiling ExtrasBase64 Base32.swift
[170/1040] Compiling InternalCollectionsUtilities _UnsafeBitSet+_Word.swift
[171/1040] Compiling InternalCollectionsUtilities _UnsafeBitSet.swift
[172/1040] Compiling InternalCollectionsUtilities UnsafeBufferPointer+Extras.swift
[173/1040] Compiling InternalCollectionsUtilities UnsafeMutableBufferPointer+Extras.swift
[174/1041] Compiling tls_method.cc
[180/1045] Compiling Instrumentation Locks.swift
[181/1045] Compiling Instrumentation InstrumentationSystem.swift
[186/1046] Compiling tls_record.cc
[193/1046] Compiling SystemPackage Backcompat.swift
[194/1046] Compiling SystemPackage CInterop.swift
[195/1046] Compiling SystemPackage Constants.swift
[196/1046] Compiling SystemPackage Exports.swift
[197/1046] Compiling SystemPackage Mocking.swift
[202/1046] Compiling SystemPackage PlatformString.swift
[203/1051] Compiling Logging MetadataProvider.swift
[215/1052] Emitting module SystemPackage
[222/1052] Wrapping AST for InternalCollectionsUtilities for debugging
[231/1052] Emitting module SpanPreview
[232/1052] Compiling SpanPreview OutputSpan+InputSpanHelpers.swift
[233/1052] Compiling SpanPreview MutableSpan+InputSpanHelpers.swift
[234/1052] Compiling SpanPreview InputSpan.swift
[236/1054] Wrapping AST for Instrumentation for debugging
[237/1062] Wrapping AST for Logging for debugging
[239/1062] Compiling Tracing NoOpTracer.swift
[240/1105] Compiling Tracing WithTracer.swift
[241/1105] Compiling Tracing TracingTime.swift
[242/1105] Emitting module Tracing
[243/1105] Compiling Tracing TracerProtocol.swift
[244/1105] Compiling Tracing TracerProtocol+Legacy.swift
[245/1105] Compiling Tracing Tracer.swift
[246/1105] Compiling DequeModule UniqueDeque+Initializers.swift
[247/1105] Compiling DequeModule UniqueDeque+Insertions.swift
[248/1105] Compiling DequeModule UniqueDeque+Iterable.swift
[249/1105] Compiling DequeModule UniqueDeque+Prepend.swift
[250/1105] Compiling DequeModule UniqueDeque+Removals.swift
[251/1105] Compiling DequeModule UniqueDeque+Consumption.swift
[252/1105] Compiling DequeModule UniqueDeque+ContainerOperations.swift
[253/1105] Compiling DequeModule UniqueDeque+Deprecations.swift
[254/1105] Compiling DequeModule UniqueDeque+Descriptions.swift
[255/1105] Compiling DequeModule UniqueDeque+Equatable.swift
[256/1105] Compiling DequeModule UniqueDeque+Hashable.swift
[257/1110] Compiling DequeModule RigidDeque+Descriptions.swift
[258/1110] Compiling DequeModule RigidDeque+Equatable.swift
[259/1110] Compiling DequeModule RigidDeque+Hashable.swift
[260/1110] Compiling DequeModule RigidDeque+Initializers.swift
[261/1110] Compiling DequeModule RigidDeque+Insertions.swift
[262/1110] Compiling DequeModule RigidDeque+Iterable.swift
[269/1111] Compiling DequeModule RigidDeque+Prepend.swift
[270/1111] Compiling DequeModule RigidDeque+Removals.swift
[271/1111] Compiling DequeModule RigidDeque+Replacements.swift
[272/1111] Compiling DequeModule RigidDeque+Testing.swift
[273/1111] Compiling DequeModule RigidDeque.swift
[274/1111] Compiling DequeModule UniqueDeque+Append.swift
[275/1111] Compiling DequeModule _DequeBuffer.swift
[276/1111] Compiling DequeModule _DequeBufferHeader.swift
[277/1111] Compiling DequeModule RigidDeque+Append.swift
[278/1111] Compiling DequeModule RigidDeque+Consumption.swift
[279/1111] Compiling DequeModule RigidDeque+ContainerOperations.swift
[280/1111] Compiling DequeModule RigidDeque+Deprecations.swift
[280/1111] Wrapping AST for SwiftASN1 for debugging
[281/1111] Compiling tls13_server.cc
[283/1111] Compiling Tracing InstrumentationSystem+Tracing.swift
[284/1111] Compiling Tracing SpanProtocol.swift
[284/1112] Wrapping AST for SystemPackage for debugging
[285/1112] Wrapping AST for SpanPreview for debugging
[288/1112] Compiling DequeModule Deque+Extras.swift
[289/1112] Compiling DequeModule Deque+Hashable.swift
[290/1112] Compiling DequeModule Deque+Testing.swift
[291/1112] Compiling DequeModule Deque._Storage.swift
[292/1112] Compiling DequeModule Deque._UnsafeHandle.swift
[293/1112] Compiling DequeModule Deque.swift
[294/1112] Compiling DequeModule Deque+Codable.swift
[295/1112] Compiling DequeModule Deque+Collection.swift
[296/1112] Compiling DequeModule Deque+CustomReflectable.swift
[297/1112] Compiling DequeModule Deque+Descriptions.swift
[298/1112] Compiling DequeModule Deque+Equatable.swift
[299/1112] Compiling DequeModule Deque+ExpressibleByArrayLiteral.swift
[299/1112] Compiling tls13_enc.cc
[300/1112] Compiling tls13_both.cc
[301/1112] Compiling tls13_client.cc
[302/1112] Wrapping AST for Tracing for debugging
[303/1112] Compiling ssl_versions.cc
[304/1112] Compiling t1_enc.cc
[305/1112] Compiling ssl_x509.cc
[306/1112] Compiling ssl_transcript.cc
[307/1112] Compiling ssl_stat.cc
[308/1112] Compiling ssl_session.cc
[309/1112] Compiling ssl_privkey.cc
[311/1112] Compiling DequeModule UniqueDeque+Replacements.swift
[312/1112] Compiling DequeModule UniqueDeque.swift
[313/1112] Compiling DequeModule _DequeSlot.swift
[314/1112] Compiling DequeModule _UnsafeDequeHandle.swift
[315/1112] Compiling DequeModule _UnsafeDequeSegments.swift
[316/1112] Emitting module DequeModule
[318/1113] Compiling ExtrasBase64 Base64+Span.swift
[319/1113] Compiling ExtrasBase64 Base32+Span.swift
[320/1113] Compiling ExtrasBase64 Base64.swift
[321/1113] Emitting module ExtrasBase64
[322/1114] Compiling ssl_key_share.cc
[323/1125] Wrapping AST for DequeModule for debugging
[324/1188] Compiling ssl_lib.cc
[325/1188] Wrapping AST for ExtrasBase64 for debugging
[327/1188] Compiling GoogleWKT WKTValue.swift
[328/1188] Compiling GoogleWKT WKTApi.swift
[329/1188] Compiling GoogleWKT WKTEnum.swift
[330/1188] Compiling GoogleWKT WKTEnumValue.swift
[331/1188] Compiling GoogleWKT WKTStringValue.swift
[332/1188] Compiling GoogleWKT WKTTimestamp.swift
[333/1193] Compiling GoogleWKT AnyPackable.swift
[334/1193] Compiling GoogleWKT DecodeToDefault.swift
[335/1193] Compiling GoogleWKT DiscoveryBase64.swift
[336/1193] Compiling GoogleWKT ProtoJSONDecoder.swift
[337/1193] Compiling GoogleWKT ProtoJSONEncoder.swift
[338/1193] Compiling GoogleWKT UnknownFields.swift
[338/1193] Compiling ssl_file.cc
[339/1193] Compiling ssl_credential.cc
[340/1193] Compiling ssl_cipher.cc
[342/1193] Emitting module Configuration
[342/1193] Compiling ssl_buffer.cc
[343/1193] Compiling ssl_cert.cc
[345/1193] Compiling GoogleWKT WKTFloatValue.swift
[346/1193] Compiling GoogleWKT WKTInt32Value.swift
[347/1193] Compiling GoogleWKT WKTInt64Value.swift
[348/1193] Compiling GoogleWKT WKTRecursive.swift
[349/1197] Compiling GoogleWKT WKTDoubleValue.swift
[350/1197] Compiling GoogleWKT WKTDuration.swift
[351/1197] Compiling GoogleWKT WKTEmpty.swift
[352/1197] Compiling GoogleWKT WKTFieldMask.swift
[353/1197] Emitting module GoogleWKT
[355/1197] Compiling GoogleWKT WKTAny.swift
[356/1197] Compiling GoogleWKT WKTAnyError.swift
[357/1197] Compiling GoogleWKT WKTBoolValue.swift
[358/1197] Compiling GoogleWKT WKTBytesValue.swift
[359/1197] Compiling GoogleWKT WKTField.swift
[360/1197] Compiling GoogleWKT WKTMethod.swift
[361/1197] Compiling GoogleWKT WKTMixin.swift
[362/1197] Compiling GoogleWKT WKTOption.swift
[369/1197] Compiling GoogleWKT WKTUInt32Value.swift
[370/1197] Compiling GoogleWKT WKTUInt64Value.swift
[370/1197] Compiling ssl_asn1.cc
[372/1197] Compiling GoogleWKT WKTSourceContext.swift
[373/1197] Compiling GoogleWKT WKTSyntax.swift
[374/1197] Compiling GoogleWKT WKTType.swift
[375/1197] Compiling GoogleWKT PackageVersion.swift
[375/1197] Compiling s3_pkt.cc
[376/1197] Compiling s3_lib.cc
[377/1197] Compiling ssl_aead_ctx.cc
[384/1198] Compiling s3_both.cc
[385/1213] Compiling handshake_server.cc
[387/1213] Compiling GoogleRpc DebugInfo.swift
[388/1213] Compiling GoogleRpc ErrorInfo.swift
[388/1215] Wrapping AST for GoogleWKT for debugging
[390/1215] Compiling GoogleRpc RequestInfo.swift
[391/1215] Compiling GoogleRpc ResourceInfo.swift
[392/1215] Compiling GoogleRpc LocalizedMessage.swift
[393/1215] Compiling GoogleRpc PackageVersion.swift
[394/1215] Emitting module GoogleRpc
[395/1215] Compiling GoogleRpc BadRequest.swift
[396/1215] Compiling GoogleRpc Code.swift
[397/1215] Compiling GoogleRpc RetryInfo.swift
[398/1215] Compiling GoogleRpc Status.swift
[399/1215] Compiling GoogleRpc HttpRequest.swift
[400/1215] Compiling GoogleRpc HttpResponse.swift
[401/1215] Compiling GoogleRpc PreconditionFailure.swift
[402/1215] Compiling GoogleRpc QuotaFailure.swift
[403/1215] Compiling GoogleRpc Help.swift
[404/1215] Compiling GoogleRpc HttpHeader.swift
[404/1216] Compiling handshake_client.cc
[406/1216] Compiling handshake.cc
[407/1216] Wrapping AST for GoogleRpc for debugging
[415/1216] Compiling Configuration MutableInMemoryProvider.swift
[416/1216] Compiling Configuration ConfigProvider+Operators.swift
[417/1216] Compiling Configuration KeyMappingProvider.swift
[418/1216] Compiling Configuration SecretsSpecifier.swift
[419/1216] Compiling Configuration AsyncCombineLatestManySequence.swift
[420/1216] Compiling Configuration CombineLatestManyStateMachine.swift
[425/1216] Compiling Configuration FileProvider.swift
[426/1216] Compiling Configuration FileProviderSnapshot.swift
[439/1216] Compiling Configuration CombineLatestManyStorage.swift
[440/1216] Compiling Configuration AsyncSequences.swift
[441/1216] Compiling Configuration FoundationExtensions.swift
[442/1216] Compiling Configuration Span.swift
[443/1216] Compiling Configuration ConfigBytesFromStringDecoder.swift
[444/1217] Wrapping AST for Configuration for debugging
[445/1217] Compiling handoff.cc
[446/1217] Compiling encrypted_client_hello.cc
[447/1217] Compiling extensions.cc
[448/1217] Compiling md5-x86_64-linux.S
[449/1217] Compiling md5-x86_64-apple.S
[450/1217] Compiling md5-586-linux.S
[451/1217] Compiling md5-586-apple.S
[452/1217] Compiling dtls_record.cc
[453/1217] Compiling chacha20_poly1305_x86_64-linux.S
[454/1217] Compiling chacha20_poly1305_x86_64-apple.S
[455/1217] Compiling chacha20_poly1305_armv8-win.S
[456/1217] Compiling d1_srtp.cc
[457/1217] Compiling dtls_method.cc
[458/1217] Compiling d1_pkt.cc
[458/1217] Compiling err_data.cc
[460/1217] Compiling chacha20_poly1305_armv8-apple.S
[461/1217] Compiling chacha20_poly1305_armv8-linux.S
[462/1217] Compiling chacha-x86_64-apple.S
[463/1217] Compiling chacha-x86_64-linux.S
[464/1217] Compiling chacha-x86-linux.S
[465/1217] Compiling chacha-x86-apple.S
[466/1217] Compiling chacha-armv8-win.S
[467/1217] Compiling aes128gcmsiv-x86_64-linux.S
[468/1217] Compiling chacha-armv8-apple.S
[469/1217] Compiling chacha-armv4-linux.S
[470/1217] Compiling aes128gcmsiv-x86_64-apple.S
[471/1217] Compiling x86_64-mont5-linux.S
[472/1217] Compiling x86_64-mont5-apple.S
[473/1217] Compiling chacha-armv8-linux.S
[474/1217] Compiling x86-mont-linux.S
[475/1217] Compiling x86_64-mont-apple.S
[476/1217] Compiling x86-mont-apple.S
[477/1217] Compiling x86_64-mont-linux.S
[478/1217] Compiling vpaes-x86_64-linux.S
[479/1217] Compiling vpaes-x86_64-apple.S
[480/1217] Compiling vpaes-x86-linux.S
[481/1217] Compiling vpaes-armv8-linux.S
[482/1217] Compiling vpaes-armv8-win.S
[483/1217] Compiling vpaes-x86-apple.S
[484/1217] Compiling vpaes-armv8-apple.S
[485/1217] Compiling vpaes-armv7-linux.S
[486/1217] Compiling sha512-x86_64-linux.S
[487/1217] Compiling sha512-x86_64-apple.S
[488/1217] Compiling sha512-armv8-apple.S
[489/1217] Compiling sha512-armv8-win.S
[490/1217] Compiling sha512-armv4-linux.S
[491/1217] Compiling sha512-armv8-linux.S
[492/1217] Compiling sha512-586-linux.S
[493/1217] Compiling sha512-586-apple.S
[494/1217] Compiling sha256-x86_64-apple.S
[495/1217] Compiling sha256-x86_64-linux.S
[496/1217] Compiling sha256-armv8-win.S
[497/1217] Compiling sha256-armv4-linux.S
[498/1217] Compiling sha256-armv8-linux.S
[499/1217] Compiling sha256-armv8-apple.S
[500/1217] Compiling sha256-586-linux.S
[501/1217] Compiling sha1-x86_64-linux.S
[502/1217] Compiling sha256-586-apple.S
[503/1217] Compiling sha1-x86_64-apple.S
[504/1217] Compiling sha1-armv8-win.S
[505/1217] Compiling sha1-armv8-apple.S
[506/1217] Compiling sha1-armv8-linux.S
[507/1217] Compiling sha1-armv4-large-linux.S
[508/1217] Compiling sha1-586-linux.S
[509/1217] Compiling sha1-586-apple.S
[510/1217] Compiling rsaz-avx2-apple.S
[511/1217] Compiling rsaz-avx2-linux.S
[512/1217] Compiling rdrand-x86_64-apple.S
[513/1217] Compiling rdrand-x86_64-linux.S
[514/1217] Compiling p256_beeu-armv8-asm-win.S
[515/1217] Compiling p256_beeu-x86_64-asm-apple.S
[516/1217] Compiling p256_beeu-x86_64-asm-linux.S
[517/1217] Compiling p256_beeu-armv8-asm-linux.S
[518/1217] Compiling p256-armv8-asm-win.S
[519/1217] Compiling p256-x86_64-asm-linux.S
[520/1217] Compiling p256-x86_64-asm-apple.S
[521/1217] Compiling bio_ssl.cc
[522/1217] Compiling ghashv8-armv8-win.S
[523/1217] Compiling p256-armv8-asm-apple.S
[524/1217] Compiling d1_both.cc
[525/1217] Compiling ghashv8-armv8-linux.S
[526/1217] Compiling p256-armv8-asm-linux.S
[527/1217] Compiling ghash-x86_64-linux.S
[528/1217] Compiling ghashv8-armv8-apple.S
[529/1217] Compiling ghashv8-armv7-linux.S
[530/1217] Compiling ghash-x86-linux.S
[531/1217] Compiling ghash-x86-apple.S
[532/1217] Compiling ghash-ssse3-x86_64-apple.S
[533/1217] Compiling ghash-x86_64-apple.S
[534/1217] Compiling ghash-ssse3-x86_64-linux.S
[535/1217] Compiling ghash-ssse3-x86-linux.S
[536/1217] Compiling ghash-ssse3-x86-apple.S
[537/1217] Compiling ghash-neon-armv8-linux.S
[538/1217] Compiling ghash-neon-armv8-apple.S
[539/1217] Compiling ghash-neon-armv8-win.S
[540/1217] Compiling d1_lib.cc
[541/1217] Compiling co-586-linux.S
[542/1217] Compiling ghash-armv4-linux.S
[543/1217] Compiling bn-armv8-win.S
[544/1217] Compiling bsaes-armv7-linux.S
[545/1217] Compiling co-586-apple.S
[546/1217] Compiling bn-armv8-apple.S
[547/1217] Compiling bn-586-linux.S
[548/1217] Compiling bn-586-apple.S
[548/1217] Compiling bn-armv8-linux.S
[550/1217] Compiling armv8-mont-win.S
[551/1217] Compiling armv8-mont-apple.S
[552/1217] Compiling armv4-mont-linux.S
[553/1217] Compiling aesv8-armv8-linux.S
[554/1217] Compiling armv8-mont-linux.S
[555/1217] Compiling aesv8-gcm-armv8-win.S
[555/1217] Compiling aesv8-gcm-armv8-linux.S
[557/1217] Compiling aesv8-armv8-win.S
[558/1217] Compiling aesv8-armv8-apple.S
[559/1217] Compiling aesv8-gcm-armv8-apple.S
[560/1217] Compiling aesni-x86_64-linux.S
[561/1217] Compiling aesv8-armv7-linux.S
[562/1217] Compiling aesni-x86-linux.S
[563/1217] Compiling aesni-x86_64-apple.S
[564/1217] Compiling aesni-gcm-x86_64-apple.S
[565/1217] Compiling aesni-gcm-x86_64-linux.S
[566/1217] Compiling aesni-x86-apple.S
[567/1217] Compiling aes-gcm-avx2-x86_64-linux.S
[568/1217] Compiling aes-gcm-avx2-x86_64-apple.S
[569/1217] Compiling aes-gcm-avx10-x86_64-linux.S
[570/1217] Compiling aes-gcm-avx10-x86_64-apple.S
[571/1217] Compiling x_sig.cc
[572/1217] Compiling x_name.cc
[573/1217] Compiling x_x509a.cc
[574/1217] Compiling x_spki.cc
[575/1217] Compiling x_x509.cc
[576/1217] Compiling x_val.cc
[577/1217] Compiling x_req.cc
[578/1217] Compiling x_pubkey.cc
[579/1217] Compiling x_exten.cc
[580/1217] Compiling x_crl.cc
[581/1217] Compiling x_attrib.cc
[582/1217] Compiling x_all.cc
[582/1217] Compiling x509spki.cc
[584/1217] Compiling x509rset.cc
[585/1217] Compiling x_algor.cc
[586/1217] Compiling x509name.cc
[587/1217] Compiling x509cset.cc
[588/1217] Compiling x509_vpm.cc
[589/1217] Compiling x509_txt.cc
[590/1217] Compiling x509_vfy.cc
[591/1217] Compiling x509_trs.cc
[592/1217] Compiling x509_set.cc
[593/1217] Compiling x509_v3.cc
[593/1217] Compiling x509_req.cc
[595/1217] Compiling x509_obj.cc
[596/1217] Compiling x509_lu.cc
[597/1217] Compiling x509_ext.cc
[598/1217] Compiling x509_d2.cc
[599/1217] Compiling x509_def.cc
[600/1217] Compiling x509.cc
[601/1217] Compiling x509_cmp.cc
[602/1217] Compiling x509_att.cc
[603/1217] Compiling v3_utl.cc
[604/1217] Compiling v3_skey.cc
[605/1217] Compiling v3_prn.cc
[606/1217] Compiling v3_purp.cc
[607/1217] Compiling v3_pmaps.cc
[608/1217] Compiling v3_ocsp.cc
[609/1217] Compiling v3_pcons.cc
[610/1217] Compiling v3_ncons.cc
[611/1217] Compiling v3_int.cc
[612/1217] Compiling v3_lib.cc
[613/1217] Compiling v3_ia5.cc
[614/1217] Compiling v3_info.cc
[615/1217] Compiling v3_enum.cc
[616/1217] Compiling v3_extku.cc
[617/1217] Compiling v3_genn.cc
[618/1217] Compiling v3_crld.cc
[619/1217] Compiling v3_bcons.cc
[620/1217] Compiling v3_cpols.cc
[621/1217] Compiling v3_conf.cc
[622/1217] Compiling v3_bitst.cc
[623/1217] Compiling v3_alt.cc
[624/1217] Compiling v3_akey.cc
[625/1217] Compiling v3_akeya.cc
[626/1217] Compiling t_x509a.cc
[627/1217] Compiling i2d_pr.cc
[628/1217] Compiling t_crl.cc
[629/1217] Compiling t_x509.cc
[630/1217] Compiling t_req.cc
[631/1217] Compiling policy.cc
[632/1217] Compiling name_print.cc
[633/1217] Compiling rsa_pss.cc
[634/1217] Compiling by_file.cc
[635/1217] Compiling by_dir.cc
[636/1217] Compiling a_digest.cc
[637/1217] Compiling asn1_gen.cc
[638/1217] Compiling algorithm.cc
[639/1217] Compiling a_verify.cc
[640/1217] Compiling a_sign.cc
[641/1217] Compiling voprf.cc
[642/1217] Compiling trust_token.cc
[643/1217] Compiling thread_pthread.cc
[644/1217] Compiling thread_win.cc
[645/1217] Compiling thread_none.cc
[646/1217] Compiling thread.cc
[647/1217] Compiling stack.cc
[647/1217] Compiling pmbtoken.cc
[649/1217] Compiling siphash.cc
[650/1217] Compiling sha1.cc
[651/1217] Compiling sha256.cc
[652/1217] Compiling rsa_extra.cc
[653/1217] Compiling sha512.cc
[654/1217] Compiling slhdsa.cc
[655/1217] Compiling spake2plus.cc
[656/1217] Compiling rsa_print.cc
[657/1217] Compiling rsa_crypt.cc
[658/1217] Compiling rc4.cc
[659/1217] Compiling windows.cc
[660/1217] Compiling urandom.cc
[661/1217] Compiling passive.cc
[662/1217] Compiling poly1305_arm_asm.S
[663/1217] Compiling ios.cc
[664/1217] Compiling forkunsafe.cc
[665/1217] Compiling rsa_asn1.cc
[666/1217] Compiling deterministic.cc
[667/1217] Compiling fork_detect.cc
[668/1217] Compiling poly1305_vec.cc
[669/1217] Compiling poly1305_arm.cc
[670/1217] Compiling poly1305.cc
[671/1217] Compiling pkcs8_x509.cc
[672/1217] Compiling p5_pbev2.cc
[673/1217] Compiling pkcs8.cc
[674/1217] Compiling pkcs7.cc
[675/1217] Compiling pkcs7_x509.cc
[676/1217] Compiling pem_xaux.cc
[677/1217] Compiling pem_x509.cc
[678/1217] Compiling pem_pkey.cc
[679/1217] Compiling pem_pk8.cc
[680/1217] Compiling pem_oth.cc
[681/1217] Compiling pem_lib.cc
[682/1217] Compiling pem_info.cc
[683/1217] Compiling mlkem.cc
[684/1217] Compiling obj_xref.cc
[685/1217] Compiling pem_all.cc
[686/1217] Compiling obj.cc
[687/1217] Compiling mldsa.cc
[688/1217] Compiling poly_rq_mul.S
[689/1217] Compiling fips_shared_support.cc
[690/1217] Compiling md5.cc
[691/1217] Compiling mem.cc
[692/1217] Compiling lhash.cc
[693/1217] Compiling md4.cc
[694/1217] Compiling kyber.cc
[695/1217] Compiling ex_data.cc
[696/1217] Compiling sign.cc
[697/1217] Compiling hpke.cc
[698/1217] Compiling scrypt.cc
[699/1217] Compiling hrss.cc
[700/1217] Compiling print.cc
[701/1217] Compiling pbkdf.cc
[702/1217] Compiling p_x25519.cc
[703/1217] Compiling p_x25519_asn1.cc
[704/1217] Compiling p_hkdf.cc
[705/1217] Compiling p_rsa_asn1.cc
[706/1217] Compiling p_rsa.cc
[707/1217] Compiling p_ed25519.cc
[708/1217] Compiling p_ec.cc
[709/1217] Compiling p_ed25519_asn1.cc
[710/1217] Compiling p_ec_asn1.cc
[711/1217] Compiling p_dh_asn1.cc
[712/1217] Compiling p_dh.cc
[713/1217] Compiling evp_ctx.cc
[714/1217] Compiling p_dsa_asn1.cc
[715/1217] Compiling evp.cc
[716/1217] Compiling engine.cc
[717/1217] Compiling err.cc
[718/1217] Compiling evp_asn1.cc
[719/1217] Compiling ecdh.cc
[720/1217] Compiling ecdsa_asn1.cc
[721/1217] Compiling ec_derive.cc
[722/1217] Compiling hash_to_curve.cc
[723/1217] Compiling dsa.cc
[724/1217] Compiling ec_asn1.cc
[725/1217] Compiling dsa_asn1.cc
[726/1217] Compiling bcm.cc
[727/1217] Compiling params.cc
[728/1217] Compiling x25519-asm-arm.S
[729/1217] Compiling des.cc
[730/1217] Compiling dh_asn1.cc
[731/1217] Compiling digest_extra.cc
[732/1217] Compiling curve25519_64_adx.cc
[733/1217] Compiling crypto.cc
[734/1217] Compiling cpu_intel.cc
[735/1217] Compiling cpu_arm_linux.cc
[736/1217] Compiling cpu_arm_freebsd.cc
[737/1217] Compiling spake25519.cc
[738/1217] Compiling curve25519.cc
[739/1217] Compiling cpu_aarch64_win.cc
[740/1217] Compiling cpu_aarch64_sysreg.cc
[741/1217] Compiling cpu_aarch64_linux.cc
[742/1217] Compiling cpu_aarch64_openbsd.cc
[743/1217] Compiling cpu_aarch64_fuchsia.cc
[744/1217] Compiling cpu_aarch64_apple.cc
[745/1217] Compiling conf.cc
[746/1217] Compiling tls_cbc.cc
[747/1217] Compiling get_cipher.cc
[748/1217] Compiling e_rc4.cc
[749/1217] Compiling e_tls.cc
[750/1217] Compiling e_null.cc
[751/1217] Compiling e_rc2.cc
[752/1217] Compiling e_des.cc
[753/1217] Compiling e_aesgcmsiv.cc
[754/1217] Compiling e_chacha20poly1305.cc
[755/1217] Compiling e_aesctrhmac.cc
[756/1217] Compiling derive_key.cc
[757/1217] Compiling chacha.cc
[758/1217] Compiling asn1_compat.cc
[759/1217] Compiling unicode.cc
[760/1217] Compiling buf.cc
[761/1217] Compiling cbb.cc
[762/1217] Compiling cbs.cc
[763/1217] Compiling ber.cc
[764/1217] Compiling convert.cc
[765/1217] Compiling bn_asn1.cc
[766/1217] Compiling pair.cc
[767/1217] Compiling blake2.cc
[768/1217] Compiling socket_helper.cc
[769/1217] Compiling socket.cc
[770/1217] Compiling printf.cc
[771/1217] Compiling file.cc
[772/1217] Compiling hexdump.cc
[773/1217] Compiling errno.cc
[774/1217] Compiling fd.cc
[775/1217] Compiling connect.cc
[776/1217] Compiling bio_mem.cc
[777/1217] Compiling base64.cc
[778/1217] Compiling bio.cc
[779/1217] Compiling tasn_typ.cc
[780/1217] Compiling tasn_fre.cc
[781/1217] Compiling tasn_utl.cc
[782/1217] Compiling posix_time.cc
[783/1217] Compiling tasn_enc.cc
[784/1217] Compiling tasn_new.cc
[785/1217] Compiling f_int.cc
[786/1217] Compiling tasn_dec.cc
[787/1217] Compiling asn_pack.cc
[788/1217] Compiling asn1_par.cc
[789/1217] Compiling a_utctm.cc
[790/1217] Compiling asn1_lib.cc
[791/1217] Compiling a_octet.cc
[792/1217] Compiling a_type.cc
[793/1217] Compiling a_time.cc
[794/1217] Compiling a_strnid.cc
[795/1217] Compiling a_strex.cc
[796/1217] Compiling a_object.cc
[797/1217] Compiling a_dup.cc
[798/1217] Compiling a_i2d_fp.cc
[799/1217] Compiling a_int.cc
[800/1217] Compiling a_d2i_fp.cc
[801/1217] Compiling CGoogleGaxCRC32C CGoogleGaxCRC32C.c
[802/1217] Compiling a_mbstr.cc
[803/1217] Compiling fiat_p256_adx_sqr.S
[804/1217] Compiling fiat_p256_adx_mul.S
[805/1217] Compiling fiat_curve25519_adx_square.S
[806/1217] Compiling fiat_curve25519_adx_mul.S
[807/1217] Compiling md5-x86_64-apple.S
[808/1217] Compiling md5-x86_64-linux.S
[809/1217] Compiling md5-586-linux.S
[810/1217] Compiling a_gentm.cc
[811/1217] Compiling md5-586-apple.S
[812/1217] Compiling chacha20_poly1305_x86_64-linux.S
[813/1217] Compiling chacha20_poly1305_x86_64-apple.S
[814/1217] Compiling a_bitstr.cc
[815/1217] Compiling chacha20_poly1305_armv8-win.S
[816/1217] Compiling chacha20_poly1305_armv8-apple.S
[817/1217] Compiling chacha20_poly1305_armv8-linux.S
[818/1217] Compiling CCryptoBoringSSLShims shims.c
[819/1217] Compiling chacha-x86_64-apple.S
[820/1217] Compiling a_bool.cc
[821/1217] Compiling chacha-x86_64-linux.S
[822/1217] Compiling chacha-armv8-win.S
[822/1217] Compiling chacha-x86-linux.S
[824/1217] Compiling chacha-x86-apple.S
[825/1217] Compiling chacha-armv8-apple.S
[826/1217] Compiling chacha-armv8-linux.S
[827/1217] Compiling aes128gcmsiv-x86_64-linux.S
[828/1217] Compiling chacha-armv4-linux.S
[829/1217] Compiling aes128gcmsiv-x86_64-apple.S
[830/1217] Compiling x86_64-mont5-linux.S
[831/1217] Compiling x86_64-mont-linux.S
[832/1217] Compiling x86_64-mont5-apple.S
[833/1217] Compiling x86_64-mont-apple.S
[834/1217] Compiling x86-mont-linux.S
[835/1217] Compiling x86-mont-apple.S
[836/1217] Compiling vpaes-x86_64-apple.S
[837/1217] Compiling vpaes-x86-linux.S
[838/1217] Compiling vpaes-x86_64-linux.S
[839/1217] Compiling vpaes-armv8-win.S
[839/1217] Compiling vpaes-x86-apple.S
[841/1217] Compiling vpaes-armv8-linux.S
[841/1217] Compiling vpaes-armv7-linux.S
[843/1217] Compiling vpaes-armv8-apple.S
[844/1217] Compiling sha512-x86_64-apple.S
[845/1217] Compiling sha512-x86_64-linux.S
[846/1217] Compiling sha512-armv8-apple.S
[847/1217] Compiling sha512-armv8-win.S
[848/1217] Compiling sha512-armv8-linux.S
[849/1217] Compiling sha512-armv4-linux.S
[850/1217] Compiling sha512-586-linux.S
[851/1217] Compiling sha512-586-apple.S
[852/1217] Compiling sha256-x86_64-linux.S
[853/1217] Compiling sha256-x86_64-apple.S
[854/1217] Compiling sha256-armv8-win.S
[855/1217] Compiling sha256-armv8-apple.S
[856/1217] Compiling err_data.cc
[857/1217] Compiling sha256-586-linux.S
[857/1217] Compiling sha256-armv8-linux.S
[858/1217] Compiling sha256-armv4-linux.S
[860/1217] Compiling sha256-586-apple.S
[861/1217] Compiling sha1-armv8-win.S
[862/1217] Compiling sha1-x86_64-linux.S
[863/1217] Compiling sha1-armv8-linux.S
[864/1217] Compiling sha1-armv8-apple.S
[865/1217] Compiling sha1-x86_64-apple.S
[866/1217] Compiling sha1-armv4-large-linux.S
[867/1217] Compiling sha1-586-linux.S
[868/1217] Compiling rsaz-avx2-linux.S
[869/1217] Compiling sha1-586-apple.S
[870/1217] Compiling rdrand-x86_64-linux.S
[871/1217] Compiling p256_beeu-x86_64-asm-linux.S
[872/1217] Compiling rsaz-avx2-apple.S
[873/1217] Compiling rdrand-x86_64-apple.S
[874/1217] Compiling p256_beeu-x86_64-asm-apple.S
[875/1217] Compiling p256_beeu-armv8-asm-win.S
[876/1217] Compiling p256_beeu-armv8-asm-linux.S
[877/1217] Compiling p256_beeu-armv8-asm-apple.S
[878/1217] Compiling p256-armv8-asm-win.S
[878/1217] Compiling p256-x86_64-asm-apple.S
[880/1217] Compiling p256-x86_64-asm-linux.S
[881/1217] Compiling p256-armv8-asm-apple.S
[882/1217] Compiling p256-armv8-asm-linux.S
[883/1217] Compiling ghashv8-armv8-apple.S
[884/1217] Compiling ghashv8-armv8-win.S
[885/1217] Compiling ghashv8-armv8-linux.S
[886/1217] Compiling ghashv8-armv7-linux.S
[887/1217] Compiling ghash-x86_64-linux.S
[888/1217] Compiling ghash-x86_64-apple.S
[889/1217] Compiling ghash-x86-linux.S
[890/1217] Compiling ghash-ssse3-x86_64-linux.S
[891/1217] Compiling ghash-x86-apple.S
[892/1217] Compiling ghash-ssse3-x86_64-apple.S
[893/1217] Compiling ghash-ssse3-x86-apple.S
[894/1217] Compiling ghash-neon-armv8-win.S
[895/1217] Compiling ghash-ssse3-x86-linux.S
[896/1217] Compiling ghash-neon-armv8-apple.S
[897/1217] Compiling ghash-armv4-linux.S
[898/1217] Compiling ghash-neon-armv8-linux.S
[899/1217] Compiling co-586-linux.S
[900/1217] Compiling co-586-apple.S
[901/1217] Compiling bn-armv8-win.S
[902/1217] Compiling bsaes-armv7-linux.S
[903/1217] Compiling bn-armv8-linux.S
[904/1217] Compiling bn-586-apple.S
[905/1217] Compiling bn-armv8-apple.S
[906/1217] Compiling bn-586-linux.S
[907/1217] Compiling armv8-mont-apple.S
[908/1217] Compiling armv8-mont-win.S
[909/1217] Compiling armv8-mont-linux.S
[910/1217] Compiling aesv8-gcm-armv8-win.S
[911/1217] Compiling armv4-mont-linux.S
[912/1217] Compiling aesv8-gcm-armv8-apple.S
[913/1217] Compiling aesv8-gcm-armv8-linux.S
[914/1217] Compiling aesv8-armv8-linux.S
[915/1217] Compiling aesv8-armv8-win.S
[916/1217] Compiling aesni-x86_64-linux.S
[917/1217] Compiling aesv8-armv7-linux.S
[918/1217] Compiling aesv8-armv8-apple.S
[919/1217] Compiling aesni-x86-linux.S
[920/1217] Compiling aesni-x86_64-apple.S
[921/1217] Compiling aesni-x86-apple.S
[922/1217] Compiling aesni-gcm-x86_64-apple.S
[923/1217] Compiling aesni-gcm-x86_64-linux.S
[924/1217] Compiling aes-gcm-avx512-x86_64-linux.S
[925/1217] Compiling aes-gcm-avx2-x86_64-linux.S
[926/1217] Compiling aes-gcm-avx512-x86_64-apple.S
[927/1217] Compiling aes-gcm-avx2-x86_64-apple.S
[928/1217] Compiling xwing.cc
[929/1217] Compiling x_spki.cc
[930/1217] Compiling x_sig.cc
[931/1217] Compiling x_req.cc
[932/1217] Compiling x_x509a.cc
[933/1217] Compiling x_x509.cc
[934/1217] Compiling c-nioatomics.c
[935/1217] Compiling x_pubkey.cc
[936/1217] Compiling c-atomics.c
[937/1217] Compiling x_exten.cc
[938/1217] Compiling x_name.cc
[939/1224] Compiling x_attrib.cc
[940/1224] Compiling x_all.cc
[941/1224] Compiling x_crl.cc
[943/1224] Compiling NIOConcurrencyHelpers NIOLock.swift
[944/1224] Compiling NIOConcurrencyHelpers lock.swift
[945/1224] Compiling NIOConcurrencyHelpers NIOLockedValueBox.swift
[946/1224] Compiling NIOConcurrencyHelpers atomics.swift
[947/1224] Compiling NIOConcurrencyHelpers NIOThreadPoolWorkAvailable.swift
[947/1224] Compiling x509spki.cc
[948/1224] Compiling x_algor.cc
[950/1224] Compiling NIOConcurrencyHelpers NIOAtomic.swift
[951/1224] Emitting module NIOConcurrencyHelpers
[952/1225] Compiling x509rset.cc
[953/1225] Wrapping AST for NIOConcurrencyHelpers for debugging
[954/1225] Compiling x509name.cc
[955/1225] Compiling x509_vpm.cc
[956/1225] Compiling x509_vfy.cc
[957/1225] Compiling x509cset.cc
[958/1225] Compiling x509_v3.cc
[959/1225] Compiling x509_txt.cc
[960/1225] Compiling x509_trs.cc
[961/1225] Compiling x509_set.cc
[962/1225] Compiling x509_ext.cc
[963/1225] Compiling x509_obj.cc
[964/1225] Compiling x509_req.cc
[965/1225] Compiling x509_lu.cc
[966/1225] Compiling x509_d2.cc
[967/1225] Compiling x509_def.cc
[968/1225] Compiling x509.cc
[969/1225] Compiling x509_cmp.cc
[970/1225] Compiling x509_att.cc
[971/1225] Compiling v3_purp.cc
[972/1225] Compiling v3_utl.cc
[973/1225] Compiling v3_prn.cc
[974/1225] Compiling v3_skey.cc
[975/1225] Compiling v3_pcons.cc
[976/1225] Compiling v3_ocsp.cc
[977/1225] Compiling v3_ncons.cc
[977/1225] Compiling v3_pmaps.cc
[979/1225] Compiling v3_int.cc
[980/1225] Compiling v3_info.cc
[981/1225] Compiling v3_ia5.cc
[982/1225] Compiling v3_lib.cc
[983/1225] Compiling v3_genn.cc
[984/1225] Compiling v3_extku.cc
[985/1225] Compiling v3_cpols.cc
[986/1225] Compiling v3_crld.cc
[987/1225] Compiling v3_enum.cc
[988/1225] Compiling v3_conf.cc
[989/1225] Compiling v3_bitst.cc
[990/1225] Compiling v3_bcons.cc
[991/1225] Compiling t_x509.cc
[992/1225] Compiling v3_akeya.cc
[993/1225] Compiling v3_akey.cc
[994/1225] Compiling v3_alt.cc
[995/1225] Compiling t_x509a.cc
[996/1225] Compiling t_crl.cc
[997/1225] Compiling t_req.cc
[998/1225] Compiling i2d_pr.cc
[999/1225] Compiling rsa_pss.cc
[1000/1225] Compiling policy.cc
[1001/1225] Compiling name_print.cc
[1002/1225] Compiling by_file.cc
[1003/1225] Compiling algorithm.cc
[1004/1225] Compiling by_dir.cc
[1005/1225] Compiling asn1_gen.cc
[1006/1225] Compiling a_verify.cc
[1007/1225] Compiling a_sign.cc
[1008/1225] Compiling thread_pthread.cc
[1009/1225] Compiling thread_win.cc
[1010/1225] Compiling a_digest.cc
[1011/1225] Compiling trust_token.cc
[1012/1225] Compiling voprf.cc
[1013/1225] Compiling pmbtoken.cc
[1014/1225] Compiling thread_none.cc
[1015/1225] Compiling thread.cc
[1016/1225] Compiling stack.cc
[1017/1225] Compiling sha512.cc
[1018/1225] Compiling slhdsa.cc
[1019/1225] Compiling siphash.cc
[1020/1225] Compiling sha256.cc
[1021/1225] Compiling sha1.cc
[1022/1225] Compiling spake2plus.cc
[1023/1225] Compiling rsa_extra.cc
[1024/1225] Compiling rsa_print.cc
[1025/1225] Compiling refcount.cc
[1026/1225] Compiling rsa_crypt.cc
[1027/1225] Compiling rc4.cc
[1028/1225] Compiling urandom.cc
[1029/1225] Compiling windows.cc
[1030/1225] Compiling rand.cc
[1031/1225] Compiling trusty.cc
[1032/1225] Compiling rsa_asn1.cc
[1033/1225] Compiling ios.cc
[1034/1225] Compiling passive.cc
[1035/1225] Compiling poly1305_arm_asm.S
[1036/1225] Compiling forkunsafe.cc
[1037/1225] Compiling getentropy.cc
[1038/1225] Compiling deterministic.cc
[1039/1225] Compiling fork_detect.cc
[1040/1225] Compiling poly1305_vec.cc
[1041/1225] Compiling poly1305.cc
[1042/1225] Compiling poly1305_arm.cc
[1043/1225] Compiling pool.cc
[1044/1225] Compiling pkcs8_x509.cc
[1045/1225] Compiling pkcs8.cc
[1046/1225] Compiling p5_pbev2.cc
[1047/1225] Compiling pkcs7.cc
[1048/1225] Compiling pkcs7_x509.cc
[1049/1225] Compiling pem_xaux.cc
[1050/1225] Compiling pem_pkey.cc
[1051/1225] Compiling pem_lib.cc
[1052/1225] Compiling pem_oth.cc
[1053/1225] Compiling pem_x509.cc
[1054/1225] Compiling pem_pk8.cc
[1055/1225] Compiling obj_xref.cc
[1056/1225] Compiling mldsa.cc
[1057/1225] Compiling mlkem.cc
[1058/1225] Compiling pem_info.cc
[1059/1225] Compiling mem.cc
[1060/1225] Compiling poly_rq_mul.S
[1061/1225] Compiling obj.cc
[1062/1225] Compiling pem_all.cc
[1063/1225] Compiling fips_shared_support.cc
[1064/1225] Compiling md5.cc
[1065/1225] Compiling lhash.cc
[1066/1225] Compiling fuzzer_mode.cc
[1067/1225] Compiling md4.cc
[1068/1225] Compiling kyber.cc
[1069/1225] Compiling ex_data.cc
[1070/1225] Compiling hrss.cc
[1071/1225] Compiling hpke.cc
[1072/1225] Compiling print.cc
[1073/1225] Compiling scrypt.cc
[1074/1225] Compiling sign.cc
[1075/1225] Compiling pbkdf.cc
[1076/1225] Compiling p_rsa_asn1.cc
[1077/1225] Compiling p_x25519_asn1.cc
[1078/1225] Compiling p_x25519.cc
[1079/1225] Compiling p_hkdf.cc
[1080/1225] Compiling p_ed25519_asn1.cc
[1081/1225] Compiling p_rsa.cc
[1082/1225] Compiling p_ed25519.cc
[1083/1225] Compiling p_ec.cc
[1084/1225] Compiling p_ec_asn1.cc
[1085/1225] Compiling p_dsa_asn1.cc
[1086/1225] Compiling p_dh.cc
[1087/1225] Compiling p_dh_asn1.cc
[1088/1225] Compiling evp_ctx.cc
[1089/1225] Compiling engine.cc
[1090/1225] Compiling err.cc
[1091/1225] Compiling evp.cc
[1092/1225] Compiling ecdsa_p1363.cc
[1093/1225] Compiling evp_asn1.cc
[1094/1225] Compiling ecdh.cc
[1095/1225] Compiling ecdsa_asn1.cc
[1096/1225] Compiling ec_derive.cc
[1097/1225] Compiling hash_to_curve.cc
[1098/1225] Compiling ec_asn1.cc
[1099/1225] Compiling dsa.cc
[1100/1225] Compiling dsa_asn1.cc
[1101/1225] Compiling digest_extra.cc
[1102/1225] Compiling params.cc
[1103/1225] Compiling x25519-asm-arm.S
[1104/1225] Compiling des.cc
[1105/1225] Compiling curve25519_64_adx.cc
[1106/1225] Compiling dh_asn1.cc
[1107/1225] Compiling crypto.cc
[1108/1225] Compiling curve25519.cc
[1109/1225] Compiling cpu_arm_freebsd.cc
[1110/1225] Compiling cpu_intel.cc
[1111/1225] Compiling cpu_arm_linux.cc
[1112/1225] Compiling spake25519.cc
[1113/1225] Compiling cpu_aarch64_win.cc
[1114/1225] Compiling cpu_aarch64_sysreg.cc
[1115/1225] Compiling cpu_aarch64_linux.cc
[1116/1225] Compiling cpu_aarch64_openbsd.cc
[1117/1225] Compiling cpu_aarch64_fuchsia.cc
[1118/1225] Compiling cpu_aarch64_apple.cc
[1119/1225] Compiling conf.cc
[1120/1225] Compiling cms.cc
[1121/1225] Compiling tls_cbc.cc
[1122/1225] Compiling e_rc4.cc
[1123/1225] Compiling get_cipher.cc
[1124/1225] Compiling e_tls.cc
[1125/1225] Compiling e_rc2.cc
[1126/1225] Compiling e_null.cc
[1127/1225] Compiling e_des.cc
[1128/1225] Compiling e_chacha20poly1305.cc
[1129/1225] Compiling derive_key.cc
[1130/1225] Compiling e_aesgcmsiv.cc
[1131/1225] Compiling e_aesctrhmac.cc
[1132/1225] Compiling e_aeseax.cc
[1133/1225] Compiling chacha.cc
[1134/1225] Compiling unicode.cc
[1135/1225] Compiling cbb.cc
[1136/1225] Compiling buf.cc
[1137/1225] Compiling cbs.cc
[1138/1225] Compiling sqrt.cc
[1139/1225] Compiling ber.cc
[1140/1225] Compiling asn1_compat.cc
[1141/1225] Compiling div.cc
[1142/1225] Compiling exponentiation.cc
[1143/1225] Compiling blake2.cc
[1144/1225] Compiling printf.cc
[1145/1225] Compiling hexdump.cc
[1146/1225] Compiling bn_asn1.cc
[1147/1225] Compiling pair.cc
[1148/1225] Compiling file.cc
[1149/1225] Compiling convert.cc
[1150/1225] Compiling errno.cc
[1151/1225] Compiling fd.cc
[1152/1225] Compiling base64.cc
[1153/1225] Compiling bio_mem.cc
[1154/1225] Compiling bio.cc
[1155/1225] Compiling tasn_typ.cc
[1156/1225] Compiling tasn_fre.cc
[1157/1225] Compiling tasn_utl.cc
[1158/1225] Compiling tasn_new.cc
[1159/1225] Compiling tasn_enc.cc
[1160/1225] Compiling posix_time.cc
[1161/1225] Compiling f_string.cc
[1162/1225] Compiling asn_pack.cc
[1163/1225] Compiling f_int.cc
[1164/1225] Compiling tasn_dec.cc
[1165/1225] Compiling asn1_par.cc
[1166/1225] Compiling a_type.cc
[1167/1225] Compiling a_utctm.cc
[1168/1225] Compiling asn1_lib.cc
[1169/1225] Compiling a_time.cc
[1170/1225] Compiling a_octet.cc
[1171/1225] Compiling a_strex.cc
[1172/1225] Compiling a_strnid.cc
[1173/1225] Compiling a_mbstr.cc
[1174/1225] Compiling bcm.cc
[1175/1225] Compiling a_object.cc
[1176/1225] Compiling a_i2d_fp.cc
[1177/1225] Compiling a_int.cc
[1178/1225] Write sources
[1179/1225] Compiling CAsyncHTTPClient CAsyncHTTPClient.c
[1180/1225] Write sources
[1182/1225] Compiling a_gentm.cc
[1183/1225] Compiling a_dup.cc
[1184/1243] Compiling a_d2i_fp.cc
[1185/1268] Compiling aes.cc
[1187/1268] Compiling Algorithms MinMax.swift
[1188/1268] Compiling Algorithms Compacted.swift
[1188/1270] Compiling a_bool.cc
[1190/1270] Compiling Algorithms Cycle.swift
[1191/1270] Compiling Algorithms EitherSequence.swift
[1192/1270] Compiling Algorithms Intersperse.swift
[1193/1270] Compiling Algorithms AdjacentPairs.swift
[1193/1270] Compiling a_bitstr.cc
[1195/1278] Compiling Atomics IntegerOperations.swift
[1196/1278] Compiling Atomics Unmanaged extensions.swift
[1197/1278] Compiling Algorithms Split.swift
[1198/1278] Compiling Algorithms Stride.swift
[1199/1278] Compiling Algorithms Suffix.swift
[1205/1281] Compiling Algorithms Reductions.swift
[1206/1281] Compiling Algorithms Rotate.swift
[1207/1281] Compiling CryptoBoringWrapper RandomBytes.swift
[1208/1281] Compiling Algorithms Joined.swift
[1209/1281] Compiling Algorithms Keyed.swift
[1211/1281] Compiling Algorithms Partition.swift
[1212/1281] Compiling Algorithms Permutations.swift
[1213/1281] Compiling Algorithms Product.swift
[1214/1281] Compiling CryptoBoringWrapper FiniteFieldArithmeticContext.swift
[1215/1281] Emitting module Atomics
[1216/1281] Compiling Algorithms FlattenCollection.swift
[1217/1281] Compiling Algorithms Grouped.swift
[1218/1281] Compiling Algorithms Indexed.swift
[1220/1281] Compiling CryptoBoringWrapper EllipticCurve.swift
[1221/1281] Compiling Algorithms Trim.swift
[1222/1281] Compiling Algorithms Unique.swift
[1223/1281] Compiling Algorithms Windows.swift
[1224/1281] Compiling CryptoBoringWrapper CryptoKitErrors_boring.swift
[1225/1281] Compiling CryptoBoringWrapper BoringSSLAEAD.swift
[1226/1281] Emitting module CryptoBoringWrapper
[1227/1281] Compiling CryptoBoringWrapper ArbitraryPrecisionInteger.swift
[1228/1281] Compiling CryptoBoringWrapper EllipticCurvePoint.swift
[1229/1282] Wrapping AST for CryptoBoringWrapper for debugging
[1231/1331] Compiling Crypto PEMDocument.swift
[1232/1331] Compiling Crypto PKCS8PrivateKey.swift
[1233/1331] Compiling Crypto SEC1PrivateKey.swift
[1234/1331] Compiling Crypto SubjectPublicKeyInfo.swift
[1235/1366] Compiling Crypto ASN1Null.swift
[1236/1366] Compiling Crypto ASN1OctetString.swift
[1237/1366] Compiling Crypto ASN1Strings.swift
[1238/1366] Compiling Crypto CryptoError_boring.swift
[1239/1366] Compiling Crypto AES-GCM.swift
[1240/1366] Compiling Crypto ArraySliceBigint.swift
[1241/1366] Compiling Crypto GeneralizedTime.swift
[1242/1366] Compiling Crypto ObjectIdentifier.swift
[1246/1367] Wrapping AST for Atomics for debugging
[1248/1431] Emitting module Algorithms
[1249/1432] Wrapping AST for Algorithms for debugging
[1251/1432] Compiling NIOCore NIOCoreSendableMetatype.swift
[1252/1432] Compiling NIOCore NIODecodedAsyncSequence.swift
[1253/1432] Compiling NIOCore NIOLoopBound.swift
[1254/1432] Compiling NIOCore NIOPooledRecvBufferAllocator.swift
[1255/1432] Compiling NIOCore NIOScheduledCallback.swift
[1256/1432] Compiling NIOCore NIOSendable.swift
[1257/1432] Compiling NIOCore NIOSplitLinesMessageDecoder.swift
[1258/1432] Compiling NIOCore NIOTransportAccessibleChannelCore.swift
[1259/1432] Compiling NIOCore RecvByteBufferAllocator.swift
[1260/1440] Compiling NIOCore ChannelInvoker.swift
[1261/1440] Compiling NIOCore ChannelOption.swift
[1262/1440] Compiling NIOCore ChannelPipeline.swift
[1263/1440] Compiling NIOCore EventLoopFuture+Deprecated.swift
[1264/1440] Compiling NIOCore EventLoopFuture+WithEventLoop.swift
[1265/1440] Compiling NIOCore EventLoopFuture.swift
[1266/1440] Compiling NIOCore FileDescriptor.swift
[1267/1440] Compiling NIOCore FileHandle.swift
[1268/1440] Compiling NIOCore FileRegion.swift
[1269/1440] Compiling NIOCore GlobalSingletons.swift
[1270/1440] Compiling NIOCore IO.swift
[1271/1440] Compiling NIOCore IOData.swift
[1272/1451] Compiling NIOCore AddressedEnvelope.swift
[1273/1451] Compiling NIOCore AsyncAwaitSupport.swift
[1274/1451] Compiling NIOCore AsyncChannel.swift
[1275/1451] Compiling NIOCore AsyncChannelHandler.swift
[1276/1451] Compiling NIOCore AsyncChannelInboundStream.swift
[1277/1451] Compiling NIOCore AsyncChannelOutboundWriter.swift
[1278/1451] Compiling NIOCore NIOAsyncSequenceProducer.swift
[1279/1451] Compiling NIOCore NIOAsyncSequenceProducerStrategies.swift
[1280/1451] Compiling NIOCore NIOAsyncWriter.swift
[1281/1451] Compiling NIOCore NIOThrowingAsyncSequenceProducer.swift
[1282/1451] Compiling NIOCore BSDSocketAPI.swift
[1283/1451] Compiling NIOCore ByteBuffer-aux.swift
[1284/1451] Emitting module Crypto
[1285/1451] Compiling NIOCore ByteBuffer-binaryEncodedLengthPrefix.swift
[1286/1451] Compiling NIOCore ByteBuffer-conversions.swift
[1287/1451] Compiling NIOCore ByteBuffer-core.swift
[1288/1451] Compiling NIOCore ByteBuffer-hex.swift
[1289/1451] Compiling NIOCore ByteBuffer-int.swift
[1290/1451] Compiling NIOCore ByteBuffer-lengthPrefix.swift
[1291/1451] Compiling NIOCore ByteBuffer-multi-int.swift
[1292/1451] Compiling NIOCore ByteBuffer-quicBinaryEncodingStrategy.swift
[1293/1451] Compiling NIOCore ByteBuffer-views.swift
[1294/1451] Compiling NIOCore Channel.swift
[1295/1451] Compiling NIOCore ChannelHandler.swift
[1296/1451] Compiling NIOCore ChannelHandlers.swift
[1306/1451] Compiling NIOCore IPProtocol.swift
[1307/1451] Compiling NIOCore IntegerBitPacking.swift
[1308/1451] Compiling NIOCore IntegerTypes.swift
[1309/1451] Compiling NIOCore Interfaces.swift
[1310/1451] Compiling NIOCore Linux.swift
[1311/1451] Compiling NIOCore MarkedCircularBuffer.swift
[1312/1451] Compiling NIOCore MulticastChannel.swift
[1313/1451] Compiling NIOCore NIOAny.swift
[1314/1451] Compiling NIOCore NIOCloseOnErrorHandler.swift
[1315/1451] Compiling NIOCore DeadChannel.swift
[1316/1451] Compiling NIOCore DispatchQueue+WithFuture.swift
[1317/1451] Compiling NIOCore EventLoop+Deprecated.swift
[1318/1451] Compiling NIOCore EventLoop+SerialExecutor.swift
[1319/1451] Compiling NIOCore EventLoop.swift
[1320/1451] Compiling NIOCore EventLoopFuture+AssumeIsolated.swift
[1336/1451] Compiling NIOCore CircularBuffer.swift
[1337/1451] Compiling NIOCore Codec.swift
[1338/1451] Compiling NIOCore ConvenienceOptionSupport.swift
[1342/1451] Compiling NIOCore SingleStepByteToMessageDecoder.swift
[1343/1451] Compiling NIOCore SocketAddresses.swift
[1344/1451] Compiling NIOCore SocketOptionProvider.swift
[1345/1451] Compiling NIOCore SystemCallHelpers.swift
[1346/1451] Compiling NIOCore TimeAmount+Duration.swift
[1347/1451] Compiling NIOCore TypeAssistedChannelHandler.swift
[1348/1451] Compiling NIOCore UniversalBootstrapSupport.swift
[1349/1451] Compiling NIOCore Utilities.swift
[1350/1451] Compiling Crypto HMAC.swift
[1351/1451] Compiling Crypto MACFunctions.swift
[1352/1451] Compiling Crypto MessageAuthenticationCode.swift
[1353/1451] Compiling Crypto AES.swift
[1354/1451] Compiling Crypto ECDSASignature_boring.swift
[1355/1451] Compiling Crypto ECDSA_boring.swift
[1356/1451] Compiling Crypto EdDSA_boring.swift
[1357/1451] Compiling Crypto MLDSA_boring.swift
[1358/1451] Compiling Crypto MLDSA_wrapper.swift
[1359/1451] Compiling Crypto ECDSA.swift
[1360/1451] Compiling Crypto Ed25519.swift
[1361/1451] Compiling Crypto MLDSA.swift
[1362/1451] Compiling Crypto Signature.swift
[1363/1451] Compiling Crypto CryptoKitErrors_boring.swift
[1364/1451] Compiling Crypto Optional+withUnsafeBytes_boring.swift
[1365/1451] Compiling Crypto RNG_boring.swift
[1366/1451] Compiling Crypto SafeCompare_boring.swift
[1367/1451] Compiling Crypto Zeroization_boring.swift
[1368/1451] Compiling Crypto _CryptoModuleAnchor.swift
[1369/1451] Compiling Crypto PrettyBytes.swift
[1370/1451] Compiling Crypto SafeCompare.swift
[1371/1451] Compiling Crypto SecureBytes.swift
[1372/1451] Compiling Crypto Zeroization.swift
[1373/1476] Wrapping AST for Crypto for debugging
[1375/1511] Compiling CryptoExtras ARCServer.swift
[1376/1511] Compiling CryptoExtras ChaCha20CTR_boring.swift
[1377/1511] Compiling CryptoExtras ChaCha20CTR.swift
[1378/1511] Compiling CryptoExtras BoringSSLSHA512256Context.swift
[1379/1511] Compiling CryptoExtras BoringSSLSHA512256HashFunction.swift
[1380/1511] Compiling CryptoExtras SHA512256.swift
[1381/1511] Compiling CryptoExtras SHA512256Digest.swift
[1382/1511] Compiling CryptoExtras Curve25519+PEM.swift
[1383/1511] Compiling CryptoExtras ObjectIdentifier.swift
[1384/1511] Compiling CryptoExtras AES_CBC.swift
[1385/1511] Compiling CryptoExtras AES_CFB.swift
[1386/1511] Compiling CryptoExtras AES_CTR.swift
[1387/1511] Compiling CryptoExtras AES_GCM_SIV.swift
[1388/1511] Compiling CryptoExtras Block Function.swift
[1389/1511] Compiling CryptoExtras AES_CBC_boring.swift
[1390/1511] Compiling CryptoExtras AES_CFB_boring.swift
[1391/1511] Compiling CryptoExtras AES_CTR_boring.swift
[1392/1511] Compiling CryptoExtras AES_GCM_SIV_boring.swift
[1393/1514] Compiling CryptoExtras PKCS8PrivateKey.swift
[1394/1514] Compiling CryptoExtras RFC8410AlgorithmIdentifier.swift
[1395/1514] Compiling CryptoExtras ECToolbox_boring.swift
[1396/1514] Compiling CryptoExtras ECToolbox.swift
[1397/1514] Compiling CryptoExtras HashToField.swift
[1398/1514] Compiling CryptoExtras KDF.swift
[1399/1514] Compiling CryptoExtras PBKDF2_boring.swift
[1400/1514] Compiling CryptoExtras PBKDF2_commoncrypto.swift
[1401/1514] Compiling CryptoExtras Data+Extensions.swift
[1411/1514] Compiling CryptoExtras DigestType.swift
[1412/1514] Compiling CryptoExtras Error.swift
[1413/1514] Compiling CryptoExtras I2OSP.swift
[1414/1514] Compiling CryptoExtras IntegerEncoding.swift
[1415/1514] Compiling CryptoExtras PEMDocument.swift
[1416/1514] Compiling CryptoExtras PrettyBytes.swift
[1417/1514] Compiling CryptoExtras SubjectPublicKeyInfo.swift
[1418/1522] Emitting module CryptoExtras
[1428/1522] Compiling CryptoExtras ThreadOps.swift
[1429/1522] Compiling CryptoExtras ThreadPosix.swift
[1430/1522] Compiling CryptoExtras ThreadSpecific.swift
[1431/1522] Compiling CryptoExtras ThreadWindows.swift
[1432/1522] Compiling CryptoExtras DLEQ.swift
[1433/1522] Compiling CryptoExtras Prover.swift
[1434/1522] Compiling CryptoExtras Verifier.swift
[1435/1522] Compiling CryptoExtras ZKPToolbox.swift
[1436/1522] Compiling CryptoExtras PKCS8DERRepresentation.swift
[1445/1522] Compiling CryptoExtras PBKDF2.swift
[1446/1522] Compiling CryptoExtras Scrypt_boring.swift
[1447/1522] Compiling CryptoExtras Scrypt.swift
[1448/1522] Compiling CryptoExtras OPRF.swift
[1449/1522] Compiling CryptoExtras OPRFClient.swift
[1450/1522] Compiling CryptoExtras OPRFServer.swift
[1451/1522] Compiling CryptoExtras VOPRF+API.swift
[1452/1522] Compiling CryptoExtras VOPRFClient.swift
[1453/1522] Compiling CryptoExtras VOPRFServer.swift
[1463/1522] Compiling CryptoExtras CMAC.swift
[1464/1522] Compiling CryptoExtras ARC+API.swift
[1465/1522] Compiling CryptoExtras ARC.swift
[1466/1522] Compiling CryptoExtras ARCCredential.swift
[1467/1522] Compiling CryptoExtras ARCEncoding.swift
[1468/1522] Compiling CryptoExtras ARCPrecredential.swift
[1469/1522] Compiling CryptoExtras ARCPresentation.swift
[1470/1522] Compiling CryptoExtras ARCRequest.swift
[1471/1522] Compiling CryptoExtras ARCResponse.swift
[1472/1522] Compiling CryptoExtras BoringSSLPassphraseCallbackManager.swift
[1473/1522] Compiling CryptoExtras RSA+BlindSigning.swift
[1474/1522] Compiling CryptoExtras RSA.swift
[1475/1522] Compiling CryptoExtras RSA_boring.swift
[1476/1522] Compiling CryptoExtras Reexport.swift
[1477/1522] Compiling CryptoExtras Zeroization_boring.swift
[1478/1522] Compiling CryptoExtras BoringSSLHelpers.swift
[1479/1522] Compiling CryptoExtras CryptoKitErrors_boring.swift
[1480/1523] Wrapping AST for CryptoExtras for debugging
[1482/1525] Compiling _CryptoExtras Exports.swift
[1483/1525] Emitting module _CryptoExtras
[1484/1526] Wrapping AST for _CryptoExtras for debugging
[1486/1621] Compiling X509 Extensions.swift
[1487/1621] Compiling X509 ExtensionsBuilder.swift
[1488/1621] Compiling X509 GeneralName.swift
[1489/1621] Compiling X509 Lock.swift
[1490/1621] Compiling X509 LockedValueBox.swift
[1491/1621] Compiling X509 BasicOCSPResponse.swift
[1492/1621] Compiling X509 DirectoryString.swift
[1493/1621] Compiling X509 OCSPCertID.swift
[1494/1621] Compiling X509 OCSPCertStatus.swift
[1495/1621] Emitting module NIOCore
[1496/1626] Wrapping AST for NIOCore for debugging
[1498/1679] Compiling NIOFoundationEssentialsCompat Codable+ByteBuffer.swift
[1499/1679] Compiling NIOPosix Resolver.swift
[1500/1679] Compiling NIOPosix HappyEyeballs.swift
[1501/1679] Compiling NIOPosix IO.swift
[1502/1679] Compiling NIOPosix IntegerBitPacking.swift
[1503/1679] Compiling NIOPosix IntegerTypes.swift
[1504/1679] Compiling NIOPosix Linux.swift
[1505/1679] Compiling NIOPosix LinuxCPUSet.swift
[1506/1679] Compiling NIOPosix LinuxUring.swift
[1507/1679] Compiling NIOPosix Selectable.swift
[1508/1679] Compiling NIOPosix SelectableChannel.swift
[1509/1679] Compiling NIOPosix SelectableEventLoop.swift
[1510/1679] Compiling NIOPosix SelectorEpoll.swift
[1511/1679] Compiling NIOPosix SelectorGeneric.swift
[1512/1679] Compiling X509 DomainComponent.swift
[1513/1679] Compiling X509 EmailAddress.swift
[1514/1679] Compiling X509 LocalityName.swift
[1515/1679] Compiling X509 OrganizationName.swift
[1516/1679] Compiling X509 OrganizationalUnitName.swift
[1517/1679] Compiling X509 StateOrProvinceName.swift
[1518/1679] Compiling X509 StreetAddress.swift
[1519/1679] Compiling X509 Error.swift
[1520/1679] Compiling X509 AuthorityInformationAccess.swift
[1521/1679] Compiling X509 AuthorityKeyIdentifier.swift
[1522/1679] Compiling X509 BasicConstraints.swift
[1523/1679] Compiling X509 ExtendedKeyUsage.swift
[1524/1679] Compiling X509 ExtensionIdentifiers.swift
[1525/1679] Compiling X509 KeyUsage.swift
[1526/1692] Emitting module NIOEmbedded
[1527/1692] Compiling NIOEmbedded AsyncTestingEventLoop.swift
[1528/1692] Compiling X509 OCSPExtensionID.swift
[1529/1692] Compiling X509 OCSPNonce.swift
[1530/1692] Compiling X509 OCSPPolicy.swift
[1531/1692] Compiling X509 OCSPRequest.swift
[1532/1692] Compiling X509 OCSPResponse.swift
[1533/1692] Compiling X509 OCSPResponseBytes.swift
[1534/1692] Compiling X509 OCSPResponseData.swift
[1535/1692] Compiling X509 OCSPResponseStatus.swift
[1536/1692] Compiling X509 OCSPSignature.swift
[1537/1692] Compiling X509 OCSPSingleRequest.swift
[1538/1692] Compiling X509 OCSPSingleResponse.swift
[1539/1692] Compiling X509 OCSPTBSRequest.swift
[1540/1692] Compiling X509 OCSPVersion.swift
[1541/1692] Compiling NIOEmbedded AsyncTestingChannel.swift
[1542/1692] Compiling NIOPosix MultiThreadedEventLoopGroup.swift
[1543/1692] Compiling NIOPosix NIOPosixSendableMetatype.swift
[1544/1692] Compiling NIOPosix NIORandomizedDNSResolver.swift
[1545/1692] Compiling NIOPosix NIOThreadPool.swift
[1546/1692] Compiling NIOPosix NonBlockingFileIO.swift
[1547/1692] Compiling NIOPosix PendingDatagramWritesManager.swift
[1548/1692] Compiling NIOPosix PendingWritesManager.swift
[1549/1692] Compiling NIOPosix BSDSocketAPICommon.swift
[1550/1692] Compiling NIOPosix BSDSocketAPIPosix.swift
[1551/1692] Compiling NIOPosix BSDSocketAPIWindows.swift
[1552/1692] Compiling NIOPosix BaseSocket.swift
[1553/1692] Compiling NIOPosix BaseSocketChannel+AccessibleTransport.swift
[1554/1692] Compiling NIOPosix BaseSocketChannel+SocketOptionProvider.swift
[1555/1692] Compiling NIOPosix BaseSocketChannel.swift
[1556/1692] Compiling NIOFoundationEssentialsCompat ByteBuffer-foundation.swift
[1557/1692] Emitting module NIOFoundationEssentialsCompat
[1559/1693] Compiling NIOPosix BaseStreamSocketChannel.swift
[1560/1693] Compiling NIOPosix Bootstrap.swift
[1561/1693] Compiling NIOPosix ControlMessage.swift
[1562/1693] Compiling NIOPosix DatagramVectorReadManager.swift
[1563/1693] Compiling NIOPosix Errors+Any.swift
[1564/1693] Compiling NIOPosix FileDescriptor.swift
[1565/1693] Compiling NIOPosix GetaddrinfoResolver.swift
[1566/1693] Compiling NIOPosix PipeChannel.swift
[1567/1693] Compiling NIOPosix PipePair.swift
[1568/1693] Compiling NIOPosix Pool.swift
[1569/1693] Compiling NIOPosix PosixSingletons+ConcurrencyTakeOver.swift
[1570/1693] Compiling NIOPosix PosixSingletons.swift
[1571/1693] Compiling NIOPosix RawSocketBootstrap.swift
[1572/1693] Compiling X509 OneOfPolicies.swift
[1573/1693] Compiling X509 PolicyBuilder.swift
[1574/1693] Compiling X509 BasicConstraintsPolicy.swift
[1575/1693] Compiling X509 DNSNames.swift
[1576/1693] Compiling X509 ExpiryPolicy.swift
[1577/1693] Compiling X509 IPConstraints.swift
[1578/1693] Compiling X509 NameConstraintsPolicy.swift
[1579/1693] Compiling X509 RFC5280Policy.swift
[1580/1693] Compiling X509 URIConstraints.swift
[1581/1693] Compiling X509 VersionPolicy.swift
[1582/1693] Compiling X509 ServerIdentityPolicy.swift
[1583/1693] Compiling X509 TrustRootLoading.swift
[1584/1693] Compiling X509 UnverifiedChain.swift
[1585/1693] Compiling NIOPosix SelectorKqueue.swift
[1586/1693] Compiling NIOPosix SelectorUring.swift
[1587/1693] Compiling NIOPosix SelectorWSAPoll.swift
[1588/1693] Compiling NIOPosix ServerSocket.swift
[1589/1693] Compiling NIOPosix Socket.swift
[1590/1693] Compiling NIOPosix SocketChannel.swift
[1591/1693] Compiling NIOPosix SocketProtocols.swift
[1592/1693] Compiling NIOPosix StructuredConcurrencyHelpers.swift
[1593/1693] Compiling NIOPosix System.swift
[1594/1693] Compiling X509 CertificateSerialNumber.swift
[1595/1693] Compiling X509 CertificateVersion.swift
[1596/1693] Compiling X509 CMSAttribute.swift
[1597/1693] Compiling X509 CMSContentInfo.swift
[1598/1693] Compiling X509 CMSEncapsulatedContentInfo.swift
[1598/1693] Wrapping AST for NIOFoundationEssentialsCompat for debugging
[1600/1693] Compiling NIOEmbedded Embedded.swift
[1601/1694] Wrapping AST for NIOEmbedded for debugging
[1617/1701] Emitting module NIOPosix
[1625/1701] Compiling NIOPosix Thread.swift
[1626/1701] Compiling NIOPosix ThreadPosix.swift
[1627/1701] Compiling NIOPosix ThreadWindows.swift
[1628/1701] Compiling NIOPosix Utilities.swift
[1629/1701] Compiling NIOPosix VsockAddress.swift
[1630/1701] Compiling NIOPosix VsockChannelEvents.swift
[1631/1701] Compiling NIOPosix Windows.swift
[1632/1701] Emitting module X509
[1662/1702] Compiling X509 ValidatedCertificateChain.swift
[1663/1702] Compiling X509 VerificationDiagnostic.swift
[1664/1702] Compiling X509 Verifier.swift
[1665/1702] Compiling X509 VerifierPolicy.swift
[1666/1702] Compiling X509 AlgorithmIdentifier.swift
[1667/1702] Compiling X509 ECDSASignature.swift
[1668/1702] Compiling X509 RSAPKCS1PublicKey.swift
[1669/1702] Compiling X509 SubjectPublicKeyInfo.swift
[1670/1702] Compiling X509 TBSCertificate.swift
[1671/1702] Compiling X509 Time.swift
[1672/1702] Compiling X509 TimeCalculations.swift
[1673/1702] Compiling X509 Validity.swift
[1674/1702] Compiling X509 X509SendableMetatype.swift
[1675/1703] Wrapping AST for NIOPosix for debugging
[1677/1705] Emitting module NIO
[1678/1705] Compiling NIO Exports.swift
[1679/1706] Wrapping AST for X509 for debugging
[1680/1787] Wrapping AST for NIO for debugging
[1682/1812] Emitting module NIOTLS
[1683/1812] Compiling NIOFoundationCompat WaitSpinningRunLoop.swift
[1684/1812] Compiling NIOTLS TLSEvents.swift
[1685/1812] Compiling NIOFoundationCompat JSONSerialization+ByteBuffer.swift
[1686/1812] Compiling NIOFoundationCompat Exports.swift
[1687/1812] Emitting module NIOFoundationCompat
[1688/1813] Emitting module NIOSOCKS
[1690/1814] Compiling NIOSOCKS SelectedAuthenticationMethod.swift
[1691/1814] Compiling NIOSOCKS ClientStateMachine.swift
[1692/1814] Compiling NIOSOCKS SOCKSResponse.swift
[1693/1814] Compiling NIOTLS NIOTypedApplicationProtocolNegotiationHandler.swift
[1694/1814] Compiling NIOTLS ApplicationProtocolNegotiationHandler.swift
[1695/1814] Compiling NIOHTTP1 HTTPServerPipelineHandler.swift
[1696/1814] Compiling NIOHTTP1 HTTPServerProtocolErrorHandler.swift
[1696/1814] Wrapping AST for NIOFoundationCompat for debugging
[1698/1814] Compiling JWTKit MLDSAType.swift
[1699/1814] Compiling JWTKit JWTKeyCollection+UnsecuredNone.swift
[1700/1814] Compiling JWTKit UnsecuredNoneSigner.swift
[1701/1814] Compiling JWTKit JWTKeyCollection+RSA.swift
[1702/1814] Compiling JWTKit RSA.swift
[1703/1814] Compiling JWTKit RSAError.swift
[1704/1814] Compiling JWTKit RSASigner.swift
[1705/1814] Compiling JWTKit Base64URL.swift
[1706/1814] Compiling JWTKit CryptoSigner.swift
[1707/1814] Compiling JWTKit JWTSerializer.swift
[1708/1814] Compiling JWTKit JWTSigner.swift
[1709/1814] Compiling JWTKit JWTKeyCollection+MLDSA.swift
[1710/1814] Compiling JWTKit MLDSA.swift
[1711/1814] Compiling JWTKit MLDSA65+MLDSAKey.swift
[1712/1814] Compiling JWTKit MLDSA87+MLDSAKey.swift
[1713/1814] Compiling JWTKit MLDSAError.swift
[1714/1814] Compiling JWTKit MLDSAKey.swift
[1715/1814] Compiling JWTKit MLDSASigner.swift
[1716/1814] Compiling NIOSOCKS ServerStateMachine.swift
[1717/1823] Compiling NIOHTTP1 HTTPTypedPipelineSetup.swift
[1718/1823] Compiling NIOHTTP1 HTTPTypes.swift
[1719/1823] Compiling NIOHTTP1 NIOHTTPClientUpgradeHandler.swift
[1720/1823] Compiling NIOHTTP1 NIOHTTPObjectAggregator.swift
[1721/1823] Compiling NIOHTTP1 NIOTypedHTTPClientUpgradeHandler.swift
[1722/1823] Compiling NIOHTTP1 NIOTypedHTTPClientUpgraderStateMachine.swift
[1723/1823] Compiling JWTKit IssuerClaim.swift
[1724/1823] Compiling JWTKit JWTClaim.swift
[1725/1823] Compiling JWTKit JWTMultiValueClaim.swift
[1726/1823] Compiling JWTKit JWTUnixEpochClaim.swift
[1729/1825] Compiling NIOTLS ProtocolNegotiationHandlerStateMachine.swift
[1730/1825] Compiling NIOTLS SNIHandler.swift
[1731/1826] Compiling NIOHTTP1 HTTPServerUpgradeHandler.swift
[1732/1826] Compiling NIOHTTP1 ByteCollectionUtils.swift
[1733/1826] Compiling NIOHTTP1 HTTPPipelineSetup.swift
[1734/1826] Compiling NIOHTTP1 HTTPServerRequestMethodQueue.swift
[1735/1826] Compiling NIOHTTP1 HTTPHeaderValidator.swift
[1736/1826] Compiling NIOHTTP1 HTTPHeaders+Validation.swift
[1744/1827] Emitting module JWTKit
[1753/1827] Compiling NIOHTTP1 HTTPDecoder.swift
[1754/1827] Compiling NIOHTTP1 HTTPEncoder.swift
[1757/1827] Emitting module NIOHTTP1
[1757/1827] Wrapping AST for NIOTLS for debugging
[1758/1827] Wrapping AST for NIOSOCKS for debugging
[1760/1857] Compiling NIOSSL PosixPort.swift
[1761/1857] Compiling NIOSSL SSLCallbacks.swift
[1762/1857] Compiling NIOSSL SSLPrivateKey.swift
[1763/1857] Compiling NIOSSL SSLPublicKey.swift
[1764/1857] Compiling NIOSSL SecurityFrameworkCertificateVerification.swift
[1765/1857] Compiling NIOSSL NIOSSLServerHandler.swift
[1766/1857] Compiling NIOSSL ObjectIdentifier.swift
[1767/1857] Compiling NIOSSL SSLConnection.swift
[1768/1857] Compiling NIOSSL SubjectAlternativeName.swift
[1769/1858] Compiling NIOSSL SafeCompare.swift
[1770/1858] Compiling NIOSSL LinuxCABundle.swift
[1771/1858] Compiling NIOSSL NIOSSLClientHandler.swift
[1772/1858] Compiling NIOSSL NIOSSLHandler+Configuration.swift
[1773/1858] Compiling NIOSSL NIOSSLHandler.swift
[1774/1858] Compiling NIOSSL SSLContext.swift
[1775/1858] Compiling NIOSSL SSLErrors.swift
[1776/1858] Compiling NIOSSL SSLInit.swift
[1777/1858] Compiling NIOSSL SSLPKCS12Bundle.swift
[1778/1858] Compiling JWTKit JWTKeyCollection+EdDSA.swift
[1779/1858] Compiling JWTKit HMAC.swift
[1780/1858] Compiling JWTKit HMACError.swift
[1781/1858] Compiling JWTKit HMACSigner.swift
[1782/1858] Compiling JWTKit JWTKeyCollection+HMAC.swift
[1783/1858] Compiling JWTKit Insecure.swift
[1784/1858] Compiling JWTKit JWK.swift
[1785/1858] Compiling JWTKit JWKIdentifier.swift
[1786/1858] Compiling JWTKit JWKS.swift
[1787/1858] Compiling JWTKit JWKSigner.swift
[1788/1858] Compiling JWTKit JWTAlgorithm.swift
[1789/1858] Compiling JWTKit JWTError.swift
[1790/1858] Compiling JWTKit JWTHeader+CommonFields.swift
[1791/1858] Compiling JWTKit JWTHeader.swift
[1792/1858] Compiling JWTKit JWTHeaderField.swift
[1793/1858] Compiling JWTKit JWTKeyCollection.swift
[1794/1858] Compiling JWTKit JWTParser+MandatoryVerificationFields.swift
[1795/1858] Compiling JWTKit JWTParser.swift
[1796/1858] Compiling JWTKit JWTPayload.swift
[1797/1865] Wrapping AST for NIOHTTP1 for debugging
[1799/1875] Compiling JWTKit CustomizedJSONCoders.swift
[1800/1875] Compiling JWTKit Utilities.swift
[1801/1875] Compiling JWTKit AppleIdentityToken.swift
[1802/1875] Compiling JWTKit FirebaseAuthIdentityToken.swift
[1803/1875] Compiling JWTKit GoogleIdentityToken.swift
[1804/1875] Compiling JWTKit MicrosoftIdentityToken.swift
[1805/1875] Compiling JWTKit EmptyPolicy.swift
[1806/1875] Compiling JWTKit ValidationTimePayload.swift
[1807/1875] Compiling JWTKit X5CVerifier.swift
[1808/1876] Wrapping AST for JWTKit for debugging
[1810/1876] Compiling NIOHTTPCompression HTTPRequestCompressor.swift
[1811/1876] Compiling NIOHTTPCompression HTTPDecompressor.swift
[1812/1876] Compiling NIOHTTPCompression HTTPResponseCompressor.swift
[1813/1876] Compiling NIOHPACK IndexedHeaderTable.swift
[1814/1877] Compiling NIOHPACK IntegerCoding.swift
[1815/1877] Emitting module NIOHTTPCompression
[1816/1877] Compiling NIOHTTPCompression HTTPDecompression.swift
[1817/1877] Compiling NIOHTTPCompression HTTPCompression.swift
[1819/1878] Compiling NIOHPACK HuffmanTables.swift
[1823/1878] Compiling NIOSSL String+unsafeUninitializedCapacity.swift
[1824/1878] Emitting module NIOHPACK
[1825/1882] Compiling NIOHPACK HuffmanCoding.swift
[1826/1882] Compiling NIOHPACK StaticHeaderTable.swift
[1826/1882] Wrapping AST for NIOHTTPCompression for debugging
[1828/1882] Compiling NIOHPACK HPACKEncoder.swift
[1829/1882] Compiling NIOHPACK HPACKErrors.swift
[1830/1882] Compiling NIOHPACK HPACKHeader.swift
[1831/1882] Compiling NIOHPACK HeaderTables.swift
[1832/1882] Compiling NIOHPACK DynamicHeaderTable.swift
[1833/1882] Compiling NIOHPACK HPACKDecoder.swift
[1834/1883] Wrapping AST for NIOHPACK for debugging
[1836/1932] Compiling NIOHTTP2 HasExtendedConnectSettings.swift
[1837/1932] Compiling NIOHTTP2 HTTP2ChannelHandler+InlineStreamMultiplexer.swift
[1838/1932] Compiling NIOHTTP2 HTTP2ChannelHandler.swift
[1839/1932] Compiling NIOHTTP2 HTTP2CommonInboundStreamMultiplexer.swift
[1840/1932] Compiling NIOHTTP2 HTTP2StreamChannel+OutboundStreamMultiplexer.swift
[1841/1932] Compiling NIOHTTP2 HTTP2StreamChannel.swift
[1842/1932] Compiling NIOHTTP2 HTTP2StreamDelegate.swift
[1843/1932] Compiling NIOHTTP2 HTTP2StreamID.swift
[1844/1932] Compiling NIOHTTP2 HTTP2FrameParser.swift
[1845/1932] Compiling NIOHTTP2 HTTP2PingData.swift
[1846/1932] Compiling NIOHTTP2 HTTP2PipelineHelpers.swift
[1847/1932] Compiling NIOHTTP2 HTTP2Settings.swift
[1848/1932] Compiling NIOHTTP2 HTTP2Stream.swift
[1849/1932] Compiling NIOHTTP2 SendingPushPromiseState.swift
[1850/1932] Compiling NIOHTTP2 SendingRstStreamState.swift
[1851/1932] Compiling NIOHTTP2 SendingWindowUpdateState.swift
[1852/1932] Compiling NIOHTTP2 HTTP2SettingsState.swift
[1853/1933] Emitting module NIOSSL
[1854/1946] Compiling NIOHTTP2 HTTP2ConnectionStateChange.swift
[1855/1946] Compiling NIOHTTP2 HTTP2Error.swift
[1856/1946] Compiling NIOHTTP2 HTTP2ErrorCode.swift
[1857/1946] Compiling NIOHTTP2 HTTP2FlowControlWindow.swift
[1858/1946] Compiling NIOHTTP2 HTTP2Frame.swift
[1859/1946] Compiling NIOHTTP2 HTTP2FrameEncoder.swift
[1860/1946] Compiling NIOHTTP2 ConnectionStateMachine.swift
[1861/1946] Compiling NIOHTTP2 ConnectionStreamsState.swift
[1862/1946] Compiling NIOHTTP2 MayReceiveFrames.swift
[1863/1946] Compiling NIOHTTP2 ReceivingDataState.swift
[1864/1946] Compiling NIOHTTP2 ReceivingGoAwayState.swift
[1865/1946] Compiling NIOHTTP2 ReceivingHeadersState.swift
[1866/1947] Wrapping AST for NIOSSL for debugging
[1868/1947] Compiling NIOHTTP2 MaySendFrames.swift
[1869/1947] Compiling NIOHTTP2 SendingDataState.swift
[1870/1947] Compiling NIOHTTP2 SendingGoawayState.swift
[1871/1947] Compiling NIOHTTP2 SendingHeadersState.swift
[1877/1947] Emitting module NIOHTTP2
[1878/1955] Compiling NIOHTTP2 HasFlowControlWindows.swift
[1879/1955] Compiling NIOHTTP2 HasLocalSettings.swift
[1880/1955] Compiling NIOHTTP2 HasRemoteSettings.swift
[1881/1955] Compiling NIOHTTP2 LocallyQuiescingState.swift
[1882/1955] Compiling NIOHTTP2 QuiescingState.swift
[1883/1955] Compiling NIOHTTP2 RemotelyQuiescingState.swift
[1884/1955] Compiling NIOHTTP2 SendAndReceiveGoawayState.swift
[1885/1955] Compiling NIOHTTP2 StateMachineResult.swift
[1886/1955] Compiling NIOHTTP2 ContentLengthVerifier.swift
[1887/1955] Compiling NIOHTTP2 DOSHeuristics.swift
[1888/1955] Compiling NIOHTTP2 Error+Any.swift
[1889/1955] Compiling NIOHTTP2 ConcurrentStreamBuffer.swift
[1890/1955] Compiling NIOHTTP2 ControlFrameBuffer.swift
[1891/1955] Compiling NIOHTTP2 OutboundFlowControlBuffer.swift
[1892/1955] Compiling NIOHTTP2 OutboundFrameBuffer.swift
[1893/1955] Compiling NIOHTTP2 GlitchesMonitor.swift
[1894/1955] Compiling NIOHTTP2 HPACKHeaders+Validation.swift
[1895/1955] Compiling NIOHTTP2 HTTP2ChannelHandler+InboundStreamMultiplexer.swift
[1896/1955] Compiling NIOHTTP2 HTTP2StreamMultiplexer.swift
[1897/1955] Compiling NIOHTTP2 HTTP2ToHTTP1Codec.swift
[1898/1955] Compiling NIOHTTP2 HTTP2UserEvents.swift
[1899/1955] Compiling NIOHTTP2 InboundEventBuffer.swift
[1900/1955] Compiling NIOHTTP2 InboundWindowManager.swift
[1901/1955] Compiling NIOHTTP2 MultiplexerAbstractChannel.swift
[1902/1955] Compiling NIOHTTP2 NIOHTTP2FrameDelegate.swift
[1903/1955] Compiling NIOHTTP2 NIOHTTP2ServerConnectionManagementHandler+StateMachine.swift
[1904/1955] Compiling NIOHTTP2 NIOHTTP2ServerConnectionManagementHandler.swift
[1905/1955] Compiling NIOHTTP2 StreamChannelFlowController.swift
[1906/1955] Compiling NIOHTTP2 StreamChannelList.swift
[1907/1955] Compiling NIOHTTP2 StreamMap.swift
[1908/1955] Compiling NIOHTTP2 StreamStateMachine.swift
[1909/1955] Compiling NIOHTTP2 Timer.swift
[1910/1955] Compiling NIOHTTP2 UnsafeTransfer.swift
[1911/1955] Compiling NIOHTTP2 WatermarkedFlowController.swift
[1936/1955] Compiling NIOHTTP2 ReceivingPushPromiseState.swift
[1937/1955] Compiling NIOHTTP2 ReceivingRstStreamState.swift
[1938/1955] Compiling NIOHTTP2 ReceivingWindowUpdateState.swift
[1939/1956] Wrapping AST for NIOHTTP2 for debugging
[1941/2020] Emitting module AsyncHTTPClient
[1942/2028] Compiling AsyncHTTPClient AnyAsyncSequence.swift
[1943/2028] Compiling AsyncHTTPClient AnyAsyncSequenceProucerDelete.swift
[1944/2028] Compiling AsyncHTTPClient AsyncLazySequence.swift
[1945/2028] Compiling AsyncHTTPClient HTTPClient+execute.swift
[1946/2028] Compiling AsyncHTTPClient HTTPClient+shutdown.swift
[1947/2028] Compiling AsyncHTTPClient HTTPClient+tracing.swift
[1948/2028] Compiling AsyncHTTPClient HTTPClientRequest+Prepared.swift
[1949/2028] Compiling AsyncHTTPClient HTTPClientRequest+auth.swift
[1950/2028] Compiling AsyncHTTPClient HTTPClientRequest.swift
[1951/2028] Compiling AsyncHTTPClient LRUCache.swift
[1952/2028] Compiling AsyncHTTPClient NIOLoopBound+Execute.swift
[1953/2028] Compiling AsyncHTTPClient NWErrorHandler.swift
[1954/2028] Compiling AsyncHTTPClient NWWaitingHandler.swift
[1955/2028] Compiling AsyncHTTPClient TLSConfiguration.swift
[1956/2028] Compiling AsyncHTTPClient RedirectState.swift
[1957/2028] Compiling AsyncHTTPClient RequestBag+StateMachine.swift
[1958/2028] Compiling AsyncHTTPClient RequestBag+Tracing.swift
[1959/2028] Compiling AsyncHTTPClient RequestBag.swift
[1960/2028] Compiling AsyncHTTPClient RequestValidation.swift
[1961/2028] Compiling AsyncHTTPClient SSLContextCache.swift
[1962/2028] Compiling AsyncHTTPClient Scheme.swift
[1963/2028] Compiling AsyncHTTPClient Singleton.swift
[1964/2028] Compiling AsyncHTTPClient StringConvertibleInstances.swift
[1965/2028] Compiling AsyncHTTPClient StructuredConcurrencyHelpers.swift
[1966/2028] Compiling AsyncHTTPClient TracingSupport.swift
[1967/2028] Compiling AsyncHTTPClient Utils.swift
[1968/2028] Compiling AsyncHTTPClient HTTP1ProxyConnectHandler.swift
[1969/2028] Compiling AsyncHTTPClient SOCKSEventsHandler.swift
[1970/2028] Compiling AsyncHTTPClient TLSEventsHandler.swift
[1971/2028] Compiling AsyncHTTPClient HTTP1ClientChannelHandler.swift
[1972/2028] Compiling AsyncHTTPClient HTTP1Connection.swift
[1973/2028] Compiling AsyncHTTPClient HTTP1ConnectionStateMachine.swift
[1974/2028] Compiling AsyncHTTPClient HTTP2ClientRequestHandler.swift
[1975/2028] Compiling AsyncHTTPClient HTTP2Connection.swift
[1976/2028] Compiling AsyncHTTPClient HTTP2IdleHandler.swift
[1977/2028] Compiling AsyncHTTPClient HTTPConnectionEvent.swift
[1978/2028] Compiling AsyncHTTPClient HTTPConnectionPool+Factory.swift
[1979/2028] Compiling AsyncHTTPClient HTTPConnectionPool+Manager.swift
[1980/2028] Compiling AsyncHTTPClient HTTPConnectionPool.swift
[1981/2028] Compiling AsyncHTTPClient HTTPExecutableRequest.swift
[1982/2028] Compiling AsyncHTTPClient HTTPRequestStateMachine+Demand.swift
[1983/2028] Compiling AsyncHTTPClient HTTPRequestStateMachine.swift
[1984/2028] Compiling AsyncHTTPClient RequestBodyLength.swift
[1985/2028] Compiling AsyncHTTPClient RequestFramingMetadata.swift
[1986/2028] Compiling AsyncHTTPClient HTTPClientResponse.swift
[1987/2028] Compiling AsyncHTTPClient SingleIteratorPrecondition.swift
[1988/2028] Compiling AsyncHTTPClient Transaction+StateMachine.swift
[1989/2028] Compiling AsyncHTTPClient Transaction.swift
[1990/2028] Compiling AsyncHTTPClient Base64.swift
[1991/2028] Compiling AsyncHTTPClient BasicAuth.swift
[1992/2028] Compiling AsyncHTTPClient BestEffortHashableTLSConfiguration.swift
[1993/2028] Compiling AsyncHTTPClient Configuration+BrowserLike.swift
[1994/2028] Compiling AsyncHTTPClient ConnectionPool.swift
[1995/2028] Compiling AsyncHTTPClient RequestOptions.swift
[1996/2028] Compiling AsyncHTTPClient HTTPConnectionPool+Backoff.swift
[1997/2028] Compiling AsyncHTTPClient HTTPConnectionPool+HTTP1Connections.swift
[1998/2028] Compiling AsyncHTTPClient HTTPConnectionPool+HTTP1StateMachine.swift
[1999/2028] Compiling AsyncHTTPClient HTTPConnectionPool+HTTP2Connections.swift
[2000/2028] Compiling AsyncHTTPClient HTTPConnectionPool+HTTP2StateMachine.swift
[2001/2028] Compiling AsyncHTTPClient HTTPConnectionPool+RequestQueue.swift
[2002/2028] Compiling AsyncHTTPClient HTTPConnectionPool+StateMachine.swift
[2003/2028] Compiling AsyncHTTPClient ConnectionTarget.swift
[2004/2028] Compiling AsyncHTTPClient DeconstructedURL.swift
[2005/2028] Compiling AsyncHTTPClient FileDownloadDelegate.swift
[2006/2028] Compiling AsyncHTTPClient FoundationExtensions.swift
[2007/2028] Compiling AsyncHTTPClient HTTPClient+HTTPCookie.swift
[2008/2028] Compiling AsyncHTTPClient HTTPClient+Proxy.swift
[2009/2028] Compiling AsyncHTTPClient HTTPClient+StructuredConcurrency.swift
[2010/2028] Compiling AsyncHTTPClient HTTPClient.swift
[2011/2028] Compiling AsyncHTTPClient HTTPClientConfiguration+SwiftConfiguration.swift
[2012/2028] Compiling AsyncHTTPClient HTTPHandler.swift
[2013/2029] Wrapping AST for AsyncHTTPClient for debugging
[2015/2052] Emitting module GoogleAuth
[2016/2055] Compiling GoogleAuth ADC.swift
[2017/2055] Compiling GoogleAuth ADCPath.swift
[2018/2055] Compiling GoogleAuth ADCResolver.swift
[2019/2055] Compiling GoogleAuth AuthHeaders.swift
[2020/2055] Compiling GoogleAuth CredentialParserRegistry.swift
[2021/2055] Compiling GoogleAuth Credentials.swift
[2022/2055] Compiling GoogleAuth CredentialsError.swift
[2023/2055] Compiling GoogleAuth SubjectTokenProvider.swift
[2024/2055] Compiling GoogleAuth MDSAccessTokenProvider.swift
[2025/2055] Compiling GoogleAuth MDSCredentials.swift
[2026/2055] Compiling GoogleAuth ServiceAccountCredentials.swift
[2027/2055] Compiling GoogleAuth ServiceAccountData.swift
[2028/2055] Compiling GoogleAuth ServiceAccountTokenProvider.swift
[2029/2055] Compiling GoogleAuth UserAccountData.swift
[2030/2055] Compiling GoogleAuth UserAccountTokenProvider.swift
[2031/2055] Compiling GoogleAuth UserCredentials.swift
[2032/2055] Compiling GoogleAuth AnonymousCredentials.swift
[2033/2055] Compiling GoogleAuth ApiKeyCredentials.swift
[2034/2055] Compiling GoogleAuth ExternalAccountCredentials.swift
[2035/2055] Compiling GoogleAuth AuthHTTPClient.swift
[2036/2055] Compiling GoogleAuth AuthHTTPError.swift
[2037/2055] Compiling GoogleAuth RetryEngine.swift
[2038/2055] Compiling GoogleAuth STSHandler.swift
[2039/2055] Compiling GoogleAuth TokenCache.swift
[2040/2055] Compiling GoogleAuth PackageVersion.swift
[2041/2056] Wrapping AST for GoogleAuth for debugging
[2043/2114] Compiling GoogleGax AIP194+PollingErrorPolicy.swift
[2044/2114] Compiling GoogleGax AIP194+RetryPolicy.swift
[2045/2114] Compiling GoogleGax AIP194.swift
[2046/2114] Compiling GoogleGax AdaptiveThrottler.swift
[2047/2114] Compiling GoogleGax AlwaysPoll.swift
[2048/2114] Compiling GoogleGax AlwaysRetry.swift
[2049/2114] Compiling GoogleGax ApiClientHeader.swift
[2050/2114] Compiling GoogleGax BackoffPolicy.swift
[2051/2114] Compiling GoogleGax BasePollingErrorPolicy.swift
[2052/2122] Emitting module GoogleGax
[2053/2122] Compiling GoogleGax ContinueOnIO.swift
[2054/2122] Compiling GoogleGax CredentialsProtocol.swift
[2055/2122] Compiling GoogleGax ErrorWrapper.swift
[2056/2122] Compiling GoogleGax ExponentialBackoff+BackoffPolicy.swift
[2057/2122] Compiling GoogleGax ExponentialBackoff+PollingBackoffPolicy.swift
[2058/2122] Compiling GoogleGax ExponentialBackoff.swift
[2059/2122] Compiling GoogleGax HTTPClient.swift
[2060/2122] Compiling GoogleGax HTTPClientHolder.swift
[2061/2122] Compiling GoogleGax LimitedAttemptCount+PollingErrorPolicy.swift
[2062/2122] Compiling GoogleGax LimitedAttemptCount+RetryPolicy.swift
[2063/2122] Compiling GoogleGax LimitedAttemptCount.swift
[2064/2122] Compiling GoogleGax LimitedElapsedTime+PollingErrorPolicy.swift
[2065/2122] Compiling GoogleGax LimitedElapsedTime+RetryPolicy.swift
[2066/2122] Compiling GoogleGax LimitedElapsedTime.swift
[2067/2122] Compiling GoogleGax LongRunningOperations.swift
[2068/2122] Compiling GoogleGax NeverRetry.swift
[2069/2122] Compiling GoogleGax Pagination.swift
/host/spi-builder-workspace/.build/checkouts/swift-google-gax/Sources/GoogleGax/Pagination.swift:44:22: error: cannot convert '@Sendable (String) async throws -> (response: ResponseType, items: [Item], nextToken: String)' to 'nonisolated(nonsending) @Sendable (String) async throws -> (response: ResponseType, items: [Item], nextToken: String)' because crossing of an isolation boundary requires parameter and result types to conform to 'Sendable' protocol
42 | ) where ResponseType: _PaginatedResponse<Item> {
43 | self.initialPageToken = initialPageToken ?? ""
44 | self.fetchPage = { token in
| |- error: cannot convert '@Sendable (String) async throws -> (response: ResponseType, items: [Item], nextToken: String)' to 'nonisolated(nonsending) @Sendable (String) async throws -> (response: ResponseType, items: [Item], nextToken: String)' because crossing of an isolation boundary requires parameter and result types to conform to 'Sendable' protocol
| `- note: type 'Item' does not conform to 'Sendable' protocol
45 | let response = try await listRpc(token)
46 | return (response, response._getPaginatedItems(), response._nextPageToken())
[2070/2122] Compiling GoogleGax PollingBackoffPolicy.swift
/host/spi-builder-workspace/.build/checkouts/swift-google-gax/Sources/GoogleGax/Pagination.swift:44:22: error: cannot convert '@Sendable (String) async throws -> (response: ResponseType, items: [Item], nextToken: String)' to 'nonisolated(nonsending) @Sendable (String) async throws -> (response: ResponseType, items: [Item], nextToken: String)' because crossing of an isolation boundary requires parameter and result types to conform to 'Sendable' protocol
42 | ) where ResponseType: _PaginatedResponse<Item> {
43 | self.initialPageToken = initialPageToken ?? ""
44 | self.fetchPage = { token in
| |- error: cannot convert '@Sendable (String) async throws -> (response: ResponseType, items: [Item], nextToken: String)' to 'nonisolated(nonsending) @Sendable (String) async throws -> (response: ResponseType, items: [Item], nextToken: String)' because crossing of an isolation boundary requires parameter and result types to conform to 'Sendable' protocol
| `- note: type 'Item' does not conform to 'Sendable' protocol
45 | let response = try await listRpc(token)
46 | return (response, response._getPaginatedItems(), response._nextPageToken())
[2071/2122] Compiling GoogleGax PollingErrorPolicy.swift
/host/spi-builder-workspace/.build/checkouts/swift-google-gax/Sources/GoogleGax/Pagination.swift:44:22: error: cannot convert '@Sendable (String) async throws -> (response: ResponseType, items: [Item], nextToken: String)' to 'nonisolated(nonsending) @Sendable (String) async throws -> (response: ResponseType, items: [Item], nextToken: String)' because crossing of an isolation boundary requires parameter and result types to conform to 'Sendable' protocol
42 | ) where ResponseType: _PaginatedResponse<Item> {
43 | self.initialPageToken = initialPageToken ?? ""
44 | self.fetchPage = { token in
| |- error: cannot convert '@Sendable (String) async throws -> (response: ResponseType, items: [Item], nextToken: String)' to 'nonisolated(nonsending) @Sendable (String) async throws -> (response: ResponseType, items: [Item], nextToken: String)' because crossing of an isolation boundary requires parameter and result types to conform to 'Sendable' protocol
| `- note: type 'Item' does not conform to 'Sendable' protocol
45 | let response = try await listRpc(token)
46 | return (response, response._getPaginatedItems(), response._nextPageToken())
[2072/2122] Compiling GoogleGax PollingResult.swift
/host/spi-builder-workspace/.build/checkouts/swift-google-gax/Sources/GoogleGax/Pagination.swift:44:22: error: cannot convert '@Sendable (String) async throws -> (response: ResponseType, items: [Item], nextToken: String)' to 'nonisolated(nonsending) @Sendable (String) async throws -> (response: ResponseType, items: [Item], nextToken: String)' because crossing of an isolation boundary requires parameter and result types to conform to 'Sendable' protocol
42 | ) where ResponseType: _PaginatedResponse<Item> {
43 | self.initialPageToken = initialPageToken ?? ""
44 | self.fetchPage = { token in
| |- error: cannot convert '@Sendable (String) async throws -> (response: ResponseType, items: [Item], nextToken: String)' to 'nonisolated(nonsending) @Sendable (String) async throws -> (response: ResponseType, items: [Item], nextToken: String)' because crossing of an isolation boundary requires parameter and result types to conform to 'Sendable' protocol
| `- note: type 'Item' does not conform to 'Sendable' protocol
45 | let response = try await listRpc(token)
46 | return (response, response._getPaginatedItems(), response._nextPageToken())
[2073/2122] Compiling GoogleGax PollingState.swift
/host/spi-builder-workspace/.build/checkouts/swift-google-gax/Sources/GoogleGax/Pagination.swift:44:22: error: cannot convert '@Sendable (String) async throws -> (response: ResponseType, items: [Item], nextToken: String)' to 'nonisolated(nonsending) @Sendable (String) async throws -> (response: ResponseType, items: [Item], nextToken: String)' because crossing of an isolation boundary requires parameter and result types to conform to 'Sendable' protocol
42 | ) where ResponseType: _PaginatedResponse<Item> {
43 | self.initialPageToken = initialPageToken ?? ""
44 | self.fetchPage = { token in
| |- error: cannot convert '@Sendable (String) async throws -> (response: ResponseType, items: [Item], nextToken: String)' to 'nonisolated(nonsending) @Sendable (String) async throws -> (response: ResponseType, items: [Item], nextToken: String)' because crossing of an isolation boundary requires parameter and result types to conform to 'Sendable' protocol
| `- note: type 'Item' does not conform to 'Sendable' protocol
45 | let response = try await listRpc(token)
46 | return (response, response._getPaginatedItems(), response._nextPageToken())
[2074/2122] Compiling GoogleGax ProtobufConversionError.swift
/host/spi-builder-workspace/.build/checkouts/swift-google-gax/Sources/GoogleGax/Pagination.swift:44:22: error: cannot convert '@Sendable (String) async throws -> (response: ResponseType, items: [Item], nextToken: String)' to 'nonisolated(nonsending) @Sendable (String) async throws -> (response: ResponseType, items: [Item], nextToken: String)' because crossing of an isolation boundary requires parameter and result types to conform to 'Sendable' protocol
42 | ) where ResponseType: _PaginatedResponse<Item> {
43 | self.initialPageToken = initialPageToken ?? ""
44 | self.fetchPage = { token in
| |- error: cannot convert '@Sendable (String) async throws -> (response: ResponseType, items: [Item], nextToken: String)' to 'nonisolated(nonsending) @Sendable (String) async throws -> (response: ResponseType, items: [Item], nextToken: String)' because crossing of an isolation boundary requires parameter and result types to conform to 'Sendable' protocol
| `- note: type 'Item' does not conform to 'Sendable' protocol
45 | let response = try await listRpc(token)
46 | return (response, response._getPaginatedItems(), response._nextPageToken())
[2075/2122] Compiling GoogleGax QueryParameter.swift
/host/spi-builder-workspace/.build/checkouts/swift-google-gax/Sources/GoogleGax/Pagination.swift:44:22: error: cannot convert '@Sendable (String) async throws -> (response: ResponseType, items: [Item], nextToken: String)' to 'nonisolated(nonsending) @Sendable (String) async throws -> (response: ResponseType, items: [Item], nextToken: String)' because crossing of an isolation boundary requires parameter and result types to conform to 'Sendable' protocol
42 | ) where ResponseType: _PaginatedResponse<Item> {
43 | self.initialPageToken = initialPageToken ?? ""
44 | self.fetchPage = { token in
| |- error: cannot convert '@Sendable (String) async throws -> (response: ResponseType, items: [Item], nextToken: String)' to 'nonisolated(nonsending) @Sendable (String) async throws -> (response: ResponseType, items: [Item], nextToken: String)' because crossing of an isolation boundary requires parameter and result types to conform to 'Sendable' protocol
| `- note: type 'Item' does not conform to 'Sendable' protocol
45 | let response = try await listRpc(token)
46 | return (response, response._getPaginatedItems(), response._nextPageToken())
[2076/2122] Compiling GoogleGax RequestError.swift
/host/spi-builder-workspace/.build/checkouts/swift-google-gax/Sources/GoogleGax/Pagination.swift:44:22: error: cannot convert '@Sendable (String) async throws -> (response: ResponseType, items: [Item], nextToken: String)' to 'nonisolated(nonsending) @Sendable (String) async throws -> (response: ResponseType, items: [Item], nextToken: String)' because crossing of an isolation boundary requires parameter and result types to conform to 'Sendable' protocol
42 | ) where ResponseType: _PaginatedResponse<Item> {
43 | self.initialPageToken = initialPageToken ?? ""
44 | self.fetchPage = { token in
| |- error: cannot convert '@Sendable (String) async throws -> (response: ResponseType, items: [Item], nextToken: String)' to 'nonisolated(nonsending) @Sendable (String) async throws -> (response: ResponseType, items: [Item], nextToken: String)' because crossing of an isolation boundary requires parameter and result types to conform to 'Sendable' protocol
| `- note: type 'Item' does not conform to 'Sendable' protocol
45 | let response = try await listRpc(token)
46 | return (response, response._getPaginatedItems(), response._nextPageToken())
[2077/2122] Compiling GoogleGax RequestOptions.swift
[2078/2122] Compiling GoogleGax RetryLoop.swift
[2079/2122] Compiling GoogleGax RetryPolicy.swift
[2080/2122] Compiling GoogleGax RetryResult.swift
[2081/2122] Compiling GoogleGax RetryState.swift
[2082/2122] Compiling GoogleGax RetryThrottler.swift
[2083/2122] Compiling GoogleGax RetryThrottlerError.swift
[2084/2122] Compiling GoogleGax RoutingMatcher.swift
[2085/2122] Compiling GoogleGax BaseRetryPolicy.swift
[2086/2122] Compiling GoogleGax BindingError.swift
[2087/2122] Compiling GoogleGax CRC32C.swift
[2088/2122] Compiling GoogleGax CircuitBreaker.swift
[2089/2122] Compiling GoogleGax ClientError.swift
[2090/2122] Compiling GoogleGax ClientOptions.swift
[2091/2122] Compiling GoogleGax ContinueOnIO+PollingErrorPolicy.swift
[2092/2122] Compiling GoogleGax ContinueOnIO+RetryPolicy.swift
[2093/2122] Compiling GoogleGax HTTPClientProtocol.swift
[2094/2122] Compiling GoogleGax HTTPClientRequest.swift
[2095/2122] Compiling GoogleGax HTTPClientResponse.swift
[2096/2122] Compiling GoogleGax HTTPHeaders.swift
[2097/2122] Compiling GoogleGax HTTPResponseBody.swift
[2098/2122] Compiling GoogleGax HeaderNames.swift
[2099/2122] Compiling GoogleGax Host.swift
[2100/2122] Compiling GoogleGax InProgressResult.swift
[2101/2122] Compiling GoogleGax ServiceError.swift
[2102/2122] Compiling GoogleGax StatusDetail.swift
[2103/2122] Compiling GoogleGax StrictIdempotency.swift
[2104/2122] Compiling GoogleGax ThrottleResult.swift
[2105/2122] Compiling GoogleGax TooManyRequests+PollingErrorPolicy.swift
[2106/2122] Compiling GoogleGax TooManyRequests+RetryPolicy.swift
[2107/2122] Compiling GoogleGax TooManyRequests.swift
[2108/2122] Compiling GoogleGax PackageVersion.swift
BUILD FAILURE 6.2 android