Build Information
Failed to build yubatake, reference master (36585b), with Swift 6.4 for watchOS using Xcode 27.0 on 17 Sep 2026 18:19:06 UTC.
Build Command
No build command. This typically means the build failed at an early stage where we determine the build command.Build Log
========================================
RunAll
========================================
Builder version: 5.1.0
Interrupt handler set up.
========================================
Checkout
========================================
Clone URL: https://github.com/rb-de0/yubatake.git
Reference: master
Initialized empty Git repository in /Users/admin/builder/spi-builder-workspace/.git/
From https://github.com/rb-de0/yubatake
* branch master -> FETCH_HEAD
* [new branch] master -> origin/master
HEAD is now at 36585bc Merge pull request #138 from rb-de0/add-redis-flag
Cloned https://github.com/rb-de0/yubatake.git
Revision (git rev-parse @):
36585bc5a213d9d88948c5be3b9533ea517bd5ec
SUCCESS checkout https://github.com/rb-de0/yubatake.git at master
========================================
Build
========================================
Selected platform: watchOS
Swift version: 6.4
Building package at path: $PWD
https://github.com/rb-de0/yubatake.git
Command line invocation:
/Applications/Xcode-27.0.0-Release.Candidate.app/Contents/Developer/usr/bin/xcodebuild -IDEClonedSourcePackagesDirPathOverride=/Users/admin/builder/spi-builder-workspace/.dependencies -resolvePackageDependencies
Resolve Package Graph
Fetching from https://github.com/diskshima/SwiftyJSON.git
skipping cache due to an error: Failed to clone repository https://github.com/diskshima/SwiftyJSON.git:
Cloning into bare repository '/Users/admin/Library/Caches/org.swift.swiftpm/repositories/SwiftyJSON-527c5f09'...
fatal: could not read Username for 'https://github.com': terminal prompts disabled
Resolve Package Graph
Fetching from https://github.com/diskshima/SwiftyJSON.git
skipping cache due to an error: Failed to clone repository https://github.com/diskshima/SwiftyJSON.git:
Cloning into bare repository '/Users/admin/Library/Caches/org.swift.swiftpm/repositories/SwiftyJSON-527c5f09'...
fatal: could not read Username for 'https://github.com': terminal prompts disabled
Resolved source packages:
spi-builder-workspace: (null)
2026-09-17 14:19:04.593 xcodebuild[529:3023] Writing error result bundle to /var/folders/xq/y_g06wb113726d38xsyx71_h0000gn/T/ResultBundle_2026-17-09_14-19-0004.xcresult
xcodebuild: error: Could not resolve package dependencies:
Failed to clone repository https://github.com/diskshima/SwiftyJSON.git:
Cloning into bare repository '/Users/admin/builder/spi-builder-workspace/.dependencies/repositories/SwiftyJSON-527c5f09'...
fatal: could not read Username for 'https://github.com': terminal prompts disabled
Command line invocation:
/Applications/Xcode-27.0.0-Release.Candidate.app/Contents/Developer/usr/bin/xcodebuild -IDEClonedSourcePackagesDirPathOverride=/Users/admin/builder/spi-builder-workspace/.dependencies -resolvePackageDependencies
Resolve Package Graph
Fetching from https://github.com/diskshima/SwiftyJSON.git
skipping cache due to an error: Failed to clone repository https://github.com/diskshima/SwiftyJSON.git:
Cloning into bare repository '/Users/admin/Library/Caches/org.swift.swiftpm/repositories/SwiftyJSON-527c5f09'...
fatal: could not read Username for 'https://github.com': terminal prompts disabled
Resolved source packages:
spi-builder-workspace: (null)
2026-09-17 14:19:06.527 xcodebuild[623:3757] Writing error result bundle to /var/folders/xq/y_g06wb113726d38xsyx71_h0000gn/T/ResultBundle_2026-17-09_14-19-0006.xcresult
xcodebuild: error: Could not resolve package dependencies:
Failed to clone repository https://github.com/diskshima/SwiftyJSON.git:
Cloning into bare repository '/Users/admin/builder/spi-builder-workspace/.dependencies/repositories/SwiftyJSON-527c5f09'...
fatal: could not read Username for 'https://github.com': terminal prompts disabled
BUILD FAILURE 6.4 watchOS