Build Information
Failed to build DoWhileDo, reference master (3a0350), with Swift 6.4 for iOS using Xcode 27.0 on 19 Sep 2026 02:55:11 UTC.
Build Command
env DEVELOPER_DIR=/Applications/Xcode-27.0.0-Release.Candidate.app xcrun xcodebuild -IDEClonedSourcePackagesDirPathOverride=$PWD/.dependencies -skipMacroValidation -skipPackagePluginValidation -derivedDataPath $PWD/.derivedData build -scheme DoWhileDo -destination generic/platform=iOSBuild Log
========================================
RunAll
========================================
Builder version: 5.1.0
Interrupt handler set up.
========================================
Checkout
========================================
Clone URL: https://github.com/capnslipp/doWhileDo.git
Reference: master
Initialized empty Git repository in /Users/admin/builder/spi-builder-workspace/.git/
From https://github.com/capnslipp/doWhileDo
* branch master -> FETCH_HEAD
* [new branch] master -> origin/master
HEAD is now at 3a03503 Bumped version to 1.2.0
Cloned https://github.com/capnslipp/doWhileDo.git
Revision (git rev-parse @):
3a03503d18c453d3bcab4267f540d9ff366dcd6b
SPI manifest file found: $PWD/.spi.yml
SUCCESS checkout https://github.com/capnslipp/doWhileDo.git at master
========================================
Build
========================================
Selected platform: iOS
Swift version: 6.4
Building package at path: $PWD
https://github.com/capnslipp/doWhileDo.git
Command line invocation:
/Applications/Xcode-27.0.0-Release.Candidate.app/Contents/Developer/usr/bin/xcodebuild -IDEClonedSourcePackagesDirPathOverride=/Users/admin/builder/spi-builder-workspace/.dependencies -resolvePackageDependencies
resolved source packages:
{
"dependencies" : [
],
"manifest_display_name" : "DoWhileDo",
"name" : "DoWhileDo",
"path" : "/Users/admin/builder/spi-builder-workspace",
"platforms" : [
],
"products" : [
{
"name" : "DoWhileDo",
"targets" : [
"DoWhileDo"
],
"type" : {
"library" : [
"automatic"
]
}
}
],
"targets" : [
{
"c99name" : "DoWhileDoTests",
"module_type" : "SwiftTarget",
"name" : "DoWhileDoTests",
"path" : "Tests/DoWhileDoTests",
"sources" : [
"DoWhileDoTests.swift"
],
"target_dependencies" : [
"DoWhileDo"
],
"type" : "test"
},
{
"c99name" : "DoWhileDo",
"module_type" : "SwiftTarget",
"name" : "DoWhileDo",
"path" : "Sources/DoWhileDo",
"product_memberships" : [
"DoWhileDo"
],
"sources" : [
"DoWhileDo.swift"
],
"type" : "library"
}
],
"tools_version" : "5.0"
}
{
"project" : {
"configurations" : [
"Debug",
"Release"
],
"name" : "DoWhileDo",
"schemes" : [
"DoWhileDo"
],
"targets" : [
"DoWhileDo",
"DoWhileDoPackageDescription",
"DoWhileDoPackageTests",
"DoWhileDoTests"
]
}
}
Running build ...
env DEVELOPER_DIR=/Applications/Xcode-27.0.0-Release.Candidate.app xcrun xcodebuild -IDEClonedSourcePackagesDirPathOverride=$PWD/.dependencies -skipMacroValidation -skipPackagePluginValidation -derivedDataPath $PWD/.derivedData build -scheme DoWhileDo -destination generic/platform=iOS
Command line invocation:
/Applications/Xcode-27.0.0-Release.Candidate.app/Contents/Developer/usr/bin/xcodebuild -IDEClonedSourcePackagesDirPathOverride=/Users/admin/builder/spi-builder-workspace/.dependencies -skipMacroValidation -skipPackagePluginValidation -derivedDataPath /Users/admin/builder/spi-builder-workspace/.derivedData build -scheme DoWhileDo -destination generic/platform=iOS
ComputePackagePrebuildTargetDependencyGraph
Prepare packages
CreateBuildRequest
SendProjectDescription
CreateBuildOperation
ComputeTargetDependencyGraph
note: Building targets in dependency order
note: Target dependency graph (1 target)
Target 'DoWhileDo' in project 'DoWhileDo' (no dependencies)
GatherProvisioningInputs
CreateBuildDescription
ExecuteExternalTool /Applications/Xcode-27.0.0-Release.Candidate.app/Contents/Developer/Toolchains/XcodeDefault.xctoolchain/usr/bin/clang -v -E -dM -isysroot /Applications/Xcode-27.0.0-Release.Candidate.app/Contents/Developer/Platforms/iPhoneOS.platform/Developer/SDKs/iPhoneOS27.0.sdk -x c -c /dev/null
ExecuteExternalTool /Applications/Xcode-27.0.0-Release.Candidate.app/Contents/Developer/Toolchains/XcodeDefault.xctoolchain/usr/bin/swiftc --version
ExecuteExternalTool /Applications/Xcode-27.0.0-Release.Candidate.app/Contents/Developer/Toolchains/XcodeDefault.xctoolchain/usr/bin/ld -version_details
Build description signature: 077bf6570c7af755d697733b2e3c1e72
Build description path: /Users/admin/builder/spi-builder-workspace/.derivedData/Build/Intermediates.noindex/XCBuildData/077bf6570c7af755d697733b2e3c1e72.xcbuilddata
/Users/admin/builder/spi-builder-workspace/DoWhileDo.xcodeproj: error: The iOS deployment target 'IPHONEOS_DEPLOYMENT_TARGET' is set to 11.0, but the range of supported deployment target versions is 15.0 to 27.0.x. (in target 'DoWhileDo' from project 'DoWhileDo')
** BUILD FAILED **
The following build commands failed:
Building project DoWhileDo with scheme DoWhileDo
(1 failure)
Command line invocation:
/Applications/Xcode-27.0.0-Release.Candidate.app/Contents/Developer/usr/bin/xcodebuild -IDEClonedSourcePackagesDirPathOverride=/Users/admin/builder/spi-builder-workspace/.dependencies -resolvePackageDependencies
resolved source packages:
{
"dependencies" : [
],
"manifest_display_name" : "DoWhileDo",
"name" : "DoWhileDo",
"path" : "/Users/admin/builder/spi-builder-workspace",
"platforms" : [
],
"products" : [
{
"name" : "DoWhileDo",
"targets" : [
"DoWhileDo"
],
"type" : {
"library" : [
"automatic"
]
}
}
],
"targets" : [
{
"c99name" : "DoWhileDoTests",
"module_type" : "SwiftTarget",
"name" : "DoWhileDoTests",
"path" : "Tests/DoWhileDoTests",
"sources" : [
"DoWhileDoTests.swift"
],
"target_dependencies" : [
"DoWhileDo"
],
"type" : "test"
},
{
"c99name" : "DoWhileDo",
"module_type" : "SwiftTarget",
"name" : "DoWhileDo",
"path" : "Sources/DoWhileDo",
"product_memberships" : [
"DoWhileDo"
],
"sources" : [
"DoWhileDo.swift"
],
"type" : "library"
}
],
"tools_version" : "5.0"
}
{
"project" : {
"configurations" : [
"Debug",
"Release"
],
"name" : "DoWhileDo",
"schemes" : [
"DoWhileDo"
],
"targets" : [
"DoWhileDo",
"DoWhileDoPackageDescription",
"DoWhileDoPackageTests",
"DoWhileDoTests"
]
}
}
Running build ...
env DEVELOPER_DIR=/Applications/Xcode-27.0.0-Release.Candidate.app xcrun xcodebuild -IDEClonedSourcePackagesDirPathOverride=$PWD/.dependencies -skipMacroValidation -skipPackagePluginValidation -derivedDataPath $PWD/.derivedData build -scheme DoWhileDo -destination generic/platform=iOS
Command line invocation:
/Applications/Xcode-27.0.0-Release.Candidate.app/Contents/Developer/usr/bin/xcodebuild -IDEClonedSourcePackagesDirPathOverride=/Users/admin/builder/spi-builder-workspace/.dependencies -skipMacroValidation -skipPackagePluginValidation -derivedDataPath /Users/admin/builder/spi-builder-workspace/.derivedData build -scheme DoWhileDo -destination generic/platform=iOS
ComputePackagePrebuildTargetDependencyGraph
Prepare packages
CreateBuildRequest
SendProjectDescription
CreateBuildOperation
ComputeTargetDependencyGraph
note: Building targets in dependency order
note: Target dependency graph (1 target)
Target 'DoWhileDo' in project 'DoWhileDo' (no dependencies)
GatherProvisioningInputs
CreateBuildDescription
/Users/admin/builder/spi-builder-workspace/DoWhileDo.xcodeproj: error: The iOS deployment target 'IPHONEOS_DEPLOYMENT_TARGET' is set to 11.0, but the range of supported deployment target versions is 15.0 to 27.0.x. (in target 'DoWhileDo' from project 'DoWhileDo')
** BUILD FAILED **
The following build commands failed:
Building project DoWhileDo with scheme DoWhileDo
(1 failure)
BUILD FAILURE 6.4 iOS