Build Information
Failed to build InsuranceCardScan, reference main (d6aeb7), with Swift 6.4 for watchOS using Xcode 27.0 on 22 Sep 2026 13:33:10 UTC.
Build Command
env DEVELOPER_DIR=/Applications/Xcode-27.0.0-Release.Candidate.app xcrun xcodebuild -IDEClonedSourcePackagesDirPathOverride=$PWD/.dependencies -skipMacroValidation -skipPackagePluginValidation -derivedDataPath $PWD/.derivedData build -scheme InsuranceCardScan -destination generic/platform=watchOSBuild Log
========================================
RunAll
========================================
Builder version: 5.1.0
Interrupt handler set up.
========================================
Checkout
========================================
Clone URL: https://github.com/CardScan-ai/insurance-card-scan-ios.git
Reference: main
Initialized empty Git repository in /Users/admin/builder/spi-builder-workspace/.git/
From https://github.com/CardScan-ai/insurance-card-scan-ios
* branch main -> FETCH_HEAD
* [new branch] main -> origin/main
HEAD is now at d6aeb7e Update InsuranceCardScan.xcframework to 3.0.18
Cloned https://github.com/CardScan-ai/insurance-card-scan-ios.git
Revision (git rev-parse @):
d6aeb7e8f09bce0b7c0af63955395f93ad71092e
SUCCESS checkout https://github.com/CardScan-ai/insurance-card-scan-ios.git at main
========================================
Build
========================================
Selected platform: watchOS
Swift version: 6.4
Building package at path: $PWD
https://github.com/CardScan-ai/insurance-card-scan-ios.git
Command line invocation:
/Applications/Xcode-27.0.0-Release.Candidate.app/Contents/Developer/usr/bin/xcodebuild -IDEClonedSourcePackagesDirPathOverride=/Users/admin/builder/spi-builder-workspace/.dependencies -resolvePackageDependencies
Resolve Package Graph
Resolve Package Graph
Resolved source packages:
InsuranceCardScan: /Users/admin/builder/spi-builder-workspace
resolved source packages: InsuranceCardScan
2026-09-22 09:32:23.653 xcodebuild[529:3046] [MT] IDERunDestination: Supported platforms for the buildables in the current scheme is empty.
{
"dependencies" : [
],
"manifest_display_name" : "InsuranceCardScan",
"name" : "InsuranceCardScan",
"path" : "/Users/admin/builder/spi-builder-workspace",
"platforms" : [
{
"name" : "ios",
"version" : "15.0"
}
],
"products" : [
{
"name" : "InsuranceCardScan",
"targets" : [
"InsuranceCardScan"
],
"type" : {
"library" : [
"automatic"
]
}
}
],
"targets" : [
{
"c99name" : "InsuranceCardScan",
"module_type" : "BinaryTarget",
"name" : "InsuranceCardScan",
"path" : "Sources/InsuranceCardScan.xcframework",
"product_memberships" : [
"InsuranceCardScan"
],
"sources" : [
],
"type" : "binary"
}
],
"tools_version" : "5.5"
}
{
"workspace" : {
"name" : "InsuranceCardScan",
"schemes" : [
"InsuranceCardScan"
]
}
}
2026-09-22 09:33:04.825 xcodebuild[664:4264] [MT] IDERunDestination: Supported platforms for the buildables in the current scheme is empty.
Running build ...
env DEVELOPER_DIR=/Applications/Xcode-27.0.0-Release.Candidate.app xcrun xcodebuild -IDEClonedSourcePackagesDirPathOverride=$PWD/.dependencies -skipMacroValidation -skipPackagePluginValidation -derivedDataPath $PWD/.derivedData build -scheme InsuranceCardScan -destination generic/platform=watchOS
Command line invocation:
/Applications/Xcode-27.0.0-Release.Candidate.app/Contents/Developer/usr/bin/xcodebuild -IDEClonedSourcePackagesDirPathOverride=/Users/admin/builder/spi-builder-workspace/.dependencies -skipMacroValidation -skipPackagePluginValidation -derivedDataPath /Users/admin/builder/spi-builder-workspace/.derivedData build -scheme InsuranceCardScan -destination generic/platform=watchOS
Resolve Package Graph
Resolved source packages:
InsuranceCardScan: /Users/admin/builder/spi-builder-workspace
ComputePackagePrebuildTargetDependencyGraph
Prepare packages
CreateBuildRequest
SendProjectDescription
CreateBuildOperation
ComputeTargetDependencyGraph
note: Building targets in dependency order
note: Target dependency graph (1 target)
Target 'InsuranceCardScan-product' in project 'InsuranceCardScan' (no dependencies)
GatherProvisioningInputs
CreateBuildDescription
ExecuteExternalTool /Applications/Xcode-27.0.0-Release.Candidate.app/Contents/Developer/Toolchains/XcodeDefault.xctoolchain/usr/bin/clang -v -E -dM -isysroot /Applications/Xcode-27.0.0-Release.Candidate.app/Contents/Developer/Platforms/WatchOS.platform/Developer/SDKs/WatchOS27.0.sdk -x c -c /dev/null
Build description signature: b3f5af92559939545eeb7fea41f4337b
Build description path: /Users/admin/builder/spi-builder-workspace/.derivedData/Build/Intermediates.noindex/XCBuildData/b3f5af92559939545eeb7fea41f4337b.xcbuilddata
/Users/admin/builder/spi-builder-workspace/Sources/InsuranceCardScan.xcframework:1:1: error: While building for watchOS, no library for this platform was found in '/Users/admin/builder/spi-builder-workspace/Sources/InsuranceCardScan.xcframework'. (in target 'InsuranceCardScan-product' from project 'InsuranceCardScan')
2026-09-22 09:33:06.395 xcodebuild[665:4309] [MT] IDERunDestination: Supported platforms for the buildables in the current scheme is empty.
** BUILD FAILED **
The following build commands failed:
Building workspace InsuranceCardScan with scheme InsuranceCardScan
(1 failure)
Command line invocation:
/Applications/Xcode-27.0.0-Release.Candidate.app/Contents/Developer/usr/bin/xcodebuild -IDEClonedSourcePackagesDirPathOverride=/Users/admin/builder/spi-builder-workspace/.dependencies -resolvePackageDependencies
Resolve Package Graph
Resolved source packages:
InsuranceCardScan: /Users/admin/builder/spi-builder-workspace
resolved source packages: InsuranceCardScan
2026-09-22 09:33:08.012 xcodebuild[677:4407] [MT] IDERunDestination: Supported platforms for the buildables in the current scheme is empty.
{
"dependencies" : [
],
"manifest_display_name" : "InsuranceCardScan",
"name" : "InsuranceCardScan",
"path" : "/Users/admin/builder/spi-builder-workspace",
"platforms" : [
{
"name" : "ios",
"version" : "15.0"
}
],
"products" : [
{
"name" : "InsuranceCardScan",
"targets" : [
"InsuranceCardScan"
],
"type" : {
"library" : [
"automatic"
]
}
}
],
"targets" : [
{
"c99name" : "InsuranceCardScan",
"module_type" : "BinaryTarget",
"name" : "InsuranceCardScan",
"path" : "Sources/InsuranceCardScan.xcframework",
"product_memberships" : [
"InsuranceCardScan"
],
"sources" : [
],
"type" : "binary"
}
],
"tools_version" : "5.5"
}
{
"workspace" : {
"name" : "InsuranceCardScan",
"schemes" : [
"InsuranceCardScan"
]
}
}
2026-09-22 09:33:09.258 xcodebuild[685:4464] [MT] IDERunDestination: Supported platforms for the buildables in the current scheme is empty.
Running build ...
env DEVELOPER_DIR=/Applications/Xcode-27.0.0-Release.Candidate.app xcrun xcodebuild -IDEClonedSourcePackagesDirPathOverride=$PWD/.dependencies -skipMacroValidation -skipPackagePluginValidation -derivedDataPath $PWD/.derivedData build -scheme InsuranceCardScan -destination generic/platform=watchOS
Command line invocation:
/Applications/Xcode-27.0.0-Release.Candidate.app/Contents/Developer/usr/bin/xcodebuild -IDEClonedSourcePackagesDirPathOverride=/Users/admin/builder/spi-builder-workspace/.dependencies -skipMacroValidation -skipPackagePluginValidation -derivedDataPath /Users/admin/builder/spi-builder-workspace/.derivedData build -scheme InsuranceCardScan -destination generic/platform=watchOS
Resolve Package Graph
Resolved source packages:
InsuranceCardScan: /Users/admin/builder/spi-builder-workspace
ComputePackagePrebuildTargetDependencyGraph
Prepare packages
CreateBuildRequest
SendProjectDescription
CreateBuildOperation
ComputeTargetDependencyGraph
note: Building targets in dependency order
note: Target dependency graph (1 target)
Target 'InsuranceCardScan-product' in project 'InsuranceCardScan' (no dependencies)
GatherProvisioningInputs
CreateBuildDescription
/Users/admin/builder/spi-builder-workspace/Sources/InsuranceCardScan.xcframework:1:1: error: While building for watchOS, no library for this platform was found in '/Users/admin/builder/spi-builder-workspace/Sources/InsuranceCardScan.xcframework'. (in target 'InsuranceCardScan-product' from project 'InsuranceCardScan')
2026-09-22 09:33:10.201 xcodebuild[686:4489] [MT] IDERunDestination: Supported platforms for the buildables in the current scheme is empty.
** BUILD FAILED **
The following build commands failed:
Building workspace InsuranceCardScan with scheme InsuranceCardScan
(1 failure)
BUILD FAILURE 6.4 watchOS