The Swift Package Index logo.Swift Package Index

Build Information

Failed to build SAPCAI, reference main (62c92b), with Swift 6.1 for Wasm on 11 Aug 2026 04:02:21 UTC.

Build Command

bash -c docker run --pull=always --rm -v "checkouts-54344846-0":/host -w "$PWD" -e JAVA_HOME="/root/.sdkman/candidates/java/current" -e SPI_BUILD="1" -e SPI_PROCESSING="1" registry.gitlab.com/saguaro1/spi-images:wasm-6.1-latest swift build --swift-sdk wasm32-unknown-wasi 2>&1

Build Log

========================================
RunAll
========================================
Builder version: 729ceb5fcd9493dc13ee340bc4f0908bd201f85d
Interrupt handler set up.
========================================
Checkout
========================================
Clone URL: https://github.com/SAP-archive/cloud-sdk-ios-cai.git
Reference: main
Initialized empty Git repository in /host/spi-builder-workspace/.git/
hint: Using 'master' as the name for the initial branch. This default branch name
hint: is subject to change. To configure the initial branch name to use in all
hint: of your new repositories, which will suppress this warning, call:
hint:
hint: 	git config --global init.defaultBranch <name>
hint:
hint: Names commonly chosen instead of 'master' are 'main', 'trunk' and
hint: 'development'. The just-created branch can be renamed via this command:
hint:
hint: 	git branch -m <name>
From https://github.com/SAP-archive/cloud-sdk-ios-cai
 * branch            main       -> FETCH_HEAD
 * [new branch]      main       -> origin/main
HEAD is now at 62c92bb docs: ✏️ CAI is in maintenance mode (#73)
Cloned https://github.com/SAP-archive/cloud-sdk-ios-cai.git
Revision (git rev-parse @):
62c92bbbca6ee5e7a4975c090fbf48f5f1f39097
SUCCESS checkout https://github.com/SAP-archive/cloud-sdk-ios-cai.git at main
========================================
Build
========================================
Selected platform:         wasm
Swift version:             6.1
Building package at path:  $PWD
https://github.com/SAP-archive/cloud-sdk-ios-cai.git
https://github.com/SAP-archive/cloud-sdk-ios-cai.git
WARNING: environment variable SUPPRESS_SWIFT_6_FLAGS is not set
Running build ...
bash -c docker run --pull=always --rm -v "checkouts-54344846-0":/host -w "$PWD" -e JAVA_HOME="/root/.sdkman/candidates/java/current" -e SPI_BUILD="1" -e SPI_PROCESSING="1" registry.gitlab.com/saguaro1/spi-images:wasm-6.1-latest swift build --swift-sdk wasm32-unknown-wasi -Xswiftc -Xfrontend -Xswiftc -stats-output-dir -Xswiftc -Xfrontend -Xswiftc .stats -Xswiftc -strict-concurrency=complete -Xswiftc -enable-upcoming-feature -Xswiftc StrictConcurrency -Xswiftc -enable-upcoming-feature -Xswiftc DisableOutwardActorInference -Xswiftc -enable-upcoming-feature -Xswiftc GlobalActorIsolatedTypesUsability -Xswiftc -enable-upcoming-feature -Xswiftc InferSendableFromCaptures 2>&1
wasm-6.1-latest: Pulling from saguaro1/spi-images
Digest: sha256:290f441d1f5b7bf0dbbe61e8b7514208804cdcb507d57b3c762463ad036298f7
Status: Image is up to date for registry.gitlab.com/saguaro1/spi-images:wasm-6.1-latest
Fetching https://github.com/johnxnguyen/Down
Fetching https://github.com/SAP/cloud-sdk-ios
Fetching https://github.com/SDWebImage/SDWebImage
[1/915] Fetching cloud-sdk-ios
[898/7188] Fetching cloud-sdk-ios, down
[1230/33220] Fetching cloud-sdk-ios, down, sdwebimage
Fetched https://github.com/SAP/cloud-sdk-ios from cache (1.29s)
Fetched https://github.com/johnxnguyen/Down from cache (1.31s)
Fetched https://github.com/SDWebImage/SDWebImage from cache (1.37s)
Computing version for https://github.com/johnxnguyen/Down
Computed https://github.com/johnxnguyen/Down at 0.11.0 (1.62s)
Computing version for https://github.com/SDWebImage/SDWebImage
Computed https://github.com/SDWebImage/SDWebImage at 5.11.1 (0.24s)
Computing version for https://github.com/SAP/cloud-sdk-ios
Computed https://github.com/SAP/cloud-sdk-ios at 5.1.3-xcfrwk (0.24s)
Fetching https://github.com/SAP/cloud-sdk-ios-fiori.git
[1/366489] Fetching cloud-sdk-ios-fiori
Fetched https://github.com/SAP/cloud-sdk-ios-fiori.git from cache (105.30s)
Computing version for https://github.com/SAP/cloud-sdk-ios-fiori.git
Computed https://github.com/SAP/cloud-sdk-ios-fiori.git at 0.9.0 (106.24s)
Fetching https://github.com/Flight-School/AnyCodable.git
Fetching https://github.com/marmelroy/Zip.git
Fetching https://github.com/objcio/tiny-networking
Fetching https://github.com/sstadelman/observable-array.git
[1/2000] Fetching zip
[121/2782] Fetching zip, anycodable
[782/2841] Fetching zip, anycodable, observable-array
[847/3146] Fetching zip, anycodable, observable-array, tiny-networking
Fetched https://github.com/sstadelman/observable-array.git from cache (0.78s)
Fetched https://github.com/objcio/tiny-networking from cache (0.78s)
Fetched https://github.com/Flight-School/AnyCodable.git from cache (0.78s)
Fetched https://github.com/marmelroy/Zip.git from cache (1.12s)
Computing version for https://github.com/sstadelman/observable-array.git
Computed https://github.com/sstadelman/observable-array.git at 1.2.0 (1.74s)
Computing version for https://github.com/marmelroy/Zip.git
Computed https://github.com/marmelroy/Zip.git at 2.1.2 (0.47s)
Computing version for https://github.com/objcio/tiny-networking
Computed https://github.com/objcio/tiny-networking at 0.5.0 (0.47s)
Computing version for https://github.com/Flight-School/AnyCodable.git
Computed https://github.com/Flight-School/AnyCodable.git at 0.6.7 (0.62s)
Creating working copy for https://github.com/johnxnguyen/Down
Working copy of https://github.com/johnxnguyen/Down resolved at 0.11.0
Creating working copy for https://github.com/SAP/cloud-sdk-ios-fiori.git
Working copy of https://github.com/SAP/cloud-sdk-ios-fiori.git resolved at 0.9.0
Creating working copy for https://github.com/objcio/tiny-networking
Working copy of https://github.com/objcio/tiny-networking resolved at 0.5.0
Creating working copy for https://github.com/SDWebImage/SDWebImage
Working copy of https://github.com/SDWebImage/SDWebImage resolved at 5.11.1
Creating working copy for https://github.com/marmelroy/Zip.git
Working copy of https://github.com/marmelroy/Zip.git resolved at 2.1.2
Creating working copy for https://github.com/SAP/cloud-sdk-ios
Working copy of https://github.com/SAP/cloud-sdk-ios resolved at 5.1.3-xcfrwk
Creating working copy for https://github.com/Flight-School/AnyCodable.git
Working copy of https://github.com/Flight-School/AnyCodable.git resolved at 0.6.7
Creating working copy for https://github.com/sstadelman/observable-array.git
Working copy of https://github.com/sstadelman/observable-array.git resolved at 1.2.0
Downloading binary artifact https://github.com/SAP/cloud-sdk-ios/releases/download/5.1.3-xcfrwk/SAPCommon-5.1.13-Release-xcframework.zip
Downloading binary artifact https://github.com/SAP/cloud-sdk-ios/releases/download/5.1.3-xcfrwk/SAPFoundation-5.1.13-Release-xcframework.zip
[819/19844936] Downloading https://github.com/SAP/cloud-sdk-ios/releases/download/5.1.3-xcfrwk/SAPFoundation-5.1.13-Release-xcframework.zip
[32650/21218242] Downloading https://github.com/SAP/cloud-sdk-ios/releases/download/5.1.3-xcfrwk/SAPFoundation-5.1.13-Release-xcframework.zip, https://github.com/SAP/cloud-sdk-ios/releases/download/5.1.3-xcfrwk/SAPCommon-5.1.13-Release-xcframework.zip
Downloaded https://github.com/SAP/cloud-sdk-ios/releases/download/5.1.3-xcfrwk/SAPCommon-5.1.13-Release-xcframework.zip (0.50s)
[2800752/19844936] Downloading https://github.com/SAP/cloud-sdk-ios/releases/download/5.1.3-xcfrwk/SAPFoundation-5.1.13-Release-xcframework.zip
Downloaded https://github.com/SAP/cloud-sdk-ios/releases/download/5.1.3-xcfrwk/SAPFoundation-5.1.13-Release-xcframework.zip (1.49s)
Building for debugging...
In file included from /host/spi-builder-workspace/.build/checkouts/SDWebImage/SDWebImage/Core/NSImage+Compatibility.m:9:
In file included from /host/spi-builder-workspace/.build/checkouts/SDWebImage/SDWebImage/Core/NSImage+Compatibility.h:9:
/host/spi-builder-workspace/.build/checkouts/SDWebImage/SDWebImage/Core/SDWebImageCompat.h:10:9: fatal error: 'TargetConditionals.h' file not found
   10 | #import <TargetConditionals.h>
      |         ^~~~~~~~~~~~~~~~~~~~~~
1 error generated.
[0/146] Compiling NSImage+Compatibility.m
[0/146] Compiling libcmark scanners.c
[0/146] Compiling libcmark utf8.c
[0/146] Compiling libcmark xml.c
In file included from /host/spi-builder-workspace/.build/checkouts/SDWebImage/SDWebImage/Core/SDAnimatedImagePlayer.m:9:
/host/spi-builder-workspace/.build/checkouts/SDWebImage/SDWebImage/Core/SDAnimatedImagePlayer.h:9:9: fatal error: 'Foundation/Foundation.h' file not found
    9 | #import <Foundation/Foundation.h>
      |         ^~~~~~~~~~~~~~~~~~~~~~~~~
[0/146] Compiling SDAnimatedImagePlayer.m
In file included from /host/spi-builder-workspace/.build/checkouts/SDWebImage/SDWebImage/Core/SDAnimatedImageRep.m:9:
In file included from /host/spi-builder-workspace/.build/checkouts/SDWebImage/SDWebImage/Core/SDAnimatedImageRep.h:9:
/host/spi-builder-workspace/.build/checkouts/SDWebImage/SDWebImage/Core/SDWebImageCompat.h:10:9: fatal error: 'TargetConditionals.h' file not found
   10 | #import <TargetConditionals.h>
      |         ^~~~~~~~~~~~~~~~~~~~~~
1 error generated.
[0/146] Compiling SDAnimatedImageRep.m
In file included from /host/spi-builder-workspace/.build/checkouts/SDWebImage/SDWebImage/Core/SDAnimatedImage.m:9:
In file included from /host/spi-builder-workspace/.build/checkouts/SDWebImage/SDWebImage/Core/SDAnimatedImage.h:9:
/host/spi-builder-workspace/.build/checkouts/SDWebImage/SDWebImage/Core/SDWebImageCompat.h:10:9: fatal error: 'TargetConditionals.h' file not found
   10 | #import <TargetConditionals.h>
      |         ^~~~~~~~~~~~~~~~~~~~~~
[0/146] Compiling SDAnimatedImage.m
[0/146] Write swift-version-24593BA9C3E375BF.txt
Running build ...
bash -c docker run --pull=always --rm -v "checkouts-54344846-0":/host -w "$PWD" -e JAVA_HOME="/root/.sdkman/candidates/java/current" -e SPI_BUILD="1" -e SPI_PROCESSING="1" registry.gitlab.com/saguaro1/spi-images:wasm-6.1-latest swift build --swift-sdk wasm32-unknown-wasi 2>&1
wasm-6.1-latest: Pulling from saguaro1/spi-images
Digest: sha256:290f441d1f5b7bf0dbbe61e8b7514208804cdcb507d57b3c762463ad036298f7
Status: Image is up to date for registry.gitlab.com/saguaro1/spi-images:wasm-6.1-latest
[0/1] Planning build
Building for debugging...
[0/146] Write sources
[1/146] Compiling libcmark man.c
[1/146] Compiling libcmark render.c
[1/146] Compiling libcmark xml.c
[1/146] Compiling libcmark references.c
[5/146] Compiling libcmark node.c
[6/146] Compiling libcmark iterator.c
[7/146] Compiling libcmark latex.c
[8/146] Compiling libcmark html.c
[9/146] Compiling libcmark houdini_html_e.c
[10/146] Compiling libcmark houdini_href_e.c
[11/146] Compiling libcmark cmark_ctype.c
[12/146] Compiling libcmark inlines.c
[13/146] Compiling libcmark commonmark.c
[14/146] Compiling libcmark houdini_html_u.c
[14/146] Compiling libcmark cmark.c
In file included from /host/spi-builder-workspace/.build/checkouts/SDWebImage/SDWebImage/Private/UIColor+SDHexString.m:9:
In file included from /host/spi-builder-workspace/.build/checkouts/SDWebImage/SDWebImage/Private/UIColor+SDHexString.h:9:
/host/spi-builder-workspace/.build/checkouts/SDWebImage/SDWebImage/Core/SDWebImageCompat.h:10:9: fatal error: 'TargetConditionals.h' file not found
   10 | #import <TargetConditionals.h>
      |         ^~~~~~~~~~~~~~~~~~~~~~
1 error generated.
[16/146] Compiling UIColor+SDHexString.m
[16/146] Compiling libcmark buffer.c
In file included from /host/spi-builder-workspace/.build/checkouts/SDWebImage/SDWebImage/Private/SDWeakProxy.m:9:
/host/spi-builder-workspace/.build/checkouts/SDWebImage/SDWebImage/Private/SDWeakProxy.h:9:9: fatal error: 'Foundation/Foundation.h' file not found
    9 | #import <Foundation/Foundation.h>
      |         ^~~~~~~~~~~~~~~~~~~~~~~~~
[16/146] Compiling SDWeakProxy.m
In file included from /host/spi-builder-workspace/.build/checkouts/SDWebImage/SDWebImage/Private/SDInternalMacros.m:9:
/host/spi-builder-workspace/.build/checkouts/SDWebImage/SDWebImage/Private/SDInternalMacros.h:9:9: fatal error: 'Foundation/Foundation.h' file not found
    9 | #import <Foundation/Foundation.h>
      |         ^~~~~~~~~~~~~~~~~~~~~~~~~
[16/146] Compiling SDInternalMacros.m
[16/146] Compiling libcmark blocks.c
[16/146] Compiling libcmark utf8.c
[16/146] Compiling libcmark scanners.c
[16/146] Write swift-version-24593BA9C3E375BF.txt
BUILD FAILURE 6.1 wasm