Build Information
Failed to build Chip8iEmulationCore, reference v1.5.0 (af92fb), with Swift 6.4 for watchOS using Xcode 27.0 on 22 Sep 2026 09:28:29 UTC.
Build Command
env DEVELOPER_DIR=/Applications/Xcode-27.0.0-Release.Candidate.app xcrun xcodebuild -IDEClonedSourcePackagesDirPathOverride=$PWD/.dependencies -skipMacroValidation -skipPackagePluginValidation -derivedDataPath $PWD/.derivedData build -scheme Chip8iEmulationCore -destination generic/platform=watchOSBuild Log
========================================
RunAll
========================================
Builder version: 5.1.0
Interrupt handler set up.
========================================
Checkout
========================================
Clone URL: https://github.com/danijelLoc/Chip8iEmulationCore.git
Reference: v1.5.0
Initialized empty Git repository in /Users/admin/builder/spi-builder-workspace/.git/
From https://github.com/danijelLoc/Chip8iEmulationCore
* tag v1.5.0 -> FETCH_HEAD
HEAD is now at af92fb6 Merge pull request #13 Swift 6 concurrency fixes, removed Combine
Cloned https://github.com/danijelLoc/Chip8iEmulationCore.git
Revision (git rev-parse @):
af92fb6e8e21ed8e5840e4c7662c388e383190d0
SUCCESS checkout https://github.com/danijelLoc/Chip8iEmulationCore.git at v1.5.0
========================================
Build
========================================
Selected platform: watchOS
Swift version: 6.4
Building package at path: $PWD
https://github.com/danijelLoc/Chip8iEmulationCore.git
Command line invocation:
/Applications/Xcode-27.0.0-Release.Candidate.app/Contents/Developer/usr/bin/xcodebuild -IDEClonedSourcePackagesDirPathOverride=/Users/admin/builder/spi-builder-workspace/.dependencies -resolvePackageDependencies
Resolve Package Graph
Resolve Package Graph
Resolved source packages:
Chip8iEmulationCore: /Users/admin/builder/spi-builder-workspace
resolved source packages: Chip8iEmulationCore
2026-09-22 05:27:38.925 xcodebuild[531:3061] [MT] IDERunDestination: Supported platforms for the buildables in the current scheme is empty.
2026-09-22 05:27:39.085 xcodebuild[531:3061] [MT] IDERunDestination: Supported platforms for the buildables in the current scheme is empty.
2026-09-22 05:27:40.719 xcodebuild[531:3061] [MT] IDERunDestination: Supported platforms for the buildables in the current scheme is empty.
{
"dependencies" : [
],
"manifest_display_name" : "Chip8iEmulationCore",
"name" : "Chip8iEmulationCore",
"path" : "/Users/admin/builder/spi-builder-workspace",
"platforms" : [
{
"name" : "ios",
"version" : "17.0"
},
{
"name" : "macos",
"version" : "14.0"
}
],
"products" : [
{
"name" : "Chip8iEmulationCore",
"targets" : [
"Chip8iEmulationCore"
],
"type" : {
"library" : [
"automatic"
]
}
}
],
"targets" : [
{
"c99name" : "Chip8iEmulationCoreTests",
"module_type" : "SwiftTarget",
"name" : "Chip8iEmulationCoreTests",
"path" : "Tests/Chip8iEmulationCoreTests",
"sources" : [
"Chip8EmuCoreTests.swift",
"Chip8OperationParserTests.swift",
"Chip8SystemTests.swift"
],
"target_dependencies" : [
"Chip8iEmulationCore"
],
"type" : "test"
},
{
"c99name" : "Chip8iEmulationCore",
"module_type" : "SwiftTarget",
"name" : "Chip8iEmulationCore",
"path" : "Sources/Chip8iEmulationCore",
"product_memberships" : [
"Chip8iEmulationCore"
],
"sources" : [
"Chip8EmulationCore.swift",
"Chip8EmulationCoreProtocol.swift",
"Chip8Operation/Chip8Operation.swift",
"Chip8Operation/Chip8OperationParser.swift",
"Chip8Operation/Chip8Program+Examples.swift",
"Chip8Operation/Chip8Program.swift",
"Chip8System.swift",
"Chip8SystemState.swift",
"EmulationUtils/EmulationControls.swift",
"EmulationUtils/EmulationError.swift",
"EmulationUtils/EmulationLogger.swift",
"EmulationUtils/EmulationState.swift",
"EmulationUtils/ExtensionsAndConstants.swift",
"EmulationUtils/PlayingInfo.swift",
"SoundHandler/PrerecordedSoundHandler.swift",
"SoundHandler/SoundHandlerProtocol.swift"
],
"type" : "library"
}
],
"tools_version" : "5.9"
}
{
"workspace" : {
"name" : "Chip8iEmulationCore",
"schemes" : [
"Chip8iEmulationCore"
]
}
}
2026-09-22 05:28:17.571 xcodebuild[647:4097] [MT] IDERunDestination: Supported platforms for the buildables in the current scheme is empty.
Running build ...
env DEVELOPER_DIR=/Applications/Xcode-27.0.0-Release.Candidate.app xcrun xcodebuild -IDEClonedSourcePackagesDirPathOverride=$PWD/.dependencies -skipMacroValidation -skipPackagePluginValidation -derivedDataPath $PWD/.derivedData build -scheme Chip8iEmulationCore -destination generic/platform=watchOS
Command line invocation:
/Applications/Xcode-27.0.0-Release.Candidate.app/Contents/Developer/usr/bin/xcodebuild -IDEClonedSourcePackagesDirPathOverride=/Users/admin/builder/spi-builder-workspace/.dependencies -skipMacroValidation -skipPackagePluginValidation -derivedDataPath /Users/admin/builder/spi-builder-workspace/.derivedData build -scheme Chip8iEmulationCore -destination generic/platform=watchOS
Resolve Package Graph
Resolved source packages:
Chip8iEmulationCore: /Users/admin/builder/spi-builder-workspace
ComputePackagePrebuildTargetDependencyGraph
Prepare packages
CreateBuildRequest
SendProjectDescription
CreateBuildOperation
ComputeTargetDependencyGraph
note: Building targets in dependency order
note: Target dependency graph (2 targets)
Target 'Chip8iEmulationCore-product' in project 'Chip8iEmulationCore'
➜ Explicit dependency on target 'Chip8iEmulationCore' in project 'Chip8iEmulationCore'
Target 'Chip8iEmulationCore' in project 'Chip8iEmulationCore' (no dependencies)
GatherProvisioningInputs
CreateBuildDescription
ExecuteExternalTool /Applications/Xcode-27.0.0-Release.Candidate.app/Contents/Developer/Toolchains/XcodeDefault.xctoolchain/usr/bin/clang -v -E -dM -isysroot /Applications/Xcode-27.0.0-Release.Candidate.app/Contents/Developer/Platforms/WatchOS.platform/Developer/SDKs/WatchOS27.0.sdk -x c -c /dev/null
ExecuteExternalTool /Applications/Xcode-27.0.0-Release.Candidate.app/Contents/Developer/Toolchains/XcodeDefault.xctoolchain/usr/bin/swiftc --version
ExecuteExternalTool /Applications/Xcode-27.0.0-Release.Candidate.app/Contents/Developer/Toolchains/XcodeDefault.xctoolchain/usr/bin/ld -version_details
Build description signature: 2b8f5da9110fe22716da8a00407ddfb2
Build description path: /Users/admin/builder/spi-builder-workspace/.derivedData/Build/Intermediates.noindex/XCBuildData/2b8f5da9110fe22716da8a00407ddfb2.xcbuilddata
CreateBuildDirectory /Users/admin/builder/spi-builder-workspace/.derivedData/SDKExplicitPrecompiledModules
cd /Users/admin/builder/spi-builder-workspace/.swiftpm/xcode
builtin-create-build-directory /Users/admin/builder/spi-builder-workspace/.derivedData/SDKExplicitPrecompiledModules
CreateBuildDirectory /Users/admin/builder/spi-builder-workspace/.derivedData/ModuleCache.noindex
cd /Users/admin/builder/spi-builder-workspace/.swiftpm/xcode
builtin-create-build-directory /Users/admin/builder/spi-builder-workspace/.derivedData/ModuleCache.noindex
CreateBuildDirectory /Users/admin/builder/spi-builder-workspace/.derivedData/CompilationCache.noindex
cd /Users/admin/builder/spi-builder-workspace/.swiftpm/xcode
builtin-create-build-directory /Users/admin/builder/spi-builder-workspace/.derivedData/CompilationCache.noindex
ClangStatCache /Applications/Xcode-27.0.0-Release.Candidate.app/Contents/Developer/Toolchains/XcodeDefault.xctoolchain/usr/bin/clang-stat-cache /Applications/Xcode-27.0.0-Release.Candidate.app/Contents/Developer/Platforms/WatchOS.platform/Developer/SDKs/WatchOS27.0.sdk /Users/admin/builder/spi-builder-workspace/.derivedData/SDKStatCaches.noindex/watchos27.0-24R360-e829b21a6f8c9b70876ba0858053c04477534ef55a1706bf4c1112bbb242f0a2.sdkstatcache
cd /Users/admin/builder/spi-builder-workspace/.swiftpm/xcode
/Applications/Xcode-27.0.0-Release.Candidate.app/Contents/Developer/Toolchains/XcodeDefault.xctoolchain/usr/bin/clang-stat-cache /Applications/Xcode-27.0.0-Release.Candidate.app/Contents/Developer/Platforms/WatchOS.platform/Developer/SDKs/WatchOS27.0.sdk -o /Users/admin/builder/spi-builder-workspace/.derivedData/SDKStatCaches.noindex/watchos27.0-24R360-e829b21a6f8c9b70876ba0858053c04477534ef55a1706bf4c1112bbb242f0a2.sdkstatcache
CreateBuildDirectory /Users/admin/builder/spi-builder-workspace/.derivedData/Build/Products
cd /Users/admin/builder/spi-builder-workspace/.swiftpm/xcode
builtin-create-build-directory /Users/admin/builder/spi-builder-workspace/.derivedData/Build/Products
CreateBuildDirectory /Users/admin/builder/spi-builder-workspace/.derivedData/Build/Intermediates.noindex
cd /Users/admin/builder/spi-builder-workspace/.swiftpm/xcode
builtin-create-build-directory /Users/admin/builder/spi-builder-workspace/.derivedData/Build/Intermediates.noindex
CreateBuildDirectory /Users/admin/builder/spi-builder-workspace/.derivedData/Build/Intermediates.noindex/SwiftExplicitPrecompiledModules
cd /Users/admin/builder/spi-builder-workspace/.swiftpm/xcode
builtin-create-build-directory /Users/admin/builder/spi-builder-workspace/.derivedData/Build/Intermediates.noindex/SwiftExplicitPrecompiledModules
CreateBuildDirectory /Users/admin/builder/spi-builder-workspace/.derivedData/Build/Intermediates.noindex/ExplicitPrecompiledModules
cd /Users/admin/builder/spi-builder-workspace/.swiftpm/xcode
builtin-create-build-directory /Users/admin/builder/spi-builder-workspace/.derivedData/Build/Intermediates.noindex/ExplicitPrecompiledModules
CreateBuildDirectory /Users/admin/builder/spi-builder-workspace/.derivedData/Build/Intermediates.noindex/PrecompiledHeaders
cd /Users/admin/builder/spi-builder-workspace/.swiftpm/xcode
builtin-create-build-directory /Users/admin/builder/spi-builder-workspace/.derivedData/Build/Intermediates.noindex/PrecompiledHeaders
CreateBuildDirectory /Users/admin/builder/spi-builder-workspace/.derivedData/Build/Intermediates.noindex/EagerLinkingTBDs/Debug-watchos
cd /Users/admin/builder/spi-builder-workspace/.swiftpm/xcode
builtin-create-build-directory /Users/admin/builder/spi-builder-workspace/.derivedData/Build/Intermediates.noindex/EagerLinkingTBDs/Debug-watchos
CreateBuildDirectory /Users/admin/builder/spi-builder-workspace/.derivedData/Build/Products/Debug-watchos
cd /Users/admin/builder/spi-builder-workspace/.swiftpm/xcode
builtin-create-build-directory /Users/admin/builder/spi-builder-workspace/.derivedData/Build/Products/Debug-watchos
CreateBuildDirectory /Users/admin/builder/spi-builder-workspace/.derivedData/Build/Products/Debug-watchos/PackageFrameworks
cd /Users/admin/builder/spi-builder-workspace/.swiftpm/xcode
builtin-create-build-directory /Users/admin/builder/spi-builder-workspace/.derivedData/Build/Products/Debug-watchos/PackageFrameworks
WriteAuxiliaryFile /Users/admin/builder/spi-builder-workspace/.derivedData/Build/Intermediates.noindex/Chip8iEmulationCore.build/Debug-watchos/Chip8iEmulationCore-t.build/Objects-normal/arm64_32/Chip8iEmulationCore.SwiftConstValuesFileList (in target 'Chip8iEmulationCore' from project 'Chip8iEmulationCore')
cd /Users/admin/builder/spi-builder-workspace
write-file /Users/admin/builder/spi-builder-workspace/.derivedData/Build/Intermediates.noindex/Chip8iEmulationCore.build/Debug-watchos/Chip8iEmulationCore-t.build/Objects-normal/arm64_32/Chip8iEmulationCore.SwiftConstValuesFileList
WriteAuxiliaryFile /Users/admin/builder/spi-builder-workspace/.derivedData/Build/Intermediates.noindex/Chip8iEmulationCore.build/Debug-watchos/Chip8iEmulationCore-t.build/Objects-normal/arm64_32/Chip8iEmulationCore_const_extract_protocols.json (in target 'Chip8iEmulationCore' from project 'Chip8iEmulationCore')
cd /Users/admin/builder/spi-builder-workspace
write-file /Users/admin/builder/spi-builder-workspace/.derivedData/Build/Intermediates.noindex/Chip8iEmulationCore.build/Debug-watchos/Chip8iEmulationCore-t.build/Objects-normal/arm64_32/Chip8iEmulationCore_const_extract_protocols.json
WriteAuxiliaryFile /Users/admin/builder/spi-builder-workspace/.derivedData/Build/Intermediates.noindex/Chip8iEmulationCore.build/Debug-watchos/Chip8iEmulationCore-t.build/Objects-normal/arm64/Chip8iEmulationCore.SwiftConstValuesFileList (in target 'Chip8iEmulationCore' from project 'Chip8iEmulationCore')
cd /Users/admin/builder/spi-builder-workspace
write-file /Users/admin/builder/spi-builder-workspace/.derivedData/Build/Intermediates.noindex/Chip8iEmulationCore.build/Debug-watchos/Chip8iEmulationCore-t.build/Objects-normal/arm64/Chip8iEmulationCore.SwiftConstValuesFileList
WriteAuxiliaryFile /Users/admin/builder/spi-builder-workspace/.derivedData/Build/Intermediates.noindex/Chip8iEmulationCore.build/Debug-watchos/Chip8iEmulationCore-t.build/Objects-normal/arm64_32/Chip8iEmulationCore.LinkFileList (in target 'Chip8iEmulationCore' from project 'Chip8iEmulationCore')
cd /Users/admin/builder/spi-builder-workspace
write-file /Users/admin/builder/spi-builder-workspace/.derivedData/Build/Intermediates.noindex/Chip8iEmulationCore.build/Debug-watchos/Chip8iEmulationCore-t.build/Objects-normal/arm64_32/Chip8iEmulationCore.LinkFileList
WriteAuxiliaryFile /Users/admin/builder/spi-builder-workspace/.derivedData/Build/Intermediates.noindex/Chip8iEmulationCore.build/Debug-watchos/Chip8iEmulationCore-t.build/Objects-normal/arm64_32/Chip8iEmulationCore.SwiftFileList (in target 'Chip8iEmulationCore' from project 'Chip8iEmulationCore')
cd /Users/admin/builder/spi-builder-workspace
write-file /Users/admin/builder/spi-builder-workspace/.derivedData/Build/Intermediates.noindex/Chip8iEmulationCore.build/Debug-watchos/Chip8iEmulationCore-t.build/Objects-normal/arm64_32/Chip8iEmulationCore.SwiftFileList
WriteAuxiliaryFile /Users/admin/builder/spi-builder-workspace/.derivedData/Build/Intermediates.noindex/Chip8iEmulationCore.build/Debug-watchos/Chip8iEmulationCore-t.build/Objects-normal/arm64_32/Chip8iEmulationCore-OutputFileMap.json (in target 'Chip8iEmulationCore' from project 'Chip8iEmulationCore')
cd /Users/admin/builder/spi-builder-workspace
write-file /Users/admin/builder/spi-builder-workspace/.derivedData/Build/Intermediates.noindex/Chip8iEmulationCore.build/Debug-watchos/Chip8iEmulationCore-t.build/Objects-normal/arm64_32/Chip8iEmulationCore-OutputFileMap.json
WriteAuxiliaryFile /Users/admin/builder/spi-builder-workspace/.derivedData/Build/Intermediates.noindex/Chip8iEmulationCore.build/Debug-watchos/Chip8iEmulationCore-t.build/Objects-normal/arm64/Chip8iEmulationCore.LinkFileList (in target 'Chip8iEmulationCore' from project 'Chip8iEmulationCore')
cd /Users/admin/builder/spi-builder-workspace
write-file /Users/admin/builder/spi-builder-workspace/.derivedData/Build/Intermediates.noindex/Chip8iEmulationCore.build/Debug-watchos/Chip8iEmulationCore-t.build/Objects-normal/arm64/Chip8iEmulationCore.LinkFileList
WriteAuxiliaryFile /Users/admin/builder/spi-builder-workspace/.derivedData/Build/Intermediates.noindex/Chip8iEmulationCore.build/Debug-watchos/Chip8iEmulationCore-t.build/Objects-normal/arm64/Chip8iEmulationCore.SwiftFileList (in target 'Chip8iEmulationCore' from project 'Chip8iEmulationCore')
cd /Users/admin/builder/spi-builder-workspace
write-file /Users/admin/builder/spi-builder-workspace/.derivedData/Build/Intermediates.noindex/Chip8iEmulationCore.build/Debug-watchos/Chip8iEmulationCore-t.build/Objects-normal/arm64/Chip8iEmulationCore.SwiftFileList
WriteAuxiliaryFile /Users/admin/builder/spi-builder-workspace/.derivedData/Build/Intermediates.noindex/Chip8iEmulationCore.build/Debug-watchos/Chip8iEmulationCore-t.build/Objects-normal/arm64/Chip8iEmulationCore_const_extract_protocols.json (in target 'Chip8iEmulationCore' from project 'Chip8iEmulationCore')
cd /Users/admin/builder/spi-builder-workspace
write-file /Users/admin/builder/spi-builder-workspace/.derivedData/Build/Intermediates.noindex/Chip8iEmulationCore.build/Debug-watchos/Chip8iEmulationCore-t.build/Objects-normal/arm64/Chip8iEmulationCore_const_extract_protocols.json
WriteAuxiliaryFile /Users/admin/builder/spi-builder-workspace/.derivedData/Build/Intermediates.noindex/Chip8iEmulationCore.build/Debug-watchos/Chip8iEmulationCore-t.build/Objects-normal/arm64/Chip8iEmulationCore-OutputFileMap.json (in target 'Chip8iEmulationCore' from project 'Chip8iEmulationCore')
cd /Users/admin/builder/spi-builder-workspace
write-file /Users/admin/builder/spi-builder-workspace/.derivedData/Build/Intermediates.noindex/Chip8iEmulationCore.build/Debug-watchos/Chip8iEmulationCore-t.build/Objects-normal/arm64/Chip8iEmulationCore-OutputFileMap.json
WriteAuxiliaryFile /Users/admin/builder/spi-builder-workspace/.derivedData/Build/Intermediates.noindex/Chip8iEmulationCore.build/Debug-watchos/Chip8iEmulationCore-t.build/Chip8iEmulationCore.modulemap (in target 'Chip8iEmulationCore' from project 'Chip8iEmulationCore')
cd /Users/admin/builder/spi-builder-workspace
write-file /Users/admin/builder/spi-builder-workspace/.derivedData/Build/Intermediates.noindex/Chip8iEmulationCore.build/Debug-watchos/Chip8iEmulationCore-t.build/Chip8iEmulationCore.modulemap
WriteAuxiliaryFile /Users/admin/builder/spi-builder-workspace/.derivedData/Build/Intermediates.noindex/Chip8iEmulationCore.build/Debug-watchos/Chip8iEmulationCore-t.build/Chip8iEmulationCore.DependencyStaticMetadataFileList (in target 'Chip8iEmulationCore' from project 'Chip8iEmulationCore')
cd /Users/admin/builder/spi-builder-workspace
write-file /Users/admin/builder/spi-builder-workspace/.derivedData/Build/Intermediates.noindex/Chip8iEmulationCore.build/Debug-watchos/Chip8iEmulationCore-t.build/Chip8iEmulationCore.DependencyStaticMetadataFileList
WriteAuxiliaryFile /Users/admin/builder/spi-builder-workspace/.derivedData/Build/Intermediates.noindex/Chip8iEmulationCore.build/Debug-watchos/Chip8iEmulationCore-t.build/Chip8iEmulationCore.DependencyMetadataFileList (in target 'Chip8iEmulationCore' from project 'Chip8iEmulationCore')
cd /Users/admin/builder/spi-builder-workspace
write-file /Users/admin/builder/spi-builder-workspace/.derivedData/Build/Intermediates.noindex/Chip8iEmulationCore.build/Debug-watchos/Chip8iEmulationCore-t.build/Chip8iEmulationCore.DependencyMetadataFileList
Copy /Users/admin/builder/spi-builder-workspace/.derivedData/Build/Intermediates.noindex/GeneratedModuleMaps-watchos/Chip8iEmulationCore.modulemap /Users/admin/builder/spi-builder-workspace/.derivedData/Build/Intermediates.noindex/Chip8iEmulationCore.build/Debug-watchos/Chip8iEmulationCore-t.build/Chip8iEmulationCore.modulemap (in target 'Chip8iEmulationCore' from project 'Chip8iEmulationCore')
cd /Users/admin/builder/spi-builder-workspace
builtin-copy -exclude .DS_Store -exclude CVS -exclude .svn -exclude .git -exclude .hg -resolve-src-symlinks /Users/admin/builder/spi-builder-workspace/.derivedData/Build/Intermediates.noindex/Chip8iEmulationCore.build/Debug-watchos/Chip8iEmulationCore-t.build/Chip8iEmulationCore.modulemap /Users/admin/builder/spi-builder-workspace/.derivedData/Build/Intermediates.noindex/GeneratedModuleMaps-watchos
SwiftDriver Chip8iEmulationCore normal arm64_32 com.apple.xcode.tools.swift.compiler (in target 'Chip8iEmulationCore' from project 'Chip8iEmulationCore')
cd /Users/admin/builder/spi-builder-workspace/.swiftpm/xcode
builtin-SwiftDriver -- /Applications/Xcode-27.0.0-Release.Candidate.app/Contents/Developer/Toolchains/XcodeDefault.xctoolchain/usr/bin/swiftc -parse-as-library -module-name Chip8iEmulationCore -Onone @/Users/admin/builder/spi-builder-workspace/.derivedData/Build/Intermediates.noindex/Chip8iEmulationCore.build/Debug-watchos/Chip8iEmulationCore-t.build/Objects-normal/arm64_32/Chip8iEmulationCore.SwiftFileList -DSWIFT_PACKAGE -DDEBUG -DSWIFT_MODULE_RESOURCE_BUNDLE_UNAVAILABLE -DXcode -plugin-path /Applications/Xcode-27.0.0-Release.Candidate.app/Contents/Developer/Toolchains/XcodeDefault.xctoolchain/usr/lib/swift/host/plugins/testing -enable-experimental-feature DebugDescriptionMacro -sdk /Applications/Xcode-27.0.0-Release.Candidate.app/Contents/Developer/Platforms/WatchOS.platform/Developer/SDKs/WatchOS27.0.sdk -target arm64_32-apple-watchos10.0 -g -module-cache-path /Users/admin/builder/spi-builder-workspace/.derivedData/ModuleCache.noindex -Xfrontend -serialize-debugging-options -profile-coverage-mapping -profile-generate -enable-testing -index-store-path /Users/admin/builder/spi-builder-workspace/.derivedData/Index.noindex/DataStore -Xcc -D_LIBCPP_HARDENING_MODE\=_LIBCPP_HARDENING_MODE_DEBUG -swift-version 5 -I /Users/admin/builder/spi-builder-workspace/.derivedData/Build/Products/Debug-watchos -Isystem /Applications/Xcode-27.0.0-Release.Candidate.app/Contents/Developer/Platforms/WatchOS.platform/Developer/usr/lib -F /Users/admin/builder/spi-builder-workspace/.derivedData/Build/Products/Debug-watchos -F /Applications/Xcode-27.0.0-Release.Candidate.app/Contents/Developer/Platforms/WatchOS.platform/Developer/Library/Frameworks -F /Applications/Xcode-27.0.0-Release.Candidate.app/Contents/Developer/Platforms/WatchOS.platform/Developer/SDKs/WatchOS27.0.sdk/Developer/Library/Frameworks -c -j10 -enable-batch-mode -incremental -Xcc -ivfsstatcache -Xcc /Users/admin/builder/spi-builder-workspace/.derivedData/SDKStatCaches.noindex/watchos27.0-24R360-e829b21a6f8c9b70876ba0858053c04477534ef55a1706bf4c1112bbb242f0a2.sdkstatcache -output-file-map /Users/admin/builder/spi-builder-workspace/.derivedData/Build/Intermediates.noindex/Chip8iEmulationCore.build/Debug-watchos/Chip8iEmulationCore-t.build/Objects-normal/arm64_32/Chip8iEmulationCore-OutputFileMap.json -save-temps -no-color-diagnostics -explicit-module-build -module-cache-path /Users/admin/builder/spi-builder-workspace/.derivedData/Build/Intermediates.noindex/SwiftExplicitPrecompiledModules -clang-scanner-module-cache-path /Users/admin/builder/spi-builder-workspace/.derivedData/ModuleCache.noindex -sdk-module-cache-path /Users/admin/builder/spi-builder-workspace/.derivedData/SDKExplicitPrecompiledModules -emit-dependencies -emit-module -emit-module-path /Users/admin/builder/spi-builder-workspace/.derivedData/Build/Intermediates.noindex/Chip8iEmulationCore.build/Debug-watchos/Chip8iEmulationCore-t.build/Objects-normal/arm64_32/Chip8iEmulationCore.swiftmodule -serialize-diagnostics -dependency-scan-serialize-diagnostics-path /Users/admin/builder/spi-builder-workspace/.derivedData/Build/Intermediates.noindex/Chip8iEmulationCore.build/Debug-watchos/Chip8iEmulationCore-t.build/Objects-normal/arm64_32/Chip8iEmulationCore-dependency-scan.dia -validate-clang-modules-once -clang-build-session-file /Users/admin/builder/spi-builder-workspace/.derivedData/ModuleCache.noindex/Session.modulevalidation -Xcc -fmodules-prune-interval\=86400 -Xcc -fmodules-prune-after\=345600 -package-name spi_builder_workspace -emit-const-values -const-gather-protocols-list /Users/admin/builder/spi-builder-workspace/.derivedData/Build/Intermediates.noindex/Chip8iEmulationCore.build/Debug-watchos/Chip8iEmulationCore-t.build/Objects-normal/arm64_32/Chip8iEmulationCore_const_extract_protocols.json -Xcc -I/Users/admin/builder/spi-builder-workspace/.derivedData/Build/Products/Debug-watchos/include -Xcc -I/Users/admin/builder/spi-builder-workspace/.derivedData/Build/Intermediates.noindex/Chip8iEmulationCore.build/Debug-watchos/Chip8iEmulationCore-t.build/DerivedSources-normal/arm64_32 -Xcc -I/Users/admin/builder/spi-builder-workspace/.derivedData/Build/Intermediates.noindex/Chip8iEmulationCore.build/Debug-watchos/Chip8iEmulationCore-t.build/DerivedSources/arm64_32 -Xcc -I/Users/admin/builder/spi-builder-workspace/.derivedData/Build/Intermediates.noindex/Chip8iEmulationCore.build/Debug-watchos/Chip8iEmulationCore-t.build/DerivedSources -Xcc -DSWIFT_PACKAGE -Xcc -DDEBUG\=1 -emit-objc-header -emit-objc-header-path /Users/admin/builder/spi-builder-workspace/.derivedData/Build/Intermediates.noindex/Chip8iEmulationCore.build/Debug-watchos/Chip8iEmulationCore-t.build/Objects-normal/arm64_32/Chip8iEmulationCore-Swift.h -working-directory /Users/admin/builder/spi-builder-workspace/.swiftpm/xcode -experimental-emit-module-separately -disable-cmo
SwiftDriver Chip8iEmulationCore normal arm64 com.apple.xcode.tools.swift.compiler (in target 'Chip8iEmulationCore' from project 'Chip8iEmulationCore')
cd /Users/admin/builder/spi-builder-workspace/.swiftpm/xcode
builtin-SwiftDriver -- /Applications/Xcode-27.0.0-Release.Candidate.app/Contents/Developer/Toolchains/XcodeDefault.xctoolchain/usr/bin/swiftc -parse-as-library -module-name Chip8iEmulationCore -Onone @/Users/admin/builder/spi-builder-workspace/.derivedData/Build/Intermediates.noindex/Chip8iEmulationCore.build/Debug-watchos/Chip8iEmulationCore-t.build/Objects-normal/arm64/Chip8iEmulationCore.SwiftFileList -DSWIFT_PACKAGE -DDEBUG -DSWIFT_MODULE_RESOURCE_BUNDLE_UNAVAILABLE -DXcode -plugin-path /Applications/Xcode-27.0.0-Release.Candidate.app/Contents/Developer/Toolchains/XcodeDefault.xctoolchain/usr/lib/swift/host/plugins/testing -enable-experimental-feature DebugDescriptionMacro -sdk /Applications/Xcode-27.0.0-Release.Candidate.app/Contents/Developer/Platforms/WatchOS.platform/Developer/SDKs/WatchOS27.0.sdk -target arm64-apple-watchos10.0 -g -module-cache-path /Users/admin/builder/spi-builder-workspace/.derivedData/ModuleCache.noindex -Xfrontend -serialize-debugging-options -profile-coverage-mapping -profile-generate -enable-testing -index-store-path /Users/admin/builder/spi-builder-workspace/.derivedData/Index.noindex/DataStore -Xcc -D_LIBCPP_HARDENING_MODE\=_LIBCPP_HARDENING_MODE_DEBUG -swift-version 5 -I /Users/admin/builder/spi-builder-workspace/.derivedData/Build/Products/Debug-watchos -Isystem /Applications/Xcode-27.0.0-Release.Candidate.app/Contents/Developer/Platforms/WatchOS.platform/Developer/usr/lib -F /Users/admin/builder/spi-builder-workspace/.derivedData/Build/Products/Debug-watchos -F /Applications/Xcode-27.0.0-Release.Candidate.app/Contents/Developer/Platforms/WatchOS.platform/Developer/Library/Frameworks -F /Applications/Xcode-27.0.0-Release.Candidate.app/Contents/Developer/Platforms/WatchOS.platform/Developer/SDKs/WatchOS27.0.sdk/Developer/Library/Frameworks -c -j10 -enable-batch-mode -incremental -Xcc -ivfsstatcache -Xcc /Users/admin/builder/spi-builder-workspace/.derivedData/SDKStatCaches.noindex/watchos27.0-24R360-e829b21a6f8c9b70876ba0858053c04477534ef55a1706bf4c1112bbb242f0a2.sdkstatcache -output-file-map /Users/admin/builder/spi-builder-workspace/.derivedData/Build/Intermediates.noindex/Chip8iEmulationCore.build/Debug-watchos/Chip8iEmulationCore-t.build/Objects-normal/arm64/Chip8iEmulationCore-OutputFileMap.json -save-temps -no-color-diagnostics -explicit-module-build -module-cache-path /Users/admin/builder/spi-builder-workspace/.derivedData/Build/Intermediates.noindex/SwiftExplicitPrecompiledModules -clang-scanner-module-cache-path /Users/admin/builder/spi-builder-workspace/.derivedData/ModuleCache.noindex -sdk-module-cache-path /Users/admin/builder/spi-builder-workspace/.derivedData/SDKExplicitPrecompiledModules -emit-dependencies -emit-module -emit-module-path /Users/admin/builder/spi-builder-workspace/.derivedData/Build/Intermediates.noindex/Chip8iEmulationCore.build/Debug-watchos/Chip8iEmulationCore-t.build/Objects-normal/arm64/Chip8iEmulationCore.swiftmodule -serialize-diagnostics -dependency-scan-serialize-diagnostics-path /Users/admin/builder/spi-builder-workspace/.derivedData/Build/Intermediates.noindex/Chip8iEmulationCore.build/Debug-watchos/Chip8iEmulationCore-t.build/Objects-normal/arm64/Chip8iEmulationCore-dependency-scan.dia -validate-clang-modules-once -clang-build-session-file /Users/admin/builder/spi-builder-workspace/.derivedData/ModuleCache.noindex/Session.modulevalidation -Xcc -fmodules-prune-interval\=86400 -Xcc -fmodules-prune-after\=345600 -package-name spi_builder_workspace -emit-const-values -const-gather-protocols-list /Users/admin/builder/spi-builder-workspace/.derivedData/Build/Intermediates.noindex/Chip8iEmulationCore.build/Debug-watchos/Chip8iEmulationCore-t.build/Objects-normal/arm64/Chip8iEmulationCore_const_extract_protocols.json -Xcc -I/Users/admin/builder/spi-builder-workspace/.derivedData/Build/Products/Debug-watchos/include -Xcc -I/Users/admin/builder/spi-builder-workspace/.derivedData/Build/Intermediates.noindex/Chip8iEmulationCore.build/Debug-watchos/Chip8iEmulationCore-t.build/DerivedSources-normal/arm64 -Xcc -I/Users/admin/builder/spi-builder-workspace/.derivedData/Build/Intermediates.noindex/Chip8iEmulationCore.build/Debug-watchos/Chip8iEmulationCore-t.build/DerivedSources/arm64 -Xcc -I/Users/admin/builder/spi-builder-workspace/.derivedData/Build/Intermediates.noindex/Chip8iEmulationCore.build/Debug-watchos/Chip8iEmulationCore-t.build/DerivedSources -Xcc -DSWIFT_PACKAGE -Xcc -DDEBUG\=1 -emit-objc-header -emit-objc-header-path /Users/admin/builder/spi-builder-workspace/.derivedData/Build/Intermediates.noindex/Chip8iEmulationCore.build/Debug-watchos/Chip8iEmulationCore-t.build/Objects-normal/arm64/Chip8iEmulationCore-Swift.h -working-directory /Users/admin/builder/spi-builder-workspace/.swiftpm/xcode -experimental-emit-module-separately -disable-cmo
SwiftExplicitDependencyGeneratePcm arm64_32 /Users/admin/builder/spi-builder-workspace/.derivedData/SDKExplicitPrecompiledModules/ptrauth-BFXF358ME5AK535N5A9Z766WU.pcm
SwiftExplicitDependencyGeneratePcm arm64_32 /Users/admin/builder/spi-builder-workspace/.derivedData/SDKExplicitPrecompiledModules/_Builtin_float-6KO8O3PEWRCA4WC6PPLOYO6WJ.pcm
SwiftExplicitDependencyGeneratePcm arm64_32 /Users/admin/builder/spi-builder-workspace/.derivedData/SDKExplicitPrecompiledModules/_Builtin_stdbool-A967K8W8YUYEC9SN52KJ7OO88.pcm
SwiftExplicitDependencyGeneratePcm arm64_32 /Users/admin/builder/spi-builder-workspace/.derivedData/SDKExplicitPrecompiledModules/_SwiftConcurrencyShims-6RTBPQ03V7BM9SPRK8SUE055H.pcm
SwiftExplicitDependencyGeneratePcm arm64_32 /Users/admin/builder/spi-builder-workspace/.derivedData/SDKExplicitPrecompiledModules/_Builtin_stdarg-D305JG44A2WPI6CJY37X3QJE8.pcm
SwiftExplicitDependencyGeneratePcm arm64_32 /Users/admin/builder/spi-builder-workspace/.derivedData/SDKExplicitPrecompiledModules/ptrcheck-7ELIH9BTIGVKX3UBITM9N72WD.pcm
SwiftExplicitDependencyGeneratePcm arm64_32 /Users/admin/builder/spi-builder-workspace/.derivedData/SDKExplicitPrecompiledModules/_AvailabilityInternal-244WAN3Z1QBT7PIA64EZEFY1R.pcm
SwiftExplicitDependencyGeneratePcm arm64_32 /Users/admin/builder/spi-builder-workspace/.derivedData/SDKExplicitPrecompiledModules/_Builtin_stddef-H44EFHQX6XSS5MZ7QP6YJZ76.pcm
SwiftExplicitDependencyGeneratePcm arm64_32 /Users/admin/builder/spi-builder-workspace/.derivedData/SDKExplicitPrecompiledModules/SwiftShims-9CQQGWTSNTN9EB5NSHDWUJICH.pcm
SwiftExplicitDependencyGeneratePcm arm64 /Users/admin/builder/spi-builder-workspace/.derivedData/SDKExplicitPrecompiledModules/_AvailabilityInternal-BUNV3UXM65NT37THI4W1AM0SF.pcm
SwiftExplicitDependencyGeneratePcm arm64 /Users/admin/builder/spi-builder-workspace/.derivedData/SDKExplicitPrecompiledModules/_Builtin_stdbool-83J96QSOFE9VX04AAS6310UAE.pcm
SwiftExplicitDependencyGeneratePcm arm64 /Users/admin/builder/spi-builder-workspace/.derivedData/SDKExplicitPrecompiledModules/_Builtin_float-C0CW5Q4HGBQYKE77TC42IAFB5.pcm
SwiftExplicitDependencyGeneratePcm arm64 /Users/admin/builder/spi-builder-workspace/.derivedData/SDKExplicitPrecompiledModules/_Builtin_stddef-1FU30Y8SWFB7OUUHMJQH5J6FM.pcm
SwiftExplicitDependencyGeneratePcm arm64 /Users/admin/builder/spi-builder-workspace/.derivedData/SDKExplicitPrecompiledModules/ptrcheck-AIF0NDOYZ8ORBNHQAQR5NNB8M.pcm
SwiftExplicitDependencyGeneratePcm arm64 /Users/admin/builder/spi-builder-workspace/.derivedData/SDKExplicitPrecompiledModules/ptrauth-3TZ9WJCGLYD25HQPWH4968ONX.pcm
SwiftExplicitDependencyGeneratePcm arm64 /Users/admin/builder/spi-builder-workspace/.derivedData/SDKExplicitPrecompiledModules/SwiftShims-4MXFZPV6FEB0XBYXCGPWAMQGL.pcm
SwiftExplicitDependencyGeneratePcm arm64 /Users/admin/builder/spi-builder-workspace/.derivedData/SDKExplicitPrecompiledModules/_SwiftConcurrencyShims-659N52XSKR5F0QSB880BH2FJR.pcm
SwiftExplicitDependencyGeneratePcm arm64 /Users/admin/builder/spi-builder-workspace/.derivedData/SDKExplicitPrecompiledModules/_Builtin_stdarg-A7UU8LE6MP85SM26YO7PBZNUQ.pcm
SwiftExplicitDependencyGeneratePcm arm64_32 /Users/admin/builder/spi-builder-workspace/.derivedData/SDKExplicitPrecompiledModules/_DarwinFoundation1-2GWF9RFMPLQW4PDHS3NARVI3G.pcm
SwiftExplicitDependencyGeneratePcm arm64 /Users/admin/builder/spi-builder-workspace/.derivedData/SDKExplicitPrecompiledModules/_DarwinFoundation1-7SPX3MD0HMP55E4OLNCPNDQ53.pcm
SwiftExplicitDependencyGeneratePcm arm64_32 /Users/admin/builder/spi-builder-workspace/.derivedData/SDKExplicitPrecompiledModules/_DarwinFoundation2-9MY8GOSYRO0M9MKNXF6D3MBNK.pcm
SwiftExplicitDependencyGeneratePcm arm64_32 /Users/admin/builder/spi-builder-workspace/.derivedData/SDKExplicitPrecompiledModules/_Builtin_limits-3VKBU2AFTD65PAJZ5CJ3LHFM2.pcm
SwiftExplicitDependencyGeneratePcm arm64 /Users/admin/builder/spi-builder-workspace/.derivedData/SDKExplicitPrecompiledModules/_DarwinFoundation2-D0XAPJU49S5E9XMKYOFGSTB1Q.pcm
SwiftExplicitDependencyGeneratePcm arm64 /Users/admin/builder/spi-builder-workspace/.derivedData/SDKExplicitPrecompiledModules/_Builtin_limits-9GWPA2B0H20DYUNYHYCWKABJG.pcm
SwiftExplicitDependencyGeneratePcm arm64_32 /Users/admin/builder/spi-builder-workspace/.derivedData/SDKExplicitPrecompiledModules/sys_types-8TLLMW08ZJWDGIIPKOYFGHHZW.pcm
SwiftExplicitDependencyGeneratePcm arm64_32 /Users/admin/builder/spi-builder-workspace/.derivedData/SDKExplicitPrecompiledModules/_Builtin_stdint-1HMXWI3V0V4TXHRWZOMZGZ80Y.pcm
SwiftExplicitDependencyGeneratePcm arm64_32 /Users/admin/builder/spi-builder-workspace/.derivedData/SDKExplicitPrecompiledModules/_Builtin_tgmath-23PGCKURCQILXMK0MYZRYDCOU.pcm
SwiftExplicitDependencyGeneratePcm arm64_32 /Users/admin/builder/spi-builder-workspace/.derivedData/SDKExplicitPrecompiledModules/string_h-BFVLUQUSBZWYMLCU9QI7VZALW.pcm
SwiftExplicitDependencyGeneratePcm arm64 /Users/admin/builder/spi-builder-workspace/.derivedData/SDKExplicitPrecompiledModules/sys_types-2KXQLI78OUCDP779AE68GZJ2.pcm
SwiftExplicitDependencyGeneratePcm arm64 /Users/admin/builder/spi-builder-workspace/.derivedData/SDKExplicitPrecompiledModules/_Builtin_stdint-8XMILLJZEGRN2XG7XZUXZ5RLX.pcm
SwiftExplicitDependencyGeneratePcm arm64 /Users/admin/builder/spi-builder-workspace/.derivedData/SDKExplicitPrecompiledModules/string_h-E6PRXK75PHIPCZFWOFCQ3QBMK.pcm
SwiftExplicitDependencyGeneratePcm arm64 /Users/admin/builder/spi-builder-workspace/.derivedData/SDKExplicitPrecompiledModules/_Builtin_tgmath-8NQ96OZ0YHXEC24JI95P01UF8.pcm
SwiftExplicitDependencyGeneratePcm arm64_32 /Users/admin/builder/spi-builder-workspace/.derivedData/SDKExplicitPrecompiledModules/_DarwinFoundation3-3DUTYQDQSD9HUAAVY947NMWOI.pcm
SwiftExplicitDependencyGeneratePcm arm64_32 /Users/admin/builder/spi-builder-workspace/.derivedData/SDKExplicitPrecompiledModules/_Builtin_intrinsics-196IIAKDQVU42DLOZP9OQCV76.pcm
SwiftExplicitDependencyGeneratePcm arm64 /Users/admin/builder/spi-builder-workspace/.derivedData/SDKExplicitPrecompiledModules/_Builtin_intrinsics-75960HIPCIYA06IUW8FIIPQT.pcm
SwiftExplicitDependencyGeneratePcm arm64 /Users/admin/builder/spi-builder-workspace/.derivedData/SDKExplicitPrecompiledModules/_DarwinFoundation3-B97LRG0E9GON2NUE65TVG81HU.pcm
SwiftExplicitDependencyGeneratePcm arm64_32 /Users/admin/builder/spi-builder-workspace/.derivedData/SDKExplicitPrecompiledModules/_Builtin_inttypes-D2KPCR4PEX9AQA33NGLUT5SBR.pcm
SwiftExplicitDependencyGeneratePcm arm64 /Users/admin/builder/spi-builder-workspace/.derivedData/SDKExplicitPrecompiledModules/_Builtin_inttypes-3UQSCM7WNM9EK4HZML8TY5J3D.pcm
SwiftExplicitDependencyGeneratePcm arm64_32 /Users/admin/builder/spi-builder-workspace/.derivedData/SDKExplicitPrecompiledModules/Darwin-3FVT1SKLN2ZQ5RVOABMTQBB34.pcm
SwiftExplicitDependencyGeneratePcm arm64 /Users/admin/builder/spi-builder-workspace/.derivedData/SDKExplicitPrecompiledModules/Darwin-3984OXKFNSPE77NT743WK8SEX.pcm
SwiftExplicitDependencyGeneratePcm arm64_32 /Users/admin/builder/spi-builder-workspace/.derivedData/SDKExplicitPrecompiledModules/simd-21UNWYOBUZI1LVSQ99S1XBLMO.pcm
SwiftExplicitDependencyGeneratePcm arm64 /Users/admin/builder/spi-builder-workspace/.derivedData/SDKExplicitPrecompiledModules/simd-EH08NODU6574T74ZKU61VP9BW.pcm
SwiftExplicitDependencyGeneratePcm arm64_32 /Users/admin/builder/spi-builder-workspace/.derivedData/SDKExplicitPrecompiledModules/ObjectiveC-6IJNELR2E80E7LUKESVCP2KET.pcm
SwiftExplicitDependencyGeneratePcm arm64 /Users/admin/builder/spi-builder-workspace/.derivedData/SDKExplicitPrecompiledModules/ObjectiveC-72IVD3VS2RS8Q28D9PIMY0KQP.pcm
SwiftExplicitDependencyGeneratePcm arm64_32 /Users/admin/builder/spi-builder-workspace/.derivedData/SDKExplicitPrecompiledModules/os_object-5YWTC6L4756IWSTPGXS5NM0D0.pcm
SwiftExplicitDependencyGeneratePcm arm64 /Users/admin/builder/spi-builder-workspace/.derivedData/SDKExplicitPrecompiledModules/os_object-3SDKD7F87FTZ26OON37DRYT6O.pcm
SwiftExplicitDependencyGeneratePcm arm64_32 /Users/admin/builder/spi-builder-workspace/.derivedData/SDKExplicitPrecompiledModules/os_workgroup-5JHTPDMNBUNHLJI8LPHKQK1JK.pcm
SwiftExplicitDependencyGeneratePcm arm64 /Users/admin/builder/spi-builder-workspace/.derivedData/SDKExplicitPrecompiledModules/os_workgroup-89GG5G7YC2D0ZTK6AZXXQ20DH.pcm
SwiftExplicitDependencyGeneratePcm arm64_32 /Users/admin/builder/spi-builder-workspace/.derivedData/SDKExplicitPrecompiledModules/Dispatch-2P62F1T4XV63S4P99TUDTOK2Q.pcm
SwiftExplicitDependencyGeneratePcm arm64 /Users/admin/builder/spi-builder-workspace/.derivedData/SDKExplicitPrecompiledModules/Dispatch-1NLJOVAK60XP0DUB05XA59EIM.pcm
SwiftExplicitDependencyGeneratePcm arm64_32 /Users/admin/builder/spi-builder-workspace/.derivedData/SDKExplicitPrecompiledModules/XPC-81Y45QFY96XYYFCW2GT6FY8S4.pcm
SwiftExplicitDependencyGeneratePcm arm64_32 /Users/admin/builder/spi-builder-workspace/.derivedData/SDKExplicitPrecompiledModules/CoreFoundation-8E6Y4BA3EXYKUGJ24GT9LGV3N.pcm
SwiftExplicitDependencyGeneratePcm arm64 /Users/admin/builder/spi-builder-workspace/.derivedData/SDKExplicitPrecompiledModules/XPC-40DR0X1DHKGCV4J1IOLFS8MOU.pcm
SwiftExplicitDependencyGeneratePcm arm64 /Users/admin/builder/spi-builder-workspace/.derivedData/SDKExplicitPrecompiledModules/CoreFoundation-8T2L24YC5NU7WO6WQJWRY7W08.pcm
SwiftExplicitDependencyGeneratePcm arm64_32 /Users/admin/builder/spi-builder-workspace/.derivedData/SDKExplicitPrecompiledModules/Security-D7TOWF88VWF67TB9HAFP5UWB1.pcm
SwiftExplicitDependencyGeneratePcm arm64_32 /Users/admin/builder/spi-builder-workspace/.derivedData/SDKExplicitPrecompiledModules/CoreGraphics-9FDXYX6BKBUT6TJ2VF819E7T5.pcm
SwiftExplicitDependencyGeneratePcm arm64_32 /Users/admin/builder/spi-builder-workspace/.derivedData/SDKExplicitPrecompiledModules/CoreAudioTypes-9GVB1DHA32M46R4A9NWSI3I2K.pcm
SwiftExplicitDependencyGeneratePcm arm64 /Users/admin/builder/spi-builder-workspace/.derivedData/SDKExplicitPrecompiledModules/CoreGraphics-DWNZ73GEH98SBJXZ7DEXB420K.pcm
SwiftExplicitDependencyGeneratePcm arm64 /Users/admin/builder/spi-builder-workspace/.derivedData/SDKExplicitPrecompiledModules/CoreAudioTypes-A9MF7N5LT63G21HNFVM6BT14B.pcm
SwiftExplicitDependencyGeneratePcm arm64 /Users/admin/builder/spi-builder-workspace/.derivedData/SDKExplicitPrecompiledModules/Security-6RZ6YBRU8WCUHRFFRVUK5WKMM.pcm
SwiftExplicitDependencyGeneratePcm arm64_32 /Users/admin/builder/spi-builder-workspace/.derivedData/SDKExplicitPrecompiledModules/CoreAudio-5W6MX6OUPWBMUR8VD5LHT1PZF.pcm
SwiftExplicitDependencyGeneratePcm arm64_32 /Users/admin/builder/spi-builder-workspace/.derivedData/SDKExplicitPrecompiledModules/Foundation-BJ2VQGI3OGR34500MEQ1VKHPH.pcm
SwiftExplicitDependencyGeneratePcm arm64_32 /Users/admin/builder/spi-builder-workspace/.derivedData/SDKExplicitPrecompiledModules/ImageIO-2Y4S05VUFWLNTRW92S35BUMG8.pcm
SwiftExplicitDependencyGeneratePcm arm64_32 /Users/admin/builder/spi-builder-workspace/.derivedData/SDKExplicitPrecompiledModules/CoreVideo-2P8HI0403J99LBDPKNFJ5D4DL.pcm
SwiftExplicitDependencyGeneratePcm arm64 /Users/admin/builder/spi-builder-workspace/.derivedData/SDKExplicitPrecompiledModules/CoreAudio-1B79RJJTP71GE6UY9WLESAN3C.pcm
SwiftExplicitDependencyGeneratePcm arm64 /Users/admin/builder/spi-builder-workspace/.derivedData/SDKExplicitPrecompiledModules/Foundation-DLBKUSGXN8QHAT8W0OARR9S8A.pcm
SwiftExplicitDependencyGeneratePcm arm64 /Users/admin/builder/spi-builder-workspace/.derivedData/SDKExplicitPrecompiledModules/ImageIO-208F4GO13XRG67XXLAMH07N4X.pcm
SwiftExplicitDependencyGeneratePcm arm64 /Users/admin/builder/spi-builder-workspace/.derivedData/SDKExplicitPrecompiledModules/CoreVideo-8MRR5MNWUOAW2DBPGUQ8FKK4.pcm
SwiftExplicitDependencyGeneratePcm arm64_32 /Users/admin/builder/spi-builder-workspace/.derivedData/SDKExplicitPrecompiledModules/CoreMedia-AO387T8CHWTTZODD1DGT0UAFA.pcm
SwiftExplicitDependencyGeneratePcm arm64 /Users/admin/builder/spi-builder-workspace/.derivedData/SDKExplicitPrecompiledModules/CoreMedia-1AJVCUZNAO74KIKMFVFUUHWDI.pcm
SwiftExplicitDependencyGeneratePcm arm64_32 /Users/admin/builder/spi-builder-workspace/.derivedData/SDKExplicitPrecompiledModules/QuartzCore-6375NPYACK5NYVHPMC1QQ8MC2.pcm
SwiftExplicitDependencyGeneratePcm arm64_32 /Users/admin/builder/spi-builder-workspace/.derivedData/SDKExplicitPrecompiledModules/CoreMIDI-8Q3SSIDM9J726670QKKYTPP3W.pcm
SwiftExplicitDependencyGeneratePcm arm64_32 /Users/admin/builder/spi-builder-workspace/.derivedData/SDKExplicitPrecompiledModules/LocalAuthentication-ATD947DC6Q0HA129OWBMG6HNP.pcm
SwiftExplicitDependencyGeneratePcm arm64_32 /Users/admin/builder/spi-builder-workspace/.derivedData/SDKExplicitPrecompiledModules/UniformTypeIdentifiers-CJZ3NTHPSBH4XWX5EVOG56UZS.pcm
SwiftExplicitDependencyGeneratePcm arm64 /Users/admin/builder/spi-builder-workspace/.derivedData/SDKExplicitPrecompiledModules/CoreMIDI-DMNFPOXYVF7STUO5GNB3DF2BQ.pcm
SwiftExplicitDependencyGeneratePcm arm64 /Users/admin/builder/spi-builder-workspace/.derivedData/SDKExplicitPrecompiledModules/LocalAuthentication-E2VERNNN1K2IWY24TR43TU59K.pcm
SwiftExplicitDependencyGeneratePcm arm64 /Users/admin/builder/spi-builder-workspace/.derivedData/SDKExplicitPrecompiledModules/QuartzCore-94KFMWNOU7ZLUZNB4T5DLZC9D.pcm
SwiftExplicitDependencyGeneratePcm arm64 /Users/admin/builder/spi-builder-workspace/.derivedData/SDKExplicitPrecompiledModules/UniformTypeIdentifiers-8L08Q8DQJV8C4AW84YVGFGTRN.pcm
SwiftExplicitDependencyGeneratePcm arm64_32 /Users/admin/builder/spi-builder-workspace/.derivedData/SDKExplicitPrecompiledModules/AVFAudio-E592LPPEJNCSUD5VBNV0IP3RS.pcm
SwiftExplicitDependencyGeneratePcm arm64 /Users/admin/builder/spi-builder-workspace/.derivedData/SDKExplicitPrecompiledModules/AVFAudio-6A028BJEJQTO3623H6QZ4E26C.pcm
SwiftExplicitDependencyGeneratePcm arm64_32 /Users/admin/builder/spi-builder-workspace/.derivedData/SDKExplicitPrecompiledModules/AVFoundation-EPE1OBOP1126QTAL5QEGZFKYT.pcm
SwiftExplicitDependencyGeneratePcm arm64 /Users/admin/builder/spi-builder-workspace/.derivedData/SDKExplicitPrecompiledModules/AVFoundation-78VW43DHMXH57E9M5JLISD2E9.pcm
SwiftCompile normal arm64_32 Compiling\ SoundHandlerProtocol.swift /Users/admin/builder/spi-builder-workspace/Sources/Chip8iEmulationCore/SoundHandler/SoundHandlerProtocol.swift (in target 'Chip8iEmulationCore' from project 'Chip8iEmulationCore')
SwiftCompile normal arm64_32 /Users/admin/builder/spi-builder-workspace/Sources/Chip8iEmulationCore/SoundHandler/SoundHandlerProtocol.swift (in target 'Chip8iEmulationCore' from project 'Chip8iEmulationCore')
cd /Users/admin/builder/spi-builder-workspace/.swiftpm/xcode
builtin-SwiftPerFileCompile SoundHandlerProtocol.swift
SwiftEmitModule normal arm64_32 Emitting\ module\ for\ Chip8iEmulationCore (in target 'Chip8iEmulationCore' from project 'Chip8iEmulationCore')
SwiftCompile normal arm64_32 (in target 'Chip8iEmulationCore' from project 'Chip8iEmulationCore')
cd /Users/admin/builder/spi-builder-workspace/.swiftpm/xcode
SwiftCompile normal arm64_32 Compiling\ Chip8Program+Examples.swift,\ Chip8Program.swift /Users/admin/builder/spi-builder-workspace/Sources/Chip8iEmulationCore/Chip8Operation/Chip8Program+Examples.swift /Users/admin/builder/spi-builder-workspace/Sources/Chip8iEmulationCore/Chip8Operation/Chip8Program.swift (in target 'Chip8iEmulationCore' from project 'Chip8iEmulationCore')
SwiftCompile normal arm64_32 /Users/admin/builder/spi-builder-workspace/Sources/Chip8iEmulationCore/Chip8Operation/Chip8Program+Examples.swift (in target 'Chip8iEmulationCore' from project 'Chip8iEmulationCore')
cd /Users/admin/builder/spi-builder-workspace/.swiftpm/xcode
builtin-SwiftPerFileCompile Chip8Program+Examples.swift
SwiftCompile normal arm64_32 /Users/admin/builder/spi-builder-workspace/Sources/Chip8iEmulationCore/Chip8Operation/Chip8Program.swift (in target 'Chip8iEmulationCore' from project 'Chip8iEmulationCore')
cd /Users/admin/builder/spi-builder-workspace/.swiftpm/xcode
builtin-SwiftPerFileCompile Chip8Program.swift
SwiftCompile normal arm64_32 Compiling\ PrerecordedSoundHandler.swift /Users/admin/builder/spi-builder-workspace/Sources/Chip8iEmulationCore/SoundHandler/PrerecordedSoundHandler.swift (in target 'Chip8iEmulationCore' from project 'Chip8iEmulationCore')
SwiftCompile normal arm64_32 /Users/admin/builder/spi-builder-workspace/Sources/Chip8iEmulationCore/SoundHandler/PrerecordedSoundHandler.swift (in target 'Chip8iEmulationCore' from project 'Chip8iEmulationCore')
cd /Users/admin/builder/spi-builder-workspace/.swiftpm/xcode
builtin-SwiftPerFileCompile PrerecordedSoundHandler.swift
SwiftCompile normal arm64_32 Compiling\ EmulationControls.swift,\ EmulationError.swift /Users/admin/builder/spi-builder-workspace/Sources/Chip8iEmulationCore/EmulationUtils/EmulationControls.swift /Users/admin/builder/spi-builder-workspace/Sources/Chip8iEmulationCore/EmulationUtils/EmulationError.swift (in target 'Chip8iEmulationCore' from project 'Chip8iEmulationCore')
SwiftCompile normal arm64_32 /Users/admin/builder/spi-builder-workspace/Sources/Chip8iEmulationCore/EmulationUtils/EmulationControls.swift (in target 'Chip8iEmulationCore' from project 'Chip8iEmulationCore')
cd /Users/admin/builder/spi-builder-workspace/.swiftpm/xcode
builtin-SwiftPerFileCompile EmulationControls.swift
SwiftCompile normal arm64_32 /Users/admin/builder/spi-builder-workspace/Sources/Chip8iEmulationCore/EmulationUtils/EmulationError.swift (in target 'Chip8iEmulationCore' from project 'Chip8iEmulationCore')
cd /Users/admin/builder/spi-builder-workspace/.swiftpm/xcode
builtin-SwiftPerFileCompile EmulationError.swift
SwiftCompile normal arm64_32 Compiling\ EmulationLogger.swift,\ EmulationState.swift /Users/admin/builder/spi-builder-workspace/Sources/Chip8iEmulationCore/EmulationUtils/EmulationLogger.swift /Users/admin/builder/spi-builder-workspace/Sources/Chip8iEmulationCore/EmulationUtils/EmulationState.swift (in target 'Chip8iEmulationCore' from project 'Chip8iEmulationCore')
SwiftCompile normal arm64_32 /Users/admin/builder/spi-builder-workspace/Sources/Chip8iEmulationCore/EmulationUtils/EmulationLogger.swift (in target 'Chip8iEmulationCore' from project 'Chip8iEmulationCore')
cd /Users/admin/builder/spi-builder-workspace/.swiftpm/xcode
builtin-SwiftPerFileCompile EmulationLogger.swift
SwiftCompile normal arm64_32 /Users/admin/builder/spi-builder-workspace/Sources/Chip8iEmulationCore/EmulationUtils/EmulationState.swift (in target 'Chip8iEmulationCore' from project 'Chip8iEmulationCore')
cd /Users/admin/builder/spi-builder-workspace/.swiftpm/xcode
builtin-SwiftPerFileCompile EmulationState.swift
SwiftCompile normal arm64_32 Compiling\ ExtensionsAndConstants.swift /Users/admin/builder/spi-builder-workspace/Sources/Chip8iEmulationCore/EmulationUtils/ExtensionsAndConstants.swift (in target 'Chip8iEmulationCore' from project 'Chip8iEmulationCore')
SwiftCompile normal arm64_32 /Users/admin/builder/spi-builder-workspace/Sources/Chip8iEmulationCore/EmulationUtils/ExtensionsAndConstants.swift (in target 'Chip8iEmulationCore' from project 'Chip8iEmulationCore')
cd /Users/admin/builder/spi-builder-workspace/.swiftpm/xcode
builtin-SwiftPerFileCompile ExtensionsAndConstants.swift
SwiftCompile normal arm64_32 Compiling\ Chip8EmulationCore.swift,\ Chip8EmulationCoreProtocol.swift /Users/admin/builder/spi-builder-workspace/Sources/Chip8iEmulationCore/Chip8EmulationCore.swift /Users/admin/builder/spi-builder-workspace/Sources/Chip8iEmulationCore/Chip8EmulationCoreProtocol.swift (in target 'Chip8iEmulationCore' from project 'Chip8iEmulationCore')
/Users/admin/builder/spi-builder-workspace/Sources/Chip8iEmulationCore/Chip8EmulationCore.swift:125:29: error: 'CACurrentMediaTime()' is unavailable in watchOS
123 | while !Task.isCancelled {
124 | if await !isPlaying { continue }
125 | let startTime = CACurrentMediaTime()
| `- error: 'CACurrentMediaTime()' is unavailable in watchOS
126 |
127 | for _ in 0..<systemCpuInstructionsCountPerFrame {
/Applications/Xcode-27.0.0-Release.Candidate.app/Contents/Developer/Platforms/WatchOS.platform/Developer/SDKs/WatchOS27.0.sdk/System/Library/Frameworks/QuartzCore.framework/Headers/CABase.h:127:26: note: 'CACurrentMediaTime()' has been explicitly marked unavailable here
125 | * calling mach_absolute_time () and converting the units to seconds. */
126 |
127 | CA_EXTERN CFTimeInterval CACurrentMediaTime (void)
| `- note: 'CACurrentMediaTime()' has been explicitly marked unavailable here
128 | API_AVAILABLE(macos(10.5), ios(2.0)) API_UNAVAILABLE(watchos);
129 |
/Users/admin/builder/spi-builder-workspace/Sources/Chip8iEmulationCore/Chip8EmulationCore.swift:136:31: error: 'CACurrentMediaTime()' is unavailable in watchOS
134 | // Introduce waiting delay to reach target frame time...
135 | while true {
136 | let elapsed = CACurrentMediaTime() - startTime
| `- error: 'CACurrentMediaTime()' is unavailable in watchOS
137 | if elapsed >= targetFrameTime * 0.99 {
138 | break
/Applications/Xcode-27.0.0-Release.Candidate.app/Contents/Developer/Platforms/WatchOS.platform/Developer/SDKs/WatchOS27.0.sdk/System/Library/Frameworks/QuartzCore.framework/Headers/CABase.h:127:26: note: 'CACurrentMediaTime()' has been explicitly marked unavailable here
125 | * calling mach_absolute_time () and converting the units to seconds. */
126 |
127 | CA_EXTERN CFTimeInterval CACurrentMediaTime (void)
| `- note: 'CACurrentMediaTime()' has been explicitly marked unavailable here
128 | API_AVAILABLE(macos(10.5), ios(2.0)) API_UNAVAILABLE(watchos);
129 |
Failed frontend command:
/Applications/Xcode-27.0.0-Release.Candidate.app/Contents/Developer/Toolchains/XcodeDefault.xctoolchain/usr/bin/swift-frontend -frontend -c -primary-file /Users/admin/builder/spi-builder-workspace/Sources/Chip8iEmulationCore/Chip8EmulationCore.swift -primary-file /Users/admin/builder/spi-builder-workspace/Sources/Chip8iEmulationCore/Chip8EmulationCoreProtocol.swift /Users/admin/builder/spi-builder-workspace/Sources/Chip8iEmulationCore/Chip8Operation/Chip8Operation.swift /Users/admin/builder/spi-builder-workspace/Sources/Chip8iEmulationCore/Chip8Operation/Chip8OperationParser.swift /Users/admin/builder/spi-builder-workspace/Sources/Chip8iEmulationCore/Chip8Operation/Chip8Program+Examples.swift /Users/admin/builder/spi-builder-workspace/Sources/Chip8iEmulationCore/Chip8Operation/Chip8Program.swift /Users/admin/builder/spi-builder-workspace/Sources/Chip8iEmulationCore/Chip8System.swift /Users/admin/builder/spi-builder-workspace/Sources/Chip8iEmulationCore/Chip8SystemState.swift /Users/admin/builder/spi-builder-workspace/Sources/Chip8iEmulationCore/EmulationUtils/EmulationControls.swift /Users/admin/builder/spi-builder-workspace/Sources/Chip8iEmulationCore/EmulationUtils/EmulationError.swift /Users/admin/builder/spi-builder-workspace/Sources/Chip8iEmulationCore/EmulationUtils/EmulationLogger.swift /Users/admin/builder/spi-builder-workspace/Sources/Chip8iEmulationCore/EmulationUtils/EmulationState.swift /Users/admin/builder/spi-builder-workspace/Sources/Chip8iEmulationCore/EmulationUtils/ExtensionsAndConstants.swift /Users/admin/builder/spi-builder-workspace/Sources/Chip8iEmulationCore/EmulationUtils/PlayingInfo.swift /Users/admin/builder/spi-builder-workspace/Sources/Chip8iEmulationCore/SoundHandler/PrerecordedSoundHandler.swift /Users/admin/builder/spi-builder-workspace/Sources/Chip8iEmulationCore/SoundHandler/SoundHandlerProtocol.swift -emit-dependencies-path /Users/admin/builder/spi-builder-workspace/.derivedData/Build/Intermediates.noindex/Chip8iEmulationCore.build/Debug-watchos/Chip8iEmulationCore-t.build/Objects-normal/arm64_32/Chip8EmulationCore.d -emit-const-values-path /Users/admin/builder/spi-builder-workspace/.derivedData/Build/Intermediates.noindex/Chip8iEmulationCore.build/Debug-watchos/Chip8iEmulationCore-t.build/Objects-normal/arm64_32/Chip8EmulationCore.swiftconstvalues -emit-reference-dependencies-path /Users/admin/builder/spi-builder-workspace/.derivedData/Build/Intermediates.noindex/Chip8iEmulationCore.build/Debug-watchos/Chip8iEmulationCore-t.build/Objects-normal/arm64_32/Chip8EmulationCore.swiftdeps -serialize-diagnostics-path /Users/admin/builder/spi-builder-workspace/.derivedData/Build/Intermediates.noindex/Chip8iEmulationCore.build/Debug-watchos/Chip8iEmulationCore-t.build/Objects-normal/arm64_32/Chip8EmulationCore.dia -emit-dependencies-path /Users/admin/builder/spi-builder-workspace/.derivedData/Build/Intermediates.noindex/Chip8iEmulationCore.build/Debug-watchos/Chip8iEmulationCore-t.build/Objects-normal/arm64_32/Chip8EmulationCoreProtocol.d -emit-const-values-path /Users/admin/builder/spi-builder-workspace/.derivedData/Build/Intermediates.noindex/Chip8iEmulationCore.build/Debug-watchos/Chip8iEmulationCore-t.build/Objects-normal/arm64_32/Chip8EmulationCoreProtocol.swiftconstvalues -emit-reference-dependencies-path /Users/admin/builder/spi-builder-workspace/.derivedData/Build/Intermediates.noindex/Chip8iEmulationCore.build/Debug-watchos/Chip8iEmulationCore-t.build/Objects-normal/arm64_32/Chip8EmulationCoreProtocol.swiftdeps -serialize-diagnostics-path /Users/admin/builder/spi-builder-workspace/.derivedData/Build/Intermediates.noindex/Chip8iEmulationCore.build/Debug-watchos/Chip8iEmulationCore-t.build/Objects-normal/arm64_32/Chip8EmulationCoreProtocol.dia -target arm64_32-apple-watchos10.0 -disable-cross-import-overlay-search -load-resolved-plugin /Applications/Xcode-27.0.0-Release.Candidate.app/Contents/Developer/Platforms/WatchOS.platform/Developer/usr/lib/swift/host/plugins/libFoundationMacros.dylib\#/Applications/Xcode-27.0.0-Release.Candidate.app/Contents/Developer/Platforms/WatchOS.platform/Developer/usr/bin/swift-plugin-server\#FoundationMacros -load-resolved-plugin /Applications/Xcode-27.0.0-Release.Candidate.app/Contents/Developer/Platforms/WatchOS.platform/Developer/usr/lib/swift/host/plugins/libObservationMacros.dylib\#/Applications/Xcode-27.0.0-Release.Candidate.app/Contents/Developer/Platforms/WatchOS.platform/Developer/usr/bin/swift-plugin-server\#ObservationMacros -load-resolved-plugin /Applications/Xcode-27.0.0-Release.Candidate.app/Contents/Developer/Platforms/WatchOS.platform/Developer/usr/lib/swift/host/plugins/libSwiftMacros.dylib\#/Applications/Xcode-27.0.0-Release.Candidate.app/Contents/Developer/Platforms/WatchOS.platform/Developer/usr/bin/swift-plugin-server\#SwiftMacros -disable-implicit-swift-modules -Xcc -fno-implicit-modules -Xcc -fno-implicit-module-maps -explicit-swift-module-map-file /Users/admin/builder/spi-builder-workspace/.derivedData/Build/Intermediates.noindex/Chip8iEmulationCore.build/Debug-watchos/Chip8iEmulationCore-t.build/Objects-normal/arm64_32/Chip8iEmulationCore-dependencies-2.json -enable-objc-interop -sdk /Applications/Xcode-27.0.0-Release.Candidate.app/Contents/Developer/Platforms/WatchOS.platform/Developer/SDKs/WatchOS27.0.sdk -I /Users/admin/builder/spi-builder-workspace/.derivedData/Build/Products/Debug-watchos -Isystem /Applications/Xcode-27.0.0-Release.Candidate.app/Contents/Developer/Platforms/WatchOS.platform/Developer/usr/lib -F /Users/admin/builder/spi-builder-workspace/.derivedData/Build/Products/Debug-watchos -F /Applications/Xcode-27.0.0-Release.Candidate.app/Contents/Developer/Platforms/WatchOS.platform/Developer/Library/Frameworks -F /Applications/Xcode-27.0.0-Release.Candidate.app/Contents/Developer/Platforms/WatchOS.platform/Developer/SDKs/WatchOS27.0.sdk/Developer/Library/Frameworks -module-cache-path /Users/admin/builder/spi-builder-workspace/.derivedData/Build/Intermediates.noindex/SwiftExplicitPrecompiledModules -no-color-diagnostics -Xcc -fno-color-diagnostics -enable-testing -g -debug-info-format\=dwarf -dwarf-version\=4 -profile-generate -profile-coverage-mapping -swift-version 5 -Onone -D SWIFT_PACKAGE -D DEBUG -D SWIFT_MODULE_RESOURCE_BUNDLE_UNAVAILABLE -D Xcode -serialize-debugging-options -enable-experimental-feature DebugDescriptionMacro -empty-abi-descriptor -validate-clang-modules-once -clang-build-session-file /Users/admin/builder/spi-builder-workspace/.derivedData/ModuleCache.noindex/Session.modulevalidation -Xcc -working-directory -Xcc /Users/admin/builder/spi-builder-workspace/.swiftpm/xcode -enable-anonymous-context-mangled-names -file-compilation-dir /Users/admin/builder/spi-builder-workspace/.swiftpm/xcode -Xcc -D_LIBCPP_HARDENING_MODE\=_LIBCPP_HARDENING_MODE_DEBUG -Xcc -ivfsstatcache -Xcc /Users/admin/builder/spi-builder-workspace/.derivedData/SDKStatCaches.noindex/watchos27.0-24R360-e829b21a6f8c9b70876ba0858053c04477534ef55a1706bf4c1112bbb242f0a2.sdkstatcache -Xcc -fmodules-prune-interval\=86400 -Xcc -fmodules-prune-after\=345600 -Xcc -I/Users/admin/builder/spi-builder-workspace/.derivedData/Build/Products/Debug-watchos/include -Xcc -I/Users/admin/builder/spi-builder-workspace/.derivedData/Build/Intermediates.noindex/Chip8iEmulationCore.build/Debug-watchos/Chip8iEmulationCore-t.build/DerivedSources-normal/arm64_32 -Xcc -I/Users/admin/builder/spi-builder-workspace/.derivedData/Build/Intermediates.noindex/Chip8iEmulationCore.build/Debug-watchos/Chip8iEmulationCore-t.build/DerivedSources/arm64_32 -Xcc -I/Users/admin/builder/spi-builder-workspace/.derivedData/Build/Intermediates.noindex/Chip8iEmulationCore.build/Debug-watchos/Chip8iEmulationCore-t.build/DerivedSources -Xcc -DSWIFT_PACKAGE -Xcc -DDEBUG\=1 -no-auto-bridging-header-chaining -module-name Chip8iEmulationCore -package-name spi_builder_workspace -const-gather-protocols-file /Users/admin/builder/spi-builder-workspace/.derivedData/Build/Intermediates.noindex/Chip8iEmulationCore.build/Debug-watchos/Chip8iEmulationCore-t.build/Objects-normal/arm64_32/Chip8iEmulationCore_const_extract_protocols.json -disable-clang-spi -clang-target arm64_32-apple-watchos27.0 -target-sdk-version 27.0 -target-sdk-name watchos27.0 -in-process-plugin-server-path /Applications/Xcode-27.0.0-Release.Candidate.app/Contents/Developer/Toolchains/XcodeDefault.xctoolchain/usr/lib/swift/host/libSwiftInProcPluginServer.dylib -parse-as-library -o /Users/admin/builder/spi-builder-workspace/.derivedData/Build/Intermediates.noindex/Chip8iEmulationCore.build/Debug-watchos/Chip8iEmulationCore-t.build/Objects-normal/arm64_32/Chip8EmulationCore.o -o /Users/admin/builder/spi-builder-workspace/.derivedData/Build/Intermediates.noindex/Chip8iEmulationCore.build/Debug-watchos/Chip8iEmulationCore-t.build/Objects-normal/arm64_32/Chip8EmulationCoreProtocol.o -debug-module-path /Users/admin/builder/spi-builder-workspace/.derivedData/Build/Intermediates.noindex/Chip8iEmulationCore.build/Debug-watchos/Chip8iEmulationCore-t.build/Objects-normal/arm64_32/Chip8iEmulationCore.swiftmodule -index-unit-output-path /Chip8iEmulationCore.build/Debug-watchos/Chip8iEmulationCore-t.build/Objects-normal/arm64_32/Chip8EmulationCore.o -index-unit-output-path /Chip8iEmulationCore.build/Debug-watchos/Chip8iEmulationCore-t.build/Objects-normal/arm64_32/Chip8EmulationCoreProtocol.o -index-store-path /Users/admin/builder/spi-builder-workspace/.derivedData/Index.noindex/DataStore -index-system-modules
SwiftCompile normal arm64_32 /Users/admin/builder/spi-builder-workspace/Sources/Chip8iEmulationCore/Chip8EmulationCore.swift (in target 'Chip8iEmulationCore' from project 'Chip8iEmulationCore')
cd /Users/admin/builder/spi-builder-workspace/.swiftpm/xcode
builtin-SwiftPerFileCompile Chip8EmulationCore.swift
SwiftCompile normal arm64_32 /Users/admin/builder/spi-builder-workspace/Sources/Chip8iEmulationCore/Chip8EmulationCoreProtocol.swift (in target 'Chip8iEmulationCore' from project 'Chip8iEmulationCore')
cd /Users/admin/builder/spi-builder-workspace/.swiftpm/xcode
builtin-SwiftPerFileCompile Chip8EmulationCoreProtocol.swift
SwiftCompile normal arm64_32 Compiling\ PlayingInfo.swift /Users/admin/builder/spi-builder-workspace/Sources/Chip8iEmulationCore/EmulationUtils/PlayingInfo.swift (in target 'Chip8iEmulationCore' from project 'Chip8iEmulationCore')
SwiftCompile normal arm64_32 /Users/admin/builder/spi-builder-workspace/Sources/Chip8iEmulationCore/EmulationUtils/PlayingInfo.swift (in target 'Chip8iEmulationCore' from project 'Chip8iEmulationCore')
cd /Users/admin/builder/spi-builder-workspace/.swiftpm/xcode
builtin-SwiftPerFileCompile PlayingInfo.swift
SwiftCompile normal arm64_32 Compiling\ Chip8Operation.swift,\ Chip8OperationParser.swift /Users/admin/builder/spi-builder-workspace/Sources/Chip8iEmulationCore/Chip8Operation/Chip8Operation.swift /Users/admin/builder/spi-builder-workspace/Sources/Chip8iEmulationCore/Chip8Operation/Chip8OperationParser.swift (in target 'Chip8iEmulationCore' from project 'Chip8iEmulationCore')
SwiftCompile normal arm64_32 /Users/admin/builder/spi-builder-workspace/Sources/Chip8iEmulationCore/Chip8Operation/Chip8Operation.swift (in target 'Chip8iEmulationCore' from project 'Chip8iEmulationCore')
cd /Users/admin/builder/spi-builder-workspace/.swiftpm/xcode
builtin-SwiftPerFileCompile Chip8Operation.swift
SwiftCompile normal arm64_32 /Users/admin/builder/spi-builder-workspace/Sources/Chip8iEmulationCore/Chip8Operation/Chip8OperationParser.swift (in target 'Chip8iEmulationCore' from project 'Chip8iEmulationCore')
cd /Users/admin/builder/spi-builder-workspace/.swiftpm/xcode
builtin-SwiftPerFileCompile Chip8OperationParser.swift
SwiftEmitModule normal arm64 Emitting\ module\ for\ Chip8iEmulationCore (in target 'Chip8iEmulationCore' from project 'Chip8iEmulationCore')
SwiftCompile normal arm64 (in target 'Chip8iEmulationCore' from project 'Chip8iEmulationCore')
cd /Users/admin/builder/spi-builder-workspace/.swiftpm/xcode
SwiftDriverJobDiscovery normal arm64_32 Emitting module for Chip8iEmulationCore (in target 'Chip8iEmulationCore' from project 'Chip8iEmulationCore')
SwiftDriver\ Compilation\ Requirements Chip8iEmulationCore normal arm64_32 com.apple.xcode.tools.swift.compiler (in target 'Chip8iEmulationCore' from project 'Chip8iEmulationCore')
cd /Users/admin/builder/spi-builder-workspace/.swiftpm/xcode
builtin-Swift-Compilation-Requirements -- /Applications/Xcode-27.0.0-Release.Candidate.app/Contents/Developer/Toolchains/XcodeDefault.xctoolchain/usr/bin/swiftc -parse-as-library -module-name Chip8iEmulationCore -Onone @/Users/admin/builder/spi-builder-workspace/.derivedData/Build/Intermediates.noindex/Chip8iEmulationCore.build/Debug-watchos/Chip8iEmulationCore-t.build/Objects-normal/arm64_32/Chip8iEmulationCore.SwiftFileList -DSWIFT_PACKAGE -DDEBUG -DSWIFT_MODULE_RESOURCE_BUNDLE_UNAVAILABLE -DXcode -plugin-path /Applications/Xcode-27.0.0-Release.Candidate.app/Contents/Developer/Toolchains/XcodeDefault.xctoolchain/usr/lib/swift/host/plugins/testing -enable-experimental-feature DebugDescriptionMacro -sdk /Applications/Xcode-27.0.0-Release.Candidate.app/Contents/Developer/Platforms/WatchOS.platform/Developer/SDKs/WatchOS27.0.sdk -target arm64_32-apple-watchos10.0 -g -module-cache-path /Users/admin/builder/spi-builder-workspace/.derivedData/ModuleCache.noindex -Xfrontend -serialize-debugging-options -profile-coverage-mapping -profile-generate -enable-testing -index-store-path /Users/admin/builder/spi-builder-workspace/.derivedData/Index.noindex/DataStore -Xcc -D_LIBCPP_HARDENING_MODE\=_LIBCPP_HARDENING_MODE_DEBUG -swift-version 5 -I /Users/admin/builder/spi-builder-workspace/.derivedData/Build/Products/Debug-watchos -Isystem /Applications/Xcode-27.0.0-Release.Candidate.app/Contents/Developer/Platforms/WatchOS.platform/Developer/usr/lib -F /Users/admin/builder/spi-builder-workspace/.derivedData/Build/Products/Debug-watchos -F /Applications/Xcode-27.0.0-Release.Candidate.app/Contents/Developer/Platforms/WatchOS.platform/Developer/Library/Frameworks -F /Applications/Xcode-27.0.0-Release.Candidate.app/Contents/Developer/Platforms/WatchOS.platform/Developer/SDKs/WatchOS27.0.sdk/Developer/Library/Frameworks -c -j10 -enable-batch-mode -incremental -Xcc -ivfsstatcache -Xcc /Users/admin/builder/spi-builder-workspace/.derivedData/SDKStatCaches.noindex/watchos27.0-24R360-e829b21a6f8c9b70876ba0858053c04477534ef55a1706bf4c1112bbb242f0a2.sdkstatcache -output-file-map /Users/admin/builder/spi-builder-workspace/.derivedData/Build/Intermediates.noindex/Chip8iEmulationCore.build/Debug-watchos/Chip8iEmulationCore-t.build/Objects-normal/arm64_32/Chip8iEmulationCore-OutputFileMap.json -save-temps -no-color-diagnostics -explicit-module-build -module-cache-path /Users/admin/builder/spi-builder-workspace/.derivedData/Build/Intermediates.noindex/SwiftExplicitPrecompiledModules -clang-scanner-module-cache-path /Users/admin/builder/spi-builder-workspace/.derivedData/ModuleCache.noindex -sdk-module-cache-path /Users/admin/builder/spi-builder-workspace/.derivedData/SDKExplicitPrecompiledModules -emit-dependencies -emit-module -emit-module-path /Users/admin/builder/spi-builder-workspace/.derivedData/Build/Intermediates.noindex/Chip8iEmulationCore.build/Debug-watchos/Chip8iEmulationCore-t.build/Objects-normal/arm64_32/Chip8iEmulationCore.swiftmodule -serialize-diagnostics -dependency-scan-serialize-diagnostics-path /Users/admin/builder/spi-builder-workspace/.derivedData/Build/Intermediates.noindex/Chip8iEmulationCore.build/Debug-watchos/Chip8iEmulationCore-t.build/Objects-normal/arm64_32/Chip8iEmulationCore-dependency-scan.dia -validate-clang-modules-once -clang-build-session-file /Users/admin/builder/spi-builder-workspace/.derivedData/ModuleCache.noindex/Session.modulevalidation -Xcc -fmodules-prune-interval\=86400 -Xcc -fmodules-prune-after\=345600 -package-name spi_builder_workspace -emit-const-values -const-gather-protocols-list /Users/admin/builder/spi-builder-workspace/.derivedData/Build/Intermediates.noindex/Chip8iEmulationCore.build/Debug-watchos/Chip8iEmulationCore-t.build/Objects-normal/arm64_32/Chip8iEmulationCore_const_extract_protocols.json -Xcc -I/Users/admin/builder/spi-builder-workspace/.derivedData/Build/Products/Debug-watchos/include -Xcc -I/Users/admin/builder/spi-builder-workspace/.derivedData/Build/Intermediates.noindex/Chip8iEmulationCore.build/Debug-watchos/Chip8iEmulationCore-t.build/DerivedSources-normal/arm64_32 -Xcc -I/Users/admin/builder/spi-builder-workspace/.derivedData/Build/Intermediates.noindex/Chip8iEmulationCore.build/Debug-watchos/Chip8iEmulationCore-t.build/DerivedSources/arm64_32 -Xcc -I/Users/admin/builder/spi-builder-workspace/.derivedData/Build/Intermediates.noindex/Chip8iEmulationCore.build/Debug-watchos/Chip8iEmulationCore-t.build/DerivedSources -Xcc -DSWIFT_PACKAGE -Xcc -DDEBUG\=1 -emit-objc-header -emit-objc-header-path /Users/admin/builder/spi-builder-workspace/.derivedData/Build/Intermediates.noindex/Chip8iEmulationCore.build/Debug-watchos/Chip8iEmulationCore-t.build/Objects-normal/arm64_32/Chip8iEmulationCore-Swift.h -working-directory /Users/admin/builder/spi-builder-workspace/.swiftpm/xcode -experimental-emit-module-separately -disable-cmo
SwiftDriverJobDiscovery normal arm64_32 Compiling SoundHandlerProtocol.swift (in target 'Chip8iEmulationCore' from project 'Chip8iEmulationCore')
SwiftCompile normal arm64 Compiling\ Chip8Operation.swift,\ Chip8OperationParser.swift /Users/admin/builder/spi-builder-workspace/Sources/Chip8iEmulationCore/Chip8Operation/Chip8Operation.swift /Users/admin/builder/spi-builder-workspace/Sources/Chip8iEmulationCore/Chip8Operation/Chip8OperationParser.swift (in target 'Chip8iEmulationCore' from project 'Chip8iEmulationCore')
SwiftCompile normal arm64 /Users/admin/builder/spi-builder-workspace/Sources/Chip8iEmulationCore/Chip8Operation/Chip8Operation.swift (in target 'Chip8iEmulationCore' from project 'Chip8iEmulationCore')
cd /Users/admin/builder/spi-builder-workspace/.swiftpm/xcode
builtin-SwiftPerFileCompile Chip8Operation.swift
SwiftCompile normal arm64 /Users/admin/builder/spi-builder-workspace/Sources/Chip8iEmulationCore/Chip8Operation/Chip8OperationParser.swift (in target 'Chip8iEmulationCore' from project 'Chip8iEmulationCore')
cd /Users/admin/builder/spi-builder-workspace/.swiftpm/xcode
builtin-SwiftPerFileCompile Chip8OperationParser.swift
Copy /Users/admin/builder/spi-builder-workspace/.derivedData/Build/Products/Debug-watchos/Chip8iEmulationCore.swiftmodule/arm64_32-apple-watchos.swiftmodule /Users/admin/builder/spi-builder-workspace/.derivedData/Build/Intermediates.noindex/Chip8iEmulationCore.build/Debug-watchos/Chip8iEmulationCore-t.build/Objects-normal/arm64_32/Chip8iEmulationCore.swiftmodule (in target 'Chip8iEmulationCore' from project 'Chip8iEmulationCore')
cd /Users/admin/builder/spi-builder-workspace
builtin-copy -exclude .DS_Store -exclude CVS -exclude .svn -exclude .git -exclude .hg -resolve-src-symlinks -rename /Users/admin/builder/spi-builder-workspace/.derivedData/Build/Intermediates.noindex/Chip8iEmulationCore.build/Debug-watchos/Chip8iEmulationCore-t.build/Objects-normal/arm64_32/Chip8iEmulationCore.swiftmodule /Users/admin/builder/spi-builder-workspace/.derivedData/Build/Products/Debug-watchos/Chip8iEmulationCore.swiftmodule/arm64_32-apple-watchos.swiftmodule
SwiftDriverJobDiscovery normal arm64_32 Compiling PlayingInfo.swift (in target 'Chip8iEmulationCore' from project 'Chip8iEmulationCore')
Copy /Users/admin/builder/spi-builder-workspace/.derivedData/Build/Products/Debug-watchos/Chip8iEmulationCore.swiftmodule/arm64_32-apple-watchos.swiftdoc /Users/admin/builder/spi-builder-workspace/.derivedData/Build/Intermediates.noindex/Chip8iEmulationCore.build/Debug-watchos/Chip8iEmulationCore-t.build/Objects-normal/arm64_32/Chip8iEmulationCore.swiftdoc (in target 'Chip8iEmulationCore' from project 'Chip8iEmulationCore')
cd /Users/admin/builder/spi-builder-workspace
builtin-copy -exclude .DS_Store -exclude CVS -exclude .svn -exclude .git -exclude .hg -resolve-src-symlinks -rename /Users/admin/builder/spi-builder-workspace/.derivedData/Build/Intermediates.noindex/Chip8iEmulationCore.build/Debug-watchos/Chip8iEmulationCore-t.build/Objects-normal/arm64_32/Chip8iEmulationCore.swiftdoc /Users/admin/builder/spi-builder-workspace/.derivedData/Build/Products/Debug-watchos/Chip8iEmulationCore.swiftmodule/arm64_32-apple-watchos.swiftdoc
Copy /Users/admin/builder/spi-builder-workspace/.derivedData/Build/Products/Debug-watchos/Chip8iEmulationCore.swiftmodule/arm64_32-apple-watchos.abi.json /Users/admin/builder/spi-builder-workspace/.derivedData/Build/Intermediates.noindex/Chip8iEmulationCore.build/Debug-watchos/Chip8iEmulationCore-t.build/Objects-normal/arm64_32/Chip8iEmulationCore.abi.json (in target 'Chip8iEmulationCore' from project 'Chip8iEmulationCore')
cd /Users/admin/builder/spi-builder-workspace
builtin-copy -exclude .DS_Store -exclude CVS -exclude .svn -exclude .git -exclude .hg -resolve-src-symlinks -rename /Users/admin/builder/spi-builder-workspace/.derivedData/Build/Intermediates.noindex/Chip8iEmulationCore.build/Debug-watchos/Chip8iEmulationCore-t.build/Objects-normal/arm64_32/Chip8iEmulationCore.abi.json /Users/admin/builder/spi-builder-workspace/.derivedData/Build/Products/Debug-watchos/Chip8iEmulationCore.swiftmodule/arm64_32-apple-watchos.abi.json
Copy /Users/admin/builder/spi-builder-workspace/.derivedData/Build/Products/Debug-watchos/Chip8iEmulationCore.swiftmodule/Project/arm64_32-apple-watchos.swiftsourceinfo /Users/admin/builder/spi-builder-workspace/.derivedData/Build/Intermediates.noindex/Chip8iEmulationCore.build/Debug-watchos/Chip8iEmulationCore-t.build/Objects-normal/arm64_32/Chip8iEmulationCore.swiftsourceinfo (in target 'Chip8iEmulationCore' from project 'Chip8iEmulationCore')
cd /Users/admin/builder/spi-builder-workspace
builtin-copy -exclude .DS_Store -exclude CVS -exclude .svn -exclude .git -exclude .hg -resolve-src-symlinks -rename /Users/admin/builder/spi-builder-workspace/.derivedData/Build/Intermediates.noindex/Chip8iEmulationCore.build/Debug-watchos/Chip8iEmulationCore-t.build/Objects-normal/arm64_32/Chip8iEmulationCore.swiftsourceinfo /Users/admin/builder/spi-builder-workspace/.derivedData/Build/Products/Debug-watchos/Chip8iEmulationCore.swiftmodule/Project/arm64_32-apple-watchos.swiftsourceinfo
SwiftCompile normal arm64 Compiling\ PlayingInfo.swift /Users/admin/builder/spi-builder-workspace/Sources/Chip8iEmulationCore/EmulationUtils/PlayingInfo.swift (in target 'Chip8iEmulationCore' from project 'Chip8iEmulationCore')
SwiftCompile normal arm64 /Users/admin/builder/spi-builder-workspace/Sources/Chip8iEmulationCore/EmulationUtils/PlayingInfo.swift (in target 'Chip8iEmulationCore' from project 'Chip8iEmulationCore')
cd /Users/admin/builder/spi-builder-workspace/.swiftpm/xcode
builtin-SwiftPerFileCompile PlayingInfo.swift
SwiftCompile normal arm64 Compiling\ Chip8System.swift,\ Chip8SystemState.swift /Users/admin/builder/spi-builder-workspace/Sources/Chip8iEmulationCore/Chip8System.swift /Users/admin/builder/spi-builder-workspace/Sources/Chip8iEmulationCore/Chip8SystemState.swift (in target 'Chip8iEmulationCore' from project 'Chip8iEmulationCore')
SwiftCompile normal arm64 /Users/admin/builder/spi-builder-workspace/Sources/Chip8iEmulationCore/Chip8System.swift (in target 'Chip8iEmulationCore' from project 'Chip8iEmulationCore')
cd /Users/admin/builder/spi-builder-workspace/.swiftpm/xcode
builtin-SwiftPerFileCompile Chip8System.swift
SwiftCompile normal arm64 /Users/admin/builder/spi-builder-workspace/Sources/Chip8iEmulationCore/Chip8SystemState.swift (in target 'Chip8iEmulationCore' from project 'Chip8iEmulationCore')
cd /Users/admin/builder/spi-builder-workspace/.swiftpm/xcode
builtin-SwiftPerFileCompile Chip8SystemState.swift
SwiftDriverJobDiscovery normal arm64 Emitting module for Chip8iEmulationCore (in target 'Chip8iEmulationCore' from project 'Chip8iEmulationCore')
SwiftDriver\ Compilation\ Requirements Chip8iEmulationCore normal arm64 com.apple.xcode.tools.swift.compiler (in target 'Chip8iEmulationCore' from project 'Chip8iEmulationCore')
cd /Users/admin/builder/spi-builder-workspace/.swiftpm/xcode
builtin-Swift-Compilation-Requirements -- /Applications/Xcode-27.0.0-Release.Candidate.app/Contents/Developer/Toolchains/XcodeDefault.xctoolchain/usr/bin/swiftc -parse-as-library -module-name Chip8iEmulationCore -Onone @/Users/admin/builder/spi-builder-workspace/.derivedData/Build/Intermediates.noindex/Chip8iEmulationCore.build/Debug-watchos/Chip8iEmulationCore-t.build/Objects-normal/arm64/Chip8iEmulationCore.SwiftFileList -DSWIFT_PACKAGE -DDEBUG -DSWIFT_MODULE_RESOURCE_BUNDLE_UNAVAILABLE -DXcode -plugin-path /Applications/Xcode-27.0.0-Release.Candidate.app/Contents/Developer/Toolchains/XcodeDefault.xctoolchain/usr/lib/swift/host/plugins/testing -enable-experimental-feature DebugDescriptionMacro -sdk /Applications/Xcode-27.0.0-Release.Candidate.app/Contents/Developer/Platforms/WatchOS.platform/Developer/SDKs/WatchOS27.0.sdk -target arm64-apple-watchos10.0 -g -module-cache-path /Users/admin/builder/spi-builder-workspace/.derivedData/ModuleCache.noindex -Xfrontend -serialize-debugging-options -profile-coverage-mapping -profile-generate -enable-testing -index-store-path /Users/admin/builder/spi-builder-workspace/.derivedData/Index.noindex/DataStore -Xcc -D_LIBCPP_HARDENING_MODE\=_LIBCPP_HARDENING_MODE_DEBUG -swift-version 5 -I /Users/admin/builder/spi-builder-workspace/.derivedData/Build/Products/Debug-watchos -Isystem /Applications/Xcode-27.0.0-Release.Candidate.app/Contents/Developer/Platforms/WatchOS.platform/Developer/usr/lib -F /Users/admin/builder/spi-builder-workspace/.derivedData/Build/Products/Debug-watchos -F /Applications/Xcode-27.0.0-Release.Candidate.app/Contents/Developer/Platforms/WatchOS.platform/Developer/Library/Frameworks -F /Applications/Xcode-27.0.0-Release.Candidate.app/Contents/Developer/Platforms/WatchOS.platform/Developer/SDKs/WatchOS27.0.sdk/Developer/Library/Frameworks -c -j10 -enable-batch-mode -incremental -Xcc -ivfsstatcache -Xcc /Users/admin/builder/spi-builder-workspace/.derivedData/SDKStatCaches.noindex/watchos27.0-24R360-e829b21a6f8c9b70876ba0858053c04477534ef55a1706bf4c1112bbb242f0a2.sdkstatcache -output-file-map /Users/admin/builder/spi-builder-workspace/.derivedData/Build/Intermediates.noindex/Chip8iEmulationCore.build/Debug-watchos/Chip8iEmulationCore-t.build/Objects-normal/arm64/Chip8iEmulationCore-OutputFileMap.json -save-temps -no-color-diagnostics -explicit-module-build -module-cache-path /Users/admin/builder/spi-builder-workspace/.derivedData/Build/Intermediates.noindex/SwiftExplicitPrecompiledModules -clang-scanner-module-cache-path /Users/admin/builder/spi-builder-workspace/.derivedData/ModuleCache.noindex -sdk-module-cache-path /Users/admin/builder/spi-builder-workspace/.derivedData/SDKExplicitPrecompiledModules -emit-dependencies -emit-module -emit-module-path /Users/admin/builder/spi-builder-workspace/.derivedData/Build/Intermediates.noindex/Chip8iEmulationCore.build/Debug-watchos/Chip8iEmulationCore-t.build/Objects-normal/arm64/Chip8iEmulationCore.swiftmodule -serialize-diagnostics -dependency-scan-serialize-diagnostics-path /Users/admin/builder/spi-builder-workspace/.derivedData/Build/Intermediates.noindex/Chip8iEmulationCore.build/Debug-watchos/Chip8iEmulationCore-t.build/Objects-normal/arm64/Chip8iEmulationCore-dependency-scan.dia -validate-clang-modules-once -clang-build-session-file /Users/admin/builder/spi-builder-workspace/.derivedData/ModuleCache.noindex/Session.modulevalidation -Xcc -fmodules-prune-interval\=86400 -Xcc -fmodules-prune-after\=345600 -package-name spi_builder_workspace -emit-const-values -const-gather-protocols-list /Users/admin/builder/spi-builder-workspace/.derivedData/Build/Intermediates.noindex/Chip8iEmulationCore.build/Debug-watchos/Chip8iEmulationCore-t.build/Objects-normal/arm64/Chip8iEmulationCore_const_extract_protocols.json -Xcc -I/Users/admin/builder/spi-builder-workspace/.derivedData/Build/Products/Debug-watchos/include -Xcc -I/Users/admin/builder/spi-builder-workspace/.derivedData/Build/Intermediates.noindex/Chip8iEmulationCore.build/Debug-watchos/Chip8iEmulationCore-t.build/DerivedSources-normal/arm64 -Xcc -I/Users/admin/builder/spi-builder-workspace/.derivedData/Build/Intermediates.noindex/Chip8iEmulationCore.build/Debug-watchos/Chip8iEmulationCore-t.build/DerivedSources/arm64 -Xcc -I/Users/admin/builder/spi-builder-workspace/.derivedData/Build/Intermediates.noindex/Chip8iEmulationCore.build/Debug-watchos/Chip8iEmulationCore-t.build/DerivedSources -Xcc -DSWIFT_PACKAGE -Xcc -DDEBUG\=1 -emit-objc-header -emit-objc-header-path /Users/admin/builder/spi-builder-workspace/.derivedData/Build/Intermediates.noindex/Chip8iEmulationCore.build/Debug-watchos/Chip8iEmulationCore-t.build/Objects-normal/arm64/Chip8iEmulationCore-Swift.h -working-directory /Users/admin/builder/spi-builder-workspace/.swiftpm/xcode -experimental-emit-module-separately -disable-cmo
SwiftDriverJobDiscovery normal arm64_32 Compiling EmulationLogger.swift, EmulationState.swift (in target 'Chip8iEmulationCore' from project 'Chip8iEmulationCore')
SwiftCompile normal arm64 Compiling\ EmulationControls.swift,\ EmulationError.swift /Users/admin/builder/spi-builder-workspace/Sources/Chip8iEmulationCore/EmulationUtils/EmulationControls.swift /Users/admin/builder/spi-builder-workspace/Sources/Chip8iEmulationCore/EmulationUtils/EmulationError.swift (in target 'Chip8iEmulationCore' from project 'Chip8iEmulationCore')
SwiftCompile normal arm64 /Users/admin/builder/spi-builder-workspace/Sources/Chip8iEmulationCore/EmulationUtils/EmulationControls.swift (in target 'Chip8iEmulationCore' from project 'Chip8iEmulationCore')
cd /Users/admin/builder/spi-builder-workspace/.swiftpm/xcode
builtin-SwiftPerFileCompile EmulationControls.swift
SwiftCompile normal arm64 /Users/admin/builder/spi-builder-workspace/Sources/Chip8iEmulationCore/EmulationUtils/EmulationError.swift (in target 'Chip8iEmulationCore' from project 'Chip8iEmulationCore')
cd /Users/admin/builder/spi-builder-workspace/.swiftpm/xcode
builtin-SwiftPerFileCompile EmulationError.swift
SwiftCompile normal arm64 Compiling\ EmulationLogger.swift,\ EmulationState.swift /Users/admin/builder/spi-builder-workspace/Sources/Chip8iEmulationCore/EmulationUtils/EmulationLogger.swift /Users/admin/builder/spi-builder-workspace/Sources/Chip8iEmulationCore/EmulationUtils/EmulationState.swift (in target 'Chip8iEmulationCore' from project 'Chip8iEmulationCore')
SwiftCompile normal arm64 /Users/admin/builder/spi-builder-workspace/Sources/Chip8iEmulationCore/EmulationUtils/EmulationLogger.swift (in target 'Chip8iEmulationCore' from project 'Chip8iEmulationCore')
cd /Users/admin/builder/spi-builder-workspace/.swiftpm/xcode
builtin-SwiftPerFileCompile EmulationLogger.swift
SwiftCompile normal arm64 /Users/admin/builder/spi-builder-workspace/Sources/Chip8iEmulationCore/EmulationUtils/EmulationState.swift (in target 'Chip8iEmulationCore' from project 'Chip8iEmulationCore')
cd /Users/admin/builder/spi-builder-workspace/.swiftpm/xcode
builtin-SwiftPerFileCompile EmulationState.swift
SwiftDriverJobDiscovery normal arm64_32 Compiling EmulationControls.swift, EmulationError.swift (in target 'Chip8iEmulationCore' from project 'Chip8iEmulationCore')
SwiftMergeGeneratedHeaders /Users/admin/builder/spi-builder-workspace/.derivedData/Build/Intermediates.noindex/GeneratedModuleMaps-watchos/Chip8iEmulationCore-Swift.h /Users/admin/builder/spi-builder-workspace/.derivedData/Build/Intermediates.noindex/Chip8iEmulationCore.build/Debug-watchos/Chip8iEmulationCore-t.build/Objects-normal/arm64/Chip8iEmulationCore-Swift.h /Users/admin/builder/spi-builder-workspace/.derivedData/Build/Intermediates.noindex/Chip8iEmulationCore.build/Debug-watchos/Chip8iEmulationCore-t.build/Objects-normal/arm64_32/Chip8iEmulationCore-Swift.h (in target 'Chip8iEmulationCore' from project 'Chip8iEmulationCore')
cd /Users/admin/builder/spi-builder-workspace
builtin-swiftHeaderTool -arch arm64 /Users/admin/builder/spi-builder-workspace/.derivedData/Build/Intermediates.noindex/Chip8iEmulationCore.build/Debug-watchos/Chip8iEmulationCore-t.build/Objects-normal/arm64/Chip8iEmulationCore-Swift.h -arch arm64_32 /Users/admin/builder/spi-builder-workspace/.derivedData/Build/Intermediates.noindex/Chip8iEmulationCore.build/Debug-watchos/Chip8iEmulationCore-t.build/Objects-normal/arm64_32/Chip8iEmulationCore-Swift.h -o /Users/admin/builder/spi-builder-workspace/.derivedData/Build/Intermediates.noindex/GeneratedModuleMaps-watchos/Chip8iEmulationCore-Swift.h
SwiftDriverJobDiscovery normal arm64_32 Compiling Chip8Program+Examples.swift, Chip8Program.swift (in target 'Chip8iEmulationCore' from project 'Chip8iEmulationCore')
Copy /Users/admin/builder/spi-builder-workspace/.derivedData/Build/Products/Debug-watchos/Chip8iEmulationCore.swiftmodule/arm64-apple-watchos.swiftmodule /Users/admin/builder/spi-builder-workspace/.derivedData/Build/Intermediates.noindex/Chip8iEmulationCore.build/Debug-watchos/Chip8iEmulationCore-t.build/Objects-normal/arm64/Chip8iEmulationCore.swiftmodule (in target 'Chip8iEmulationCore' from project 'Chip8iEmulationCore')
cd /Users/admin/builder/spi-builder-workspace
builtin-copy -exclude .DS_Store -exclude CVS -exclude .svn -exclude .git -exclude .hg -resolve-src-symlinks -rename /Users/admin/builder/spi-builder-workspace/.derivedData/Build/Intermediates.noindex/Chip8iEmulationCore.build/Debug-watchos/Chip8iEmulationCore-t.build/Objects-normal/arm64/Chip8iEmulationCore.swiftmodule /Users/admin/builder/spi-builder-workspace/.derivedData/Build/Products/Debug-watchos/Chip8iEmulationCore.swiftmodule/arm64-apple-watchos.swiftmodule
Copy /Users/admin/builder/spi-builder-workspace/.derivedData/Build/Products/Debug-watchos/Chip8iEmulationCore.swiftmodule/arm64-apple-watchos.swiftdoc /Users/admin/builder/spi-builder-workspace/.derivedData/Build/Intermediates.noindex/Chip8iEmulationCore.build/Debug-watchos/Chip8iEmulationCore-t.build/Objects-normal/arm64/Chip8iEmulationCore.swiftdoc (in target 'Chip8iEmulationCore' from project 'Chip8iEmulationCore')
cd /Users/admin/builder/spi-builder-workspace
builtin-copy -exclude .DS_Store -exclude CVS -exclude .svn -exclude .git -exclude .hg -resolve-src-symlinks -rename /Users/admin/builder/spi-builder-workspace/.derivedData/Build/Intermediates.noindex/Chip8iEmulationCore.build/Debug-watchos/Chip8iEmulationCore-t.build/Objects-normal/arm64/Chip8iEmulationCore.swiftdoc /Users/admin/builder/spi-builder-workspace/.derivedData/Build/Products/Debug-watchos/Chip8iEmulationCore.swiftmodule/arm64-apple-watchos.swiftdoc
SwiftDriverJobDiscovery normal arm64 Compiling PlayingInfo.swift (in target 'Chip8iEmulationCore' from project 'Chip8iEmulationCore')
Copy /Users/admin/builder/spi-builder-workspace/.derivedData/Build/Products/Debug-watchos/Chip8iEmulationCore.swiftmodule/arm64-apple-watchos.abi.json /Users/admin/builder/spi-builder-workspace/.derivedData/Build/Intermediates.noindex/Chip8iEmulationCore.build/Debug-watchos/Chip8iEmulationCore-t.build/Objects-normal/arm64/Chip8iEmulationCore.abi.json (in target 'Chip8iEmulationCore' from project 'Chip8iEmulationCore')
cd /Users/admin/builder/spi-builder-workspace
builtin-copy -exclude .DS_Store -exclude CVS -exclude .svn -exclude .git -exclude .hg -resolve-src-symlinks -rename /Users/admin/builder/spi-builder-workspace/.derivedData/Build/Intermediates.noindex/Chip8iEmulationCore.build/Debug-watchos/Chip8iEmulationCore-t.build/Objects-normal/arm64/Chip8iEmulationCore.abi.json /Users/admin/builder/spi-builder-workspace/.derivedData/Build/Products/Debug-watchos/Chip8iEmulationCore.swiftmodule/arm64-apple-watchos.abi.json
Copy /Users/admin/builder/spi-builder-workspace/.derivedData/Build/Products/Debug-watchos/Chip8iEmulationCore.swiftmodule/Project/arm64-apple-watchos.swiftsourceinfo /Users/admin/builder/spi-builder-workspace/.derivedData/Build/Intermediates.noindex/Chip8iEmulationCore.build/Debug-watchos/Chip8iEmulationCore-t.build/Objects-normal/arm64/Chip8iEmulationCore.swiftsourceinfo (in target 'Chip8iEmulationCore' from project 'Chip8iEmulationCore')
cd /Users/admin/builder/spi-builder-workspace
builtin-copy -exclude .DS_Store -exclude CVS -exclude .svn -exclude .git -exclude .hg -resolve-src-symlinks -rename /Users/admin/builder/spi-builder-workspace/.derivedData/Build/Intermediates.noindex/Chip8iEmulationCore.build/Debug-watchos/Chip8iEmulationCore-t.build/Objects-normal/arm64/Chip8iEmulationCore.swiftsourceinfo /Users/admin/builder/spi-builder-workspace/.derivedData/Build/Products/Debug-watchos/Chip8iEmulationCore.swiftmodule/Project/arm64-apple-watchos.swiftsourceinfo
SwiftCompile normal arm64 Compiling\ Chip8Program+Examples.swift,\ Chip8Program.swift /Users/admin/builder/spi-builder-workspace/Sources/Chip8iEmulationCore/Chip8Operation/Chip8Program+Examples.swift /Users/admin/builder/spi-builder-workspace/Sources/Chip8iEmulationCore/Chip8Operation/Chip8Program.swift (in target 'Chip8iEmulationCore' from project 'Chip8iEmulationCore')
SwiftCompile normal arm64 /Users/admin/builder/spi-builder-workspace/Sources/Chip8iEmulationCore/Chip8Operation/Chip8Program+Examples.swift (in target 'Chip8iEmulationCore' from project 'Chip8iEmulationCore')
cd /Users/admin/builder/spi-builder-workspace/.swiftpm/xcode
builtin-SwiftPerFileCompile Chip8Program+Examples.swift
SwiftCompile normal arm64 /Users/admin/builder/spi-builder-workspace/Sources/Chip8iEmulationCore/Chip8Operation/Chip8Program.swift (in target 'Chip8iEmulationCore' from project 'Chip8iEmulationCore')
cd /Users/admin/builder/spi-builder-workspace/.swiftpm/xcode
builtin-SwiftPerFileCompile Chip8Program.swift
SwiftCompile normal arm64 Compiling\ ExtensionsAndConstants.swift /Users/admin/builder/spi-builder-workspace/Sources/Chip8iEmulationCore/EmulationUtils/ExtensionsAndConstants.swift (in target 'Chip8iEmulationCore' from project 'Chip8iEmulationCore')
SwiftCompile normal arm64 /Users/admin/builder/spi-builder-workspace/Sources/Chip8iEmulationCore/EmulationUtils/ExtensionsAndConstants.swift (in target 'Chip8iEmulationCore' from project 'Chip8iEmulationCore')
cd /Users/admin/builder/spi-builder-workspace/.swiftpm/xcode
builtin-SwiftPerFileCompile ExtensionsAndConstants.swift
SwiftDriverJobDiscovery normal arm64_32 Compiling ExtensionsAndConstants.swift (in target 'Chip8iEmulationCore' from project 'Chip8iEmulationCore')
SwiftCompile normal arm64 Compiling\ Chip8EmulationCore.swift,\ Chip8EmulationCoreProtocol.swift /Users/admin/builder/spi-builder-workspace/Sources/Chip8iEmulationCore/Chip8EmulationCore.swift /Users/admin/builder/spi-builder-workspace/Sources/Chip8iEmulationCore/Chip8EmulationCoreProtocol.swift (in target 'Chip8iEmulationCore' from project 'Chip8iEmulationCore')
SwiftCompile normal arm64 /Users/admin/builder/spi-builder-workspace/Sources/Chip8iEmulationCore/Chip8EmulationCore.swift (in target 'Chip8iEmulationCore' from project 'Chip8iEmulationCore')
cd /Users/admin/builder/spi-builder-workspace/.swiftpm/xcode
builtin-SwiftPerFileCompile Chip8EmulationCore.swift
SwiftCompile normal arm64 /Users/admin/builder/spi-builder-workspace/Sources/Chip8iEmulationCore/Chip8EmulationCoreProtocol.swift (in target 'Chip8iEmulationCore' from project 'Chip8iEmulationCore')
cd /Users/admin/builder/spi-builder-workspace/.swiftpm/xcode
builtin-SwiftPerFileCompile Chip8EmulationCoreProtocol.swift
SwiftDriverJobDiscovery normal arm64_32 Compiling Chip8Operation.swift, Chip8OperationParser.swift (in target 'Chip8iEmulationCore' from project 'Chip8iEmulationCore')
SwiftCompile normal arm64_32 Compiling\ Chip8System.swift,\ Chip8SystemState.swift /Users/admin/builder/spi-builder-workspace/Sources/Chip8iEmulationCore/Chip8System.swift /Users/admin/builder/spi-builder-workspace/Sources/Chip8iEmulationCore/Chip8SystemState.swift (in target 'Chip8iEmulationCore' from project 'Chip8iEmulationCore')
SwiftCompile normal arm64_32 /Users/admin/builder/spi-builder-workspace/Sources/Chip8iEmulationCore/Chip8System.swift (in target 'Chip8iEmulationCore' from project 'Chip8iEmulationCore')
cd /Users/admin/builder/spi-builder-workspace/.swiftpm/xcode
builtin-SwiftPerFileCompile Chip8System.swift
SwiftCompile normal arm64_32 /Users/admin/builder/spi-builder-workspace/Sources/Chip8iEmulationCore/Chip8SystemState.swift (in target 'Chip8iEmulationCore' from project 'Chip8iEmulationCore')
cd /Users/admin/builder/spi-builder-workspace/.swiftpm/xcode
builtin-SwiftPerFileCompile Chip8SystemState.swift
PruneExplicitPrecompiledModules /Users/admin/builder/spi-builder-workspace/.derivedData/Build/Intermediates.noindex/SwiftExplicitPrecompiledModules
PruneExplicitPrecompiledModules /Users/admin/builder/spi-builder-workspace/.derivedData/SDKExplicitPrecompiledModules
PruneExplicitPrecompiledModules /Users/admin/builder/spi-builder-workspace/.derivedData/Build/Intermediates.noindex/ExplicitPrecompiledModules
2026-09-22 05:28:18.618 xcodebuild[648:4138] [MT] IDERunDestination: Supported platforms for the buildables in the current scheme is empty.
2026-09-22 05:28:18.876 xcodebuild[648:4138] [MT] IDERunDestination: Supported platforms for the buildables in the current scheme is empty.
** BUILD FAILED **
The following build commands failed:
SwiftCompile normal arm64_32 Compiling\ Chip8EmulationCore.swift,\ Chip8EmulationCoreProtocol.swift /Users/admin/builder/spi-builder-workspace/Sources/Chip8iEmulationCore/Chip8EmulationCore.swift /Users/admin/builder/spi-builder-workspace/Sources/Chip8iEmulationCore/Chip8EmulationCoreProtocol.swift (in target 'Chip8iEmulationCore' from project 'Chip8iEmulationCore')
SwiftCompile normal arm64_32 /Users/admin/builder/spi-builder-workspace/Sources/Chip8iEmulationCore/Chip8EmulationCore.swift (in target 'Chip8iEmulationCore' from project 'Chip8iEmulationCore')
Building workspace Chip8iEmulationCore with scheme Chip8iEmulationCore
(3 failures)
Command line invocation:
/Applications/Xcode-27.0.0-Release.Candidate.app/Contents/Developer/usr/bin/xcodebuild -IDEClonedSourcePackagesDirPathOverride=/Users/admin/builder/spi-builder-workspace/.dependencies -resolvePackageDependencies
Resolve Package Graph
Resolved source packages:
Chip8iEmulationCore: /Users/admin/builder/spi-builder-workspace
resolved source packages: Chip8iEmulationCore
2026-09-22 05:28:25.753 xcodebuild[768:4616] [MT] IDERunDestination: Supported platforms for the buildables in the current scheme is empty.
2026-09-22 05:28:25.895 xcodebuild[768:4616] [MT] IDERunDestination: Supported platforms for the buildables in the current scheme is empty.
{
"dependencies" : [
],
"manifest_display_name" : "Chip8iEmulationCore",
"name" : "Chip8iEmulationCore",
"path" : "/Users/admin/builder/spi-builder-workspace",
"platforms" : [
{
"name" : "ios",
"version" : "17.0"
},
{
"name" : "macos",
"version" : "14.0"
}
],
"products" : [
{
"name" : "Chip8iEmulationCore",
"targets" : [
"Chip8iEmulationCore"
],
"type" : {
"library" : [
"automatic"
]
}
}
],
"targets" : [
{
"c99name" : "Chip8iEmulationCoreTests",
"module_type" : "SwiftTarget",
"name" : "Chip8iEmulationCoreTests",
"path" : "Tests/Chip8iEmulationCoreTests",
"sources" : [
"Chip8EmuCoreTests.swift",
"Chip8OperationParserTests.swift",
"Chip8SystemTests.swift"
],
"target_dependencies" : [
"Chip8iEmulationCore"
],
"type" : "test"
},
{
"c99name" : "Chip8iEmulationCore",
"module_type" : "SwiftTarget",
"name" : "Chip8iEmulationCore",
"path" : "Sources/Chip8iEmulationCore",
"product_memberships" : [
"Chip8iEmulationCore"
],
"sources" : [
"Chip8EmulationCore.swift",
"Chip8EmulationCoreProtocol.swift",
"Chip8Operation/Chip8Operation.swift",
"Chip8Operation/Chip8OperationParser.swift",
"Chip8Operation/Chip8Program+Examples.swift",
"Chip8Operation/Chip8Program.swift",
"Chip8System.swift",
"Chip8SystemState.swift",
"EmulationUtils/EmulationControls.swift",
"EmulationUtils/EmulationError.swift",
"EmulationUtils/EmulationLogger.swift",
"EmulationUtils/EmulationState.swift",
"EmulationUtils/ExtensionsAndConstants.swift",
"EmulationUtils/PlayingInfo.swift",
"SoundHandler/PrerecordedSoundHandler.swift",
"SoundHandler/SoundHandlerProtocol.swift"
],
"type" : "library"
}
],
"tools_version" : "5.9"
}
{
"workspace" : {
"name" : "Chip8iEmulationCore",
"schemes" : [
"Chip8iEmulationCore"
]
}
}
2026-09-22 05:28:26.932 xcodebuild[776:4691] [MT] IDERunDestination: Supported platforms for the buildables in the current scheme is empty.
2026-09-22 05:28:27.043 xcodebuild[776:4691] [MT] IDERunDestination: Supported platforms for the buildables in the current scheme is empty.
Running build ...
env DEVELOPER_DIR=/Applications/Xcode-27.0.0-Release.Candidate.app xcrun xcodebuild -IDEClonedSourcePackagesDirPathOverride=$PWD/.dependencies -skipMacroValidation -skipPackagePluginValidation -derivedDataPath $PWD/.derivedData build -scheme Chip8iEmulationCore -destination generic/platform=watchOS
Command line invocation:
/Applications/Xcode-27.0.0-Release.Candidate.app/Contents/Developer/usr/bin/xcodebuild -IDEClonedSourcePackagesDirPathOverride=/Users/admin/builder/spi-builder-workspace/.dependencies -skipMacroValidation -skipPackagePluginValidation -derivedDataPath /Users/admin/builder/spi-builder-workspace/.derivedData build -scheme Chip8iEmulationCore -destination generic/platform=watchOS
Resolve Package Graph
Resolved source packages:
Chip8iEmulationCore: /Users/admin/builder/spi-builder-workspace
ComputePackagePrebuildTargetDependencyGraph
Prepare packages
CreateBuildRequest
SendProjectDescription
CreateBuildOperation
ComputeTargetDependencyGraph
note: Building targets in dependency order
note: Target dependency graph (2 targets)
Target 'Chip8iEmulationCore-product' in project 'Chip8iEmulationCore'
➜ Explicit dependency on target 'Chip8iEmulationCore' in project 'Chip8iEmulationCore'
Target 'Chip8iEmulationCore' in project 'Chip8iEmulationCore' (no dependencies)
GatherProvisioningInputs
CreateBuildDescription
ClangStatCache /Applications/Xcode-27.0.0-Release.Candidate.app/Contents/Developer/Toolchains/XcodeDefault.xctoolchain/usr/bin/clang-stat-cache /Applications/Xcode-27.0.0-Release.Candidate.app/Contents/Developer/Platforms/WatchOS.platform/Developer/SDKs/WatchOS27.0.sdk /Users/admin/builder/spi-builder-workspace/.derivedData/SDKStatCaches.noindex/watchos27.0-24R360-e829b21a6f8c9b70876ba0858053c04477534ef55a1706bf4c1112bbb242f0a2.sdkstatcache
cd /Users/admin/builder/spi-builder-workspace/.swiftpm/xcode
/Applications/Xcode-27.0.0-Release.Candidate.app/Contents/Developer/Toolchains/XcodeDefault.xctoolchain/usr/bin/clang-stat-cache /Applications/Xcode-27.0.0-Release.Candidate.app/Contents/Developer/Platforms/WatchOS.platform/Developer/SDKs/WatchOS27.0.sdk -o /Users/admin/builder/spi-builder-workspace/.derivedData/SDKStatCaches.noindex/watchos27.0-24R360-e829b21a6f8c9b70876ba0858053c04477534ef55a1706bf4c1112bbb242f0a2.sdkstatcache
SwiftDriver Chip8iEmulationCore normal arm64_32 com.apple.xcode.tools.swift.compiler (in target 'Chip8iEmulationCore' from project 'Chip8iEmulationCore')
cd /Users/admin/builder/spi-builder-workspace/.swiftpm/xcode
builtin-SwiftDriver -- /Applications/Xcode-27.0.0-Release.Candidate.app/Contents/Developer/Toolchains/XcodeDefault.xctoolchain/usr/bin/swiftc -parse-as-library -module-name Chip8iEmulationCore -Onone @/Users/admin/builder/spi-builder-workspace/.derivedData/Build/Intermediates.noindex/Chip8iEmulationCore.build/Debug-watchos/Chip8iEmulationCore-t.build/Objects-normal/arm64_32/Chip8iEmulationCore.SwiftFileList -DSWIFT_PACKAGE -DDEBUG -DSWIFT_MODULE_RESOURCE_BUNDLE_UNAVAILABLE -DXcode -plugin-path /Applications/Xcode-27.0.0-Release.Candidate.app/Contents/Developer/Toolchains/XcodeDefault.xctoolchain/usr/lib/swift/host/plugins/testing -enable-experimental-feature DebugDescriptionMacro -sdk /Applications/Xcode-27.0.0-Release.Candidate.app/Contents/Developer/Platforms/WatchOS.platform/Developer/SDKs/WatchOS27.0.sdk -target arm64_32-apple-watchos10.0 -g -module-cache-path /Users/admin/builder/spi-builder-workspace/.derivedData/ModuleCache.noindex -Xfrontend -serialize-debugging-options -profile-coverage-mapping -profile-generate -enable-testing -index-store-path /Users/admin/builder/spi-builder-workspace/.derivedData/Index.noindex/DataStore -Xcc -D_LIBCPP_HARDENING_MODE\=_LIBCPP_HARDENING_MODE_DEBUG -swift-version 5 -I /Users/admin/builder/spi-builder-workspace/.derivedData/Build/Products/Debug-watchos -Isystem /Applications/Xcode-27.0.0-Release.Candidate.app/Contents/Developer/Platforms/WatchOS.platform/Developer/usr/lib -F /Users/admin/builder/spi-builder-workspace/.derivedData/Build/Products/Debug-watchos -F /Applications/Xcode-27.0.0-Release.Candidate.app/Contents/Developer/Platforms/WatchOS.platform/Developer/Library/Frameworks -F /Applications/Xcode-27.0.0-Release.Candidate.app/Contents/Developer/Platforms/WatchOS.platform/Developer/SDKs/WatchOS27.0.sdk/Developer/Library/Frameworks -c -j10 -enable-batch-mode -incremental -Xcc -ivfsstatcache -Xcc /Users/admin/builder/spi-builder-workspace/.derivedData/SDKStatCaches.noindex/watchos27.0-24R360-e829b21a6f8c9b70876ba0858053c04477534ef55a1706bf4c1112bbb242f0a2.sdkstatcache -output-file-map /Users/admin/builder/spi-builder-workspace/.derivedData/Build/Intermediates.noindex/Chip8iEmulationCore.build/Debug-watchos/Chip8iEmulationCore-t.build/Objects-normal/arm64_32/Chip8iEmulationCore-OutputFileMap.json -save-temps -no-color-diagnostics -explicit-module-build -module-cache-path /Users/admin/builder/spi-builder-workspace/.derivedData/Build/Intermediates.noindex/SwiftExplicitPrecompiledModules -clang-scanner-module-cache-path /Users/admin/builder/spi-builder-workspace/.derivedData/ModuleCache.noindex -sdk-module-cache-path /Users/admin/builder/spi-builder-workspace/.derivedData/SDKExplicitPrecompiledModules -emit-dependencies -emit-module -emit-module-path /Users/admin/builder/spi-builder-workspace/.derivedData/Build/Intermediates.noindex/Chip8iEmulationCore.build/Debug-watchos/Chip8iEmulationCore-t.build/Objects-normal/arm64_32/Chip8iEmulationCore.swiftmodule -serialize-diagnostics -dependency-scan-serialize-diagnostics-path /Users/admin/builder/spi-builder-workspace/.derivedData/Build/Intermediates.noindex/Chip8iEmulationCore.build/Debug-watchos/Chip8iEmulationCore-t.build/Objects-normal/arm64_32/Chip8iEmulationCore-dependency-scan.dia -validate-clang-modules-once -clang-build-session-file /Users/admin/builder/spi-builder-workspace/.derivedData/ModuleCache.noindex/Session.modulevalidation -Xcc -fmodules-prune-interval\=86400 -Xcc -fmodules-prune-after\=345600 -package-name spi_builder_workspace -emit-const-values -const-gather-protocols-list /Users/admin/builder/spi-builder-workspace/.derivedData/Build/Intermediates.noindex/Chip8iEmulationCore.build/Debug-watchos/Chip8iEmulationCore-t.build/Objects-normal/arm64_32/Chip8iEmulationCore_const_extract_protocols.json -Xcc -I/Users/admin/builder/spi-builder-workspace/.derivedData/Build/Products/Debug-watchos/include -Xcc -I/Users/admin/builder/spi-builder-workspace/.derivedData/Build/Intermediates.noindex/Chip8iEmulationCore.build/Debug-watchos/Chip8iEmulationCore-t.build/DerivedSources-normal/arm64_32 -Xcc -I/Users/admin/builder/spi-builder-workspace/.derivedData/Build/Intermediates.noindex/Chip8iEmulationCore.build/Debug-watchos/Chip8iEmulationCore-t.build/DerivedSources/arm64_32 -Xcc -I/Users/admin/builder/spi-builder-workspace/.derivedData/Build/Intermediates.noindex/Chip8iEmulationCore.build/Debug-watchos/Chip8iEmulationCore-t.build/DerivedSources -Xcc -DSWIFT_PACKAGE -Xcc -DDEBUG\=1 -emit-objc-header -emit-objc-header-path /Users/admin/builder/spi-builder-workspace/.derivedData/Build/Intermediates.noindex/Chip8iEmulationCore.build/Debug-watchos/Chip8iEmulationCore-t.build/Objects-normal/arm64_32/Chip8iEmulationCore-Swift.h -working-directory /Users/admin/builder/spi-builder-workspace/.swiftpm/xcode -experimental-emit-module-separately -disable-cmo
SwiftDriver Chip8iEmulationCore normal arm64 com.apple.xcode.tools.swift.compiler (in target 'Chip8iEmulationCore' from project 'Chip8iEmulationCore')
cd /Users/admin/builder/spi-builder-workspace/.swiftpm/xcode
builtin-SwiftDriver -- /Applications/Xcode-27.0.0-Release.Candidate.app/Contents/Developer/Toolchains/XcodeDefault.xctoolchain/usr/bin/swiftc -parse-as-library -module-name Chip8iEmulationCore -Onone @/Users/admin/builder/spi-builder-workspace/.derivedData/Build/Intermediates.noindex/Chip8iEmulationCore.build/Debug-watchos/Chip8iEmulationCore-t.build/Objects-normal/arm64/Chip8iEmulationCore.SwiftFileList -DSWIFT_PACKAGE -DDEBUG -DSWIFT_MODULE_RESOURCE_BUNDLE_UNAVAILABLE -DXcode -plugin-path /Applications/Xcode-27.0.0-Release.Candidate.app/Contents/Developer/Toolchains/XcodeDefault.xctoolchain/usr/lib/swift/host/plugins/testing -enable-experimental-feature DebugDescriptionMacro -sdk /Applications/Xcode-27.0.0-Release.Candidate.app/Contents/Developer/Platforms/WatchOS.platform/Developer/SDKs/WatchOS27.0.sdk -target arm64-apple-watchos10.0 -g -module-cache-path /Users/admin/builder/spi-builder-workspace/.derivedData/ModuleCache.noindex -Xfrontend -serialize-debugging-options -profile-coverage-mapping -profile-generate -enable-testing -index-store-path /Users/admin/builder/spi-builder-workspace/.derivedData/Index.noindex/DataStore -Xcc -D_LIBCPP_HARDENING_MODE\=_LIBCPP_HARDENING_MODE_DEBUG -swift-version 5 -I /Users/admin/builder/spi-builder-workspace/.derivedData/Build/Products/Debug-watchos -Isystem /Applications/Xcode-27.0.0-Release.Candidate.app/Contents/Developer/Platforms/WatchOS.platform/Developer/usr/lib -F /Users/admin/builder/spi-builder-workspace/.derivedData/Build/Products/Debug-watchos -F /Applications/Xcode-27.0.0-Release.Candidate.app/Contents/Developer/Platforms/WatchOS.platform/Developer/Library/Frameworks -F /Applications/Xcode-27.0.0-Release.Candidate.app/Contents/Developer/Platforms/WatchOS.platform/Developer/SDKs/WatchOS27.0.sdk/Developer/Library/Frameworks -c -j10 -enable-batch-mode -incremental -Xcc -ivfsstatcache -Xcc /Users/admin/builder/spi-builder-workspace/.derivedData/SDKStatCaches.noindex/watchos27.0-24R360-e829b21a6f8c9b70876ba0858053c04477534ef55a1706bf4c1112bbb242f0a2.sdkstatcache -output-file-map /Users/admin/builder/spi-builder-workspace/.derivedData/Build/Intermediates.noindex/Chip8iEmulationCore.build/Debug-watchos/Chip8iEmulationCore-t.build/Objects-normal/arm64/Chip8iEmulationCore-OutputFileMap.json -save-temps -no-color-diagnostics -explicit-module-build -module-cache-path /Users/admin/builder/spi-builder-workspace/.derivedData/Build/Intermediates.noindex/SwiftExplicitPrecompiledModules -clang-scanner-module-cache-path /Users/admin/builder/spi-builder-workspace/.derivedData/ModuleCache.noindex -sdk-module-cache-path /Users/admin/builder/spi-builder-workspace/.derivedData/SDKExplicitPrecompiledModules -emit-dependencies -emit-module -emit-module-path /Users/admin/builder/spi-builder-workspace/.derivedData/Build/Intermediates.noindex/Chip8iEmulationCore.build/Debug-watchos/Chip8iEmulationCore-t.build/Objects-normal/arm64/Chip8iEmulationCore.swiftmodule -serialize-diagnostics -dependency-scan-serialize-diagnostics-path /Users/admin/builder/spi-builder-workspace/.derivedData/Build/Intermediates.noindex/Chip8iEmulationCore.build/Debug-watchos/Chip8iEmulationCore-t.build/Objects-normal/arm64/Chip8iEmulationCore-dependency-scan.dia -validate-clang-modules-once -clang-build-session-file /Users/admin/builder/spi-builder-workspace/.derivedData/ModuleCache.noindex/Session.modulevalidation -Xcc -fmodules-prune-interval\=86400 -Xcc -fmodules-prune-after\=345600 -package-name spi_builder_workspace -emit-const-values -const-gather-protocols-list /Users/admin/builder/spi-builder-workspace/.derivedData/Build/Intermediates.noindex/Chip8iEmulationCore.build/Debug-watchos/Chip8iEmulationCore-t.build/Objects-normal/arm64/Chip8iEmulationCore_const_extract_protocols.json -Xcc -I/Users/admin/builder/spi-builder-workspace/.derivedData/Build/Products/Debug-watchos/include -Xcc -I/Users/admin/builder/spi-builder-workspace/.derivedData/Build/Intermediates.noindex/Chip8iEmulationCore.build/Debug-watchos/Chip8iEmulationCore-t.build/DerivedSources-normal/arm64 -Xcc -I/Users/admin/builder/spi-builder-workspace/.derivedData/Build/Intermediates.noindex/Chip8iEmulationCore.build/Debug-watchos/Chip8iEmulationCore-t.build/DerivedSources/arm64 -Xcc -I/Users/admin/builder/spi-builder-workspace/.derivedData/Build/Intermediates.noindex/Chip8iEmulationCore.build/Debug-watchos/Chip8iEmulationCore-t.build/DerivedSources -Xcc -DSWIFT_PACKAGE -Xcc -DDEBUG\=1 -emit-objc-header -emit-objc-header-path /Users/admin/builder/spi-builder-workspace/.derivedData/Build/Intermediates.noindex/Chip8iEmulationCore.build/Debug-watchos/Chip8iEmulationCore-t.build/Objects-normal/arm64/Chip8iEmulationCore-Swift.h -working-directory /Users/admin/builder/spi-builder-workspace/.swiftpm/xcode -experimental-emit-module-separately -disable-cmo
SwiftCompile normal arm64 Compiling\ Chip8Operation.swift,\ Chip8OperationParser.swift /Users/admin/builder/spi-builder-workspace/Sources/Chip8iEmulationCore/Chip8Operation/Chip8Operation.swift /Users/admin/builder/spi-builder-workspace/Sources/Chip8iEmulationCore/Chip8Operation/Chip8OperationParser.swift (in target 'Chip8iEmulationCore' from project 'Chip8iEmulationCore')
SwiftCompile normal arm64 /Users/admin/builder/spi-builder-workspace/Sources/Chip8iEmulationCore/Chip8Operation/Chip8Operation.swift (in target 'Chip8iEmulationCore' from project 'Chip8iEmulationCore')
cd /Users/admin/builder/spi-builder-workspace/.swiftpm/xcode
builtin-SwiftPerFileCompile Chip8Operation.swift
SwiftCompile normal arm64 /Users/admin/builder/spi-builder-workspace/Sources/Chip8iEmulationCore/Chip8Operation/Chip8OperationParser.swift (in target 'Chip8iEmulationCore' from project 'Chip8iEmulationCore')
cd /Users/admin/builder/spi-builder-workspace/.swiftpm/xcode
builtin-SwiftPerFileCompile Chip8OperationParser.swift
SwiftCompile normal arm64 Compiling\ Chip8Program+Examples.swift,\ Chip8Program.swift /Users/admin/builder/spi-builder-workspace/Sources/Chip8iEmulationCore/Chip8Operation/Chip8Program+Examples.swift /Users/admin/builder/spi-builder-workspace/Sources/Chip8iEmulationCore/Chip8Operation/Chip8Program.swift (in target 'Chip8iEmulationCore' from project 'Chip8iEmulationCore')
SwiftCompile normal arm64 /Users/admin/builder/spi-builder-workspace/Sources/Chip8iEmulationCore/Chip8Operation/Chip8Program+Examples.swift (in target 'Chip8iEmulationCore' from project 'Chip8iEmulationCore')
cd /Users/admin/builder/spi-builder-workspace/.swiftpm/xcode
builtin-SwiftPerFileCompile Chip8Program+Examples.swift
SwiftCompile normal arm64 /Users/admin/builder/spi-builder-workspace/Sources/Chip8iEmulationCore/Chip8Operation/Chip8Program.swift (in target 'Chip8iEmulationCore' from project 'Chip8iEmulationCore')
cd /Users/admin/builder/spi-builder-workspace/.swiftpm/xcode
builtin-SwiftPerFileCompile Chip8Program.swift
SwiftCompile normal arm64 Compiling\ Chip8EmulationCore.swift,\ Chip8EmulationCoreProtocol.swift /Users/admin/builder/spi-builder-workspace/Sources/Chip8iEmulationCore/Chip8EmulationCore.swift /Users/admin/builder/spi-builder-workspace/Sources/Chip8iEmulationCore/Chip8EmulationCoreProtocol.swift (in target 'Chip8iEmulationCore' from project 'Chip8iEmulationCore')
/Users/admin/builder/spi-builder-workspace/Sources/Chip8iEmulationCore/Chip8EmulationCore.swift:125:29: error: 'CACurrentMediaTime()' is unavailable in watchOS
123 | while !Task.isCancelled {
124 | if await !isPlaying { continue }
125 | let startTime = CACurrentMediaTime()
| `- error: 'CACurrentMediaTime()' is unavailable in watchOS
126 |
127 | for _ in 0..<systemCpuInstructionsCountPerFrame {
/Applications/Xcode-27.0.0-Release.Candidate.app/Contents/Developer/Platforms/WatchOS.platform/Developer/SDKs/WatchOS27.0.sdk/System/Library/Frameworks/QuartzCore.framework/Headers/CABase.h:127:26: note: 'CACurrentMediaTime()' has been explicitly marked unavailable here
125 | * calling mach_absolute_time () and converting the units to seconds. */
126 |
127 | CA_EXTERN CFTimeInterval CACurrentMediaTime (void)
| `- note: 'CACurrentMediaTime()' has been explicitly marked unavailable here
128 | API_AVAILABLE(macos(10.5), ios(2.0)) API_UNAVAILABLE(watchos);
129 |
SwiftCompile normal arm64 /Users/admin/builder/spi-builder-workspace/Sources/Chip8iEmulationCore/Chip8EmulationCore.swift (in target 'Chip8iEmulationCore' from project 'Chip8iEmulationCore')
cd /Users/admin/builder/spi-builder-workspace/.swiftpm/xcode
builtin-SwiftPerFileCompile Chip8EmulationCore.swift
SwiftCompile normal arm64 /Users/admin/builder/spi-builder-workspace/Sources/Chip8iEmulationCore/Chip8EmulationCoreProtocol.swift (in target 'Chip8iEmulationCore' from project 'Chip8iEmulationCore')
cd /Users/admin/builder/spi-builder-workspace/.swiftpm/xcode
builtin-SwiftPerFileCompile Chip8EmulationCoreProtocol.swift
SwiftCompile normal arm64 Compiling\ EmulationLogger.swift /Users/admin/builder/spi-builder-workspace/Sources/Chip8iEmulationCore/EmulationUtils/EmulationLogger.swift (in target 'Chip8iEmulationCore' from project 'Chip8iEmulationCore')
SwiftCompile normal arm64 /Users/admin/builder/spi-builder-workspace/Sources/Chip8iEmulationCore/EmulationUtils/EmulationLogger.swift (in target 'Chip8iEmulationCore' from project 'Chip8iEmulationCore')
cd /Users/admin/builder/spi-builder-workspace/.swiftpm/xcode
builtin-SwiftPerFileCompile EmulationLogger.swift
SwiftCompile normal arm64 Compiling\ EmulationState.swift /Users/admin/builder/spi-builder-workspace/Sources/Chip8iEmulationCore/EmulationUtils/EmulationState.swift (in target 'Chip8iEmulationCore' from project 'Chip8iEmulationCore')
SwiftCompile normal arm64 /Users/admin/builder/spi-builder-workspace/Sources/Chip8iEmulationCore/EmulationUtils/EmulationState.swift (in target 'Chip8iEmulationCore' from project 'Chip8iEmulationCore')
cd /Users/admin/builder/spi-builder-workspace/.swiftpm/xcode
builtin-SwiftPerFileCompile EmulationState.swift
SwiftCompile normal arm64 Compiling\ ExtensionsAndConstants.swift /Users/admin/builder/spi-builder-workspace/Sources/Chip8iEmulationCore/EmulationUtils/ExtensionsAndConstants.swift (in target 'Chip8iEmulationCore' from project 'Chip8iEmulationCore')
SwiftCompile normal arm64 /Users/admin/builder/spi-builder-workspace/Sources/Chip8iEmulationCore/EmulationUtils/ExtensionsAndConstants.swift (in target 'Chip8iEmulationCore' from project 'Chip8iEmulationCore')
cd /Users/admin/builder/spi-builder-workspace/.swiftpm/xcode
builtin-SwiftPerFileCompile ExtensionsAndConstants.swift
SwiftEmitModule normal arm64_32 Emitting\ module\ for\ Chip8iEmulationCore (in target 'Chip8iEmulationCore' from project 'Chip8iEmulationCore')
SwiftCompile normal arm64_32 (in target 'Chip8iEmulationCore' from project 'Chip8iEmulationCore')
cd /Users/admin/builder/spi-builder-workspace/.swiftpm/xcode
SwiftEmitModule normal arm64 Emitting\ module\ for\ Chip8iEmulationCore (in target 'Chip8iEmulationCore' from project 'Chip8iEmulationCore')
SwiftCompile normal arm64 (in target 'Chip8iEmulationCore' from project 'Chip8iEmulationCore')
cd /Users/admin/builder/spi-builder-workspace/.swiftpm/xcode
SwiftCompile normal arm64_32 Compiling\ Chip8System.swift /Users/admin/builder/spi-builder-workspace/Sources/Chip8iEmulationCore/Chip8System.swift (in target 'Chip8iEmulationCore' from project 'Chip8iEmulationCore')
SwiftCompile normal arm64_32 /Users/admin/builder/spi-builder-workspace/Sources/Chip8iEmulationCore/Chip8System.swift (in target 'Chip8iEmulationCore' from project 'Chip8iEmulationCore')
cd /Users/admin/builder/spi-builder-workspace/.swiftpm/xcode
builtin-SwiftPerFileCompile Chip8System.swift
SwiftCompile normal arm64_32 Compiling\ Chip8EmulationCoreProtocol.swift /Users/admin/builder/spi-builder-workspace/Sources/Chip8iEmulationCore/Chip8EmulationCoreProtocol.swift (in target 'Chip8iEmulationCore' from project 'Chip8iEmulationCore')
SwiftCompile normal arm64_32 /Users/admin/builder/spi-builder-workspace/Sources/Chip8iEmulationCore/Chip8EmulationCoreProtocol.swift (in target 'Chip8iEmulationCore' from project 'Chip8iEmulationCore')
cd /Users/admin/builder/spi-builder-workspace/.swiftpm/xcode
builtin-SwiftPerFileCompile Chip8EmulationCoreProtocol.swift
SwiftCompile normal arm64 Compiling\ PrerecordedSoundHandler.swift /Users/admin/builder/spi-builder-workspace/Sources/Chip8iEmulationCore/SoundHandler/PrerecordedSoundHandler.swift (in target 'Chip8iEmulationCore' from project 'Chip8iEmulationCore')
SwiftCompile normal arm64 /Users/admin/builder/spi-builder-workspace/Sources/Chip8iEmulationCore/SoundHandler/PrerecordedSoundHandler.swift (in target 'Chip8iEmulationCore' from project 'Chip8iEmulationCore')
cd /Users/admin/builder/spi-builder-workspace/.swiftpm/xcode
builtin-SwiftPerFileCompile PrerecordedSoundHandler.swift
SwiftDriverJobDiscovery normal arm64_32 Compiling Chip8EmulationCoreProtocol.swift (in target 'Chip8iEmulationCore' from project 'Chip8iEmulationCore')
SwiftCompile normal arm64 Compiling\ SoundHandlerProtocol.swift /Users/admin/builder/spi-builder-workspace/Sources/Chip8iEmulationCore/SoundHandler/SoundHandlerProtocol.swift (in target 'Chip8iEmulationCore' from project 'Chip8iEmulationCore')
SwiftCompile normal arm64 /Users/admin/builder/spi-builder-workspace/Sources/Chip8iEmulationCore/SoundHandler/SoundHandlerProtocol.swift (in target 'Chip8iEmulationCore' from project 'Chip8iEmulationCore')
cd /Users/admin/builder/spi-builder-workspace/.swiftpm/xcode
builtin-SwiftPerFileCompile SoundHandlerProtocol.swift
SwiftDriverJobDiscovery normal arm64 Compiling EmulationState.swift (in target 'Chip8iEmulationCore' from project 'Chip8iEmulationCore')
SwiftCompile normal arm64 Compiling\ Chip8System.swift,\ Chip8SystemState.swift /Users/admin/builder/spi-builder-workspace/Sources/Chip8iEmulationCore/Chip8System.swift /Users/admin/builder/spi-builder-workspace/Sources/Chip8iEmulationCore/Chip8SystemState.swift (in target 'Chip8iEmulationCore' from project 'Chip8iEmulationCore')
SwiftCompile normal arm64 /Users/admin/builder/spi-builder-workspace/Sources/Chip8iEmulationCore/Chip8System.swift (in target 'Chip8iEmulationCore' from project 'Chip8iEmulationCore')
cd /Users/admin/builder/spi-builder-workspace/.swiftpm/xcode
builtin-SwiftPerFileCompile Chip8System.swift
SwiftCompile normal arm64 /Users/admin/builder/spi-builder-workspace/Sources/Chip8iEmulationCore/Chip8SystemState.swift (in target 'Chip8iEmulationCore' from project 'Chip8iEmulationCore')
cd /Users/admin/builder/spi-builder-workspace/.swiftpm/xcode
builtin-SwiftPerFileCompile Chip8SystemState.swift
SwiftDriverJobDiscovery normal arm64 Compiling SoundHandlerProtocol.swift (in target 'Chip8iEmulationCore' from project 'Chip8iEmulationCore')
SwiftCompile normal arm64_32 Compiling\ PrerecordedSoundHandler.swift /Users/admin/builder/spi-builder-workspace/Sources/Chip8iEmulationCore/SoundHandler/PrerecordedSoundHandler.swift (in target 'Chip8iEmulationCore' from project 'Chip8iEmulationCore')
SwiftCompile normal arm64_32 /Users/admin/builder/spi-builder-workspace/Sources/Chip8iEmulationCore/SoundHandler/PrerecordedSoundHandler.swift (in target 'Chip8iEmulationCore' from project 'Chip8iEmulationCore')
cd /Users/admin/builder/spi-builder-workspace/.swiftpm/xcode
builtin-SwiftPerFileCompile PrerecordedSoundHandler.swift
SwiftDriverJobDiscovery normal arm64_32 Compiling Chip8System.swift (in target 'Chip8iEmulationCore' from project 'Chip8iEmulationCore')
SwiftCompile normal arm64_32 Compiling\ Chip8EmulationCore.swift /Users/admin/builder/spi-builder-workspace/Sources/Chip8iEmulationCore/Chip8EmulationCore.swift (in target 'Chip8iEmulationCore' from project 'Chip8iEmulationCore')
/Users/admin/builder/spi-builder-workspace/Sources/Chip8iEmulationCore/Chip8EmulationCore.swift:125:29: error: 'CACurrentMediaTime()' is unavailable in watchOS
123 | while !Task.isCancelled {
124 | if await !isPlaying { continue }
125 | let startTime = CACurrentMediaTime()
| `- error: 'CACurrentMediaTime()' is unavailable in watchOS
126 |
127 | for _ in 0..<systemCpuInstructionsCountPerFrame {
/Applications/Xcode-27.0.0-Release.Candidate.app/Contents/Developer/Platforms/WatchOS.platform/Developer/SDKs/WatchOS27.0.sdk/System/Library/Frameworks/QuartzCore.framework/Headers/CABase.h:127:26: note: 'CACurrentMediaTime()' has been explicitly marked unavailable here
125 | * calling mach_absolute_time () and converting the units to seconds. */
126 |
127 | CA_EXTERN CFTimeInterval CACurrentMediaTime (void)
| `- note: 'CACurrentMediaTime()' has been explicitly marked unavailable here
128 | API_AVAILABLE(macos(10.5), ios(2.0)) API_UNAVAILABLE(watchos);
129 |
/Users/admin/builder/spi-builder-workspace/Sources/Chip8iEmulationCore/Chip8EmulationCore.swift:136:31: error: 'CACurrentMediaTime()' is unavailable in watchOS
134 | // Introduce waiting delay to reach target frame time...
135 | while true {
136 | let elapsed = CACurrentMediaTime() - startTime
| `- error: 'CACurrentMediaTime()' is unavailable in watchOS
137 | if elapsed >= targetFrameTime * 0.99 {
138 | break
/Applications/Xcode-27.0.0-Release.Candidate.app/Contents/Developer/Platforms/WatchOS.platform/Developer/SDKs/WatchOS27.0.sdk/System/Library/Frameworks/QuartzCore.framework/Headers/CABase.h:127:26: note: 'CACurrentMediaTime()' has been explicitly marked unavailable here
125 | * calling mach_absolute_time () and converting the units to seconds. */
126 |
127 | CA_EXTERN CFTimeInterval CACurrentMediaTime (void)
| `- note: 'CACurrentMediaTime()' has been explicitly marked unavailable here
128 | API_AVAILABLE(macos(10.5), ios(2.0)) API_UNAVAILABLE(watchos);
129 |
Failed frontend command:
/Applications/Xcode-27.0.0-Release.Candidate.app/Contents/Developer/Toolchains/XcodeDefault.xctoolchain/usr/bin/swift-frontend -frontend -c -primary-file /Users/admin/builder/spi-builder-workspace/Sources/Chip8iEmulationCore/Chip8EmulationCore.swift /Users/admin/builder/spi-builder-workspace/Sources/Chip8iEmulationCore/Chip8EmulationCoreProtocol.swift /Users/admin/builder/spi-builder-workspace/Sources/Chip8iEmulationCore/Chip8Operation/Chip8Operation.swift /Users/admin/builder/spi-builder-workspace/Sources/Chip8iEmulationCore/Chip8Operation/Chip8OperationParser.swift /Users/admin/builder/spi-builder-workspace/Sources/Chip8iEmulationCore/Chip8Operation/Chip8Program+Examples.swift /Users/admin/builder/spi-builder-workspace/Sources/Chip8iEmulationCore/Chip8Operation/Chip8Program.swift /Users/admin/builder/spi-builder-workspace/Sources/Chip8iEmulationCore/Chip8System.swift /Users/admin/builder/spi-builder-workspace/Sources/Chip8iEmulationCore/Chip8SystemState.swift /Users/admin/builder/spi-builder-workspace/Sources/Chip8iEmulationCore/EmulationUtils/EmulationControls.swift /Users/admin/builder/spi-builder-workspace/Sources/Chip8iEmulationCore/EmulationUtils/EmulationError.swift /Users/admin/builder/spi-builder-workspace/Sources/Chip8iEmulationCore/EmulationUtils/EmulationLogger.swift /Users/admin/builder/spi-builder-workspace/Sources/Chip8iEmulationCore/EmulationUtils/EmulationState.swift /Users/admin/builder/spi-builder-workspace/Sources/Chip8iEmulationCore/EmulationUtils/ExtensionsAndConstants.swift /Users/admin/builder/spi-builder-workspace/Sources/Chip8iEmulationCore/EmulationUtils/PlayingInfo.swift /Users/admin/builder/spi-builder-workspace/Sources/Chip8iEmulationCore/SoundHandler/PrerecordedSoundHandler.swift /Users/admin/builder/spi-builder-workspace/Sources/Chip8iEmulationCore/SoundHandler/SoundHandlerProtocol.swift -emit-dependencies-path /Users/admin/builder/spi-builder-workspace/.derivedData/Build/Intermediates.noindex/Chip8iEmulationCore.build/Debug-watchos/Chip8iEmulationCore-t.build/Objects-normal/arm64_32/Chip8EmulationCore.d -emit-const-values-path /Users/admin/builder/spi-builder-workspace/.derivedData/Build/Intermediates.noindex/Chip8iEmulationCore.build/Debug-watchos/Chip8iEmulationCore-t.build/Objects-normal/arm64_32/Chip8EmulationCore.swiftconstvalues -emit-reference-dependencies-path /Users/admin/builder/spi-builder-workspace/.derivedData/Build/Intermediates.noindex/Chip8iEmulationCore.build/Debug-watchos/Chip8iEmulationCore-t.build/Objects-normal/arm64_32/Chip8EmulationCore.swiftdeps -serialize-diagnostics-path /Users/admin/builder/spi-builder-workspace/.derivedData/Build/Intermediates.noindex/Chip8iEmulationCore.build/Debug-watchos/Chip8iEmulationCore-t.build/Objects-normal/arm64_32/Chip8EmulationCore.dia -target arm64_32-apple-watchos10.0 -disable-cross-import-overlay-search -load-resolved-plugin /Applications/Xcode-27.0.0-Release.Candidate.app/Contents/Developer/Platforms/WatchOS.platform/Developer/usr/lib/swift/host/plugins/libFoundationMacros.dylib\#/Applications/Xcode-27.0.0-Release.Candidate.app/Contents/Developer/Platforms/WatchOS.platform/Developer/usr/bin/swift-plugin-server\#FoundationMacros -load-resolved-plugin /Applications/Xcode-27.0.0-Release.Candidate.app/Contents/Developer/Platforms/WatchOS.platform/Developer/usr/lib/swift/host/plugins/libObservationMacros.dylib\#/Applications/Xcode-27.0.0-Release.Candidate.app/Contents/Developer/Platforms/WatchOS.platform/Developer/usr/bin/swift-plugin-server\#ObservationMacros -load-resolved-plugin /Applications/Xcode-27.0.0-Release.Candidate.app/Contents/Developer/Platforms/WatchOS.platform/Developer/usr/lib/swift/host/plugins/libSwiftMacros.dylib\#/Applications/Xcode-27.0.0-Release.Candidate.app/Contents/Developer/Platforms/WatchOS.platform/Developer/usr/bin/swift-plugin-server\#SwiftMacros -disable-implicit-swift-modules -Xcc -fno-implicit-modules -Xcc -fno-implicit-module-maps -explicit-swift-module-map-file /Users/admin/builder/spi-builder-workspace/.derivedData/Build/Intermediates.noindex/Chip8iEmulationCore.build/Debug-watchos/Chip8iEmulationCore-t.build/Objects-normal/arm64_32/Chip8iEmulationCore-dependencies-2.json -enable-objc-interop -sdk /Applications/Xcode-27.0.0-Release.Candidate.app/Contents/Developer/Platforms/WatchOS.platform/Developer/SDKs/WatchOS27.0.sdk -I /Users/admin/builder/spi-builder-workspace/.derivedData/Build/Products/Debug-watchos -Isystem /Applications/Xcode-27.0.0-Release.Candidate.app/Contents/Developer/Platforms/WatchOS.platform/Developer/usr/lib -F /Users/admin/builder/spi-builder-workspace/.derivedData/Build/Products/Debug-watchos -F /Applications/Xcode-27.0.0-Release.Candidate.app/Contents/Developer/Platforms/WatchOS.platform/Developer/Library/Frameworks -F /Applications/Xcode-27.0.0-Release.Candidate.app/Contents/Developer/Platforms/WatchOS.platform/Developer/SDKs/WatchOS27.0.sdk/Developer/Library/Frameworks -module-cache-path /Users/admin/builder/spi-builder-workspace/.derivedData/Build/Intermediates.noindex/SwiftExplicitPrecompiledModules -no-color-diagnostics -Xcc -fno-color-diagnostics -enable-testing -g -debug-info-format\=dwarf -dwarf-version\=4 -profile-generate -profile-coverage-mapping -swift-version 5 -Onone -D SWIFT_PACKAGE -D DEBUG -D SWIFT_MODULE_RESOURCE_BUNDLE_UNAVAILABLE -D Xcode -serialize-debugging-options -enable-experimental-feature DebugDescriptionMacro -empty-abi-descriptor -validate-clang-modules-once -clang-build-session-file /Users/admin/builder/spi-builder-workspace/.derivedData/ModuleCache.noindex/Session.modulevalidation -Xcc -working-directory -Xcc /Users/admin/builder/spi-builder-workspace/.swiftpm/xcode -enable-anonymous-context-mangled-names -file-compilation-dir /Users/admin/builder/spi-builder-workspace/.swiftpm/xcode -Xcc -D_LIBCPP_HARDENING_MODE\=_LIBCPP_HARDENING_MODE_DEBUG -Xcc -ivfsstatcache -Xcc /Users/admin/builder/spi-builder-workspace/.derivedData/SDKStatCaches.noindex/watchos27.0-24R360-e829b21a6f8c9b70876ba0858053c04477534ef55a1706bf4c1112bbb242f0a2.sdkstatcache -Xcc -fmodules-prune-interval\=86400 -Xcc -fmodules-prune-after\=345600 -Xcc -I/Users/admin/builder/spi-builder-workspace/.derivedData/Build/Products/Debug-watchos/include -Xcc -I/Users/admin/builder/spi-builder-workspace/.derivedData/Build/Intermediates.noindex/Chip8iEmulationCore.build/Debug-watchos/Chip8iEmulationCore-t.build/DerivedSources-normal/arm64_32 -Xcc -I/Users/admin/builder/spi-builder-workspace/.derivedData/Build/Intermediates.noindex/Chip8iEmulationCore.build/Debug-watchos/Chip8iEmulationCore-t.build/DerivedSources/arm64_32 -Xcc -I/Users/admin/builder/spi-builder-workspace/.derivedData/Build/Intermediates.noindex/Chip8iEmulationCore.build/Debug-watchos/Chip8iEmulationCore-t.build/DerivedSources -Xcc -DSWIFT_PACKAGE -Xcc -DDEBUG\=1 -no-auto-bridging-header-chaining -module-name Chip8iEmulationCore -package-name spi_builder_workspace -const-gather-protocols-file /Users/admin/builder/spi-builder-workspace/.derivedData/Build/Intermediates.noindex/Chip8iEmulationCore.build/Debug-watchos/Chip8iEmulationCore-t.build/Objects-normal/arm64_32/Chip8iEmulationCore_const_extract_protocols.json -disable-clang-spi -clang-target arm64_32-apple-watchos27.0 -target-sdk-version 27.0 -target-sdk-name watchos27.0 -in-process-plugin-server-path /Applications/Xcode-27.0.0-Release.Candidate.app/Contents/Developer/Toolchains/XcodeDefault.xctoolchain/usr/lib/swift/host/libSwiftInProcPluginServer.dylib -parse-as-library -o /Users/admin/builder/spi-builder-workspace/.derivedData/Build/Intermediates.noindex/Chip8iEmulationCore.build/Debug-watchos/Chip8iEmulationCore-t.build/Objects-normal/arm64_32/Chip8EmulationCore.o -debug-module-path /Users/admin/builder/spi-builder-workspace/.derivedData/Build/Intermediates.noindex/Chip8iEmulationCore.build/Debug-watchos/Chip8iEmulationCore-t.build/Objects-normal/arm64_32/Chip8iEmulationCore.swiftmodule -index-unit-output-path /Chip8iEmulationCore.build/Debug-watchos/Chip8iEmulationCore-t.build/Objects-normal/arm64_32/Chip8EmulationCore.o -index-store-path /Users/admin/builder/spi-builder-workspace/.derivedData/Index.noindex/DataStore -index-system-modules
SwiftCompile normal arm64_32 /Users/admin/builder/spi-builder-workspace/Sources/Chip8iEmulationCore/Chip8EmulationCore.swift (in target 'Chip8iEmulationCore' from project 'Chip8iEmulationCore')
cd /Users/admin/builder/spi-builder-workspace/.swiftpm/xcode
builtin-SwiftPerFileCompile Chip8EmulationCore.swift
SwiftCompile normal arm64 Compiling\ EmulationControls.swift,\ EmulationError.swift /Users/admin/builder/spi-builder-workspace/Sources/Chip8iEmulationCore/EmulationUtils/EmulationControls.swift /Users/admin/builder/spi-builder-workspace/Sources/Chip8iEmulationCore/EmulationUtils/EmulationError.swift (in target 'Chip8iEmulationCore' from project 'Chip8iEmulationCore')
SwiftCompile normal arm64 /Users/admin/builder/spi-builder-workspace/Sources/Chip8iEmulationCore/EmulationUtils/EmulationControls.swift (in target 'Chip8iEmulationCore' from project 'Chip8iEmulationCore')
cd /Users/admin/builder/spi-builder-workspace/.swiftpm/xcode
builtin-SwiftPerFileCompile EmulationControls.swift
SwiftCompile normal arm64 /Users/admin/builder/spi-builder-workspace/Sources/Chip8iEmulationCore/EmulationUtils/EmulationError.swift (in target 'Chip8iEmulationCore' from project 'Chip8iEmulationCore')
cd /Users/admin/builder/spi-builder-workspace/.swiftpm/xcode
builtin-SwiftPerFileCompile EmulationError.swift
SwiftCompile normal arm64_32 Compiling\ Chip8SystemState.swift /Users/admin/builder/spi-builder-workspace/Sources/Chip8iEmulationCore/Chip8SystemState.swift (in target 'Chip8iEmulationCore' from project 'Chip8iEmulationCore')
SwiftCompile normal arm64_32 /Users/admin/builder/spi-builder-workspace/Sources/Chip8iEmulationCore/Chip8SystemState.swift (in target 'Chip8iEmulationCore' from project 'Chip8iEmulationCore')
cd /Users/admin/builder/spi-builder-workspace/.swiftpm/xcode
builtin-SwiftPerFileCompile Chip8SystemState.swift
PruneExplicitPrecompiledModules /Users/admin/builder/spi-builder-workspace/.derivedData/SDKExplicitPrecompiledModules
PruneExplicitPrecompiledModules /Users/admin/builder/spi-builder-workspace/.derivedData/Build/Intermediates.noindex/ExplicitPrecompiledModules
PruneExplicitPrecompiledModules /Users/admin/builder/spi-builder-workspace/.derivedData/Build/Intermediates.noindex/SwiftExplicitPrecompiledModules
2026-09-22 05:28:27.834 xcodebuild[777:4715] [MT] IDERunDestination: Supported platforms for the buildables in the current scheme is empty.
2026-09-22 05:28:27.942 xcodebuild[777:4715] [MT] IDERunDestination: Supported platforms for the buildables in the current scheme is empty.
** BUILD FAILED **
The following build commands failed:
SwiftCompile normal arm64_32 Compiling\ Chip8EmulationCore.swift /Users/admin/builder/spi-builder-workspace/Sources/Chip8iEmulationCore/Chip8EmulationCore.swift (in target 'Chip8iEmulationCore' from project 'Chip8iEmulationCore')
SwiftCompile normal arm64_32 /Users/admin/builder/spi-builder-workspace/Sources/Chip8iEmulationCore/Chip8EmulationCore.swift (in target 'Chip8iEmulationCore' from project 'Chip8iEmulationCore')
Building workspace Chip8iEmulationCore with scheme Chip8iEmulationCore
(3 failures)
BUILD FAILURE 6.4 watchOS