Build Information
Failed to build SwiftUINavigationHeader, reference main (5f9530), with Swift 6.4 for tvOS using Xcode 27.0 on 23 Sep 2026 05:07:13 UTC.
Build Command
env DEVELOPER_DIR=/Applications/Xcode-27.0.0-Release.Candidate.app xcrun xcodebuild -IDEClonedSourcePackagesDirPathOverride=$PWD/.dependencies -skipMacroValidation -skipPackagePluginValidation -derivedDataPath $PWD/.derivedData build -scheme SwiftUINavigationHeader -destination generic/platform=tvOSBuild Log
========================================
RunAll
========================================
Builder version: 5.1.0
Interrupt handler set up.
========================================
Checkout
========================================
Clone URL: https://github.com/alexeichhorn/SwiftUINavigationHeader.git
Reference: main
Initialized empty Git repository in /Users/admin/builder/spi-builder-workspace/.git/
From https://github.com/alexeichhorn/SwiftUINavigationHeader
* branch main -> FETCH_HEAD
* [new branch] main -> origin/main
HEAD is now at 5f9530a even better support for landscape
Cloned https://github.com/alexeichhorn/SwiftUINavigationHeader.git
Revision (git rev-parse @):
5f9530a4e1975d90d04e4b2ed14a127ea5a064a5
SUCCESS checkout https://github.com/alexeichhorn/SwiftUINavigationHeader.git at main
========================================
Build
========================================
Selected platform: tvOS
Swift version: 6.4
Building package at path: $PWD
https://github.com/alexeichhorn/SwiftUINavigationHeader.git
Command line invocation:
/Applications/Xcode-27.0.0-Release.Candidate.app/Contents/Developer/usr/bin/xcodebuild -IDEClonedSourcePackagesDirPathOverride=/Users/admin/builder/spi-builder-workspace/.dependencies -resolvePackageDependencies
Resolve Package Graph
Fetching from https://github.com/raymondjavaxx/SmoothGradient.git
Creating working copy of package ‘SmoothGradient’
Checking out 1.0.1 of package ‘SmoothGradient’
Resolve Package Graph
Resolved source packages:
SwiftUINavigationHeader: /Users/admin/builder/spi-builder-workspace
SmoothGradient: https://github.com/raymondjavaxx/SmoothGradient.git @ 1.0.1
resolved source packages: SwiftUINavigationHeader, SmoothGradient
2026-09-23 01:06:25.071 xcodebuild[562:3047] [MT] IDERunDestination: Supported platforms for the buildables in the current scheme is empty.
{
"dependencies" : [
{
"identity" : "smoothgradient",
"requirement" : {
"range" : [
{
"lower_bound" : "1.0.0",
"upper_bound" : "2.0.0"
}
]
},
"type" : "sourceControl",
"url" : "https://github.com/raymondjavaxx/SmoothGradient.git"
}
],
"manifest_display_name" : "SwiftUINavigationHeader",
"name" : "SwiftUINavigationHeader",
"path" : "/Users/admin/builder/spi-builder-workspace",
"platforms" : [
{
"name" : "ios",
"version" : "15.0"
}
],
"products" : [
{
"name" : "SwiftUINavigationHeader",
"targets" : [
"SwiftUINavigationHeader"
],
"type" : {
"library" : [
"automatic"
]
}
}
],
"targets" : [
{
"c99name" : "SwiftUINavigationHeaderTests",
"module_type" : "SwiftTarget",
"name" : "SwiftUINavigationHeaderTests",
"path" : "Tests/SwiftUINavigationHeaderTests",
"sources" : [
"SwiftUINavigationHeaderTests.swift",
"XCTestManifests.swift"
],
"target_dependencies" : [
"SwiftUINavigationHeader"
],
"type" : "test"
},
{
"c99name" : "SwiftUINavigationHeader",
"module_type" : "SwiftTarget",
"name" : "SwiftUINavigationHeader",
"path" : "Sources/SwiftUINavigationHeader",
"product_dependencies" : [
"SmoothGradient"
],
"product_memberships" : [
"SwiftUINavigationHeader"
],
"sources" : [
"ColorComparison.swift",
"Extensions.swift",
"NavigationHeaderContainer.swift",
"SwiftUINavigationHeader.swift",
"ToolbarItemExtension.swift"
],
"type" : "library"
}
],
"tools_version" : "5.9"
}
{
"workspace" : {
"name" : "SwiftUINavigationHeader",
"schemes" : [
"SwiftUINavigationHeader"
]
}
}
2026-09-23 01:06:57.352 xcodebuild[696:3998] [MT] IDERunDestination: Supported platforms for the buildables in the current scheme is empty.
Running build ...
env DEVELOPER_DIR=/Applications/Xcode-27.0.0-Release.Candidate.app xcrun xcodebuild -IDEClonedSourcePackagesDirPathOverride=$PWD/.dependencies -skipMacroValidation -skipPackagePluginValidation -derivedDataPath $PWD/.derivedData build -scheme SwiftUINavigationHeader -destination generic/platform=tvOS
Command line invocation:
/Applications/Xcode-27.0.0-Release.Candidate.app/Contents/Developer/usr/bin/xcodebuild -IDEClonedSourcePackagesDirPathOverride=/Users/admin/builder/spi-builder-workspace/.dependencies -skipMacroValidation -skipPackagePluginValidation -derivedDataPath /Users/admin/builder/spi-builder-workspace/.derivedData build -scheme SwiftUINavigationHeader -destination generic/platform=tvOS
Resolve Package Graph
Resolve Package Graph
Resolved source packages:
SmoothGradient: https://github.com/raymondjavaxx/SmoothGradient.git @ 1.0.1
SwiftUINavigationHeader: /Users/admin/builder/spi-builder-workspace
ComputePackagePrebuildTargetDependencyGraph
Prepare packages
CreateBuildRequest
SendProjectDescription
CreateBuildOperation
ComputeTargetDependencyGraph
note: Building targets in dependency order
note: Target dependency graph (5 targets)
Target 'SwiftUINavigationHeader-product' in project 'SwiftUINavigationHeader'
➜ Explicit dependency on target 'SwiftUINavigationHeader' in project 'SwiftUINavigationHeader'
➜ Explicit dependency on target 'SmoothGradient-product' in project 'SmoothGradient'
Target 'SwiftUINavigationHeader' in project 'SwiftUINavigationHeader'
➜ Explicit dependency on target 'SmoothGradient-product' in project 'SmoothGradient'
Target 'SmoothGradient-product' in project 'SmoothGradient'
➜ Explicit dependency on target 'SmoothGradient' in project 'SmoothGradient'
➜ Explicit dependency on target 'SmoothGradient_SmoothGradient' in project 'SmoothGradient'
Target 'SmoothGradient' in project 'SmoothGradient'
➜ Explicit dependency on target 'SmoothGradient_SmoothGradient' in project 'SmoothGradient'
Target 'SmoothGradient_SmoothGradient' in project 'SmoothGradient' (no dependencies)
GatherProvisioningInputs
CreateBuildDescription
ExecuteExternalTool /Applications/Xcode-27.0.0-Release.Candidate.app/Contents/Developer/Toolchains/XcodeDefault.xctoolchain/usr/bin/clang -v -E -dM -isysroot /Applications/Xcode-27.0.0-Release.Candidate.app/Contents/Developer/Platforms/AppleTVOS.platform/Developer/SDKs/AppleTVOS27.0.sdk -x c -c /dev/null
ExecuteExternalTool /Applications/Xcode-27.0.0-Release.Candidate.app/Contents/Developer/Toolchains/XcodeDefault.xctoolchain/usr/bin/swiftc --version
ExecuteExternalTool /Applications/Xcode-27.0.0-Release.Candidate.app/Contents/Developer/Toolchains/XcodeDefault.xctoolchain/usr/bin/ld -version_details
Build description signature: 41b3ffda209207c6e84fecdbc1c8fada
Build description path: /Users/admin/builder/spi-builder-workspace/.derivedData/Build/Intermediates.noindex/XCBuildData/41b3ffda209207c6e84fecdbc1c8fada.xcbuilddata
CreateBuildDirectory /Users/admin/builder/spi-builder-workspace/.derivedData/ModuleCache.noindex
cd /Users/admin/builder/spi-builder-workspace/.swiftpm/xcode
builtin-create-build-directory /Users/admin/builder/spi-builder-workspace/.derivedData/ModuleCache.noindex
CreateBuildDirectory /Users/admin/builder/spi-builder-workspace/.derivedData/SDKExplicitPrecompiledModules
cd /Users/admin/builder/spi-builder-workspace/.swiftpm/xcode
builtin-create-build-directory /Users/admin/builder/spi-builder-workspace/.derivedData/SDKExplicitPrecompiledModules
CreateBuildDirectory /Users/admin/builder/spi-builder-workspace/.derivedData/CompilationCache.noindex
cd /Users/admin/builder/spi-builder-workspace/.swiftpm/xcode
builtin-create-build-directory /Users/admin/builder/spi-builder-workspace/.derivedData/CompilationCache.noindex
ClangStatCache /Applications/Xcode-27.0.0-Release.Candidate.app/Contents/Developer/Toolchains/XcodeDefault.xctoolchain/usr/bin/clang-stat-cache /Applications/Xcode-27.0.0-Release.Candidate.app/Contents/Developer/Platforms/AppleTVOS.platform/Developer/SDKs/AppleTVOS27.0.sdk /Users/admin/builder/spi-builder-workspace/.derivedData/SDKStatCaches.noindex/appletvos27.0-24J360-e829b21a6f8c9b70876ba0858053c044b32bfd8d43560033f8d89884cdb90028.sdkstatcache
cd /Users/admin/builder/spi-builder-workspace/.swiftpm/xcode
/Applications/Xcode-27.0.0-Release.Candidate.app/Contents/Developer/Toolchains/XcodeDefault.xctoolchain/usr/bin/clang-stat-cache /Applications/Xcode-27.0.0-Release.Candidate.app/Contents/Developer/Platforms/AppleTVOS.platform/Developer/SDKs/AppleTVOS27.0.sdk -o /Users/admin/builder/spi-builder-workspace/.derivedData/SDKStatCaches.noindex/appletvos27.0-24J360-e829b21a6f8c9b70876ba0858053c044b32bfd8d43560033f8d89884cdb90028.sdkstatcache
CreateBuildDirectory /Users/admin/builder/spi-builder-workspace/.derivedData/Build/Products
cd /Users/admin/builder/spi-builder-workspace/.swiftpm/xcode
builtin-create-build-directory /Users/admin/builder/spi-builder-workspace/.derivedData/Build/Products
CreateBuildDirectory /Users/admin/builder/spi-builder-workspace/.derivedData/Build/Intermediates.noindex
cd /Users/admin/builder/spi-builder-workspace/.swiftpm/xcode
builtin-create-build-directory /Users/admin/builder/spi-builder-workspace/.derivedData/Build/Intermediates.noindex
CreateBuildDirectory /Users/admin/builder/spi-builder-workspace/.derivedData/Build/Intermediates.noindex/SwiftExplicitPrecompiledModules
cd /Users/admin/builder/spi-builder-workspace/.swiftpm/xcode
builtin-create-build-directory /Users/admin/builder/spi-builder-workspace/.derivedData/Build/Intermediates.noindex/SwiftExplicitPrecompiledModules
CreateBuildDirectory /Users/admin/builder/spi-builder-workspace/.derivedData/Build/Products/Debug-appletvos
cd /Users/admin/builder/spi-builder-workspace/.swiftpm/xcode
builtin-create-build-directory /Users/admin/builder/spi-builder-workspace/.derivedData/Build/Products/Debug-appletvos
CreateBuildDirectory /Users/admin/builder/spi-builder-workspace/.derivedData/Build/Intermediates.noindex/PrecompiledHeaders
cd /Users/admin/builder/spi-builder-workspace/.swiftpm/xcode
builtin-create-build-directory /Users/admin/builder/spi-builder-workspace/.derivedData/Build/Intermediates.noindex/PrecompiledHeaders
CreateBuildDirectory /Users/admin/builder/spi-builder-workspace/.derivedData/Build/Intermediates.noindex/ExplicitPrecompiledModules
cd /Users/admin/builder/spi-builder-workspace/.swiftpm/xcode
builtin-create-build-directory /Users/admin/builder/spi-builder-workspace/.derivedData/Build/Intermediates.noindex/ExplicitPrecompiledModules
CreateBuildDirectory /Users/admin/builder/spi-builder-workspace/.derivedData/Build/Intermediates.noindex/EagerLinkingTBDs/Debug-appletvos
cd /Users/admin/builder/spi-builder-workspace/.swiftpm/xcode
builtin-create-build-directory /Users/admin/builder/spi-builder-workspace/.derivedData/Build/Intermediates.noindex/EagerLinkingTBDs/Debug-appletvos
CreateBuildDirectory /Users/admin/builder/spi-builder-workspace/.derivedData/Build/Products/Debug-appletvos/PackageFrameworks
cd /Users/admin/builder/spi-builder-workspace/.swiftpm/xcode
builtin-create-build-directory /Users/admin/builder/spi-builder-workspace/.derivedData/Build/Products/Debug-appletvos/PackageFrameworks
WriteAuxiliaryFile /Users/admin/builder/spi-builder-workspace/.derivedData/Build/Intermediates.noindex/SwiftUINavigationHeader.build/Debug-appletvos/SwiftUINavigationHeader-t.build/SwiftUINavigationHeader.modulemap (in target 'SwiftUINavigationHeader' from project 'SwiftUINavigationHeader')
cd /Users/admin/builder/spi-builder-workspace
write-file /Users/admin/builder/spi-builder-workspace/.derivedData/Build/Intermediates.noindex/SwiftUINavigationHeader.build/Debug-appletvos/SwiftUINavigationHeader-t.build/SwiftUINavigationHeader.modulemap
WriteAuxiliaryFile /Users/admin/builder/spi-builder-workspace/.derivedData/Build/Intermediates.noindex/SwiftUINavigationHeader.build/Debug-appletvos/SwiftUINavigationHeader-t.build/SwiftUINavigationHeader.DependencyMetadataFileList (in target 'SwiftUINavigationHeader' from project 'SwiftUINavigationHeader')
cd /Users/admin/builder/spi-builder-workspace
write-file /Users/admin/builder/spi-builder-workspace/.derivedData/Build/Intermediates.noindex/SwiftUINavigationHeader.build/Debug-appletvos/SwiftUINavigationHeader-t.build/SwiftUINavigationHeader.DependencyMetadataFileList
WriteAuxiliaryFile /Users/admin/builder/spi-builder-workspace/.derivedData/Build/Intermediates.noindex/SwiftUINavigationHeader.build/Debug-appletvos/SwiftUINavigationHeader-t.build/SwiftUINavigationHeader.DependencyStaticMetadataFileList (in target 'SwiftUINavigationHeader' from project 'SwiftUINavigationHeader')
cd /Users/admin/builder/spi-builder-workspace
write-file /Users/admin/builder/spi-builder-workspace/.derivedData/Build/Intermediates.noindex/SwiftUINavigationHeader.build/Debug-appletvos/SwiftUINavigationHeader-t.build/SwiftUINavigationHeader.DependencyStaticMetadataFileList
WriteAuxiliaryFile /Users/admin/builder/spi-builder-workspace/.derivedData/Build/Intermediates.noindex/SwiftUINavigationHeader.build/Debug-appletvos/SwiftUINavigationHeader-t.build/Objects-normal/arm64/SwiftUINavigationHeader-OutputFileMap.json (in target 'SwiftUINavigationHeader' from project 'SwiftUINavigationHeader')
cd /Users/admin/builder/spi-builder-workspace
write-file /Users/admin/builder/spi-builder-workspace/.derivedData/Build/Intermediates.noindex/SwiftUINavigationHeader.build/Debug-appletvos/SwiftUINavigationHeader-t.build/Objects-normal/arm64/SwiftUINavigationHeader-OutputFileMap.json
WriteAuxiliaryFile /Users/admin/builder/spi-builder-workspace/.derivedData/Build/Intermediates.noindex/SwiftUINavigationHeader.build/Debug-appletvos/SwiftUINavigationHeader-t.build/Objects-normal/arm64/SwiftUINavigationHeader.SwiftFileList (in target 'SwiftUINavigationHeader' from project 'SwiftUINavigationHeader')
cd /Users/admin/builder/spi-builder-workspace
write-file /Users/admin/builder/spi-builder-workspace/.derivedData/Build/Intermediates.noindex/SwiftUINavigationHeader.build/Debug-appletvos/SwiftUINavigationHeader-t.build/Objects-normal/arm64/SwiftUINavigationHeader.SwiftFileList
WriteAuxiliaryFile /Users/admin/builder/spi-builder-workspace/.derivedData/Build/Intermediates.noindex/SwiftUINavigationHeader.build/Debug-appletvos/SwiftUINavigationHeader-t.build/Objects-normal/arm64/SwiftUINavigationHeader_const_extract_protocols.json (in target 'SwiftUINavigationHeader' from project 'SwiftUINavigationHeader')
cd /Users/admin/builder/spi-builder-workspace
write-file /Users/admin/builder/spi-builder-workspace/.derivedData/Build/Intermediates.noindex/SwiftUINavigationHeader.build/Debug-appletvos/SwiftUINavigationHeader-t.build/Objects-normal/arm64/SwiftUINavigationHeader_const_extract_protocols.json
WriteAuxiliaryFile /Users/admin/builder/spi-builder-workspace/.derivedData/Build/Intermediates.noindex/SwiftUINavigationHeader.build/Debug-appletvos/SwiftUINavigationHeader-t.build/Objects-normal/arm64/SwiftUINavigationHeader.SwiftConstValuesFileList (in target 'SwiftUINavigationHeader' from project 'SwiftUINavigationHeader')
cd /Users/admin/builder/spi-builder-workspace
write-file /Users/admin/builder/spi-builder-workspace/.derivedData/Build/Intermediates.noindex/SwiftUINavigationHeader.build/Debug-appletvos/SwiftUINavigationHeader-t.build/Objects-normal/arm64/SwiftUINavigationHeader.SwiftConstValuesFileList
WriteAuxiliaryFile /Users/admin/builder/spi-builder-workspace/.derivedData/Build/Intermediates.noindex/SwiftUINavigationHeader.build/Debug-appletvos/SwiftUINavigationHeader-t.build/Objects-normal/arm64/SwiftUINavigationHeader.LinkFileList (in target 'SwiftUINavigationHeader' from project 'SwiftUINavigationHeader')
cd /Users/admin/builder/spi-builder-workspace
write-file /Users/admin/builder/spi-builder-workspace/.derivedData/Build/Intermediates.noindex/SwiftUINavigationHeader.build/Debug-appletvos/SwiftUINavigationHeader-t.build/Objects-normal/arm64/SwiftUINavigationHeader.LinkFileList
WriteAuxiliaryFile /Users/admin/builder/spi-builder-workspace/.derivedData/Build/Intermediates.noindex/SmoothGradient.build/Debug-appletvos/SmoothGradient-t.build/SmoothGradient.DependencyStaticMetadataFileList (in target 'SmoothGradient' from project 'SmoothGradient')
cd /Users/admin/builder/spi-builder-workspace/.dependencies/checkouts/SmoothGradient
write-file /Users/admin/builder/spi-builder-workspace/.derivedData/Build/Intermediates.noindex/SmoothGradient.build/Debug-appletvos/SmoothGradient-t.build/SmoothGradient.DependencyStaticMetadataFileList
WriteAuxiliaryFile /Users/admin/builder/spi-builder-workspace/.derivedData/Build/Intermediates.noindex/SmoothGradient.build/Debug-appletvos/SmoothGradient_SmoothGradient-b.build/SmoothGradient_SmoothGradient.DependencyMetadataFileList (in target 'SmoothGradient_SmoothGradient' from project 'SmoothGradient')
cd /Users/admin/builder/spi-builder-workspace/.dependencies/checkouts/SmoothGradient
write-file /Users/admin/builder/spi-builder-workspace/.derivedData/Build/Intermediates.noindex/SmoothGradient.build/Debug-appletvos/SmoothGradient_SmoothGradient-b.build/SmoothGradient_SmoothGradient.DependencyMetadataFileList
WriteAuxiliaryFile /Users/admin/builder/spi-builder-workspace/.derivedData/Build/Intermediates.noindex/SmoothGradient.build/Debug-appletvos/SmoothGradient_SmoothGradient-b.build/SmoothGradient_SmoothGradient.DependencyStaticMetadataFileList (in target 'SmoothGradient_SmoothGradient' from project 'SmoothGradient')
cd /Users/admin/builder/spi-builder-workspace/.dependencies/checkouts/SmoothGradient
write-file /Users/admin/builder/spi-builder-workspace/.derivedData/Build/Intermediates.noindex/SmoothGradient.build/Debug-appletvos/SmoothGradient_SmoothGradient-b.build/SmoothGradient_SmoothGradient.DependencyStaticMetadataFileList
WriteAuxiliaryFile /Users/admin/builder/spi-builder-workspace/.derivedData/Build/Intermediates.noindex/SmoothGradient.build/Debug-appletvos/SmoothGradient_SmoothGradient-b.build/empty-SmoothGradient_SmoothGradient.plist (in target 'SmoothGradient_SmoothGradient' from project 'SmoothGradient')
cd /Users/admin/builder/spi-builder-workspace/.dependencies/checkouts/SmoothGradient
write-file /Users/admin/builder/spi-builder-workspace/.derivedData/Build/Intermediates.noindex/SmoothGradient.build/Debug-appletvos/SmoothGradient_SmoothGradient-b.build/empty-SmoothGradient_SmoothGradient.plist
WriteAuxiliaryFile /Users/admin/builder/spi-builder-workspace/.derivedData/Build/Intermediates.noindex/SmoothGradient.build/Debug-appletvos/SmoothGradient-t.build/SmoothGradient.modulemap (in target 'SmoothGradient' from project 'SmoothGradient')
cd /Users/admin/builder/spi-builder-workspace/.dependencies/checkouts/SmoothGradient
write-file /Users/admin/builder/spi-builder-workspace/.derivedData/Build/Intermediates.noindex/SmoothGradient.build/Debug-appletvos/SmoothGradient-t.build/SmoothGradient.modulemap
Copy /Users/admin/builder/spi-builder-workspace/.derivedData/Build/Intermediates.noindex/GeneratedModuleMaps-appletvos/SwiftUINavigationHeader.modulemap /Users/admin/builder/spi-builder-workspace/.derivedData/Build/Intermediates.noindex/SwiftUINavigationHeader.build/Debug-appletvos/SwiftUINavigationHeader-t.build/SwiftUINavigationHeader.modulemap (in target 'SwiftUINavigationHeader' from project 'SwiftUINavigationHeader')
cd /Users/admin/builder/spi-builder-workspace
builtin-copy -exclude .DS_Store -exclude CVS -exclude .svn -exclude .git -exclude .hg -resolve-src-symlinks /Users/admin/builder/spi-builder-workspace/.derivedData/Build/Intermediates.noindex/SwiftUINavigationHeader.build/Debug-appletvos/SwiftUINavigationHeader-t.build/SwiftUINavigationHeader.modulemap /Users/admin/builder/spi-builder-workspace/.derivedData/Build/Intermediates.noindex/GeneratedModuleMaps-appletvos
WriteAuxiliaryFile /Users/admin/builder/spi-builder-workspace/.derivedData/Build/Intermediates.noindex/SmoothGradient.build/Debug-appletvos/SmoothGradient-t.build/SmoothGradient.DependencyMetadataFileList (in target 'SmoothGradient' from project 'SmoothGradient')
cd /Users/admin/builder/spi-builder-workspace/.dependencies/checkouts/SmoothGradient
write-file /Users/admin/builder/spi-builder-workspace/.derivedData/Build/Intermediates.noindex/SmoothGradient.build/Debug-appletvos/SmoothGradient-t.build/SmoothGradient.DependencyMetadataFileList
WriteAuxiliaryFile /Users/admin/builder/spi-builder-workspace/.derivedData/Build/Intermediates.noindex/SmoothGradient.build/Debug-appletvos/SmoothGradient-t.build/Objects-normal/arm64/SmoothGradient.SwiftFileList (in target 'SmoothGradient' from project 'SmoothGradient')
cd /Users/admin/builder/spi-builder-workspace/.dependencies/checkouts/SmoothGradient
write-file /Users/admin/builder/spi-builder-workspace/.derivedData/Build/Intermediates.noindex/SmoothGradient.build/Debug-appletvos/SmoothGradient-t.build/Objects-normal/arm64/SmoothGradient.SwiftFileList
WriteAuxiliaryFile /Users/admin/builder/spi-builder-workspace/.derivedData/Build/Intermediates.noindex/SmoothGradient.build/Debug-appletvos/SmoothGradient-t.build/Objects-normal/arm64/SmoothGradient_const_extract_protocols.json (in target 'SmoothGradient' from project 'SmoothGradient')
cd /Users/admin/builder/spi-builder-workspace/.dependencies/checkouts/SmoothGradient
write-file /Users/admin/builder/spi-builder-workspace/.derivedData/Build/Intermediates.noindex/SmoothGradient.build/Debug-appletvos/SmoothGradient-t.build/Objects-normal/arm64/SmoothGradient_const_extract_protocols.json
WriteAuxiliaryFile /Users/admin/builder/spi-builder-workspace/.derivedData/Build/Intermediates.noindex/SmoothGradient.build/Debug-appletvos/SmoothGradient-t.build/Objects-normal/arm64/SmoothGradient.SwiftConstValuesFileList (in target 'SmoothGradient' from project 'SmoothGradient')
cd /Users/admin/builder/spi-builder-workspace/.dependencies/checkouts/SmoothGradient
write-file /Users/admin/builder/spi-builder-workspace/.derivedData/Build/Intermediates.noindex/SmoothGradient.build/Debug-appletvos/SmoothGradient-t.build/Objects-normal/arm64/SmoothGradient.SwiftConstValuesFileList
WriteAuxiliaryFile /Users/admin/builder/spi-builder-workspace/.derivedData/Build/Intermediates.noindex/SmoothGradient.build/Debug-appletvos/SmoothGradient-t.build/Objects-normal/arm64/SmoothGradient.LinkFileList (in target 'SmoothGradient' from project 'SmoothGradient')
cd /Users/admin/builder/spi-builder-workspace/.dependencies/checkouts/SmoothGradient
write-file /Users/admin/builder/spi-builder-workspace/.derivedData/Build/Intermediates.noindex/SmoothGradient.build/Debug-appletvos/SmoothGradient-t.build/Objects-normal/arm64/SmoothGradient.LinkFileList
WriteAuxiliaryFile /Users/admin/builder/spi-builder-workspace/.derivedData/Build/Intermediates.noindex/SmoothGradient.build/Debug-appletvos/SmoothGradient-t.build/Objects-normal/arm64/SmoothGradient-OutputFileMap.json (in target 'SmoothGradient' from project 'SmoothGradient')
cd /Users/admin/builder/spi-builder-workspace/.dependencies/checkouts/SmoothGradient
write-file /Users/admin/builder/spi-builder-workspace/.derivedData/Build/Intermediates.noindex/SmoothGradient.build/Debug-appletvos/SmoothGradient-t.build/Objects-normal/arm64/SmoothGradient-OutputFileMap.json
MkDir /Users/admin/builder/spi-builder-workspace/.derivedData/Build/Products/Debug-appletvos/SmoothGradient_SmoothGradient.bundle (in target 'SmoothGradient_SmoothGradient' from project 'SmoothGradient')
cd /Users/admin/builder/spi-builder-workspace/.dependencies/checkouts/SmoothGradient
/bin/mkdir -p /Users/admin/builder/spi-builder-workspace/.derivedData/Build/Products/Debug-appletvos/SmoothGradient_SmoothGradient.bundle
WriteAuxiliaryFile /Users/admin/builder/spi-builder-workspace/.derivedData/Build/Intermediates.noindex/SmoothGradient.build/Debug-appletvos/SmoothGradient-t.build/DerivedSources/resource_bundle_accessor.swift (in target 'SmoothGradient' from project 'SmoothGradient')
cd /Users/admin/builder/spi-builder-workspace/.dependencies/checkouts/SmoothGradient
write-file /Users/admin/builder/spi-builder-workspace/.derivedData/Build/Intermediates.noindex/SmoothGradient.build/Debug-appletvos/SmoothGradient-t.build/DerivedSources/resource_bundle_accessor.swift
Copy /Users/admin/builder/spi-builder-workspace/.derivedData/Build/Intermediates.noindex/GeneratedModuleMaps-appletvos/SmoothGradient.modulemap /Users/admin/builder/spi-builder-workspace/.derivedData/Build/Intermediates.noindex/SmoothGradient.build/Debug-appletvos/SmoothGradient-t.build/SmoothGradient.modulemap (in target 'SmoothGradient' from project 'SmoothGradient')
cd /Users/admin/builder/spi-builder-workspace/.dependencies/checkouts/SmoothGradient
builtin-copy -exclude .DS_Store -exclude CVS -exclude .svn -exclude .git -exclude .hg -resolve-src-symlinks /Users/admin/builder/spi-builder-workspace/.derivedData/Build/Intermediates.noindex/SmoothGradient.build/Debug-appletvos/SmoothGradient-t.build/SmoothGradient.modulemap /Users/admin/builder/spi-builder-workspace/.derivedData/Build/Intermediates.noindex/GeneratedModuleMaps-appletvos
ProcessInfoPlistFile /Users/admin/builder/spi-builder-workspace/.derivedData/Build/Products/Debug-appletvos/SmoothGradient_SmoothGradient.bundle/Info.plist /Users/admin/builder/spi-builder-workspace/.derivedData/Build/Intermediates.noindex/SmoothGradient.build/Debug-appletvos/SmoothGradient_SmoothGradient-b.build/empty-SmoothGradient_SmoothGradient.plist (in target 'SmoothGradient_SmoothGradient' from project 'SmoothGradient')
cd /Users/admin/builder/spi-builder-workspace/.dependencies/checkouts/SmoothGradient
builtin-infoPlistUtility /Users/admin/builder/spi-builder-workspace/.derivedData/Build/Intermediates.noindex/SmoothGradient.build/Debug-appletvos/SmoothGradient_SmoothGradient-b.build/empty-SmoothGradient_SmoothGradient.plist -producttype com.apple.product-type.bundle -expandbuildsettings -format binary -platform appletvos -o /Users/admin/builder/spi-builder-workspace/.derivedData/Build/Products/Debug-appletvos/SmoothGradient_SmoothGradient.bundle/Info.plist
CpResource /Users/admin/builder/spi-builder-workspace/.derivedData/Build/Products/Debug-appletvos/SmoothGradient_SmoothGradient.bundle/PrivacyInfo.xcprivacy /Users/admin/builder/spi-builder-workspace/.dependencies/checkouts/SmoothGradient/Sources/SmoothGradient/PrivacyInfo.xcprivacy (in target 'SmoothGradient_SmoothGradient' from project 'SmoothGradient')
cd /Users/admin/builder/spi-builder-workspace/.dependencies/checkouts/SmoothGradient
builtin-copy -exclude .DS_Store -exclude CVS -exclude .svn -exclude .git -exclude .hg -resolve-src-symlinks /Users/admin/builder/spi-builder-workspace/.dependencies/checkouts/SmoothGradient/Sources/SmoothGradient/PrivacyInfo.xcprivacy /Users/admin/builder/spi-builder-workspace/.derivedData/Build/Products/Debug-appletvos/SmoothGradient_SmoothGradient.bundle
RegisterExecutionPolicyException /Users/admin/builder/spi-builder-workspace/.derivedData/Build/Products/Debug-appletvos/SmoothGradient_SmoothGradient.bundle (in target 'SmoothGradient_SmoothGradient' from project 'SmoothGradient')
cd /Users/admin/builder/spi-builder-workspace/.dependencies/checkouts/SmoothGradient
builtin-RegisterExecutionPolicyException /Users/admin/builder/spi-builder-workspace/.derivedData/Build/Products/Debug-appletvos/SmoothGradient_SmoothGradient.bundle
Touch /Users/admin/builder/spi-builder-workspace/.derivedData/Build/Products/Debug-appletvos/SmoothGradient_SmoothGradient.bundle (in target 'SmoothGradient_SmoothGradient' from project 'SmoothGradient')
cd /Users/admin/builder/spi-builder-workspace/.dependencies/checkouts/SmoothGradient
/usr/bin/touch -c /Users/admin/builder/spi-builder-workspace/.derivedData/Build/Products/Debug-appletvos/SmoothGradient_SmoothGradient.bundle
SwiftDriver SmoothGradient normal arm64 com.apple.xcode.tools.swift.compiler (in target 'SmoothGradient' from project 'SmoothGradient')
cd /Users/admin/builder/spi-builder-workspace/.swiftpm/xcode
builtin-SwiftDriver -- /Applications/Xcode-27.0.0-Release.Candidate.app/Contents/Developer/Toolchains/XcodeDefault.xctoolchain/usr/bin/swiftc -parse-as-library -module-name SmoothGradient -Onone @/Users/admin/builder/spi-builder-workspace/.derivedData/Build/Intermediates.noindex/SmoothGradient.build/Debug-appletvos/SmoothGradient-t.build/Objects-normal/arm64/SmoothGradient.SwiftFileList -DSWIFT_PACKAGE -DDEBUG -DSWIFT_MODULE_RESOURCE_BUNDLE_AVAILABLE -DXcode -plugin-path /Applications/Xcode-27.0.0-Release.Candidate.app/Contents/Developer/Toolchains/XcodeDefault.xctoolchain/usr/lib/swift/host/plugins/testing -enable-experimental-feature DebugDescriptionMacro -sdk /Applications/Xcode-27.0.0-Release.Candidate.app/Contents/Developer/Platforms/AppleTVOS.platform/Developer/SDKs/AppleTVOS27.0.sdk -target arm64-apple-tvos15.0 -g -module-cache-path /Users/admin/builder/spi-builder-workspace/.derivedData/ModuleCache.noindex -Xfrontend -serialize-debugging-options -profile-coverage-mapping -profile-generate -enable-testing -suppress-warnings -index-store-path /Users/admin/builder/spi-builder-workspace/.derivedData/Index.noindex/DataStore -Xcc -D_LIBCPP_HARDENING_MODE\=_LIBCPP_HARDENING_MODE_DEBUG -swift-version 5 -I /Users/admin/builder/spi-builder-workspace/.derivedData/Build/Products/Debug-appletvos -Isystem /Applications/Xcode-27.0.0-Release.Candidate.app/Contents/Developer/Platforms/AppleTVOS.platform/Developer/usr/lib -F /Users/admin/builder/spi-builder-workspace/.derivedData/Build/Products/Debug-appletvos -F /Applications/Xcode-27.0.0-Release.Candidate.app/Contents/Developer/Platforms/AppleTVOS.platform/Developer/Library/Frameworks -F /Applications/Xcode-27.0.0-Release.Candidate.app/Contents/Developer/Platforms/AppleTVOS.platform/Developer/SDKs/AppleTVOS27.0.sdk/Developer/Library/Frameworks -c -j10 -enable-batch-mode -incremental -Xcc -ivfsstatcache -Xcc /Users/admin/builder/spi-builder-workspace/.derivedData/SDKStatCaches.noindex/appletvos27.0-24J360-e829b21a6f8c9b70876ba0858053c044b32bfd8d43560033f8d89884cdb90028.sdkstatcache -output-file-map /Users/admin/builder/spi-builder-workspace/.derivedData/Build/Intermediates.noindex/SmoothGradient.build/Debug-appletvos/SmoothGradient-t.build/Objects-normal/arm64/SmoothGradient-OutputFileMap.json -save-temps -no-color-diagnostics -explicit-module-build -module-cache-path /Users/admin/builder/spi-builder-workspace/.derivedData/Build/Intermediates.noindex/SwiftExplicitPrecompiledModules -clang-scanner-module-cache-path /Users/admin/builder/spi-builder-workspace/.derivedData/ModuleCache.noindex -sdk-module-cache-path /Users/admin/builder/spi-builder-workspace/.derivedData/SDKExplicitPrecompiledModules -emit-dependencies -emit-module -emit-module-path /Users/admin/builder/spi-builder-workspace/.derivedData/Build/Intermediates.noindex/SmoothGradient.build/Debug-appletvos/SmoothGradient-t.build/Objects-normal/arm64/SmoothGradient.swiftmodule -serialize-diagnostics -dependency-scan-serialize-diagnostics-path /Users/admin/builder/spi-builder-workspace/.derivedData/Build/Intermediates.noindex/SmoothGradient.build/Debug-appletvos/SmoothGradient-t.build/Objects-normal/arm64/SmoothGradient-dependency-scan.dia -validate-clang-modules-once -clang-build-session-file /Users/admin/builder/spi-builder-workspace/.derivedData/ModuleCache.noindex/Session.modulevalidation -Xcc -fmodules-prune-interval\=86400 -Xcc -fmodules-prune-after\=345600 -package-name smoothgradient -emit-const-values -const-gather-protocols-list /Users/admin/builder/spi-builder-workspace/.derivedData/Build/Intermediates.noindex/SmoothGradient.build/Debug-appletvos/SmoothGradient-t.build/Objects-normal/arm64/SmoothGradient_const_extract_protocols.json -Xcc -I/Users/admin/builder/spi-builder-workspace/.derivedData/Build/Products/Debug-appletvos/include -Xcc -I/Users/admin/builder/spi-builder-workspace/.derivedData/Build/Intermediates.noindex/SmoothGradient.build/Debug-appletvos/SmoothGradient-t.build/DerivedSources-normal/arm64 -Xcc -I/Users/admin/builder/spi-builder-workspace/.derivedData/Build/Intermediates.noindex/SmoothGradient.build/Debug-appletvos/SmoothGradient-t.build/DerivedSources/arm64 -Xcc -I/Users/admin/builder/spi-builder-workspace/.derivedData/Build/Intermediates.noindex/SmoothGradient.build/Debug-appletvos/SmoothGradient-t.build/DerivedSources -Xcc -DSWIFT_PACKAGE -Xcc -DDEBUG\=1 -emit-objc-header -emit-objc-header-path /Users/admin/builder/spi-builder-workspace/.derivedData/Build/Intermediates.noindex/SmoothGradient.build/Debug-appletvos/SmoothGradient-t.build/Objects-normal/arm64/SmoothGradient-Swift.h -working-directory /Users/admin/builder/spi-builder-workspace/.swiftpm/xcode -experimental-emit-module-separately -disable-cmo
SwiftExplicitDependencyGeneratePcm arm64 /Users/admin/builder/spi-builder-workspace/.derivedData/SDKExplicitPrecompiledModules/ptrcheck-2AZ6B5IBYD3RRRTFWN2ONASY3.pcm
SwiftExplicitDependencyGeneratePcm arm64 /Users/admin/builder/spi-builder-workspace/.derivedData/SDKExplicitPrecompiledModules/_SwiftConcurrencyShims-BY5PD8KF1L5KF6F4Q69HE3TJ4.pcm
SwiftExplicitDependencyGeneratePcm arm64 /Users/admin/builder/spi-builder-workspace/.derivedData/SDKExplicitPrecompiledModules/_AvailabilityInternal-BV2EDDP0MI5QJDDPEEV4D9D3V.pcm
SwiftExplicitDependencyGeneratePcm arm64 /Users/admin/builder/spi-builder-workspace/.derivedData/SDKExplicitPrecompiledModules/_Builtin_float-8ZJAYZ85YBOAOP52Y9H6IUNP3.pcm
SwiftExplicitDependencyGeneratePcm arm64 /Users/admin/builder/spi-builder-workspace/.derivedData/SDKExplicitPrecompiledModules/_Builtin_stdbool-AHRDH5EKLY6D04C5E42F3VCQI.pcm
SwiftExplicitDependencyGeneratePcm arm64 /Users/admin/builder/spi-builder-workspace/.derivedData/SDKExplicitPrecompiledModules/ptrauth-8X2KEPL7CTRPS40TUB9APHPK6.pcm
SwiftExplicitDependencyGeneratePcm arm64 /Users/admin/builder/spi-builder-workspace/.derivedData/SDKExplicitPrecompiledModules/SwiftShims-8N4EXJ4RUJTR8K9OO3CMOH1EP.pcm
SwiftExplicitDependencyGeneratePcm arm64 /Users/admin/builder/spi-builder-workspace/.derivedData/SDKExplicitPrecompiledModules/DeveloperToolsSupport-B1X8RI63V48AJRTH2RK6JAARV.pcm
SwiftExplicitDependencyGeneratePcm arm64 /Users/admin/builder/spi-builder-workspace/.derivedData/SDKExplicitPrecompiledModules/_Builtin_stdarg-BO2OCAUYVAXDRVQWQ8ISKGNUQ.pcm
SwiftExplicitDependencyGeneratePcm arm64 /Users/admin/builder/spi-builder-workspace/.derivedData/SDKExplicitPrecompiledModules/_Builtin_stddef-9ZJZ6FDEZNKTZU8YLPMFT9RAQ.pcm
SwiftExplicitDependencyGeneratePcm arm64 /Users/admin/builder/spi-builder-workspace/.derivedData/SDKExplicitPrecompiledModules/_DarwinFoundation1-JOTYMOA1YZCIJ2NON6FQ848O.pcm
SwiftExplicitDependencyGeneratePcm arm64 /Users/admin/builder/spi-builder-workspace/.derivedData/SDKExplicitPrecompiledModules/_DarwinFoundation2-AOGAN1O02NKXRJN5V73AV3V3M.pcm
SwiftExplicitDependencyGeneratePcm arm64 /Users/admin/builder/spi-builder-workspace/.derivedData/SDKExplicitPrecompiledModules/_Builtin_limits-7JU2HP127LIT1X9E2V3D8WZ1.pcm
SwiftExplicitDependencyGeneratePcm arm64 /Users/admin/builder/spi-builder-workspace/.derivedData/SDKExplicitPrecompiledModules/sys_types-8GCAV1YMG5UUGHUID3CA20TCH.pcm
SwiftExplicitDependencyGeneratePcm arm64 /Users/admin/builder/spi-builder-workspace/.derivedData/SDKExplicitPrecompiledModules/_Builtin_stdint-6NFTB6IBKS143IVPGT1EKB7HO.pcm
SwiftExplicitDependencyGeneratePcm arm64 /Users/admin/builder/spi-builder-workspace/.derivedData/SDKExplicitPrecompiledModules/string_h-6EVHP7A717OUS5DMC78F79HWO.pcm
SwiftExplicitDependencyGeneratePcm arm64 /Users/admin/builder/spi-builder-workspace/.derivedData/SDKExplicitPrecompiledModules/_Builtin_tgmath-7ULT1EUHDHW4OZPSTT33H6QGE.pcm
SwiftExplicitDependencyGeneratePcm arm64 /Users/admin/builder/spi-builder-workspace/.derivedData/SDKExplicitPrecompiledModules/_Builtin_stdatomic-3YXHN678NGYM3NL9POJ2HVEIF.pcm
SwiftExplicitDependencyGeneratePcm arm64 /Users/admin/builder/spi-builder-workspace/.derivedData/SDKExplicitPrecompiledModules/_DarwinFoundation3-8SR3855WDFHQPR6G9GHOI2C07.pcm
SwiftExplicitDependencyGeneratePcm arm64 /Users/admin/builder/spi-builder-workspace/.derivedData/SDKExplicitPrecompiledModules/_Builtin_intrinsics-437O2R2NID4WAQVENR63GR82C.pcm
SwiftExplicitDependencyGeneratePcm arm64 /Users/admin/builder/spi-builder-workspace/.derivedData/SDKExplicitPrecompiledModules/_Builtin_inttypes-6X1IQ3QK9KEVKXOK9Y79EW7J3.pcm
SwiftExplicitDependencyGeneratePcm arm64 /Users/admin/builder/spi-builder-workspace/.derivedData/SDKExplicitPrecompiledModules/Darwin-DBSQAVBBPC3D2OMU5ZI2RXMST.pcm
SwiftExplicitDependencyGeneratePcm arm64 /Users/admin/builder/spi-builder-workspace/.derivedData/SDKExplicitPrecompiledModules/simd-117QUXEUT3Z7UQCUYWV2UA228.pcm
SwiftExplicitDependencyGeneratePcm arm64 /Users/admin/builder/spi-builder-workspace/.derivedData/SDKExplicitPrecompiledModules/ObjectiveC-5250FDCE56N8508OR6XUYDKZM.pcm
SwiftExplicitDependencyGeneratePcm arm64 /Users/admin/builder/spi-builder-workspace/.derivedData/SDKExplicitPrecompiledModules/MachO-EH3F5PJCIZG05NO51CEFSZYPW.pcm
SwiftExplicitDependencyGeneratePcm arm64 /Users/admin/builder/spi-builder-workspace/.derivedData/SDKExplicitPrecompiledModules/os_object-E2DGZ0SX0TULQHULZRPO6OKNW.pcm
SwiftExplicitDependencyGeneratePcm arm64 /Users/admin/builder/spi-builder-workspace/.derivedData/SDKExplicitPrecompiledModules/os_workgroup-DBUFF7811DKMX7VPBOJPGGF1U.pcm
SwiftExplicitDependencyGeneratePcm arm64 /Users/admin/builder/spi-builder-workspace/.derivedData/SDKExplicitPrecompiledModules/Spatial-7U8NLEFXSB8BR7PJQGVMF5A4Q.pcm
SwiftExplicitDependencyGeneratePcm arm64 /Users/admin/builder/spi-builder-workspace/.derivedData/SDKExplicitPrecompiledModules/Dispatch-1QL58A0V50C39KVAIC6C38SHL.pcm
SwiftExplicitDependencyGeneratePcm arm64 /Users/admin/builder/spi-builder-workspace/.derivedData/SDKExplicitPrecompiledModules/XPC-6O2DJFT3QUJ7QKTD3SNUB6PCR.pcm
SwiftExplicitDependencyGeneratePcm arm64 /Users/admin/builder/spi-builder-workspace/.derivedData/SDKExplicitPrecompiledModules/CoreFoundation-7TPJ7ENDC4L1A1ESHYI9TXS0D.pcm
SwiftExplicitDependencyGeneratePcm arm64 /Users/admin/builder/spi-builder-workspace/.derivedData/SDKExplicitPrecompiledModules/os-3GJI8H0BNAEZPQPQ1V0VVY3FY.pcm
SwiftExplicitDependencyGeneratePcm arm64 /Users/admin/builder/spi-builder-workspace/.derivedData/SDKExplicitPrecompiledModules/CFNetwork-2CUR2VK9S3S3WPFXPNXNUWYGN.pcm
SwiftExplicitDependencyGeneratePcm arm64 /Users/admin/builder/spi-builder-workspace/.derivedData/SDKExplicitPrecompiledModules/Security-8VMXEKVDA3MHUH9AOTP905DID.pcm
SwiftExplicitDependencyGeneratePcm arm64 /Users/admin/builder/spi-builder-workspace/.derivedData/SDKExplicitPrecompiledModules/CoreAudioTypes-E7EH96HAL3G83QSWLT7VWYIP4.pcm
SwiftExplicitDependencyGeneratePcm arm64 /Users/admin/builder/spi-builder-workspace/.derivedData/SDKExplicitPrecompiledModules/CoreGraphics-CWSP3J98S2658BYCVL6RP99T3.pcm
SwiftExplicitDependencyGeneratePcm arm64 /Users/admin/builder/spi-builder-workspace/.derivedData/SDKExplicitPrecompiledModules/CoreAudio-6IR1XRM0Q9YQZMFW89F3H4V3X.pcm
SwiftExplicitDependencyGeneratePcm arm64 /Users/admin/builder/spi-builder-workspace/.derivedData/SDKExplicitPrecompiledModules/Foundation-BSSIP64DIGUKMAYJOG1WPQ78X.pcm
SwiftExplicitDependencyGeneratePcm arm64 /Users/admin/builder/spi-builder-workspace/.derivedData/SDKExplicitPrecompiledModules/CoreText-59NY7PABM0I4V978161FOC04A.pcm
SwiftExplicitDependencyGeneratePcm arm64 /Users/admin/builder/spi-builder-workspace/.derivedData/SDKExplicitPrecompiledModules/ImageIO-88D4CLEBD4CLWQKT78PZ6H1O8.pcm
SwiftExplicitDependencyGeneratePcm arm64 /Users/admin/builder/spi-builder-workspace/.derivedData/SDKExplicitPrecompiledModules/IOSurface-38FJ1CKX9FV2RD97O64Z7QB17.pcm
SwiftExplicitDependencyGeneratePcm arm64 /Users/admin/builder/spi-builder-workspace/.derivedData/SDKExplicitPrecompiledModules/_LocationEssentials-ETSJ65FELPWR8WH8G49R1DF2E.pcm
SwiftExplicitDependencyGeneratePcm arm64 /Users/admin/builder/spi-builder-workspace/.derivedData/SDKExplicitPrecompiledModules/OSLog-7OT6HHTMY0ZFEQJ095LJZ6NLC.pcm
SwiftExplicitDependencyGeneratePcm arm64 /Users/admin/builder/spi-builder-workspace/.derivedData/SDKExplicitPrecompiledModules/UniformTypeIdentifiers-95CC8U42ZA9STP5K6GP9ZVJS5.pcm
SwiftExplicitDependencyGeneratePcm arm64 /Users/admin/builder/spi-builder-workspace/.derivedData/SDKExplicitPrecompiledModules/DataDetection-37JIYZ2GWDA1L166PP1D9JKAF.pcm
SwiftExplicitDependencyGeneratePcm arm64 /Users/admin/builder/spi-builder-workspace/.derivedData/SDKExplicitPrecompiledModules/UserNotifications-E9ZW5TH066WIJWH9080RC5NG4.pcm
SwiftExplicitDependencyGeneratePcm arm64 /Users/admin/builder/spi-builder-workspace/.derivedData/SDKExplicitPrecompiledModules/Accessibility-B6BODGZ4MQQTY0PBC4SHRP009.pcm
SwiftExplicitDependencyGeneratePcm arm64 /Users/admin/builder/spi-builder-workspace/.derivedData/SDKExplicitPrecompiledModules/UIUtilities-6ZFJ1AK4H8IBGEBMYQBWGBYLK.pcm
SwiftExplicitDependencyGeneratePcm arm64 /Users/admin/builder/spi-builder-workspace/.derivedData/SDKExplicitPrecompiledModules/CoreData-DYMPHH3PH8AX9I1FHA4VFJ675.pcm
SwiftExplicitDependencyGeneratePcm arm64 /Users/admin/builder/spi-builder-workspace/.derivedData/SDKExplicitPrecompiledModules/CoreTransferable-7V4O8DATEQ9F7SDNTCW8YWLG3.pcm
SwiftExplicitDependencyGeneratePcm arm64 /Users/admin/builder/spi-builder-workspace/.derivedData/SDKExplicitPrecompiledModules/Symbols-B5AU9VM9Y7NU79RLMH13Z4IFM.pcm
SwiftExplicitDependencyGeneratePcm arm64 /Users/admin/builder/spi-builder-workspace/.derivedData/SDKExplicitPrecompiledModules/CoreLocation-YVXXAOMVX0JH2KO1XTTKTY51.pcm
SwiftExplicitDependencyGeneratePcm arm64 /Users/admin/builder/spi-builder-workspace/.derivedData/SDKExplicitPrecompiledModules/Metal-2KYBS7IML1SD788M91YV7Q0CC.pcm
SwiftExplicitDependencyGeneratePcm arm64 /Users/admin/builder/spi-builder-workspace/.derivedData/SDKExplicitPrecompiledModules/OpenGLES-4NY99CNDU9WUNUYEIXSS1QFGE.pcm
SwiftExplicitDependencyGeneratePcm arm64 /Users/admin/builder/spi-builder-workspace/.derivedData/SDKExplicitPrecompiledModules/CoreVideo-DPU0PB5X0XLSVA2ETRGI6FJBM.pcm
SwiftExplicitDependencyGeneratePcm arm64 /Users/admin/builder/spi-builder-workspace/.derivedData/SDKExplicitPrecompiledModules/CoreImage-7S2AFJ8EIY3DUFYLEAX1JR1QV.pcm
SwiftExplicitDependencyGeneratePcm arm64 /Users/admin/builder/spi-builder-workspace/.derivedData/SDKExplicitPrecompiledModules/QuartzCore-DJSYAWKXFGVSAK5CQMOB3JSR.pcm
SwiftExplicitDependencyGeneratePcm arm64 /Users/admin/builder/spi-builder-workspace/.derivedData/SDKExplicitPrecompiledModules/CoreMedia-4OUKVT03LV547KZJDPPJRJ4F8.pcm
SwiftExplicitDependencyGeneratePcm arm64 /Users/admin/builder/spi-builder-workspace/.derivedData/SDKExplicitPrecompiledModules/SwiftUICore-543QU5V2NHKUFCYFJDKUJ7NYG.pcm
SwiftExplicitDependencyGeneratePcm arm64 /Users/admin/builder/spi-builder-workspace/.derivedData/SDKExplicitPrecompiledModules/UIKit-1TKWN7VC2X6N3ITMRVA2G0EB2.pcm
SwiftExplicitDependencyGeneratePcm arm64 /Users/admin/builder/spi-builder-workspace/.derivedData/SDKExplicitPrecompiledModules/SwiftUI-7BV1YDT6IZWW6B8OC6ENV0Y0F.pcm
SwiftEmitModule normal arm64 Emitting\ module\ for\ SmoothGradient (in target 'SmoothGradient' from project 'SmoothGradient')
SwiftCompile normal arm64 (in target 'SmoothGradient' from project 'SmoothGradient')
cd /Users/admin/builder/spi-builder-workspace/.swiftpm/xcode
SwiftCompile normal arm64 Compiling\ GradientInterpolator.swift /Users/admin/builder/spi-builder-workspace/.dependencies/checkouts/SmoothGradient/Sources/SmoothGradient/GradientInterpolator.swift (in target 'SmoothGradient' from project 'SmoothGradient')
SwiftCompile normal arm64 /Users/admin/builder/spi-builder-workspace/.dependencies/checkouts/SmoothGradient/Sources/SmoothGradient/GradientInterpolator.swift (in target 'SmoothGradient' from project 'SmoothGradient')
cd /Users/admin/builder/spi-builder-workspace/.swiftpm/xcode
builtin-SwiftPerFileCompile GradientInterpolator.swift
SwiftCompile normal arm64 Compiling\ Gradient+Smooth.swift /Users/admin/builder/spi-builder-workspace/.dependencies/checkouts/SmoothGradient/Sources/SmoothGradient/Gradient+Smooth.swift (in target 'SmoothGradient' from project 'SmoothGradient')
SwiftCompile normal arm64 /Users/admin/builder/spi-builder-workspace/.dependencies/checkouts/SmoothGradient/Sources/SmoothGradient/Gradient+Smooth.swift (in target 'SmoothGradient' from project 'SmoothGradient')
cd /Users/admin/builder/spi-builder-workspace/.swiftpm/xcode
builtin-SwiftPerFileCompile Gradient+Smooth.swift
SwiftCompile normal arm64 Compiling\ Curve.swift /Users/admin/builder/spi-builder-workspace/.dependencies/checkouts/SmoothGradient/Sources/SmoothGradient/Curve.swift (in target 'SmoothGradient' from project 'SmoothGradient')
SwiftCompile normal arm64 /Users/admin/builder/spi-builder-workspace/.dependencies/checkouts/SmoothGradient/Sources/SmoothGradient/Curve.swift (in target 'SmoothGradient' from project 'SmoothGradient')
cd /Users/admin/builder/spi-builder-workspace/.swiftpm/xcode
builtin-SwiftPerFileCompile Curve.swift
SwiftCompile normal arm64 Compiling\ CubicBezierCurve.swift /Users/admin/builder/spi-builder-workspace/.dependencies/checkouts/SmoothGradient/Sources/SmoothGradient/CubicBezierCurve.swift (in target 'SmoothGradient' from project 'SmoothGradient')
SwiftCompile normal arm64 /Users/admin/builder/spi-builder-workspace/.dependencies/checkouts/SmoothGradient/Sources/SmoothGradient/CubicBezierCurve.swift (in target 'SmoothGradient' from project 'SmoothGradient')
cd /Users/admin/builder/spi-builder-workspace/.swiftpm/xcode
builtin-SwiftPerFileCompile CubicBezierCurve.swift
SwiftCompile normal arm64 Compiling\ SmoothLinearGradient.swift /Users/admin/builder/spi-builder-workspace/.dependencies/checkouts/SmoothGradient/Sources/SmoothGradient/SmoothLinearGradient.swift (in target 'SmoothGradient' from project 'SmoothGradient')
SwiftCompile normal arm64 /Users/admin/builder/spi-builder-workspace/.dependencies/checkouts/SmoothGradient/Sources/SmoothGradient/SmoothLinearGradient.swift (in target 'SmoothGradient' from project 'SmoothGradient')
cd /Users/admin/builder/spi-builder-workspace/.swiftpm/xcode
builtin-SwiftPerFileCompile SmoothLinearGradient.swift
SwiftCompile normal arm64 Compiling\ resource_bundle_accessor.swift /Users/admin/builder/spi-builder-workspace/.derivedData/Build/Intermediates.noindex/SmoothGradient.build/Debug-appletvos/SmoothGradient-t.build/DerivedSources/resource_bundle_accessor.swift (in target 'SmoothGradient' from project 'SmoothGradient')
SwiftCompile normal arm64 /Users/admin/builder/spi-builder-workspace/.derivedData/Build/Intermediates.noindex/SmoothGradient.build/Debug-appletvos/SmoothGradient-t.build/DerivedSources/resource_bundle_accessor.swift (in target 'SmoothGradient' from project 'SmoothGradient')
cd /Users/admin/builder/spi-builder-workspace/.swiftpm/xcode
builtin-SwiftPerFileCompile resource_bundle_accessor.swift
SwiftDriverJobDiscovery normal arm64 Emitting module for SmoothGradient (in target 'SmoothGradient' from project 'SmoothGradient')
SwiftDriver\ Compilation\ Requirements SmoothGradient normal arm64 com.apple.xcode.tools.swift.compiler (in target 'SmoothGradient' from project 'SmoothGradient')
cd /Users/admin/builder/spi-builder-workspace/.swiftpm/xcode
builtin-Swift-Compilation-Requirements -- /Applications/Xcode-27.0.0-Release.Candidate.app/Contents/Developer/Toolchains/XcodeDefault.xctoolchain/usr/bin/swiftc -parse-as-library -module-name SmoothGradient -Onone @/Users/admin/builder/spi-builder-workspace/.derivedData/Build/Intermediates.noindex/SmoothGradient.build/Debug-appletvos/SmoothGradient-t.build/Objects-normal/arm64/SmoothGradient.SwiftFileList -DSWIFT_PACKAGE -DDEBUG -DSWIFT_MODULE_RESOURCE_BUNDLE_AVAILABLE -DXcode -plugin-path /Applications/Xcode-27.0.0-Release.Candidate.app/Contents/Developer/Toolchains/XcodeDefault.xctoolchain/usr/lib/swift/host/plugins/testing -enable-experimental-feature DebugDescriptionMacro -sdk /Applications/Xcode-27.0.0-Release.Candidate.app/Contents/Developer/Platforms/AppleTVOS.platform/Developer/SDKs/AppleTVOS27.0.sdk -target arm64-apple-tvos15.0 -g -module-cache-path /Users/admin/builder/spi-builder-workspace/.derivedData/ModuleCache.noindex -Xfrontend -serialize-debugging-options -profile-coverage-mapping -profile-generate -enable-testing -suppress-warnings -index-store-path /Users/admin/builder/spi-builder-workspace/.derivedData/Index.noindex/DataStore -Xcc -D_LIBCPP_HARDENING_MODE\=_LIBCPP_HARDENING_MODE_DEBUG -swift-version 5 -I /Users/admin/builder/spi-builder-workspace/.derivedData/Build/Products/Debug-appletvos -Isystem /Applications/Xcode-27.0.0-Release.Candidate.app/Contents/Developer/Platforms/AppleTVOS.platform/Developer/usr/lib -F /Users/admin/builder/spi-builder-workspace/.derivedData/Build/Products/Debug-appletvos -F /Applications/Xcode-27.0.0-Release.Candidate.app/Contents/Developer/Platforms/AppleTVOS.platform/Developer/Library/Frameworks -F /Applications/Xcode-27.0.0-Release.Candidate.app/Contents/Developer/Platforms/AppleTVOS.platform/Developer/SDKs/AppleTVOS27.0.sdk/Developer/Library/Frameworks -c -j10 -enable-batch-mode -incremental -Xcc -ivfsstatcache -Xcc /Users/admin/builder/spi-builder-workspace/.derivedData/SDKStatCaches.noindex/appletvos27.0-24J360-e829b21a6f8c9b70876ba0858053c044b32bfd8d43560033f8d89884cdb90028.sdkstatcache -output-file-map /Users/admin/builder/spi-builder-workspace/.derivedData/Build/Intermediates.noindex/SmoothGradient.build/Debug-appletvos/SmoothGradient-t.build/Objects-normal/arm64/SmoothGradient-OutputFileMap.json -save-temps -no-color-diagnostics -explicit-module-build -module-cache-path /Users/admin/builder/spi-builder-workspace/.derivedData/Build/Intermediates.noindex/SwiftExplicitPrecompiledModules -clang-scanner-module-cache-path /Users/admin/builder/spi-builder-workspace/.derivedData/ModuleCache.noindex -sdk-module-cache-path /Users/admin/builder/spi-builder-workspace/.derivedData/SDKExplicitPrecompiledModules -emit-dependencies -emit-module -emit-module-path /Users/admin/builder/spi-builder-workspace/.derivedData/Build/Intermediates.noindex/SmoothGradient.build/Debug-appletvos/SmoothGradient-t.build/Objects-normal/arm64/SmoothGradient.swiftmodule -serialize-diagnostics -dependency-scan-serialize-diagnostics-path /Users/admin/builder/spi-builder-workspace/.derivedData/Build/Intermediates.noindex/SmoothGradient.build/Debug-appletvos/SmoothGradient-t.build/Objects-normal/arm64/SmoothGradient-dependency-scan.dia -validate-clang-modules-once -clang-build-session-file /Users/admin/builder/spi-builder-workspace/.derivedData/ModuleCache.noindex/Session.modulevalidation -Xcc -fmodules-prune-interval\=86400 -Xcc -fmodules-prune-after\=345600 -package-name smoothgradient -emit-const-values -const-gather-protocols-list /Users/admin/builder/spi-builder-workspace/.derivedData/Build/Intermediates.noindex/SmoothGradient.build/Debug-appletvos/SmoothGradient-t.build/Objects-normal/arm64/SmoothGradient_const_extract_protocols.json -Xcc -I/Users/admin/builder/spi-builder-workspace/.derivedData/Build/Products/Debug-appletvos/include -Xcc -I/Users/admin/builder/spi-builder-workspace/.derivedData/Build/Intermediates.noindex/SmoothGradient.build/Debug-appletvos/SmoothGradient-t.build/DerivedSources-normal/arm64 -Xcc -I/Users/admin/builder/spi-builder-workspace/.derivedData/Build/Intermediates.noindex/SmoothGradient.build/Debug-appletvos/SmoothGradient-t.build/DerivedSources/arm64 -Xcc -I/Users/admin/builder/spi-builder-workspace/.derivedData/Build/Intermediates.noindex/SmoothGradient.build/Debug-appletvos/SmoothGradient-t.build/DerivedSources -Xcc -DSWIFT_PACKAGE -Xcc -DDEBUG\=1 -emit-objc-header -emit-objc-header-path /Users/admin/builder/spi-builder-workspace/.derivedData/Build/Intermediates.noindex/SmoothGradient.build/Debug-appletvos/SmoothGradient-t.build/Objects-normal/arm64/SmoothGradient-Swift.h -working-directory /Users/admin/builder/spi-builder-workspace/.swiftpm/xcode -experimental-emit-module-separately -disable-cmo
SwiftMergeGeneratedHeaders /Users/admin/builder/spi-builder-workspace/.derivedData/Build/Intermediates.noindex/GeneratedModuleMaps-appletvos/SmoothGradient-Swift.h /Users/admin/builder/spi-builder-workspace/.derivedData/Build/Intermediates.noindex/SmoothGradient.build/Debug-appletvos/SmoothGradient-t.build/Objects-normal/arm64/SmoothGradient-Swift.h (in target 'SmoothGradient' from project 'SmoothGradient')
cd /Users/admin/builder/spi-builder-workspace/.dependencies/checkouts/SmoothGradient
builtin-swiftHeaderTool -arch arm64 /Users/admin/builder/spi-builder-workspace/.derivedData/Build/Intermediates.noindex/SmoothGradient.build/Debug-appletvos/SmoothGradient-t.build/Objects-normal/arm64/SmoothGradient-Swift.h -o /Users/admin/builder/spi-builder-workspace/.derivedData/Build/Intermediates.noindex/GeneratedModuleMaps-appletvos/SmoothGradient-Swift.h
Copy /Users/admin/builder/spi-builder-workspace/.derivedData/Build/Products/Debug-appletvos/SmoothGradient.swiftmodule/arm64-apple-tvos.swiftdoc /Users/admin/builder/spi-builder-workspace/.derivedData/Build/Intermediates.noindex/SmoothGradient.build/Debug-appletvos/SmoothGradient-t.build/Objects-normal/arm64/SmoothGradient.swiftdoc (in target 'SmoothGradient' from project 'SmoothGradient')
cd /Users/admin/builder/spi-builder-workspace/.dependencies/checkouts/SmoothGradient
builtin-copy -exclude .DS_Store -exclude CVS -exclude .svn -exclude .git -exclude .hg -resolve-src-symlinks -rename /Users/admin/builder/spi-builder-workspace/.derivedData/Build/Intermediates.noindex/SmoothGradient.build/Debug-appletvos/SmoothGradient-t.build/Objects-normal/arm64/SmoothGradient.swiftdoc /Users/admin/builder/spi-builder-workspace/.derivedData/Build/Products/Debug-appletvos/SmoothGradient.swiftmodule/arm64-apple-tvos.swiftdoc
Copy /Users/admin/builder/spi-builder-workspace/.derivedData/Build/Products/Debug-appletvos/SmoothGradient.swiftmodule/arm64-apple-tvos.abi.json /Users/admin/builder/spi-builder-workspace/.derivedData/Build/Intermediates.noindex/SmoothGradient.build/Debug-appletvos/SmoothGradient-t.build/Objects-normal/arm64/SmoothGradient.abi.json (in target 'SmoothGradient' from project 'SmoothGradient')
cd /Users/admin/builder/spi-builder-workspace/.dependencies/checkouts/SmoothGradient
builtin-copy -exclude .DS_Store -exclude CVS -exclude .svn -exclude .git -exclude .hg -resolve-src-symlinks -rename /Users/admin/builder/spi-builder-workspace/.derivedData/Build/Intermediates.noindex/SmoothGradient.build/Debug-appletvos/SmoothGradient-t.build/Objects-normal/arm64/SmoothGradient.abi.json /Users/admin/builder/spi-builder-workspace/.derivedData/Build/Products/Debug-appletvos/SmoothGradient.swiftmodule/arm64-apple-tvos.abi.json
Copy /Users/admin/builder/spi-builder-workspace/.derivedData/Build/Products/Debug-appletvos/SmoothGradient.swiftmodule/arm64-apple-tvos.swiftmodule /Users/admin/builder/spi-builder-workspace/.derivedData/Build/Intermediates.noindex/SmoothGradient.build/Debug-appletvos/SmoothGradient-t.build/Objects-normal/arm64/SmoothGradient.swiftmodule (in target 'SmoothGradient' from project 'SmoothGradient')
cd /Users/admin/builder/spi-builder-workspace/.dependencies/checkouts/SmoothGradient
builtin-copy -exclude .DS_Store -exclude CVS -exclude .svn -exclude .git -exclude .hg -resolve-src-symlinks -rename /Users/admin/builder/spi-builder-workspace/.derivedData/Build/Intermediates.noindex/SmoothGradient.build/Debug-appletvos/SmoothGradient-t.build/Objects-normal/arm64/SmoothGradient.swiftmodule /Users/admin/builder/spi-builder-workspace/.derivedData/Build/Products/Debug-appletvos/SmoothGradient.swiftmodule/arm64-apple-tvos.swiftmodule
Copy /Users/admin/builder/spi-builder-workspace/.derivedData/Build/Products/Debug-appletvos/SmoothGradient.swiftmodule/Project/arm64-apple-tvos.swiftsourceinfo /Users/admin/builder/spi-builder-workspace/.derivedData/Build/Intermediates.noindex/SmoothGradient.build/Debug-appletvos/SmoothGradient-t.build/Objects-normal/arm64/SmoothGradient.swiftsourceinfo (in target 'SmoothGradient' from project 'SmoothGradient')
cd /Users/admin/builder/spi-builder-workspace/.dependencies/checkouts/SmoothGradient
builtin-copy -exclude .DS_Store -exclude CVS -exclude .svn -exclude .git -exclude .hg -resolve-src-symlinks -rename /Users/admin/builder/spi-builder-workspace/.derivedData/Build/Intermediates.noindex/SmoothGradient.build/Debug-appletvos/SmoothGradient-t.build/Objects-normal/arm64/SmoothGradient.swiftsourceinfo /Users/admin/builder/spi-builder-workspace/.derivedData/Build/Products/Debug-appletvos/SmoothGradient.swiftmodule/Project/arm64-apple-tvos.swiftsourceinfo
SwiftDriver SwiftUINavigationHeader normal arm64 com.apple.xcode.tools.swift.compiler (in target 'SwiftUINavigationHeader' from project 'SwiftUINavigationHeader')
cd /Users/admin/builder/spi-builder-workspace/.swiftpm/xcode
builtin-SwiftDriver -- /Applications/Xcode-27.0.0-Release.Candidate.app/Contents/Developer/Toolchains/XcodeDefault.xctoolchain/usr/bin/swiftc -parse-as-library -module-name SwiftUINavigationHeader -Onone @/Users/admin/builder/spi-builder-workspace/.derivedData/Build/Intermediates.noindex/SwiftUINavigationHeader.build/Debug-appletvos/SwiftUINavigationHeader-t.build/Objects-normal/arm64/SwiftUINavigationHeader.SwiftFileList -DSWIFT_PACKAGE -DDEBUG -DSWIFT_MODULE_RESOURCE_BUNDLE_UNAVAILABLE -DXcode -plugin-path /Applications/Xcode-27.0.0-Release.Candidate.app/Contents/Developer/Toolchains/XcodeDefault.xctoolchain/usr/lib/swift/host/plugins/testing -enable-experimental-feature DebugDescriptionMacro -sdk /Applications/Xcode-27.0.0-Release.Candidate.app/Contents/Developer/Platforms/AppleTVOS.platform/Developer/SDKs/AppleTVOS27.0.sdk -target arm64-apple-tvos15.0 -g -module-cache-path /Users/admin/builder/spi-builder-workspace/.derivedData/ModuleCache.noindex -Xfrontend -serialize-debugging-options -profile-coverage-mapping -profile-generate -enable-testing -index-store-path /Users/admin/builder/spi-builder-workspace/.derivedData/Index.noindex/DataStore -Xcc -D_LIBCPP_HARDENING_MODE\=_LIBCPP_HARDENING_MODE_DEBUG -swift-version 5 -I /Users/admin/builder/spi-builder-workspace/.derivedData/Build/Products/Debug-appletvos -Isystem /Applications/Xcode-27.0.0-Release.Candidate.app/Contents/Developer/Platforms/AppleTVOS.platform/Developer/usr/lib -F /Users/admin/builder/spi-builder-workspace/.derivedData/Build/Products/Debug-appletvos/PackageFrameworks -F /Users/admin/builder/spi-builder-workspace/.derivedData/Build/Products/Debug-appletvos -F /Applications/Xcode-27.0.0-Release.Candidate.app/Contents/Developer/Platforms/AppleTVOS.platform/Developer/Library/Frameworks -F /Applications/Xcode-27.0.0-Release.Candidate.app/Contents/Developer/Platforms/AppleTVOS.platform/Developer/SDKs/AppleTVOS27.0.sdk/Developer/Library/Frameworks -c -j10 -enable-batch-mode -incremental -Xcc -ivfsstatcache -Xcc /Users/admin/builder/spi-builder-workspace/.derivedData/SDKStatCaches.noindex/appletvos27.0-24J360-e829b21a6f8c9b70876ba0858053c044b32bfd8d43560033f8d89884cdb90028.sdkstatcache -output-file-map /Users/admin/builder/spi-builder-workspace/.derivedData/Build/Intermediates.noindex/SwiftUINavigationHeader.build/Debug-appletvos/SwiftUINavigationHeader-t.build/Objects-normal/arm64/SwiftUINavigationHeader-OutputFileMap.json -save-temps -no-color-diagnostics -explicit-module-build -module-cache-path /Users/admin/builder/spi-builder-workspace/.derivedData/Build/Intermediates.noindex/SwiftExplicitPrecompiledModules -clang-scanner-module-cache-path /Users/admin/builder/spi-builder-workspace/.derivedData/ModuleCache.noindex -sdk-module-cache-path /Users/admin/builder/spi-builder-workspace/.derivedData/SDKExplicitPrecompiledModules -emit-dependencies -emit-module -emit-module-path /Users/admin/builder/spi-builder-workspace/.derivedData/Build/Intermediates.noindex/SwiftUINavigationHeader.build/Debug-appletvos/SwiftUINavigationHeader-t.build/Objects-normal/arm64/SwiftUINavigationHeader.swiftmodule -serialize-diagnostics -dependency-scan-serialize-diagnostics-path /Users/admin/builder/spi-builder-workspace/.derivedData/Build/Intermediates.noindex/SwiftUINavigationHeader.build/Debug-appletvos/SwiftUINavigationHeader-t.build/Objects-normal/arm64/SwiftUINavigationHeader-dependency-scan.dia -validate-clang-modules-once -clang-build-session-file /Users/admin/builder/spi-builder-workspace/.derivedData/ModuleCache.noindex/Session.modulevalidation -Xcc -fmodules-prune-interval\=86400 -Xcc -fmodules-prune-after\=345600 -package-name spi_builder_workspace -emit-const-values -const-gather-protocols-list /Users/admin/builder/spi-builder-workspace/.derivedData/Build/Intermediates.noindex/SwiftUINavigationHeader.build/Debug-appletvos/SwiftUINavigationHeader-t.build/Objects-normal/arm64/SwiftUINavigationHeader_const_extract_protocols.json -Xcc -I/Users/admin/builder/spi-builder-workspace/.derivedData/Build/Products/Debug-appletvos/include -Xcc -I/Users/admin/builder/spi-builder-workspace/.derivedData/Build/Intermediates.noindex/SwiftUINavigationHeader.build/Debug-appletvos/SwiftUINavigationHeader-t.build/DerivedSources-normal/arm64 -Xcc -I/Users/admin/builder/spi-builder-workspace/.derivedData/Build/Intermediates.noindex/SwiftUINavigationHeader.build/Debug-appletvos/SwiftUINavigationHeader-t.build/DerivedSources/arm64 -Xcc -I/Users/admin/builder/spi-builder-workspace/.derivedData/Build/Intermediates.noindex/SwiftUINavigationHeader.build/Debug-appletvos/SwiftUINavigationHeader-t.build/DerivedSources -Xcc -DSWIFT_PACKAGE -Xcc -DDEBUG\=1 -emit-objc-header -emit-objc-header-path /Users/admin/builder/spi-builder-workspace/.derivedData/Build/Intermediates.noindex/SwiftUINavigationHeader.build/Debug-appletvos/SwiftUINavigationHeader-t.build/Objects-normal/arm64/SwiftUINavigationHeader-Swift.h -working-directory /Users/admin/builder/spi-builder-workspace/.swiftpm/xcode -experimental-emit-module-separately -disable-cmo
SwiftCompile normal arm64 Compiling\ ColorComparison.swift /Users/admin/builder/spi-builder-workspace/Sources/SwiftUINavigationHeader/ColorComparison.swift (in target 'SwiftUINavigationHeader' from project 'SwiftUINavigationHeader')
SwiftCompile normal arm64 /Users/admin/builder/spi-builder-workspace/Sources/SwiftUINavigationHeader/ColorComparison.swift (in target 'SwiftUINavigationHeader' from project 'SwiftUINavigationHeader')
cd /Users/admin/builder/spi-builder-workspace/.swiftpm/xcode
builtin-SwiftPerFileCompile ColorComparison.swift
SwiftCompile normal arm64 Compiling\ Extensions.swift /Users/admin/builder/spi-builder-workspace/Sources/SwiftUINavigationHeader/Extensions.swift (in target 'SwiftUINavigationHeader' from project 'SwiftUINavigationHeader')
SwiftCompile normal arm64 /Users/admin/builder/spi-builder-workspace/Sources/SwiftUINavigationHeader/Extensions.swift (in target 'SwiftUINavigationHeader' from project 'SwiftUINavigationHeader')
cd /Users/admin/builder/spi-builder-workspace/.swiftpm/xcode
builtin-SwiftPerFileCompile Extensions.swift
SwiftCompile normal arm64 Compiling\ ToolbarItemExtension.swift /Users/admin/builder/spi-builder-workspace/Sources/SwiftUINavigationHeader/ToolbarItemExtension.swift (in target 'SwiftUINavigationHeader' from project 'SwiftUINavigationHeader')
SwiftCompile normal arm64 /Users/admin/builder/spi-builder-workspace/Sources/SwiftUINavigationHeader/ToolbarItemExtension.swift (in target 'SwiftUINavigationHeader' from project 'SwiftUINavigationHeader')
cd /Users/admin/builder/spi-builder-workspace/.swiftpm/xcode
builtin-SwiftPerFileCompile ToolbarItemExtension.swift
SwiftEmitModule normal arm64 Emitting\ module\ for\ SwiftUINavigationHeader (in target 'SwiftUINavigationHeader' from project 'SwiftUINavigationHeader')
SwiftCompile normal arm64 (in target 'SwiftUINavigationHeader' from project 'SwiftUINavigationHeader')
cd /Users/admin/builder/spi-builder-workspace/.swiftpm/xcode
SwiftCompile normal arm64 Compiling\ SwiftUINavigationHeader.swift /Users/admin/builder/spi-builder-workspace/Sources/SwiftUINavigationHeader/SwiftUINavigationHeader.swift (in target 'SwiftUINavigationHeader' from project 'SwiftUINavigationHeader')
/Users/admin/builder/spi-builder-workspace/Sources/SwiftUINavigationHeader/SwiftUINavigationHeader.swift:7:16: error: 'navigationBarTitleDisplayMode' is unavailable in tvOS
5 | @_disfavoredOverload
6 | func navigationBarState(_ barState: BarState, displayMode: NavigationBarItem.TitleDisplayMode = .inline, defaultTintColor: UIColor? = nil) -> some View {
7 | return navigationBarTitleDisplayMode(displayMode)
| `- error: 'navigationBarTitleDisplayMode' is unavailable in tvOS
8 | .overlay(NavigationBarView(state: barState, defaultTintColor: defaultTintColor).frame(width: 0, height: 0))
9 | }
SwiftUI.View.navigationBarTitleDisplayMode:2:25: note: 'navigationBarTitleDisplayMode' has been explicitly marked unavailable here
1 | protocol View {
2 | nonisolated public func navigationBarTitleDisplayMode(_ displayMode: NavigationBarItem.TitleDisplayMode) -> some View
| `- note: 'navigationBarTitleDisplayMode' has been explicitly marked unavailable here
3 | }
4 |
/Users/admin/builder/spi-builder-workspace/Sources/SwiftUINavigationHeader/SwiftUINavigationHeader.swift:12:16: error: 'navigationBarTitleDisplayMode' is unavailable in tvOS
10 |
11 | func navigationBarState(_ barState: BarState, displayMode: NavigationBarItem.TitleDisplayMode = .inline, defaultTintColor: Color) -> some View {
12 | return navigationBarTitleDisplayMode(displayMode)
| `- error: 'navigationBarTitleDisplayMode' is unavailable in tvOS
13 | .overlay(NavigationBarView(state: barState, defaultTintColor: UIColor(defaultTintColor)).frame(width: 0, height: 0))
14 | }
SwiftUI.View.navigationBarTitleDisplayMode:2:25: note: 'navigationBarTitleDisplayMode' has been explicitly marked unavailable here
1 | protocol View {
2 | nonisolated public func navigationBarTitleDisplayMode(_ displayMode: NavigationBarItem.TitleDisplayMode) -> some View
| `- note: 'navigationBarTitleDisplayMode' has been explicitly marked unavailable here
3 | }
4 |
/Users/admin/builder/spi-builder-workspace/Sources/SwiftUINavigationHeader/SwiftUINavigationHeader.swift:20:16: error: 'navigationBarTitleDisplayMode' is unavailable in tvOS
18 |
19 | func navigationBarStateForHeaderContainer(_ barState: BarState, defaultTintColor: UIColor) -> some View {
20 | return navigationBarTitleDisplayMode(.inline)
| `- error: 'navigationBarTitleDisplayMode' is unavailable in tvOS
21 | .overlay(NavigationBarView(state: barState, defaultTintColor: defaultTintColor, inHeaderContainer: true).allowsHitTesting(false))
22 | }
SwiftUI.View.navigationBarTitleDisplayMode:2:25: note: 'navigationBarTitleDisplayMode' has been explicitly marked unavailable here
1 | protocol View {
2 | nonisolated public func navigationBarTitleDisplayMode(_ displayMode: NavigationBarItem.TitleDisplayMode) -> some View
| `- note: 'navigationBarTitleDisplayMode' has been explicitly marked unavailable here
3 | }
4 |
Failed frontend command:
/Applications/Xcode-27.0.0-Release.Candidate.app/Contents/Developer/Toolchains/XcodeDefault.xctoolchain/usr/bin/swift-frontend -frontend -c /Users/admin/builder/spi-builder-workspace/Sources/SwiftUINavigationHeader/ColorComparison.swift /Users/admin/builder/spi-builder-workspace/Sources/SwiftUINavigationHeader/Extensions.swift /Users/admin/builder/spi-builder-workspace/Sources/SwiftUINavigationHeader/NavigationHeaderContainer.swift -primary-file /Users/admin/builder/spi-builder-workspace/Sources/SwiftUINavigationHeader/SwiftUINavigationHeader.swift /Users/admin/builder/spi-builder-workspace/Sources/SwiftUINavigationHeader/ToolbarItemExtension.swift -emit-dependencies-path /Users/admin/builder/spi-builder-workspace/.derivedData/Build/Intermediates.noindex/SwiftUINavigationHeader.build/Debug-appletvos/SwiftUINavigationHeader-t.build/Objects-normal/arm64/SwiftUINavigationHeader.d -emit-const-values-path /Users/admin/builder/spi-builder-workspace/.derivedData/Build/Intermediates.noindex/SwiftUINavigationHeader.build/Debug-appletvos/SwiftUINavigationHeader-t.build/Objects-normal/arm64/SwiftUINavigationHeader.swiftconstvalues -emit-reference-dependencies-path /Users/admin/builder/spi-builder-workspace/.derivedData/Build/Intermediates.noindex/SwiftUINavigationHeader.build/Debug-appletvos/SwiftUINavigationHeader-t.build/Objects-normal/arm64/SwiftUINavigationHeader.swiftdeps -serialize-diagnostics-path /Users/admin/builder/spi-builder-workspace/.derivedData/Build/Intermediates.noindex/SwiftUINavigationHeader.build/Debug-appletvos/SwiftUINavigationHeader-t.build/Objects-normal/arm64/SwiftUINavigationHeader.dia -target arm64-apple-tvos15.0 -disable-cross-import-overlay-search -load-resolved-plugin /Applications/Xcode-27.0.0-Release.Candidate.app/Contents/Developer/Platforms/AppleTVOS.platform/Developer/usr/lib/swift/host/plugins/libFoundationMacros.dylib\#/Applications/Xcode-27.0.0-Release.Candidate.app/Contents/Developer/Platforms/AppleTVOS.platform/Developer/usr/bin/swift-plugin-server\#FoundationMacros -load-resolved-plugin /Applications/Xcode-27.0.0-Release.Candidate.app/Contents/Developer/Platforms/AppleTVOS.platform/Developer/usr/lib/swift/host/plugins/libObservationMacros.dylib\#/Applications/Xcode-27.0.0-Release.Candidate.app/Contents/Developer/Platforms/AppleTVOS.platform/Developer/usr/bin/swift-plugin-server\#ObservationMacros -load-resolved-plugin /Applications/Xcode-27.0.0-Release.Candidate.app/Contents/Developer/Platforms/AppleTVOS.platform/Developer/usr/lib/swift/host/plugins/libPreviewsMacros.dylib\#/Applications/Xcode-27.0.0-Release.Candidate.app/Contents/Developer/Platforms/AppleTVOS.platform/Developer/usr/bin/swift-plugin-server\#PreviewsMacros -load-resolved-plugin /Applications/Xcode-27.0.0-Release.Candidate.app/Contents/Developer/Platforms/AppleTVOS.platform/Developer/usr/lib/swift/host/plugins/libSwiftMacros.dylib\#/Applications/Xcode-27.0.0-Release.Candidate.app/Contents/Developer/Platforms/AppleTVOS.platform/Developer/usr/bin/swift-plugin-server\#SwiftMacros -load-resolved-plugin /Applications/Xcode-27.0.0-Release.Candidate.app/Contents/Developer/Platforms/AppleTVOS.platform/Developer/usr/lib/swift/host/plugins/libSwiftUIMacros.dylib\#/Applications/Xcode-27.0.0-Release.Candidate.app/Contents/Developer/Platforms/AppleTVOS.platform/Developer/usr/bin/swift-plugin-server\#SwiftUIMacros -disable-implicit-swift-modules -Xcc -fno-implicit-modules -Xcc -fno-implicit-module-maps -explicit-swift-module-map-file /Users/admin/builder/spi-builder-workspace/.derivedData/Build/Intermediates.noindex/SwiftUINavigationHeader.build/Debug-appletvos/SwiftUINavigationHeader-t.build/Objects-normal/arm64/SwiftUINavigationHeader-dependencies-1.json -Xllvm -aarch64-use-tbi -enable-objc-interop -stack-check -sdk /Applications/Xcode-27.0.0-Release.Candidate.app/Contents/Developer/Platforms/AppleTVOS.platform/Developer/SDKs/AppleTVOS27.0.sdk -I /Users/admin/builder/spi-builder-workspace/.derivedData/Build/Products/Debug-appletvos -Isystem /Applications/Xcode-27.0.0-Release.Candidate.app/Contents/Developer/Platforms/AppleTVOS.platform/Developer/usr/lib -F /Users/admin/builder/spi-builder-workspace/.derivedData/Build/Products/Debug-appletvos/PackageFrameworks -F /Users/admin/builder/spi-builder-workspace/.derivedData/Build/Products/Debug-appletvos -F /Applications/Xcode-27.0.0-Release.Candidate.app/Contents/Developer/Platforms/AppleTVOS.platform/Developer/Library/Frameworks -F /Applications/Xcode-27.0.0-Release.Candidate.app/Contents/Developer/Platforms/AppleTVOS.platform/Developer/SDKs/AppleTVOS27.0.sdk/Developer/Library/Frameworks -module-cache-path /Users/admin/builder/spi-builder-workspace/.derivedData/Build/Intermediates.noindex/SwiftExplicitPrecompiledModules -no-color-diagnostics -Xcc -fno-color-diagnostics -enable-testing -g -debug-info-format\=dwarf -dwarf-version\=4 -profile-generate -profile-coverage-mapping -swift-version 5 -Onone -D SWIFT_PACKAGE -D DEBUG -D SWIFT_MODULE_RESOURCE_BUNDLE_UNAVAILABLE -D Xcode -serialize-debugging-options -enable-experimental-feature DebugDescriptionMacro -empty-abi-descriptor -validate-clang-modules-once -clang-build-session-file /Users/admin/builder/spi-builder-workspace/.derivedData/ModuleCache.noindex/Session.modulevalidation -Xcc -working-directory -Xcc /Users/admin/builder/spi-builder-workspace/.swiftpm/xcode -enable-anonymous-context-mangled-names -file-compilation-dir /Users/admin/builder/spi-builder-workspace/.swiftpm/xcode -Xcc -D_LIBCPP_HARDENING_MODE\=_LIBCPP_HARDENING_MODE_DEBUG -Xcc -ivfsstatcache -Xcc /Users/admin/builder/spi-builder-workspace/.derivedData/SDKStatCaches.noindex/appletvos27.0-24J360-e829b21a6f8c9b70876ba0858053c044b32bfd8d43560033f8d89884cdb90028.sdkstatcache -Xcc -fmodules-prune-interval\=86400 -Xcc -fmodules-prune-after\=345600 -Xcc -I/Users/admin/builder/spi-builder-workspace/.derivedData/Build/Products/Debug-appletvos/include -Xcc -I/Users/admin/builder/spi-builder-workspace/.derivedData/Build/Intermediates.noindex/SwiftUINavigationHeader.build/Debug-appletvos/SwiftUINavigationHeader-t.build/DerivedSources-normal/arm64 -Xcc -I/Users/admin/builder/spi-builder-workspace/.derivedData/Build/Intermediates.noindex/SwiftUINavigationHeader.build/Debug-appletvos/SwiftUINavigationHeader-t.build/DerivedSources/arm64 -Xcc -I/Users/admin/builder/spi-builder-workspace/.derivedData/Build/Intermediates.noindex/SwiftUINavigationHeader.build/Debug-appletvos/SwiftUINavigationHeader-t.build/DerivedSources -Xcc -DSWIFT_PACKAGE -Xcc -DDEBUG\=1 -no-auto-bridging-header-chaining -module-name SwiftUINavigationHeader -package-name spi_builder_workspace -const-gather-protocols-file /Users/admin/builder/spi-builder-workspace/.derivedData/Build/Intermediates.noindex/SwiftUINavigationHeader.build/Debug-appletvos/SwiftUINavigationHeader-t.build/Objects-normal/arm64/SwiftUINavigationHeader_const_extract_protocols.json -disable-clang-spi -clang-target arm64-apple-tvos27.0 -target-sdk-version 27.0 -target-sdk-name appletvos27.0 -in-process-plugin-server-path /Applications/Xcode-27.0.0-Release.Candidate.app/Contents/Developer/Toolchains/XcodeDefault.xctoolchain/usr/lib/swift/host/libSwiftInProcPluginServer.dylib -parse-as-library -o /Users/admin/builder/spi-builder-workspace/.derivedData/Build/Intermediates.noindex/SwiftUINavigationHeader.build/Debug-appletvos/SwiftUINavigationHeader-t.build/Objects-normal/arm64/SwiftUINavigationHeader.o -debug-module-path /Users/admin/builder/spi-builder-workspace/.derivedData/Build/Intermediates.noindex/SwiftUINavigationHeader.build/Debug-appletvos/SwiftUINavigationHeader-t.build/Objects-normal/arm64/SwiftUINavigationHeader.swiftmodule -index-unit-output-path /SwiftUINavigationHeader.build/Debug-appletvos/SwiftUINavigationHeader-t.build/Objects-normal/arm64/SwiftUINavigationHeader.o -index-store-path /Users/admin/builder/spi-builder-workspace/.derivedData/Index.noindex/DataStore -index-system-modules
SwiftCompile normal arm64 /Users/admin/builder/spi-builder-workspace/Sources/SwiftUINavigationHeader/SwiftUINavigationHeader.swift (in target 'SwiftUINavigationHeader' from project 'SwiftUINavigationHeader')
cd /Users/admin/builder/spi-builder-workspace/.swiftpm/xcode
builtin-SwiftPerFileCompile SwiftUINavigationHeader.swift
SwiftDriverJobDiscovery normal arm64 Emitting module for SwiftUINavigationHeader (in target 'SwiftUINavigationHeader' from project 'SwiftUINavigationHeader')
SwiftDriver\ Compilation\ Requirements SwiftUINavigationHeader normal arm64 com.apple.xcode.tools.swift.compiler (in target 'SwiftUINavigationHeader' from project 'SwiftUINavigationHeader')
cd /Users/admin/builder/spi-builder-workspace/.swiftpm/xcode
builtin-Swift-Compilation-Requirements -- /Applications/Xcode-27.0.0-Release.Candidate.app/Contents/Developer/Toolchains/XcodeDefault.xctoolchain/usr/bin/swiftc -parse-as-library -module-name SwiftUINavigationHeader -Onone @/Users/admin/builder/spi-builder-workspace/.derivedData/Build/Intermediates.noindex/SwiftUINavigationHeader.build/Debug-appletvos/SwiftUINavigationHeader-t.build/Objects-normal/arm64/SwiftUINavigationHeader.SwiftFileList -DSWIFT_PACKAGE -DDEBUG -DSWIFT_MODULE_RESOURCE_BUNDLE_UNAVAILABLE -DXcode -plugin-path /Applications/Xcode-27.0.0-Release.Candidate.app/Contents/Developer/Toolchains/XcodeDefault.xctoolchain/usr/lib/swift/host/plugins/testing -enable-experimental-feature DebugDescriptionMacro -sdk /Applications/Xcode-27.0.0-Release.Candidate.app/Contents/Developer/Platforms/AppleTVOS.platform/Developer/SDKs/AppleTVOS27.0.sdk -target arm64-apple-tvos15.0 -g -module-cache-path /Users/admin/builder/spi-builder-workspace/.derivedData/ModuleCache.noindex -Xfrontend -serialize-debugging-options -profile-coverage-mapping -profile-generate -enable-testing -index-store-path /Users/admin/builder/spi-builder-workspace/.derivedData/Index.noindex/DataStore -Xcc -D_LIBCPP_HARDENING_MODE\=_LIBCPP_HARDENING_MODE_DEBUG -swift-version 5 -I /Users/admin/builder/spi-builder-workspace/.derivedData/Build/Products/Debug-appletvos -Isystem /Applications/Xcode-27.0.0-Release.Candidate.app/Contents/Developer/Platforms/AppleTVOS.platform/Developer/usr/lib -F /Users/admin/builder/spi-builder-workspace/.derivedData/Build/Products/Debug-appletvos/PackageFrameworks -F /Users/admin/builder/spi-builder-workspace/.derivedData/Build/Products/Debug-appletvos -F /Applications/Xcode-27.0.0-Release.Candidate.app/Contents/Developer/Platforms/AppleTVOS.platform/Developer/Library/Frameworks -F /Applications/Xcode-27.0.0-Release.Candidate.app/Contents/Developer/Platforms/AppleTVOS.platform/Developer/SDKs/AppleTVOS27.0.sdk/Developer/Library/Frameworks -c -j10 -enable-batch-mode -incremental -Xcc -ivfsstatcache -Xcc /Users/admin/builder/spi-builder-workspace/.derivedData/SDKStatCaches.noindex/appletvos27.0-24J360-e829b21a6f8c9b70876ba0858053c044b32bfd8d43560033f8d89884cdb90028.sdkstatcache -output-file-map /Users/admin/builder/spi-builder-workspace/.derivedData/Build/Intermediates.noindex/SwiftUINavigationHeader.build/Debug-appletvos/SwiftUINavigationHeader-t.build/Objects-normal/arm64/SwiftUINavigationHeader-OutputFileMap.json -save-temps -no-color-diagnostics -explicit-module-build -module-cache-path /Users/admin/builder/spi-builder-workspace/.derivedData/Build/Intermediates.noindex/SwiftExplicitPrecompiledModules -clang-scanner-module-cache-path /Users/admin/builder/spi-builder-workspace/.derivedData/ModuleCache.noindex -sdk-module-cache-path /Users/admin/builder/spi-builder-workspace/.derivedData/SDKExplicitPrecompiledModules -emit-dependencies -emit-module -emit-module-path /Users/admin/builder/spi-builder-workspace/.derivedData/Build/Intermediates.noindex/SwiftUINavigationHeader.build/Debug-appletvos/SwiftUINavigationHeader-t.build/Objects-normal/arm64/SwiftUINavigationHeader.swiftmodule -serialize-diagnostics -dependency-scan-serialize-diagnostics-path /Users/admin/builder/spi-builder-workspace/.derivedData/Build/Intermediates.noindex/SwiftUINavigationHeader.build/Debug-appletvos/SwiftUINavigationHeader-t.build/Objects-normal/arm64/SwiftUINavigationHeader-dependency-scan.dia -validate-clang-modules-once -clang-build-session-file /Users/admin/builder/spi-builder-workspace/.derivedData/ModuleCache.noindex/Session.modulevalidation -Xcc -fmodules-prune-interval\=86400 -Xcc -fmodules-prune-after\=345600 -package-name spi_builder_workspace -emit-const-values -const-gather-protocols-list /Users/admin/builder/spi-builder-workspace/.derivedData/Build/Intermediates.noindex/SwiftUINavigationHeader.build/Debug-appletvos/SwiftUINavigationHeader-t.build/Objects-normal/arm64/SwiftUINavigationHeader_const_extract_protocols.json -Xcc -I/Users/admin/builder/spi-builder-workspace/.derivedData/Build/Products/Debug-appletvos/include -Xcc -I/Users/admin/builder/spi-builder-workspace/.derivedData/Build/Intermediates.noindex/SwiftUINavigationHeader.build/Debug-appletvos/SwiftUINavigationHeader-t.build/DerivedSources-normal/arm64 -Xcc -I/Users/admin/builder/spi-builder-workspace/.derivedData/Build/Intermediates.noindex/SwiftUINavigationHeader.build/Debug-appletvos/SwiftUINavigationHeader-t.build/DerivedSources/arm64 -Xcc -I/Users/admin/builder/spi-builder-workspace/.derivedData/Build/Intermediates.noindex/SwiftUINavigationHeader.build/Debug-appletvos/SwiftUINavigationHeader-t.build/DerivedSources -Xcc -DSWIFT_PACKAGE -Xcc -DDEBUG\=1 -emit-objc-header -emit-objc-header-path /Users/admin/builder/spi-builder-workspace/.derivedData/Build/Intermediates.noindex/SwiftUINavigationHeader.build/Debug-appletvos/SwiftUINavigationHeader-t.build/Objects-normal/arm64/SwiftUINavigationHeader-Swift.h -working-directory /Users/admin/builder/spi-builder-workspace/.swiftpm/xcode -experimental-emit-module-separately -disable-cmo
SwiftDriverJobDiscovery normal arm64 Compiling resource_bundle_accessor.swift (in target 'SmoothGradient' from project 'SmoothGradient')
SwiftCompile normal arm64 Compiling\ NavigationHeaderContainer.swift /Users/admin/builder/spi-builder-workspace/Sources/SwiftUINavigationHeader/NavigationHeaderContainer.swift (in target 'SwiftUINavigationHeader' from project 'SwiftUINavigationHeader')
/Users/admin/builder/spi-builder-workspace/Sources/SwiftUINavigationHeader/NavigationHeaderContainer.swift:57:41: error: 'SmoothLinearGradient' is only available in tvOS 17.0 or newer
9 | import SmoothGradient
10 |
11 | public struct NavigationHeaderContainer<Header, Content, Toolbar>: View where Header: View, Content: View, Toolbar: ToolbarContent {
| `- note: add '@available' attribute to enclosing generic struct
12 | let header: Header
13 | let content: Content
:
37 | }
38 |
39 | public var body: some View {
| `- note: add '@available' attribute to enclosing property
40 | GeometryReader { outerGeo in
41 | ScrollView {
:
55 | if #available(iOS 17.0, *) {
56 | // clear color must be represented as same color with opacity 0 to not have e.g. `black` leak in when transitioning from white
57 | SmoothLinearGradient(from: self.topGradientTopColor, to: self.topGradientTopColor.opacity(0.0), startPoint: .top, endPoint: .bottom)
| |- error: 'SmoothLinearGradient' is only available in tvOS 17.0 or newer
| `- note: add 'if #available' version check
58 | } else {
59 | LinearGradient(gradient: self.topGradient, startPoint: .top, endPoint: .bottom)
/Users/admin/builder/spi-builder-workspace/Sources/SwiftUINavigationHeader/NavigationHeaderContainer.swift:75:45: error: 'SmoothLinearGradient' is only available in tvOS 17.0 or newer
9 | import SmoothGradient
10 |
11 | public struct NavigationHeaderContainer<Header, Content, Toolbar>: View where Header: View, Content: View, Toolbar: ToolbarContent {
| `- note: add '@available' attribute to enclosing generic struct
12 | let header: Header
13 | let content: Content
:
37 | }
38 |
39 | public var body: some View {
| `- note: add '@available' attribute to enclosing property
40 | GeometryReader { outerGeo in
41 | ScrollView {
:
73 | if #available(iOS 17.0, *) {
74 | // clear color must be represented as same color with opacity 0 to not have e.g. `black` leak in when transitioning from white
75 | SmoothLinearGradient(from: Color(.systemBackground).opacity(0.0), to: Color(.systemBackground), startPoint: .center, endPoint: .bottom)
| |- error: 'SmoothLinearGradient' is only available in tvOS 17.0 or newer
| `- note: add 'if #available' version check
76 | } else {
77 | LinearGradient(gradient: Gradient(colors: [.clear, Color(.systemBackground)]), startPoint: .center, endPoint: .bottom)
/Users/admin/builder/spi-builder-workspace/Sources/SwiftUINavigationHeader/NavigationHeaderContainer.swift:75:79: error: 'systemBackground' is unavailable in tvOS
73 | if #available(iOS 17.0, *) {
74 | // clear color must be represented as same color with opacity 0 to not have e.g. `black` leak in when transitioning from white
75 | SmoothLinearGradient(from: Color(.systemBackground).opacity(0.0), to: Color(.systemBackground), startPoint: .center, endPoint: .bottom)
| `- error: 'systemBackground' is unavailable in tvOS
76 | } else {
77 | LinearGradient(gradient: Gradient(colors: [.clear, Color(.systemBackground)]), startPoint: .center, endPoint: .bottom)
/Applications/Xcode-27.0.0-Release.Candidate.app/Contents/Developer/Platforms/AppleTVOS.platform/Developer/SDKs/AppleTVOS27.0.sdk/System/Library/Frameworks/UIKit.framework/Headers/UIInterface.h:208:49: note: 'systemBackground' has been explicitly marked unavailable here
206 | * primary background in light mode.
207 | */
208 | @property (class, nonatomic, readonly) UIColor *systemBackgroundColor API_AVAILABLE(ios(13.0)) API_UNAVAILABLE(tvos, watchos);
| `- note: 'systemBackground' has been explicitly marked unavailable here
209 | @property (class, nonatomic, readonly) UIColor *secondarySystemBackgroundColor API_AVAILABLE(ios(13.0)) API_UNAVAILABLE(tvos, watchos);
210 | @property (class, nonatomic, readonly) UIColor *tertiarySystemBackgroundColor API_AVAILABLE(ios(13.0)) API_UNAVAILABLE(tvos, watchos);
/Users/admin/builder/spi-builder-workspace/Sources/SwiftUINavigationHeader/NavigationHeaderContainer.swift:75:122: error: 'systemBackground' is unavailable in tvOS
73 | if #available(iOS 17.0, *) {
74 | // clear color must be represented as same color with opacity 0 to not have e.g. `black` leak in when transitioning from white
75 | SmoothLinearGradient(from: Color(.systemBackground).opacity(0.0), to: Color(.systemBackground), startPoint: .center, endPoint: .bottom)
| `- error: 'systemBackground' is unavailable in tvOS
76 | } else {
77 | LinearGradient(gradient: Gradient(colors: [.clear, Color(.systemBackground)]), startPoint: .center, endPoint: .bottom)
/Applications/Xcode-27.0.0-Release.Candidate.app/Contents/Developer/Platforms/AppleTVOS.platform/Developer/SDKs/AppleTVOS27.0.sdk/System/Library/Frameworks/UIKit.framework/Headers/UIInterface.h:208:49: note: 'systemBackground' has been explicitly marked unavailable here
206 | * primary background in light mode.
207 | */
208 | @property (class, nonatomic, readonly) UIColor *systemBackgroundColor API_AVAILABLE(ios(13.0)) API_UNAVAILABLE(tvos, watchos);
| `- note: 'systemBackground' has been explicitly marked unavailable here
209 | @property (class, nonatomic, readonly) UIColor *secondarySystemBackgroundColor API_AVAILABLE(ios(13.0)) API_UNAVAILABLE(tvos, watchos);
210 | @property (class, nonatomic, readonly) UIColor *tertiarySystemBackgroundColor API_AVAILABLE(ios(13.0)) API_UNAVAILABLE(tvos, watchos);
/Users/admin/builder/spi-builder-workspace/Sources/SwiftUINavigationHeader/NavigationHeaderContainer.swift:77:103: error: 'systemBackground' is unavailable in tvOS
75 | SmoothLinearGradient(from: Color(.systemBackground).opacity(0.0), to: Color(.systemBackground), startPoint: .center, endPoint: .bottom)
76 | } else {
77 | LinearGradient(gradient: Gradient(colors: [.clear, Color(.systemBackground)]), startPoint: .center, endPoint: .bottom)
| `- error: 'systemBackground' is unavailable in tvOS
78 | }
79 | }
/Applications/Xcode-27.0.0-Release.Candidate.app/Contents/Developer/Platforms/AppleTVOS.platform/Developer/SDKs/AppleTVOS27.0.sdk/System/Library/Frameworks/UIKit.framework/Headers/UIInterface.h:208:49: note: 'systemBackground' has been explicitly marked unavailable here
206 | * primary background in light mode.
207 | */
208 | @property (class, nonatomic, readonly) UIColor *systemBackgroundColor API_AVAILABLE(ios(13.0)) API_UNAVAILABLE(tvos, watchos);
| `- note: 'systemBackground' has been explicitly marked unavailable here
209 | @property (class, nonatomic, readonly) UIColor *secondarySystemBackgroundColor API_AVAILABLE(ios(13.0)) API_UNAVAILABLE(tvos, watchos);
210 | @property (class, nonatomic, readonly) UIColor *tertiarySystemBackgroundColor API_AVAILABLE(ios(13.0)) API_UNAVAILABLE(tvos, watchos);
/Users/admin/builder/spi-builder-workspace/Sources/SwiftUINavigationHeader/NavigationHeaderContainer.swift:147:30: warning: 'windows' was deprecated in tvOS 15.0: Use UIWindowScene.windows on a relevant window scene instead [#DeprecatedDeclaration]
145 |
146 | private var safeAreaTop: CGFloat {
147 | UIApplication.shared.windows.first?.safeAreaInsets.top ?? 0
| `- warning: 'windows' was deprecated in tvOS 15.0: Use UIWindowScene.windows on a relevant window scene instead [#DeprecatedDeclaration]
148 | }
149 |
SwiftCompile normal arm64 /Users/admin/builder/spi-builder-workspace/Sources/SwiftUINavigationHeader/NavigationHeaderContainer.swift (in target 'SwiftUINavigationHeader' from project 'SwiftUINavigationHeader')
cd /Users/admin/builder/spi-builder-workspace/.swiftpm/xcode
builtin-SwiftPerFileCompile NavigationHeaderContainer.swift
SwiftMergeGeneratedHeaders /Users/admin/builder/spi-builder-workspace/.derivedData/Build/Intermediates.noindex/GeneratedModuleMaps-appletvos/SwiftUINavigationHeader-Swift.h /Users/admin/builder/spi-builder-workspace/.derivedData/Build/Intermediates.noindex/SwiftUINavigationHeader.build/Debug-appletvos/SwiftUINavigationHeader-t.build/Objects-normal/arm64/SwiftUINavigationHeader-Swift.h (in target 'SwiftUINavigationHeader' from project 'SwiftUINavigationHeader')
cd /Users/admin/builder/spi-builder-workspace
builtin-swiftHeaderTool -arch arm64 /Users/admin/builder/spi-builder-workspace/.derivedData/Build/Intermediates.noindex/SwiftUINavigationHeader.build/Debug-appletvos/SwiftUINavigationHeader-t.build/Objects-normal/arm64/SwiftUINavigationHeader-Swift.h -o /Users/admin/builder/spi-builder-workspace/.derivedData/Build/Intermediates.noindex/GeneratedModuleMaps-appletvos/SwiftUINavigationHeader-Swift.h
SwiftDriverJobDiscovery normal arm64 Compiling ColorComparison.swift (in target 'SwiftUINavigationHeader' from project 'SwiftUINavigationHeader')
Copy /Users/admin/builder/spi-builder-workspace/.derivedData/Build/Products/Debug-appletvos/SwiftUINavigationHeader.swiftmodule/arm64-apple-tvos.swiftmodule /Users/admin/builder/spi-builder-workspace/.derivedData/Build/Intermediates.noindex/SwiftUINavigationHeader.build/Debug-appletvos/SwiftUINavigationHeader-t.build/Objects-normal/arm64/SwiftUINavigationHeader.swiftmodule (in target 'SwiftUINavigationHeader' from project 'SwiftUINavigationHeader')
cd /Users/admin/builder/spi-builder-workspace
builtin-copy -exclude .DS_Store -exclude CVS -exclude .svn -exclude .git -exclude .hg -resolve-src-symlinks -rename /Users/admin/builder/spi-builder-workspace/.derivedData/Build/Intermediates.noindex/SwiftUINavigationHeader.build/Debug-appletvos/SwiftUINavigationHeader-t.build/Objects-normal/arm64/SwiftUINavigationHeader.swiftmodule /Users/admin/builder/spi-builder-workspace/.derivedData/Build/Products/Debug-appletvos/SwiftUINavigationHeader.swiftmodule/arm64-apple-tvos.swiftmodule
PruneExplicitPrecompiledModules /Users/admin/builder/spi-builder-workspace/.derivedData/Build/Intermediates.noindex/ExplicitPrecompiledModules
PruneExplicitPrecompiledModules /Users/admin/builder/spi-builder-workspace/.derivedData/Build/Intermediates.noindex/SwiftExplicitPrecompiledModules
PruneExplicitPrecompiledModules /Users/admin/builder/spi-builder-workspace/.derivedData/SDKExplicitPrecompiledModules
2026-09-23 01:06:59.725 xcodebuild[698:4066] [MT] IDERunDestination: Supported platforms for the buildables in the current scheme is empty.
** BUILD FAILED **
The following build commands failed:
SwiftCompile normal arm64 Compiling\ SwiftUINavigationHeader.swift /Users/admin/builder/spi-builder-workspace/Sources/SwiftUINavigationHeader/SwiftUINavigationHeader.swift (in target 'SwiftUINavigationHeader' from project 'SwiftUINavigationHeader')
SwiftCompile normal arm64 /Users/admin/builder/spi-builder-workspace/Sources/SwiftUINavigationHeader/SwiftUINavigationHeader.swift (in target 'SwiftUINavigationHeader' from project 'SwiftUINavigationHeader')
Building workspace SwiftUINavigationHeader with scheme SwiftUINavigationHeader
(3 failures)
Command line invocation:
/Applications/Xcode-27.0.0-Release.Candidate.app/Contents/Developer/usr/bin/xcodebuild -IDEClonedSourcePackagesDirPathOverride=/Users/admin/builder/spi-builder-workspace/.dependencies -resolvePackageDependencies
Resolve Package Graph
Resolved source packages:
SmoothGradient: https://github.com/raymondjavaxx/SmoothGradient.git @ 1.0.1
SwiftUINavigationHeader: /Users/admin/builder/spi-builder-workspace
resolved source packages: SmoothGradient, SwiftUINavigationHeader
2026-09-23 01:07:09.747 xcodebuild[817:4735] [MT] IDERunDestination: Supported platforms for the buildables in the current scheme is empty.
{
"dependencies" : [
{
"identity" : "smoothgradient",
"requirement" : {
"range" : [
{
"lower_bound" : "1.0.0",
"upper_bound" : "2.0.0"
}
]
},
"type" : "sourceControl",
"url" : "https://github.com/raymondjavaxx/SmoothGradient.git"
}
],
"manifest_display_name" : "SwiftUINavigationHeader",
"name" : "SwiftUINavigationHeader",
"path" : "/Users/admin/builder/spi-builder-workspace",
"platforms" : [
{
"name" : "ios",
"version" : "15.0"
}
],
"products" : [
{
"name" : "SwiftUINavigationHeader",
"targets" : [
"SwiftUINavigationHeader"
],
"type" : {
"library" : [
"automatic"
]
}
}
],
"targets" : [
{
"c99name" : "SwiftUINavigationHeaderTests",
"module_type" : "SwiftTarget",
"name" : "SwiftUINavigationHeaderTests",
"path" : "Tests/SwiftUINavigationHeaderTests",
"sources" : [
"SwiftUINavigationHeaderTests.swift",
"XCTestManifests.swift"
],
"target_dependencies" : [
"SwiftUINavigationHeader"
],
"type" : "test"
},
{
"c99name" : "SwiftUINavigationHeader",
"module_type" : "SwiftTarget",
"name" : "SwiftUINavigationHeader",
"path" : "Sources/SwiftUINavigationHeader",
"product_dependencies" : [
"SmoothGradient"
],
"product_memberships" : [
"SwiftUINavigationHeader"
],
"sources" : [
"ColorComparison.swift",
"Extensions.swift",
"NavigationHeaderContainer.swift",
"SwiftUINavigationHeader.swift",
"ToolbarItemExtension.swift"
],
"type" : "library"
}
],
"tools_version" : "5.9"
}
{
"workspace" : {
"name" : "SwiftUINavigationHeader",
"schemes" : [
"SwiftUINavigationHeader"
]
}
}
2026-09-23 01:07:10.958 xcodebuild[825:4814] [MT] IDERunDestination: Supported platforms for the buildables in the current scheme is empty.
Running build ...
env DEVELOPER_DIR=/Applications/Xcode-27.0.0-Release.Candidate.app xcrun xcodebuild -IDEClonedSourcePackagesDirPathOverride=$PWD/.dependencies -skipMacroValidation -skipPackagePluginValidation -derivedDataPath $PWD/.derivedData build -scheme SwiftUINavigationHeader -destination generic/platform=tvOS
Command line invocation:
/Applications/Xcode-27.0.0-Release.Candidate.app/Contents/Developer/usr/bin/xcodebuild -IDEClonedSourcePackagesDirPathOverride=/Users/admin/builder/spi-builder-workspace/.dependencies -skipMacroValidation -skipPackagePluginValidation -derivedDataPath /Users/admin/builder/spi-builder-workspace/.derivedData build -scheme SwiftUINavigationHeader -destination generic/platform=tvOS
Resolve Package Graph
Resolved source packages:
SwiftUINavigationHeader: /Users/admin/builder/spi-builder-workspace
SmoothGradient: https://github.com/raymondjavaxx/SmoothGradient.git @ 1.0.1
ComputePackagePrebuildTargetDependencyGraph
Prepare packages
CreateBuildRequest
SendProjectDescription
CreateBuildOperation
ComputeTargetDependencyGraph
note: Building targets in dependency order
note: Target dependency graph (5 targets)
Target 'SwiftUINavigationHeader-product' in project 'SwiftUINavigationHeader'
➜ Explicit dependency on target 'SwiftUINavigationHeader' in project 'SwiftUINavigationHeader'
➜ Explicit dependency on target 'SmoothGradient-product' in project 'SmoothGradient'
Target 'SwiftUINavigationHeader' in project 'SwiftUINavigationHeader'
➜ Explicit dependency on target 'SmoothGradient-product' in project 'SmoothGradient'
Target 'SmoothGradient-product' in project 'SmoothGradient'
➜ Explicit dependency on target 'SmoothGradient' in project 'SmoothGradient'
➜ Explicit dependency on target 'SmoothGradient_SmoothGradient' in project 'SmoothGradient'
Target 'SmoothGradient' in project 'SmoothGradient'
➜ Explicit dependency on target 'SmoothGradient_SmoothGradient' in project 'SmoothGradient'
Target 'SmoothGradient_SmoothGradient' in project 'SmoothGradient' (no dependencies)
GatherProvisioningInputs
CreateBuildDescription
ClangStatCache /Applications/Xcode-27.0.0-Release.Candidate.app/Contents/Developer/Toolchains/XcodeDefault.xctoolchain/usr/bin/clang-stat-cache /Applications/Xcode-27.0.0-Release.Candidate.app/Contents/Developer/Platforms/AppleTVOS.platform/Developer/SDKs/AppleTVOS27.0.sdk /Users/admin/builder/spi-builder-workspace/.derivedData/SDKStatCaches.noindex/appletvos27.0-24J360-e829b21a6f8c9b70876ba0858053c044b32bfd8d43560033f8d89884cdb90028.sdkstatcache
cd /Users/admin/builder/spi-builder-workspace/.swiftpm/xcode
/Applications/Xcode-27.0.0-Release.Candidate.app/Contents/Developer/Toolchains/XcodeDefault.xctoolchain/usr/bin/clang-stat-cache /Applications/Xcode-27.0.0-Release.Candidate.app/Contents/Developer/Platforms/AppleTVOS.platform/Developer/SDKs/AppleTVOS27.0.sdk -o /Users/admin/builder/spi-builder-workspace/.derivedData/SDKStatCaches.noindex/appletvos27.0-24J360-e829b21a6f8c9b70876ba0858053c044b32bfd8d43560033f8d89884cdb90028.sdkstatcache
Copy /Users/admin/builder/spi-builder-workspace/.derivedData/Build/Products/Debug-appletvos/SwiftUINavigationHeader.swiftmodule/arm64-apple-tvos.swiftmodule /Users/admin/builder/spi-builder-workspace/.derivedData/Build/Intermediates.noindex/SwiftUINavigationHeader.build/Debug-appletvos/SwiftUINavigationHeader-t.build/Objects-normal/arm64/SwiftUINavigationHeader.swiftmodule (in target 'SwiftUINavigationHeader' from project 'SwiftUINavigationHeader')
cd /Users/admin/builder/spi-builder-workspace
builtin-copy -exclude .DS_Store -exclude CVS -exclude .svn -exclude .git -exclude .hg -resolve-src-symlinks -rename /Users/admin/builder/spi-builder-workspace/.derivedData/Build/Intermediates.noindex/SwiftUINavigationHeader.build/Debug-appletvos/SwiftUINavigationHeader-t.build/Objects-normal/arm64/SwiftUINavigationHeader.swiftmodule /Users/admin/builder/spi-builder-workspace/.derivedData/Build/Products/Debug-appletvos/SwiftUINavigationHeader.swiftmodule/arm64-apple-tvos.swiftmodule
Copy /Users/admin/builder/spi-builder-workspace/.derivedData/Build/Products/Debug-appletvos/SwiftUINavigationHeader.swiftmodule/arm64-apple-tvos.swiftdoc /Users/admin/builder/spi-builder-workspace/.derivedData/Build/Intermediates.noindex/SwiftUINavigationHeader.build/Debug-appletvos/SwiftUINavigationHeader-t.build/Objects-normal/arm64/SwiftUINavigationHeader.swiftdoc (in target 'SwiftUINavigationHeader' from project 'SwiftUINavigationHeader')
cd /Users/admin/builder/spi-builder-workspace
builtin-copy -exclude .DS_Store -exclude CVS -exclude .svn -exclude .git -exclude .hg -resolve-src-symlinks -rename /Users/admin/builder/spi-builder-workspace/.derivedData/Build/Intermediates.noindex/SwiftUINavigationHeader.build/Debug-appletvos/SwiftUINavigationHeader-t.build/Objects-normal/arm64/SwiftUINavigationHeader.swiftdoc /Users/admin/builder/spi-builder-workspace/.derivedData/Build/Products/Debug-appletvos/SwiftUINavigationHeader.swiftmodule/arm64-apple-tvos.swiftdoc
Copy /Users/admin/builder/spi-builder-workspace/.derivedData/Build/Products/Debug-appletvos/SwiftUINavigationHeader.swiftmodule/arm64-apple-tvos.abi.json /Users/admin/builder/spi-builder-workspace/.derivedData/Build/Intermediates.noindex/SwiftUINavigationHeader.build/Debug-appletvos/SwiftUINavigationHeader-t.build/Objects-normal/arm64/SwiftUINavigationHeader.abi.json (in target 'SwiftUINavigationHeader' from project 'SwiftUINavigationHeader')
cd /Users/admin/builder/spi-builder-workspace
builtin-copy -exclude .DS_Store -exclude CVS -exclude .svn -exclude .git -exclude .hg -resolve-src-symlinks -rename /Users/admin/builder/spi-builder-workspace/.derivedData/Build/Intermediates.noindex/SwiftUINavigationHeader.build/Debug-appletvos/SwiftUINavigationHeader-t.build/Objects-normal/arm64/SwiftUINavigationHeader.abi.json /Users/admin/builder/spi-builder-workspace/.derivedData/Build/Products/Debug-appletvos/SwiftUINavigationHeader.swiftmodule/arm64-apple-tvos.abi.json
Copy /Users/admin/builder/spi-builder-workspace/.derivedData/Build/Products/Debug-appletvos/SwiftUINavigationHeader.swiftmodule/Project/arm64-apple-tvos.swiftsourceinfo /Users/admin/builder/spi-builder-workspace/.derivedData/Build/Intermediates.noindex/SwiftUINavigationHeader.build/Debug-appletvos/SwiftUINavigationHeader-t.build/Objects-normal/arm64/SwiftUINavigationHeader.swiftsourceinfo (in target 'SwiftUINavigationHeader' from project 'SwiftUINavigationHeader')
cd /Users/admin/builder/spi-builder-workspace
builtin-copy -exclude .DS_Store -exclude CVS -exclude .svn -exclude .git -exclude .hg -resolve-src-symlinks -rename /Users/admin/builder/spi-builder-workspace/.derivedData/Build/Intermediates.noindex/SwiftUINavigationHeader.build/Debug-appletvos/SwiftUINavigationHeader-t.build/Objects-normal/arm64/SwiftUINavigationHeader.swiftsourceinfo /Users/admin/builder/spi-builder-workspace/.derivedData/Build/Products/Debug-appletvos/SwiftUINavigationHeader.swiftmodule/Project/arm64-apple-tvos.swiftsourceinfo
SwiftDriver SwiftUINavigationHeader normal arm64 com.apple.xcode.tools.swift.compiler (in target 'SwiftUINavigationHeader' from project 'SwiftUINavigationHeader')
cd /Users/admin/builder/spi-builder-workspace/.swiftpm/xcode
builtin-SwiftDriver -- /Applications/Xcode-27.0.0-Release.Candidate.app/Contents/Developer/Toolchains/XcodeDefault.xctoolchain/usr/bin/swiftc -parse-as-library -module-name SwiftUINavigationHeader -Onone @/Users/admin/builder/spi-builder-workspace/.derivedData/Build/Intermediates.noindex/SwiftUINavigationHeader.build/Debug-appletvos/SwiftUINavigationHeader-t.build/Objects-normal/arm64/SwiftUINavigationHeader.SwiftFileList -DSWIFT_PACKAGE -DDEBUG -DSWIFT_MODULE_RESOURCE_BUNDLE_UNAVAILABLE -DXcode -plugin-path /Applications/Xcode-27.0.0-Release.Candidate.app/Contents/Developer/Toolchains/XcodeDefault.xctoolchain/usr/lib/swift/host/plugins/testing -enable-experimental-feature DebugDescriptionMacro -sdk /Applications/Xcode-27.0.0-Release.Candidate.app/Contents/Developer/Platforms/AppleTVOS.platform/Developer/SDKs/AppleTVOS27.0.sdk -target arm64-apple-tvos15.0 -g -module-cache-path /Users/admin/builder/spi-builder-workspace/.derivedData/ModuleCache.noindex -Xfrontend -serialize-debugging-options -profile-coverage-mapping -profile-generate -enable-testing -index-store-path /Users/admin/builder/spi-builder-workspace/.derivedData/Index.noindex/DataStore -Xcc -D_LIBCPP_HARDENING_MODE\=_LIBCPP_HARDENING_MODE_DEBUG -swift-version 5 -I /Users/admin/builder/spi-builder-workspace/.derivedData/Build/Products/Debug-appletvos -Isystem /Applications/Xcode-27.0.0-Release.Candidate.app/Contents/Developer/Platforms/AppleTVOS.platform/Developer/usr/lib -F /Users/admin/builder/spi-builder-workspace/.derivedData/Build/Products/Debug-appletvos/PackageFrameworks -F /Users/admin/builder/spi-builder-workspace/.derivedData/Build/Products/Debug-appletvos -F /Applications/Xcode-27.0.0-Release.Candidate.app/Contents/Developer/Platforms/AppleTVOS.platform/Developer/Library/Frameworks -F /Applications/Xcode-27.0.0-Release.Candidate.app/Contents/Developer/Platforms/AppleTVOS.platform/Developer/SDKs/AppleTVOS27.0.sdk/Developer/Library/Frameworks -c -j10 -enable-batch-mode -incremental -Xcc -ivfsstatcache -Xcc /Users/admin/builder/spi-builder-workspace/.derivedData/SDKStatCaches.noindex/appletvos27.0-24J360-e829b21a6f8c9b70876ba0858053c044b32bfd8d43560033f8d89884cdb90028.sdkstatcache -output-file-map /Users/admin/builder/spi-builder-workspace/.derivedData/Build/Intermediates.noindex/SwiftUINavigationHeader.build/Debug-appletvos/SwiftUINavigationHeader-t.build/Objects-normal/arm64/SwiftUINavigationHeader-OutputFileMap.json -save-temps -no-color-diagnostics -explicit-module-build -module-cache-path /Users/admin/builder/spi-builder-workspace/.derivedData/Build/Intermediates.noindex/SwiftExplicitPrecompiledModules -clang-scanner-module-cache-path /Users/admin/builder/spi-builder-workspace/.derivedData/ModuleCache.noindex -sdk-module-cache-path /Users/admin/builder/spi-builder-workspace/.derivedData/SDKExplicitPrecompiledModules -emit-dependencies -emit-module -emit-module-path /Users/admin/builder/spi-builder-workspace/.derivedData/Build/Intermediates.noindex/SwiftUINavigationHeader.build/Debug-appletvos/SwiftUINavigationHeader-t.build/Objects-normal/arm64/SwiftUINavigationHeader.swiftmodule -serialize-diagnostics -dependency-scan-serialize-diagnostics-path /Users/admin/builder/spi-builder-workspace/.derivedData/Build/Intermediates.noindex/SwiftUINavigationHeader.build/Debug-appletvos/SwiftUINavigationHeader-t.build/Objects-normal/arm64/SwiftUINavigationHeader-dependency-scan.dia -validate-clang-modules-once -clang-build-session-file /Users/admin/builder/spi-builder-workspace/.derivedData/ModuleCache.noindex/Session.modulevalidation -Xcc -fmodules-prune-interval\=86400 -Xcc -fmodules-prune-after\=345600 -package-name spi_builder_workspace -emit-const-values -const-gather-protocols-list /Users/admin/builder/spi-builder-workspace/.derivedData/Build/Intermediates.noindex/SwiftUINavigationHeader.build/Debug-appletvos/SwiftUINavigationHeader-t.build/Objects-normal/arm64/SwiftUINavigationHeader_const_extract_protocols.json -Xcc -I/Users/admin/builder/spi-builder-workspace/.derivedData/Build/Products/Debug-appletvos/include -Xcc -I/Users/admin/builder/spi-builder-workspace/.derivedData/Build/Intermediates.noindex/SwiftUINavigationHeader.build/Debug-appletvos/SwiftUINavigationHeader-t.build/DerivedSources-normal/arm64 -Xcc -I/Users/admin/builder/spi-builder-workspace/.derivedData/Build/Intermediates.noindex/SwiftUINavigationHeader.build/Debug-appletvos/SwiftUINavigationHeader-t.build/DerivedSources/arm64 -Xcc -I/Users/admin/builder/spi-builder-workspace/.derivedData/Build/Intermediates.noindex/SwiftUINavigationHeader.build/Debug-appletvos/SwiftUINavigationHeader-t.build/DerivedSources -Xcc -DSWIFT_PACKAGE -Xcc -DDEBUG\=1 -emit-objc-header -emit-objc-header-path /Users/admin/builder/spi-builder-workspace/.derivedData/Build/Intermediates.noindex/SwiftUINavigationHeader.build/Debug-appletvos/SwiftUINavigationHeader-t.build/Objects-normal/arm64/SwiftUINavigationHeader-Swift.h -working-directory /Users/admin/builder/spi-builder-workspace/.swiftpm/xcode -experimental-emit-module-separately -disable-cmo
SwiftDriver SmoothGradient normal arm64 com.apple.xcode.tools.swift.compiler (in target 'SmoothGradient' from project 'SmoothGradient')
cd /Users/admin/builder/spi-builder-workspace/.swiftpm/xcode
builtin-SwiftDriver -- /Applications/Xcode-27.0.0-Release.Candidate.app/Contents/Developer/Toolchains/XcodeDefault.xctoolchain/usr/bin/swiftc -parse-as-library -module-name SmoothGradient -Onone @/Users/admin/builder/spi-builder-workspace/.derivedData/Build/Intermediates.noindex/SmoothGradient.build/Debug-appletvos/SmoothGradient-t.build/Objects-normal/arm64/SmoothGradient.SwiftFileList -DSWIFT_PACKAGE -DDEBUG -DSWIFT_MODULE_RESOURCE_BUNDLE_AVAILABLE -DXcode -plugin-path /Applications/Xcode-27.0.0-Release.Candidate.app/Contents/Developer/Toolchains/XcodeDefault.xctoolchain/usr/lib/swift/host/plugins/testing -enable-experimental-feature DebugDescriptionMacro -sdk /Applications/Xcode-27.0.0-Release.Candidate.app/Contents/Developer/Platforms/AppleTVOS.platform/Developer/SDKs/AppleTVOS27.0.sdk -target arm64-apple-tvos15.0 -g -module-cache-path /Users/admin/builder/spi-builder-workspace/.derivedData/ModuleCache.noindex -Xfrontend -serialize-debugging-options -profile-coverage-mapping -profile-generate -enable-testing -suppress-warnings -index-store-path /Users/admin/builder/spi-builder-workspace/.derivedData/Index.noindex/DataStore -Xcc -D_LIBCPP_HARDENING_MODE\=_LIBCPP_HARDENING_MODE_DEBUG -swift-version 5 -I /Users/admin/builder/spi-builder-workspace/.derivedData/Build/Products/Debug-appletvos -Isystem /Applications/Xcode-27.0.0-Release.Candidate.app/Contents/Developer/Platforms/AppleTVOS.platform/Developer/usr/lib -F /Users/admin/builder/spi-builder-workspace/.derivedData/Build/Products/Debug-appletvos -F /Applications/Xcode-27.0.0-Release.Candidate.app/Contents/Developer/Platforms/AppleTVOS.platform/Developer/Library/Frameworks -F /Applications/Xcode-27.0.0-Release.Candidate.app/Contents/Developer/Platforms/AppleTVOS.platform/Developer/SDKs/AppleTVOS27.0.sdk/Developer/Library/Frameworks -c -j10 -enable-batch-mode -incremental -Xcc -ivfsstatcache -Xcc /Users/admin/builder/spi-builder-workspace/.derivedData/SDKStatCaches.noindex/appletvos27.0-24J360-e829b21a6f8c9b70876ba0858053c044b32bfd8d43560033f8d89884cdb90028.sdkstatcache -output-file-map /Users/admin/builder/spi-builder-workspace/.derivedData/Build/Intermediates.noindex/SmoothGradient.build/Debug-appletvos/SmoothGradient-t.build/Objects-normal/arm64/SmoothGradient-OutputFileMap.json -save-temps -no-color-diagnostics -explicit-module-build -module-cache-path /Users/admin/builder/spi-builder-workspace/.derivedData/Build/Intermediates.noindex/SwiftExplicitPrecompiledModules -clang-scanner-module-cache-path /Users/admin/builder/spi-builder-workspace/.derivedData/ModuleCache.noindex -sdk-module-cache-path /Users/admin/builder/spi-builder-workspace/.derivedData/SDKExplicitPrecompiledModules -emit-dependencies -emit-module -emit-module-path /Users/admin/builder/spi-builder-workspace/.derivedData/Build/Intermediates.noindex/SmoothGradient.build/Debug-appletvos/SmoothGradient-t.build/Objects-normal/arm64/SmoothGradient.swiftmodule -serialize-diagnostics -dependency-scan-serialize-diagnostics-path /Users/admin/builder/spi-builder-workspace/.derivedData/Build/Intermediates.noindex/SmoothGradient.build/Debug-appletvos/SmoothGradient-t.build/Objects-normal/arm64/SmoothGradient-dependency-scan.dia -validate-clang-modules-once -clang-build-session-file /Users/admin/builder/spi-builder-workspace/.derivedData/ModuleCache.noindex/Session.modulevalidation -Xcc -fmodules-prune-interval\=86400 -Xcc -fmodules-prune-after\=345600 -package-name smoothgradient -emit-const-values -const-gather-protocols-list /Users/admin/builder/spi-builder-workspace/.derivedData/Build/Intermediates.noindex/SmoothGradient.build/Debug-appletvos/SmoothGradient-t.build/Objects-normal/arm64/SmoothGradient_const_extract_protocols.json -Xcc -I/Users/admin/builder/spi-builder-workspace/.derivedData/Build/Products/Debug-appletvos/include -Xcc -I/Users/admin/builder/spi-builder-workspace/.derivedData/Build/Intermediates.noindex/SmoothGradient.build/Debug-appletvos/SmoothGradient-t.build/DerivedSources-normal/arm64 -Xcc -I/Users/admin/builder/spi-builder-workspace/.derivedData/Build/Intermediates.noindex/SmoothGradient.build/Debug-appletvos/SmoothGradient-t.build/DerivedSources/arm64 -Xcc -I/Users/admin/builder/spi-builder-workspace/.derivedData/Build/Intermediates.noindex/SmoothGradient.build/Debug-appletvos/SmoothGradient-t.build/DerivedSources -Xcc -DSWIFT_PACKAGE -Xcc -DDEBUG\=1 -emit-objc-header -emit-objc-header-path /Users/admin/builder/spi-builder-workspace/.derivedData/Build/Intermediates.noindex/SmoothGradient.build/Debug-appletvos/SmoothGradient-t.build/Objects-normal/arm64/SmoothGradient-Swift.h -working-directory /Users/admin/builder/spi-builder-workspace/.swiftpm/xcode -experimental-emit-module-separately -disable-cmo
SwiftCompile normal arm64 Compiling\ GradientInterpolator.swift /Users/admin/builder/spi-builder-workspace/.dependencies/checkouts/SmoothGradient/Sources/SmoothGradient/GradientInterpolator.swift (in target 'SmoothGradient' from project 'SmoothGradient')
SwiftCompile normal arm64 /Users/admin/builder/spi-builder-workspace/.dependencies/checkouts/SmoothGradient/Sources/SmoothGradient/GradientInterpolator.swift (in target 'SmoothGradient' from project 'SmoothGradient')
cd /Users/admin/builder/spi-builder-workspace/.swiftpm/xcode
builtin-SwiftPerFileCompile GradientInterpolator.swift
SwiftCompile normal arm64 Compiling\ Curve.swift /Users/admin/builder/spi-builder-workspace/.dependencies/checkouts/SmoothGradient/Sources/SmoothGradient/Curve.swift (in target 'SmoothGradient' from project 'SmoothGradient')
SwiftCompile normal arm64 /Users/admin/builder/spi-builder-workspace/.dependencies/checkouts/SmoothGradient/Sources/SmoothGradient/Curve.swift (in target 'SmoothGradient' from project 'SmoothGradient')
cd /Users/admin/builder/spi-builder-workspace/.swiftpm/xcode
builtin-SwiftPerFileCompile Curve.swift
SwiftEmitModule normal arm64 Emitting\ module\ for\ SmoothGradient (in target 'SmoothGradient' from project 'SmoothGradient')
SwiftCompile normal arm64 (in target 'SmoothGradient' from project 'SmoothGradient')
cd /Users/admin/builder/spi-builder-workspace/.swiftpm/xcode
SwiftCompile normal arm64 Compiling\ CubicBezierCurve.swift /Users/admin/builder/spi-builder-workspace/.dependencies/checkouts/SmoothGradient/Sources/SmoothGradient/CubicBezierCurve.swift (in target 'SmoothGradient' from project 'SmoothGradient')
SwiftCompile normal arm64 /Users/admin/builder/spi-builder-workspace/.dependencies/checkouts/SmoothGradient/Sources/SmoothGradient/CubicBezierCurve.swift (in target 'SmoothGradient' from project 'SmoothGradient')
cd /Users/admin/builder/spi-builder-workspace/.swiftpm/xcode
builtin-SwiftPerFileCompile CubicBezierCurve.swift
SwiftCompile normal arm64 Compiling\ Extensions.swift /Users/admin/builder/spi-builder-workspace/Sources/SwiftUINavigationHeader/Extensions.swift (in target 'SwiftUINavigationHeader' from project 'SwiftUINavigationHeader')
SwiftCompile normal arm64 /Users/admin/builder/spi-builder-workspace/Sources/SwiftUINavigationHeader/Extensions.swift (in target 'SwiftUINavigationHeader' from project 'SwiftUINavigationHeader')
cd /Users/admin/builder/spi-builder-workspace/.swiftpm/xcode
builtin-SwiftPerFileCompile Extensions.swift
SwiftCompile normal arm64 Compiling\ Gradient+Smooth.swift /Users/admin/builder/spi-builder-workspace/.dependencies/checkouts/SmoothGradient/Sources/SmoothGradient/Gradient+Smooth.swift (in target 'SmoothGradient' from project 'SmoothGradient')
SwiftCompile normal arm64 /Users/admin/builder/spi-builder-workspace/.dependencies/checkouts/SmoothGradient/Sources/SmoothGradient/Gradient+Smooth.swift (in target 'SmoothGradient' from project 'SmoothGradient')
cd /Users/admin/builder/spi-builder-workspace/.swiftpm/xcode
builtin-SwiftPerFileCompile Gradient+Smooth.swift
SwiftCompile normal arm64 Compiling\ SwiftUINavigationHeader.swift /Users/admin/builder/spi-builder-workspace/Sources/SwiftUINavigationHeader/SwiftUINavigationHeader.swift (in target 'SwiftUINavigationHeader' from project 'SwiftUINavigationHeader')
SwiftCompile normal arm64 /Users/admin/builder/spi-builder-workspace/Sources/SwiftUINavigationHeader/SwiftUINavigationHeader.swift (in target 'SwiftUINavigationHeader' from project 'SwiftUINavigationHeader')
cd /Users/admin/builder/spi-builder-workspace/.swiftpm/xcode
builtin-SwiftPerFileCompile SwiftUINavigationHeader.swift
/Users/admin/builder/spi-builder-workspace/Sources/SwiftUINavigationHeader/SwiftUINavigationHeader.swift:7:16: error: 'navigationBarTitleDisplayMode' is unavailable in tvOS
5 | @_disfavoredOverload
6 | func navigationBarState(_ barState: BarState, displayMode: NavigationBarItem.TitleDisplayMode = .inline, defaultTintColor: UIColor? = nil) -> some View {
7 | return navigationBarTitleDisplayMode(displayMode)
| `- error: 'navigationBarTitleDisplayMode' is unavailable in tvOS
8 | .overlay(NavigationBarView(state: barState, defaultTintColor: defaultTintColor).frame(width: 0, height: 0))
9 | }
SwiftUI.View.navigationBarTitleDisplayMode:2:25: note: 'navigationBarTitleDisplayMode' has been explicitly marked unavailable here
1 | protocol View {
2 | nonisolated public func navigationBarTitleDisplayMode(_ displayMode: NavigationBarItem.TitleDisplayMode) -> some View
| `- note: 'navigationBarTitleDisplayMode' has been explicitly marked unavailable here
3 | }
4 |
/Users/admin/builder/spi-builder-workspace/Sources/SwiftUINavigationHeader/SwiftUINavigationHeader.swift:12:16: error: 'navigationBarTitleDisplayMode' is unavailable in tvOS
10 |
11 | func navigationBarState(_ barState: BarState, displayMode: NavigationBarItem.TitleDisplayMode = .inline, defaultTintColor: Color) -> some View {
12 | return navigationBarTitleDisplayMode(displayMode)
| `- error: 'navigationBarTitleDisplayMode' is unavailable in tvOS
13 | .overlay(NavigationBarView(state: barState, defaultTintColor: UIColor(defaultTintColor)).frame(width: 0, height: 0))
14 | }
SwiftUI.View.navigationBarTitleDisplayMode:2:25: note: 'navigationBarTitleDisplayMode' has been explicitly marked unavailable here
1 | protocol View {
2 | nonisolated public func navigationBarTitleDisplayMode(_ displayMode: NavigationBarItem.TitleDisplayMode) -> some View
| `- note: 'navigationBarTitleDisplayMode' has been explicitly marked unavailable here
3 | }
4 |
SwiftCompile normal arm64 Compiling\ ToolbarItemExtension.swift /Users/admin/builder/spi-builder-workspace/Sources/SwiftUINavigationHeader/ToolbarItemExtension.swift (in target 'SwiftUINavigationHeader' from project 'SwiftUINavigationHeader')
SwiftCompile normal arm64 /Users/admin/builder/spi-builder-workspace/Sources/SwiftUINavigationHeader/ToolbarItemExtension.swift (in target 'SwiftUINavigationHeader' from project 'SwiftUINavigationHeader')
cd /Users/admin/builder/spi-builder-workspace/.swiftpm/xcode
builtin-SwiftPerFileCompile ToolbarItemExtension.swift
SwiftCompile normal arm64 Compiling\ SmoothLinearGradient.swift /Users/admin/builder/spi-builder-workspace/.dependencies/checkouts/SmoothGradient/Sources/SmoothGradient/SmoothLinearGradient.swift (in target 'SmoothGradient' from project 'SmoothGradient')
SwiftCompile normal arm64 /Users/admin/builder/spi-builder-workspace/.dependencies/checkouts/SmoothGradient/Sources/SmoothGradient/SmoothLinearGradient.swift (in target 'SmoothGradient' from project 'SmoothGradient')
cd /Users/admin/builder/spi-builder-workspace/.swiftpm/xcode
builtin-SwiftPerFileCompile SmoothLinearGradient.swift
SwiftCompile normal arm64 Compiling\ NavigationHeaderContainer.swift /Users/admin/builder/spi-builder-workspace/Sources/SwiftUINavigationHeader/NavigationHeaderContainer.swift (in target 'SwiftUINavigationHeader' from project 'SwiftUINavigationHeader')
/Users/admin/builder/spi-builder-workspace/Sources/SwiftUINavigationHeader/NavigationHeaderContainer.swift:57:41: error: 'SmoothLinearGradient' is only available in tvOS 17.0 or newer
9 | import SmoothGradient
10 |
11 | public struct NavigationHeaderContainer<Header, Content, Toolbar>: View where Header: View, Content: View, Toolbar: ToolbarContent {
| `- note: add '@available' attribute to enclosing generic struct
12 | let header: Header
13 | let content: Content
:
37 | }
38 |
39 | public var body: some View {
| `- note: add '@available' attribute to enclosing property
40 | GeometryReader { outerGeo in
41 | ScrollView {
:
55 | if #available(iOS 17.0, *) {
56 | // clear color must be represented as same color with opacity 0 to not have e.g. `black` leak in when transitioning from white
57 | SmoothLinearGradient(from: self.topGradientTopColor, to: self.topGradientTopColor.opacity(0.0), startPoint: .top, endPoint: .bottom)
| |- error: 'SmoothLinearGradient' is only available in tvOS 17.0 or newer
| `- note: add 'if #available' version check
58 | } else {
59 | LinearGradient(gradient: self.topGradient, startPoint: .top, endPoint: .bottom)
/Users/admin/builder/spi-builder-workspace/Sources/SwiftUINavigationHeader/NavigationHeaderContainer.swift:75:45: error: 'SmoothLinearGradient' is only available in tvOS 17.0 or newer
9 | import SmoothGradient
10 |
11 | public struct NavigationHeaderContainer<Header, Content, Toolbar>: View where Header: View, Content: View, Toolbar: ToolbarContent {
| `- note: add '@available' attribute to enclosing generic struct
12 | let header: Header
13 | let content: Content
:
37 | }
38 |
39 | public var body: some View {
| `- note: add '@available' attribute to enclosing property
40 | GeometryReader { outerGeo in
41 | ScrollView {
:
73 | if #available(iOS 17.0, *) {
74 | // clear color must be represented as same color with opacity 0 to not have e.g. `black` leak in when transitioning from white
75 | SmoothLinearGradient(from: Color(.systemBackground).opacity(0.0), to: Color(.systemBackground), startPoint: .center, endPoint: .bottom)
| |- error: 'SmoothLinearGradient' is only available in tvOS 17.0 or newer
| `- note: add 'if #available' version check
76 | } else {
77 | LinearGradient(gradient: Gradient(colors: [.clear, Color(.systemBackground)]), startPoint: .center, endPoint: .bottom)
/Users/admin/builder/spi-builder-workspace/Sources/SwiftUINavigationHeader/NavigationHeaderContainer.swift:75:79: error: 'systemBackground' is unavailable in tvOS
73 | if #available(iOS 17.0, *) {
74 | // clear color must be represented as same color with opacity 0 to not have e.g. `black` leak in when transitioning from white
75 | SmoothLinearGradient(from: Color(.systemBackground).opacity(0.0), to: Color(.systemBackground), startPoint: .center, endPoint: .bottom)
| `- error: 'systemBackground' is unavailable in tvOS
76 | } else {
77 | LinearGradient(gradient: Gradient(colors: [.clear, Color(.systemBackground)]), startPoint: .center, endPoint: .bottom)
/Applications/Xcode-27.0.0-Release.Candidate.app/Contents/Developer/Platforms/AppleTVOS.platform/Developer/SDKs/AppleTVOS27.0.sdk/System/Library/Frameworks/UIKit.framework/Headers/UIInterface.h:208:49: note: 'systemBackground' has been explicitly marked unavailable here
206 | * primary background in light mode.
207 | */
208 | @property (class, nonatomic, readonly) UIColor *systemBackgroundColor API_AVAILABLE(ios(13.0)) API_UNAVAILABLE(tvos, watchos);
| `- note: 'systemBackground' has been explicitly marked unavailable here
209 | @property (class, nonatomic, readonly) UIColor *secondarySystemBackgroundColor API_AVAILABLE(ios(13.0)) API_UNAVAILABLE(tvos, watchos);
210 | @property (class, nonatomic, readonly) UIColor *tertiarySystemBackgroundColor API_AVAILABLE(ios(13.0)) API_UNAVAILABLE(tvos, watchos);
/Users/admin/builder/spi-builder-workspace/Sources/SwiftUINavigationHeader/NavigationHeaderContainer.swift:75:122: error: 'systemBackground' is unavailable in tvOS
73 | if #available(iOS 17.0, *) {
74 | // clear color must be represented as same color with opacity 0 to not have e.g. `black` leak in when transitioning from white
75 | SmoothLinearGradient(from: Color(.systemBackground).opacity(0.0), to: Color(.systemBackground), startPoint: .center, endPoint: .bottom)
| `- error: 'systemBackground' is unavailable in tvOS
76 | } else {
77 | LinearGradient(gradient: Gradient(colors: [.clear, Color(.systemBackground)]), startPoint: .center, endPoint: .bottom)
/Applications/Xcode-27.0.0-Release.Candidate.app/Contents/Developer/Platforms/AppleTVOS.platform/Developer/SDKs/AppleTVOS27.0.sdk/System/Library/Frameworks/UIKit.framework/Headers/UIInterface.h:208:49: note: 'systemBackground' has been explicitly marked unavailable here
206 | * primary background in light mode.
207 | */
208 | @property (class, nonatomic, readonly) UIColor *systemBackgroundColor API_AVAILABLE(ios(13.0)) API_UNAVAILABLE(tvos, watchos);
| `- note: 'systemBackground' has been explicitly marked unavailable here
209 | @property (class, nonatomic, readonly) UIColor *secondarySystemBackgroundColor API_AVAILABLE(ios(13.0)) API_UNAVAILABLE(tvos, watchos);
210 | @property (class, nonatomic, readonly) UIColor *tertiarySystemBackgroundColor API_AVAILABLE(ios(13.0)) API_UNAVAILABLE(tvos, watchos);
/Users/admin/builder/spi-builder-workspace/Sources/SwiftUINavigationHeader/NavigationHeaderContainer.swift:77:103: error: 'systemBackground' is unavailable in tvOS
75 | SmoothLinearGradient(from: Color(.systemBackground).opacity(0.0), to: Color(.systemBackground), startPoint: .center, endPoint: .bottom)
76 | } else {
77 | LinearGradient(gradient: Gradient(colors: [.clear, Color(.systemBackground)]), startPoint: .center, endPoint: .bottom)
| `- error: 'systemBackground' is unavailable in tvOS
78 | }
79 | }
/Applications/Xcode-27.0.0-Release.Candidate.app/Contents/Developer/Platforms/AppleTVOS.platform/Developer/SDKs/AppleTVOS27.0.sdk/System/Library/Frameworks/UIKit.framework/Headers/UIInterface.h:208:49: note: 'systemBackground' has been explicitly marked unavailable here
206 | * primary background in light mode.
207 | */
208 | @property (class, nonatomic, readonly) UIColor *systemBackgroundColor API_AVAILABLE(ios(13.0)) API_UNAVAILABLE(tvos, watchos);
| `- note: 'systemBackground' has been explicitly marked unavailable here
209 | @property (class, nonatomic, readonly) UIColor *secondarySystemBackgroundColor API_AVAILABLE(ios(13.0)) API_UNAVAILABLE(tvos, watchos);
210 | @property (class, nonatomic, readonly) UIColor *tertiarySystemBackgroundColor API_AVAILABLE(ios(13.0)) API_UNAVAILABLE(tvos, watchos);
/Users/admin/builder/spi-builder-workspace/Sources/SwiftUINavigationHeader/NavigationHeaderContainer.swift:147:30: warning: 'windows' was deprecated in tvOS 15.0: Use UIWindowScene.windows on a relevant window scene instead [#DeprecatedDeclaration]
145 |
146 | private var safeAreaTop: CGFloat {
147 | UIApplication.shared.windows.first?.safeAreaInsets.top ?? 0
| `- warning: 'windows' was deprecated in tvOS 15.0: Use UIWindowScene.windows on a relevant window scene instead [#DeprecatedDeclaration]
148 | }
149 |
/Users/admin/builder/spi-builder-workspace/Sources/SwiftUINavigationHeader/NavigationHeaderContainer.swift:170:20: error: 'systemBackground' is unavailable in tvOS
168 | .black.opacity(colorScheme == .light ? 0.5 : 0.3)
169 | } else {
170 | Color(.systemBackground).opacity(0.3)
| `- error: 'systemBackground' is unavailable in tvOS
171 | }
172 | }
/Applications/Xcode-27.0.0-Release.Candidate.app/Contents/Developer/Platforms/AppleTVOS.platform/Developer/SDKs/AppleTVOS27.0.sdk/System/Library/Frameworks/UIKit.framework/Headers/UIInterface.h:208:49: note: 'systemBackground' has been explicitly marked unavailable here
206 | * primary background in light mode.
207 | */
208 | @property (class, nonatomic, readonly) UIColor *systemBackgroundColor API_AVAILABLE(ios(13.0)) API_UNAVAILABLE(tvos, watchos);
| `- note: 'systemBackground' has been explicitly marked unavailable here
209 | @property (class, nonatomic, readonly) UIColor *secondarySystemBackgroundColor API_AVAILABLE(ios(13.0)) API_UNAVAILABLE(tvos, watchos);
210 | @property (class, nonatomic, readonly) UIColor *tertiarySystemBackgroundColor API_AVAILABLE(ios(13.0)) API_UNAVAILABLE(tvos, watchos);
[#DeprecatedDeclaration]: <https://docs.swift.org/compiler/documentation/diagnostics/deprecated-declaration>
Failed frontend command:
/Applications/Xcode-27.0.0-Release.Candidate.app/Contents/Developer/Toolchains/XcodeDefault.xctoolchain/usr/bin/swift-frontend -frontend -c /Users/admin/builder/spi-builder-workspace/Sources/SwiftUINavigationHeader/ColorComparison.swift /Users/admin/builder/spi-builder-workspace/Sources/SwiftUINavigationHeader/Extensions.swift -primary-file /Users/admin/builder/spi-builder-workspace/Sources/SwiftUINavigationHeader/NavigationHeaderContainer.swift /Users/admin/builder/spi-builder-workspace/Sources/SwiftUINavigationHeader/SwiftUINavigationHeader.swift /Users/admin/builder/spi-builder-workspace/Sources/SwiftUINavigationHeader/ToolbarItemExtension.swift -emit-dependencies-path /Users/admin/builder/spi-builder-workspace/.derivedData/Build/Intermediates.noindex/SwiftUINavigationHeader.build/Debug-appletvos/SwiftUINavigationHeader-t.build/Objects-normal/arm64/NavigationHeaderContainer.d -emit-const-values-path /Users/admin/builder/spi-builder-workspace/.derivedData/Build/Intermediates.noindex/SwiftUINavigationHeader.build/Debug-appletvos/SwiftUINavigationHeader-t.build/Objects-normal/arm64/NavigationHeaderContainer.swiftconstvalues -emit-reference-dependencies-path /Users/admin/builder/spi-builder-workspace/.derivedData/Build/Intermediates.noindex/SwiftUINavigationHeader.build/Debug-appletvos/SwiftUINavigationHeader-t.build/Objects-normal/arm64/NavigationHeaderContainer.swiftdeps -serialize-diagnostics-path /Users/admin/builder/spi-builder-workspace/.derivedData/Build/Intermediates.noindex/SwiftUINavigationHeader.build/Debug-appletvos/SwiftUINavigationHeader-t.build/Objects-normal/arm64/NavigationHeaderContainer.dia -target arm64-apple-tvos15.0 -disable-cross-import-overlay-search -load-resolved-plugin /Applications/Xcode-27.0.0-Release.Candidate.app/Contents/Developer/Platforms/AppleTVOS.platform/Developer/usr/lib/swift/host/plugins/libFoundationMacros.dylib\#/Applications/Xcode-27.0.0-Release.Candidate.app/Contents/Developer/Platforms/AppleTVOS.platform/Developer/usr/bin/swift-plugin-server\#FoundationMacros -load-resolved-plugin /Applications/Xcode-27.0.0-Release.Candidate.app/Contents/Developer/Platforms/AppleTVOS.platform/Developer/usr/lib/swift/host/plugins/libObservationMacros.dylib\#/Applications/Xcode-27.0.0-Release.Candidate.app/Contents/Developer/Platforms/AppleTVOS.platform/Developer/usr/bin/swift-plugin-server\#ObservationMacros -load-resolved-plugin /Applications/Xcode-27.0.0-Release.Candidate.app/Contents/Developer/Platforms/AppleTVOS.platform/Developer/usr/lib/swift/host/plugins/libPreviewsMacros.dylib\#/Applications/Xcode-27.0.0-Release.Candidate.app/Contents/Developer/Platforms/AppleTVOS.platform/Developer/usr/bin/swift-plugin-server\#PreviewsMacros -load-resolved-plugin /Applications/Xcode-27.0.0-Release.Candidate.app/Contents/Developer/Platforms/AppleTVOS.platform/Developer/usr/lib/swift/host/plugins/libSwiftMacros.dylib\#/Applications/Xcode-27.0.0-Release.Candidate.app/Contents/Developer/Platforms/AppleTVOS.platform/Developer/usr/bin/swift-plugin-server\#SwiftMacros -load-resolved-plugin /Applications/Xcode-27.0.0-Release.Candidate.app/Contents/Developer/Platforms/AppleTVOS.platform/Developer/usr/lib/swift/host/plugins/libSwiftUIMacros.dylib\#/Applications/Xcode-27.0.0-Release.Candidate.app/Contents/Developer/Platforms/AppleTVOS.platform/Developer/usr/bin/swift-plugin-server\#SwiftUIMacros -disable-implicit-swift-modules -Xcc -fno-implicit-modules -Xcc -fno-implicit-module-maps -explicit-swift-module-map-file /Users/admin/builder/spi-builder-workspace/.derivedData/Build/Intermediates.noindex/SwiftUINavigationHeader.build/Debug-appletvos/SwiftUINavigationHeader-t.build/Objects-normal/arm64/SwiftUINavigationHeader-dependencies-1.json -Xllvm -aarch64-use-tbi -enable-objc-interop -stack-check -sdk /Applications/Xcode-27.0.0-Release.Candidate.app/Contents/Developer/Platforms/AppleTVOS.platform/Developer/SDKs/AppleTVOS27.0.sdk -I /Users/admin/builder/spi-builder-workspace/.derivedData/Build/Products/Debug-appletvos -Isystem /Applications/Xcode-27.0.0-Release.Candidate.app/Contents/Developer/Platforms/AppleTVOS.platform/Developer/usr/lib -F /Users/admin/builder/spi-builder-workspace/.derivedData/Build/Products/Debug-appletvos/PackageFrameworks -F /Users/admin/builder/spi-builder-workspace/.derivedData/Build/Products/Debug-appletvos -F /Applications/Xcode-27.0.0-Release.Candidate.app/Contents/Developer/Platforms/AppleTVOS.platform/Developer/Library/Frameworks -F /Applications/Xcode-27.0.0-Release.Candidate.app/Contents/Developer/Platforms/AppleTVOS.platform/Developer/SDKs/AppleTVOS27.0.sdk/Developer/Library/Frameworks -module-cache-path /Users/admin/builder/spi-builder-workspace/.derivedData/Build/Intermediates.noindex/SwiftExplicitPrecompiledModules -no-color-diagnostics -Xcc -fno-color-diagnostics -enable-testing -g -debug-info-format\=dwarf -dwarf-version\=4 -profile-generate -profile-coverage-mapping -swift-version 5 -Onone -D SWIFT_PACKAGE -D DEBUG -D SWIFT_MODULE_RESOURCE_BUNDLE_UNAVAILABLE -D Xcode -serialize-debugging-options -enable-experimental-feature DebugDescriptionMacro -empty-abi-descriptor -validate-clang-modules-once -clang-build-session-file /Users/admin/builder/spi-builder-workspace/.derivedData/ModuleCache.noindex/Session.modulevalidation -Xcc -working-directory -Xcc /Users/admin/builder/spi-builder-workspace/.swiftpm/xcode -enable-anonymous-context-mangled-names -file-compilation-dir /Users/admin/builder/spi-builder-workspace/.swiftpm/xcode -Xcc -D_LIBCPP_HARDENING_MODE\=_LIBCPP_HARDENING_MODE_DEBUG -Xcc -ivfsstatcache -Xcc /Users/admin/builder/spi-builder-workspace/.derivedData/SDKStatCaches.noindex/appletvos27.0-24J360-e829b21a6f8c9b70876ba0858053c044b32bfd8d43560033f8d89884cdb90028.sdkstatcache -Xcc -fmodules-prune-interval\=86400 -Xcc -fmodules-prune-after\=345600 -Xcc -I/Users/admin/builder/spi-builder-workspace/.derivedData/Build/Products/Debug-appletvos/include -Xcc -I/Users/admin/builder/spi-builder-workspace/.derivedData/Build/Intermediates.noindex/SwiftUINavigationHeader.build/Debug-appletvos/SwiftUINavigationHeader-t.build/DerivedSources-normal/arm64 -Xcc -I/Users/admin/builder/spi-builder-workspace/.derivedData/Build/Intermediates.noindex/SwiftUINavigationHeader.build/Debug-appletvos/SwiftUINavigationHeader-t.build/DerivedSources/arm64 -Xcc -I/Users/admin/builder/spi-builder-workspace/.derivedData/Build/Intermediates.noindex/SwiftUINavigationHeader.build/Debug-appletvos/SwiftUINavigationHeader-t.build/DerivedSources -Xcc -DSWIFT_PACKAGE -Xcc -DDEBUG\=1 -no-auto-bridging-header-chaining -module-name SwiftUINavigationHeader -package-name spi_builder_workspace -const-gather-protocols-file /Users/admin/builder/spi-builder-workspace/.derivedData/Build/Intermediates.noindex/SwiftUINavigationHeader.build/Debug-appletvos/SwiftUINavigationHeader-t.build/Objects-normal/arm64/SwiftUINavigationHeader_const_extract_protocols.json -disable-clang-spi -clang-target arm64-apple-tvos27.0 -target-sdk-version 27.0 -target-sdk-name appletvos27.0 -in-process-plugin-server-path /Applications/Xcode-27.0.0-Release.Candidate.app/Contents/Developer/Toolchains/XcodeDefault.xctoolchain/usr/lib/swift/host/libSwiftInProcPluginServer.dylib -parse-as-library -o /Users/admin/builder/spi-builder-workspace/.derivedData/Build/Intermediates.noindex/SwiftUINavigationHeader.build/Debug-appletvos/SwiftUINavigationHeader-t.build/Objects-normal/arm64/NavigationHeaderContainer.o -debug-module-path /Users/admin/builder/spi-builder-workspace/.derivedData/Build/Intermediates.noindex/SwiftUINavigationHeader.build/Debug-appletvos/SwiftUINavigationHeader-t.build/Objects-normal/arm64/SwiftUINavigationHeader.swiftmodule -index-unit-output-path /SwiftUINavigationHeader.build/Debug-appletvos/SwiftUINavigationHeader-t.build/Objects-normal/arm64/NavigationHeaderContainer.o -index-store-path /Users/admin/builder/spi-builder-workspace/.derivedData/Index.noindex/DataStore -index-system-modules
SwiftCompile normal arm64 /Users/admin/builder/spi-builder-workspace/Sources/SwiftUINavigationHeader/NavigationHeaderContainer.swift (in target 'SwiftUINavigationHeader' from project 'SwiftUINavigationHeader')
cd /Users/admin/builder/spi-builder-workspace/.swiftpm/xcode
builtin-SwiftPerFileCompile NavigationHeaderContainer.swift
SwiftEmitModule normal arm64 Emitting\ module\ for\ SwiftUINavigationHeader (in target 'SwiftUINavigationHeader' from project 'SwiftUINavigationHeader')
SwiftCompile normal arm64 (in target 'SwiftUINavigationHeader' from project 'SwiftUINavigationHeader')
cd /Users/admin/builder/spi-builder-workspace/.swiftpm/xcode
SwiftDriverJobDiscovery normal arm64 Compiling Curve.swift (in target 'SmoothGradient' from project 'SmoothGradient')
SwiftDriverJobDiscovery normal arm64 Compiling ToolbarItemExtension.swift (in target 'SwiftUINavigationHeader' from project 'SwiftUINavigationHeader')
SwiftDriverJobDiscovery normal arm64 Compiling SmoothLinearGradient.swift (in target 'SmoothGradient' from project 'SmoothGradient')
SwiftDriverJobDiscovery normal arm64 Compiling GradientInterpolator.swift (in target 'SmoothGradient' from project 'SmoothGradient')
SwiftDriverJobDiscovery normal arm64 Compiling Gradient+Smooth.swift (in target 'SmoothGradient' from project 'SmoothGradient')
SwiftDriverJobDiscovery normal arm64 Compiling Extensions.swift (in target 'SwiftUINavigationHeader' from project 'SwiftUINavigationHeader')
SwiftCompile normal arm64 Compiling\ ColorComparison.swift /Users/admin/builder/spi-builder-workspace/Sources/SwiftUINavigationHeader/ColorComparison.swift (in target 'SwiftUINavigationHeader' from project 'SwiftUINavigationHeader')
SwiftCompile normal arm64 /Users/admin/builder/spi-builder-workspace/Sources/SwiftUINavigationHeader/ColorComparison.swift (in target 'SwiftUINavigationHeader' from project 'SwiftUINavigationHeader')
cd /Users/admin/builder/spi-builder-workspace/.swiftpm/xcode
builtin-SwiftPerFileCompile ColorComparison.swift
PruneExplicitPrecompiledModules /Users/admin/builder/spi-builder-workspace/.derivedData/Build/Intermediates.noindex/ExplicitPrecompiledModules
PruneExplicitPrecompiledModules /Users/admin/builder/spi-builder-workspace/.derivedData/Build/Intermediates.noindex/SwiftExplicitPrecompiledModules
PruneExplicitPrecompiledModules /Users/admin/builder/spi-builder-workspace/.derivedData/SDKExplicitPrecompiledModules
2026-09-23 01:07:11.911 xcodebuild[826:4839] [MT] IDERunDestination: Supported platforms for the buildables in the current scheme is empty.
** BUILD FAILED **
The following build commands failed:
SwiftCompile normal arm64 Compiling\ NavigationHeaderContainer.swift /Users/admin/builder/spi-builder-workspace/Sources/SwiftUINavigationHeader/NavigationHeaderContainer.swift (in target 'SwiftUINavigationHeader' from project 'SwiftUINavigationHeader')
SwiftCompile normal arm64 /Users/admin/builder/spi-builder-workspace/Sources/SwiftUINavigationHeader/NavigationHeaderContainer.swift (in target 'SwiftUINavigationHeader' from project 'SwiftUINavigationHeader')
Building workspace SwiftUINavigationHeader with scheme SwiftUINavigationHeader
(3 failures)
BUILD FAILURE 6.4 tvOS