The Swift Package Index logo.Swift Package Index

Build Information

Failed to build NebiusForFoundationModels, reference v1.0.0 (87c7e1), with Swift 6.4 for visionOS using Xcode 27.0 on 22 Oct 2026 13:19:58 UTC.

Build Command

env DEVELOPER_DIR=/Applications/Xcode-27.0.0.app xcrun xcodebuild -IDEClonedSourcePackagesDirPathOverride=$PWD/.dependencies -skipMacroValidation -skipPackagePluginValidation -derivedDataPath $PWD/.derivedData build -scheme NebiusForFoundationModels-Package -destination generic/platform=xrOS

Build Log

SwiftDriverJobDiscovery normal arm64 Emitting module for NebiusAPI (in target 'NebiusAPI' from project 'NebiusForFoundationModels')
SwiftCompile normal arm64 Compiling\ ChatCompletionsTypes.swift /Users/admin/builder/spi-builder-workspace/Sources/NebiusAPI/ChatCompletionsTypes.swift (in target 'NebiusAPI' from project 'NebiusForFoundationModels')
SwiftCompile normal arm64 /Users/admin/builder/spi-builder-workspace/Sources/NebiusAPI/ChatCompletionsTypes.swift (in target 'NebiusAPI' from project 'NebiusForFoundationModels')
    cd /Users/admin/builder/spi-builder-workspace/.swiftpm/xcode
    builtin-SwiftPerFileCompile ChatCompletionsTypes.swift
SwiftDriverJobDiscovery normal arm64 Emitting module for TavilyAPI (in target 'TavilyAPI' from project 'NebiusForFoundationModels')
SwiftDriver\ Compilation\ Requirements NebiusAPI normal arm64 com.apple.xcode.tools.swift.compiler (in target 'NebiusAPI' from project 'NebiusForFoundationModels')
    cd /Users/admin/builder/spi-builder-workspace/.swiftpm/xcode
    builtin-Swift-Compilation-Requirements -- /Applications/Xcode-27.0.0.app/Contents/Developer/Toolchains/XcodeDefault.xctoolchain/usr/bin/swiftc -parse-as-library -module-name NebiusAPI -Onone @/Users/admin/builder/spi-builder-workspace/.derivedData/Build/Intermediates.noindex/NebiusForFoundationModels.build/Debug-xros/NebiusAPI-t.build/Objects-normal/arm64/NebiusAPI.SwiftFileList -DSWIFT_PACKAGE -DDEBUG -DSWIFT_MODULE_RESOURCE_BUNDLE_UNAVAILABLE -DXcode -plugin-path /Applications/Xcode-27.0.0.app/Contents/Developer/Toolchains/XcodeDefault.xctoolchain/usr/lib/swift/host/plugins/testing -enable-experimental-feature DebugDescriptionMacro -sdk /Applications/Xcode-27.0.0.app/Contents/Developer/Platforms/XROS.platform/Developer/SDKs/XROS27.0.sdk -target arm64-apple-xros1.0 -g -module-cache-path /Users/admin/builder/spi-builder-workspace/.derivedData/ModuleCache.noindex -Xfrontend -serialize-debugging-options -profile-coverage-mapping -profile-generate -enable-testing -index-store-path /Users/admin/builder/spi-builder-workspace/.derivedData/Index.noindex/DataStore -Xcc -D_LIBCPP_HARDENING_MODE\=_LIBCPP_HARDENING_MODE_DEBUG -swift-version 6 -I /Users/admin/builder/spi-builder-workspace/.derivedData/Build/Products/Debug-xros -Isystem /Applications/Xcode-27.0.0.app/Contents/Developer/Platforms/XROS.platform/Developer/usr/lib -F /Users/admin/builder/spi-builder-workspace/.derivedData/Build/Products/Debug-xros -F /Applications/Xcode-27.0.0.app/Contents/Developer/Platforms/XROS.platform/Developer/Library/Frameworks -F /Applications/Xcode-27.0.0.app/Contents/Developer/Platforms/XROS.platform/Developer/SDKs/XROS27.0.sdk/Developer/Library/Frameworks -c -j10 -enable-batch-mode -incremental -Xcc -ivfsstatcache -Xcc /Users/admin/builder/spi-builder-workspace/.derivedData/SDKStatCaches.noindex/xros27.0-24M361-e829b21a6f8c9b70876ba0858053c04489c3c372b822c72ca60ec5271cbc7f3c.sdkstatcache -output-file-map /Users/admin/builder/spi-builder-workspace/.derivedData/Build/Intermediates.noindex/NebiusForFoundationModels.build/Debug-xros/NebiusAPI-t.build/Objects-normal/arm64/NebiusAPI-OutputFileMap.json -save-temps -no-color-diagnostics -explicit-module-build -module-cache-path /Users/admin/builder/spi-builder-workspace/.derivedData/Build/Intermediates.noindex/SwiftExplicitPrecompiledModules -clang-scanner-module-cache-path /Users/admin/builder/spi-builder-workspace/.derivedData/ModuleCache.noindex -sdk-module-cache-path /Users/admin/builder/spi-builder-workspace/.derivedData/SDKExplicitPrecompiledModules -emit-dependencies -emit-module -emit-module-path /Users/admin/builder/spi-builder-workspace/.derivedData/Build/Intermediates.noindex/NebiusForFoundationModels.build/Debug-xros/NebiusAPI-t.build/Objects-normal/arm64/NebiusAPI.swiftmodule -serialize-diagnostics -dependency-scan-serialize-diagnostics-path /Users/admin/builder/spi-builder-workspace/.derivedData/Build/Intermediates.noindex/NebiusForFoundationModels.build/Debug-xros/NebiusAPI-t.build/Objects-normal/arm64/NebiusAPI-dependency-scan.dia -validate-clang-modules-once -clang-build-session-file /Users/admin/builder/spi-builder-workspace/.derivedData/ModuleCache.noindex/Session.modulevalidation -Xcc -fmodules-prune-interval\=86400 -Xcc -fmodules-prune-after\=345600 -package-name spi_builder_workspace -emit-const-values -const-gather-protocols-list /Users/admin/builder/spi-builder-workspace/.derivedData/Build/Intermediates.noindex/NebiusForFoundationModels.build/Debug-xros/NebiusAPI-t.build/Objects-normal/arm64/NebiusAPI_const_extract_protocols.json -Xcc -I/Users/admin/builder/spi-builder-workspace/.derivedData/Build/Products/Debug-xros/include -Xcc -I/Users/admin/builder/spi-builder-workspace/.derivedData/Build/Intermediates.noindex/NebiusForFoundationModels.build/Debug-xros/NebiusAPI-t.build/DerivedSources-normal/arm64 -Xcc -I/Users/admin/builder/spi-builder-workspace/.derivedData/Build/Intermediates.noindex/NebiusForFoundationModels.build/Debug-xros/NebiusAPI-t.build/DerivedSources/arm64 -Xcc -I/Users/admin/builder/spi-builder-workspace/.derivedData/Build/Intermediates.noindex/NebiusForFoundationModels.build/Debug-xros/NebiusAPI-t.build/DerivedSources -Xcc -DSWIFT_PACKAGE -Xcc -DDEBUG\=1 -emit-objc-header -emit-objc-header-path /Users/admin/builder/spi-builder-workspace/.derivedData/Build/Intermediates.noindex/NebiusForFoundationModels.build/Debug-xros/NebiusAPI-t.build/Objects-normal/arm64/NebiusAPI-Swift.h -working-directory /Users/admin/builder/spi-builder-workspace/.swiftpm/xcode -experimental-emit-module-separately -disable-cmo
SwiftDriver\ Compilation\ Requirements TavilyAPI normal arm64 com.apple.xcode.tools.swift.compiler (in target 'TavilyAPI' from project 'NebiusForFoundationModels')
    cd /Users/admin/builder/spi-builder-workspace/.swiftpm/xcode
    builtin-Swift-Compilation-Requirements -- /Applications/Xcode-27.0.0.app/Contents/Developer/Toolchains/XcodeDefault.xctoolchain/usr/bin/swiftc -parse-as-library -module-name TavilyAPI -Onone @/Users/admin/builder/spi-builder-workspace/.derivedData/Build/Intermediates.noindex/NebiusForFoundationModels.build/Debug-xros/TavilyAPI-t.build/Objects-normal/arm64/TavilyAPI.SwiftFileList -DSWIFT_PACKAGE -DDEBUG -DSWIFT_MODULE_RESOURCE_BUNDLE_UNAVAILABLE -DXcode -plugin-path /Applications/Xcode-27.0.0.app/Contents/Developer/Toolchains/XcodeDefault.xctoolchain/usr/lib/swift/host/plugins/testing -enable-experimental-feature DebugDescriptionMacro -sdk /Applications/Xcode-27.0.0.app/Contents/Developer/Platforms/XROS.platform/Developer/SDKs/XROS27.0.sdk -target arm64-apple-xros1.0 -g -module-cache-path /Users/admin/builder/spi-builder-workspace/.derivedData/ModuleCache.noindex -Xfrontend -serialize-debugging-options -profile-coverage-mapping -profile-generate -enable-testing -index-store-path /Users/admin/builder/spi-builder-workspace/.derivedData/Index.noindex/DataStore -Xcc -D_LIBCPP_HARDENING_MODE\=_LIBCPP_HARDENING_MODE_DEBUG -swift-version 6 -I /Users/admin/builder/spi-builder-workspace/.derivedData/Build/Products/Debug-xros -Isystem /Applications/Xcode-27.0.0.app/Contents/Developer/Platforms/XROS.platform/Developer/usr/lib -F /Users/admin/builder/spi-builder-workspace/.derivedData/Build/Products/Debug-xros -F /Applications/Xcode-27.0.0.app/Contents/Developer/Platforms/XROS.platform/Developer/Library/Frameworks -F /Applications/Xcode-27.0.0.app/Contents/Developer/Platforms/XROS.platform/Developer/SDKs/XROS27.0.sdk/Developer/Library/Frameworks -c -j10 -enable-batch-mode -incremental -Xcc -ivfsstatcache -Xcc /Users/admin/builder/spi-builder-workspace/.derivedData/SDKStatCaches.noindex/xros27.0-24M361-e829b21a6f8c9b70876ba0858053c04489c3c372b822c72ca60ec5271cbc7f3c.sdkstatcache -output-file-map /Users/admin/builder/spi-builder-workspace/.derivedData/Build/Intermediates.noindex/NebiusForFoundationModels.build/Debug-xros/TavilyAPI-t.build/Objects-normal/arm64/TavilyAPI-OutputFileMap.json -save-temps -no-color-diagnostics -explicit-module-build -module-cache-path /Users/admin/builder/spi-builder-workspace/.derivedData/Build/Intermediates.noindex/SwiftExplicitPrecompiledModules -clang-scanner-module-cache-path /Users/admin/builder/spi-builder-workspace/.derivedData/ModuleCache.noindex -sdk-module-cache-path /Users/admin/builder/spi-builder-workspace/.derivedData/SDKExplicitPrecompiledModules -emit-dependencies -emit-module -emit-module-path /Users/admin/builder/spi-builder-workspace/.derivedData/Build/Intermediates.noindex/NebiusForFoundationModels.build/Debug-xros/TavilyAPI-t.build/Objects-normal/arm64/TavilyAPI.swiftmodule -serialize-diagnostics -dependency-scan-serialize-diagnostics-path /Users/admin/builder/spi-builder-workspace/.derivedData/Build/Intermediates.noindex/NebiusForFoundationModels.build/Debug-xros/TavilyAPI-t.build/Objects-normal/arm64/TavilyAPI-dependency-scan.dia -validate-clang-modules-once -clang-build-session-file /Users/admin/builder/spi-builder-workspace/.derivedData/ModuleCache.noindex/Session.modulevalidation -Xcc -fmodules-prune-interval\=86400 -Xcc -fmodules-prune-after\=345600 -package-name spi_builder_workspace -emit-const-values -const-gather-protocols-list /Users/admin/builder/spi-builder-workspace/.derivedData/Build/Intermediates.noindex/NebiusForFoundationModels.build/Debug-xros/TavilyAPI-t.build/Objects-normal/arm64/TavilyAPI_const_extract_protocols.json -Xcc -I/Users/admin/builder/spi-builder-workspace/.derivedData/Build/Products/Debug-xros/include -Xcc -I/Users/admin/builder/spi-builder-workspace/.derivedData/Build/Intermediates.noindex/NebiusForFoundationModels.build/Debug-xros/TavilyAPI-t.build/DerivedSources-normal/arm64 -Xcc -I/Users/admin/builder/spi-builder-workspace/.derivedData/Build/Intermediates.noindex/NebiusForFoundationModels.build/Debug-xros/TavilyAPI-t.build/DerivedSources/arm64 -Xcc -I/Users/admin/builder/spi-builder-workspace/.derivedData/Build/Intermediates.noindex/NebiusForFoundationModels.build/Debug-xros/TavilyAPI-t.build/DerivedSources -Xcc -DSWIFT_PACKAGE -Xcc -DDEBUG\=1 -emit-objc-header -emit-objc-header-path /Users/admin/builder/spi-builder-workspace/.derivedData/Build/Intermediates.noindex/NebiusForFoundationModels.build/Debug-xros/TavilyAPI-t.build/Objects-normal/arm64/TavilyAPI-Swift.h -working-directory /Users/admin/builder/spi-builder-workspace/.swiftpm/xcode -experimental-emit-module-separately -disable-cmo
SwiftMergeGeneratedHeaders /Users/admin/builder/spi-builder-workspace/.derivedData/Build/Intermediates.noindex/GeneratedModuleMaps-xros/NebiusAPI-Swift.h /Users/admin/builder/spi-builder-workspace/.derivedData/Build/Intermediates.noindex/NebiusForFoundationModels.build/Debug-xros/NebiusAPI-t.build/Objects-normal/arm64/NebiusAPI-Swift.h (in target 'NebiusAPI' from project 'NebiusForFoundationModels')
    cd /Users/admin/builder/spi-builder-workspace
    builtin-swiftHeaderTool -arch arm64 /Users/admin/builder/spi-builder-workspace/.derivedData/Build/Intermediates.noindex/NebiusForFoundationModels.build/Debug-xros/NebiusAPI-t.build/Objects-normal/arm64/NebiusAPI-Swift.h -o /Users/admin/builder/spi-builder-workspace/.derivedData/Build/Intermediates.noindex/GeneratedModuleMaps-xros/NebiusAPI-Swift.h
SwiftMergeGeneratedHeaders /Users/admin/builder/spi-builder-workspace/.derivedData/Build/Intermediates.noindex/GeneratedModuleMaps-xros/TavilyAPI-Swift.h /Users/admin/builder/spi-builder-workspace/.derivedData/Build/Intermediates.noindex/NebiusForFoundationModels.build/Debug-xros/TavilyAPI-t.build/Objects-normal/arm64/TavilyAPI-Swift.h (in target 'TavilyAPI' from project 'NebiusForFoundationModels')
    cd /Users/admin/builder/spi-builder-workspace
    builtin-swiftHeaderTool -arch arm64 /Users/admin/builder/spi-builder-workspace/.derivedData/Build/Intermediates.noindex/NebiusForFoundationModels.build/Debug-xros/TavilyAPI-t.build/Objects-normal/arm64/TavilyAPI-Swift.h -o /Users/admin/builder/spi-builder-workspace/.derivedData/Build/Intermediates.noindex/GeneratedModuleMaps-xros/TavilyAPI-Swift.h
Copy /Users/admin/builder/spi-builder-workspace/.derivedData/Build/Products/Debug-xros/TavilyAPI.swiftmodule/arm64-apple-xros.swiftmodule /Users/admin/builder/spi-builder-workspace/.derivedData/Build/Intermediates.noindex/NebiusForFoundationModels.build/Debug-xros/TavilyAPI-t.build/Objects-normal/arm64/TavilyAPI.swiftmodule (in target 'TavilyAPI' from project 'NebiusForFoundationModels')
    cd /Users/admin/builder/spi-builder-workspace
    builtin-copy -exclude .DS_Store -exclude CVS -exclude .svn -exclude .git -exclude .hg -resolve-src-symlinks -rename /Users/admin/builder/spi-builder-workspace/.derivedData/Build/Intermediates.noindex/NebiusForFoundationModels.build/Debug-xros/TavilyAPI-t.build/Objects-normal/arm64/TavilyAPI.swiftmodule /Users/admin/builder/spi-builder-workspace/.derivedData/Build/Products/Debug-xros/TavilyAPI.swiftmodule/arm64-apple-xros.swiftmodule
Copy /Users/admin/builder/spi-builder-workspace/.derivedData/Build/Products/Debug-xros/TavilyAPI.swiftmodule/arm64-apple-xros.swiftdoc /Users/admin/builder/spi-builder-workspace/.derivedData/Build/Intermediates.noindex/NebiusForFoundationModels.build/Debug-xros/TavilyAPI-t.build/Objects-normal/arm64/TavilyAPI.swiftdoc (in target 'TavilyAPI' from project 'NebiusForFoundationModels')
    cd /Users/admin/builder/spi-builder-workspace
    builtin-copy -exclude .DS_Store -exclude CVS -exclude .svn -exclude .git -exclude .hg -resolve-src-symlinks -rename /Users/admin/builder/spi-builder-workspace/.derivedData/Build/Intermediates.noindex/NebiusForFoundationModels.build/Debug-xros/TavilyAPI-t.build/Objects-normal/arm64/TavilyAPI.swiftdoc /Users/admin/builder/spi-builder-workspace/.derivedData/Build/Products/Debug-xros/TavilyAPI.swiftmodule/arm64-apple-xros.swiftdoc
Copy /Users/admin/builder/spi-builder-workspace/.derivedData/Build/Products/Debug-xros/TavilyAPI.swiftmodule/arm64-apple-xros.abi.json /Users/admin/builder/spi-builder-workspace/.derivedData/Build/Intermediates.noindex/NebiusForFoundationModels.build/Debug-xros/TavilyAPI-t.build/Objects-normal/arm64/TavilyAPI.abi.json (in target 'TavilyAPI' from project 'NebiusForFoundationModels')
    cd /Users/admin/builder/spi-builder-workspace
    builtin-copy -exclude .DS_Store -exclude CVS -exclude .svn -exclude .git -exclude .hg -resolve-src-symlinks -rename /Users/admin/builder/spi-builder-workspace/.derivedData/Build/Intermediates.noindex/NebiusForFoundationModels.build/Debug-xros/TavilyAPI-t.build/Objects-normal/arm64/TavilyAPI.abi.json /Users/admin/builder/spi-builder-workspace/.derivedData/Build/Products/Debug-xros/TavilyAPI.swiftmodule/arm64-apple-xros.abi.json
Copy /Users/admin/builder/spi-builder-workspace/.derivedData/Build/Products/Debug-xros/TavilyAPI.swiftmodule/Project/arm64-apple-xros.swiftsourceinfo /Users/admin/builder/spi-builder-workspace/.derivedData/Build/Intermediates.noindex/NebiusForFoundationModels.build/Debug-xros/TavilyAPI-t.build/Objects-normal/arm64/TavilyAPI.swiftsourceinfo (in target 'TavilyAPI' from project 'NebiusForFoundationModels')
    cd /Users/admin/builder/spi-builder-workspace
    builtin-copy -exclude .DS_Store -exclude CVS -exclude .svn -exclude .git -exclude .hg -resolve-src-symlinks -rename /Users/admin/builder/spi-builder-workspace/.derivedData/Build/Intermediates.noindex/NebiusForFoundationModels.build/Debug-xros/TavilyAPI-t.build/Objects-normal/arm64/TavilyAPI.swiftsourceinfo /Users/admin/builder/spi-builder-workspace/.derivedData/Build/Products/Debug-xros/TavilyAPI.swiftmodule/Project/arm64-apple-xros.swiftsourceinfo
Copy /Users/admin/builder/spi-builder-workspace/.derivedData/Build/Products/Debug-xros/NebiusAPI.swiftmodule/arm64-apple-xros.swiftmodule /Users/admin/builder/spi-builder-workspace/.derivedData/Build/Intermediates.noindex/NebiusForFoundationModels.build/Debug-xros/NebiusAPI-t.build/Objects-normal/arm64/NebiusAPI.swiftmodule (in target 'NebiusAPI' from project 'NebiusForFoundationModels')
    cd /Users/admin/builder/spi-builder-workspace
    builtin-copy -exclude .DS_Store -exclude CVS -exclude .svn -exclude .git -exclude .hg -resolve-src-symlinks -rename /Users/admin/builder/spi-builder-workspace/.derivedData/Build/Intermediates.noindex/NebiusForFoundationModels.build/Debug-xros/NebiusAPI-t.build/Objects-normal/arm64/NebiusAPI.swiftmodule /Users/admin/builder/spi-builder-workspace/.derivedData/Build/Products/Debug-xros/NebiusAPI.swiftmodule/arm64-apple-xros.swiftmodule
Copy /Users/admin/builder/spi-builder-workspace/.derivedData/Build/Products/Debug-xros/NebiusAPI.swiftmodule/arm64-apple-xros.swiftdoc /Users/admin/builder/spi-builder-workspace/.derivedData/Build/Intermediates.noindex/NebiusForFoundationModels.build/Debug-xros/NebiusAPI-t.build/Objects-normal/arm64/NebiusAPI.swiftdoc (in target 'NebiusAPI' from project 'NebiusForFoundationModels')
    cd /Users/admin/builder/spi-builder-workspace
    builtin-copy -exclude .DS_Store -exclude CVS -exclude .svn -exclude .git -exclude .hg -resolve-src-symlinks -rename /Users/admin/builder/spi-builder-workspace/.derivedData/Build/Intermediates.noindex/NebiusForFoundationModels.build/Debug-xros/NebiusAPI-t.build/Objects-normal/arm64/NebiusAPI.swiftdoc /Users/admin/builder/spi-builder-workspace/.derivedData/Build/Products/Debug-xros/NebiusAPI.swiftmodule/arm64-apple-xros.swiftdoc
Copy /Users/admin/builder/spi-builder-workspace/.derivedData/Build/Products/Debug-xros/NebiusAPI.swiftmodule/arm64-apple-xros.abi.json /Users/admin/builder/spi-builder-workspace/.derivedData/Build/Intermediates.noindex/NebiusForFoundationModels.build/Debug-xros/NebiusAPI-t.build/Objects-normal/arm64/NebiusAPI.abi.json (in target 'NebiusAPI' from project 'NebiusForFoundationModels')
    cd /Users/admin/builder/spi-builder-workspace
    builtin-copy -exclude .DS_Store -exclude CVS -exclude .svn -exclude .git -exclude .hg -resolve-src-symlinks -rename /Users/admin/builder/spi-builder-workspace/.derivedData/Build/Intermediates.noindex/NebiusForFoundationModels.build/Debug-xros/NebiusAPI-t.build/Objects-normal/arm64/NebiusAPI.abi.json /Users/admin/builder/spi-builder-workspace/.derivedData/Build/Products/Debug-xros/NebiusAPI.swiftmodule/arm64-apple-xros.abi.json
Copy /Users/admin/builder/spi-builder-workspace/.derivedData/Build/Products/Debug-xros/NebiusAPI.swiftmodule/Project/arm64-apple-xros.swiftsourceinfo /Users/admin/builder/spi-builder-workspace/.derivedData/Build/Intermediates.noindex/NebiusForFoundationModels.build/Debug-xros/NebiusAPI-t.build/Objects-normal/arm64/NebiusAPI.swiftsourceinfo (in target 'NebiusAPI' from project 'NebiusForFoundationModels')
    cd /Users/admin/builder/spi-builder-workspace
    builtin-copy -exclude .DS_Store -exclude CVS -exclude .svn -exclude .git -exclude .hg -resolve-src-symlinks -rename /Users/admin/builder/spi-builder-workspace/.derivedData/Build/Intermediates.noindex/NebiusForFoundationModels.build/Debug-xros/NebiusAPI-t.build/Objects-normal/arm64/NebiusAPI.swiftsourceinfo /Users/admin/builder/spi-builder-workspace/.derivedData/Build/Products/Debug-xros/NebiusAPI.swiftmodule/Project/arm64-apple-xros.swiftsourceinfo
SwiftCompile normal arm64 Compiling\ NebiusClient+DedicatedEndpoints.swift /Users/admin/builder/spi-builder-workspace/Sources/NebiusAPI/NebiusClient+DedicatedEndpoints.swift (in target 'NebiusAPI' from project 'NebiusForFoundationModels')
SwiftCompile normal arm64 /Users/admin/builder/spi-builder-workspace/Sources/NebiusAPI/NebiusClient+DedicatedEndpoints.swift (in target 'NebiusAPI' from project 'NebiusForFoundationModels')
    cd /Users/admin/builder/spi-builder-workspace/.swiftpm/xcode
    builtin-SwiftPerFileCompile NebiusClient+DedicatedEndpoints.swift
SwiftDriverJobDiscovery normal arm64 Compiling NebiusAPIError.swift (in target 'NebiusAPI' from project 'NebiusForFoundationModels')
SwiftCompile normal arm64 Compiling\ NebiusClient.swift /Users/admin/builder/spi-builder-workspace/Sources/NebiusAPI/NebiusClient.swift (in target 'NebiusAPI' from project 'NebiusForFoundationModels')
SwiftCompile normal arm64 /Users/admin/builder/spi-builder-workspace/Sources/NebiusAPI/NebiusClient.swift (in target 'NebiusAPI' from project 'NebiusForFoundationModels')
    cd /Users/admin/builder/spi-builder-workspace/.swiftpm/xcode
    builtin-SwiftPerFileCompile NebiusClient.swift
SwiftCompile normal arm64 Compiling\ SSEParser.swift /Users/admin/builder/spi-builder-workspace/Sources/NebiusAPI/SSEParser.swift (in target 'NebiusAPI' from project 'NebiusForFoundationModels')
SwiftCompile normal arm64 /Users/admin/builder/spi-builder-workspace/Sources/NebiusAPI/SSEParser.swift (in target 'NebiusAPI' from project 'NebiusForFoundationModels')
    cd /Users/admin/builder/spi-builder-workspace/.swiftpm/xcode
    builtin-SwiftPerFileCompile SSEParser.swift
SwiftDriverJobDiscovery normal arm64 Compiling TavilyJSONValue.swift (in target 'TavilyAPI' from project 'NebiusForFoundationModels')
SwiftDriverJobDiscovery normal arm64 Compiling JSONValue.swift (in target 'NebiusAPI' from project 'NebiusForFoundationModels')
SwiftDriverJobDiscovery normal arm64 Compiling TavilyAPIError.swift (in target 'TavilyAPI' from project 'NebiusForFoundationModels')
SwiftDriver TavilyForFoundationModels normal arm64 com.apple.xcode.tools.swift.compiler (in target 'TavilyForFoundationModels' from project 'NebiusForFoundationModels')
    cd /Users/admin/builder/spi-builder-workspace/.swiftpm/xcode
    builtin-SwiftDriver -- /Applications/Xcode-27.0.0.app/Contents/Developer/Toolchains/XcodeDefault.xctoolchain/usr/bin/swiftc -parse-as-library -module-name TavilyForFoundationModels -Onone @/Users/admin/builder/spi-builder-workspace/.derivedData/Build/Intermediates.noindex/NebiusForFoundationModels.build/Debug-xros/TavilyForFoundationModels-t.build/Objects-normal/arm64/TavilyForFoundationModels.SwiftFileList -DSWIFT_PACKAGE -DDEBUG -DSWIFT_MODULE_RESOURCE_BUNDLE_UNAVAILABLE -DXcode -plugin-path /Applications/Xcode-27.0.0.app/Contents/Developer/Toolchains/XcodeDefault.xctoolchain/usr/lib/swift/host/plugins/testing -enable-experimental-feature DebugDescriptionMacro -sdk /Applications/Xcode-27.0.0.app/Contents/Developer/Platforms/XROS.platform/Developer/SDKs/XROS27.0.sdk -target arm64-apple-xros1.0 -g -module-cache-path /Users/admin/builder/spi-builder-workspace/.derivedData/ModuleCache.noindex -Xfrontend -serialize-debugging-options -profile-coverage-mapping -profile-generate -enable-testing -index-store-path /Users/admin/builder/spi-builder-workspace/.derivedData/Index.noindex/DataStore -Xcc -D_LIBCPP_HARDENING_MODE\=_LIBCPP_HARDENING_MODE_DEBUG -swift-version 6 -I /Users/admin/builder/spi-builder-workspace/.derivedData/Build/Products/Debug-xros -Isystem /Applications/Xcode-27.0.0.app/Contents/Developer/Platforms/XROS.platform/Developer/usr/lib -F /Users/admin/builder/spi-builder-workspace/.derivedData/Build/Products/Debug-xros/PackageFrameworks -F /Users/admin/builder/spi-builder-workspace/.derivedData/Build/Products/Debug-xros -F /Applications/Xcode-27.0.0.app/Contents/Developer/Platforms/XROS.platform/Developer/Library/Frameworks -F /Applications/Xcode-27.0.0.app/Contents/Developer/Platforms/XROS.platform/Developer/SDKs/XROS27.0.sdk/Developer/Library/Frameworks -c -j10 -enable-batch-mode -incremental -Xcc -ivfsstatcache -Xcc /Users/admin/builder/spi-builder-workspace/.derivedData/SDKStatCaches.noindex/xros27.0-24M361-e829b21a6f8c9b70876ba0858053c04489c3c372b822c72ca60ec5271cbc7f3c.sdkstatcache -output-file-map /Users/admin/builder/spi-builder-workspace/.derivedData/Build/Intermediates.noindex/NebiusForFoundationModels.build/Debug-xros/TavilyForFoundationModels-t.build/Objects-normal/arm64/TavilyForFoundationModels-OutputFileMap.json -save-temps -no-color-diagnostics -explicit-module-build -module-cache-path /Users/admin/builder/spi-builder-workspace/.derivedData/Build/Intermediates.noindex/SwiftExplicitPrecompiledModules -clang-scanner-module-cache-path /Users/admin/builder/spi-builder-workspace/.derivedData/ModuleCache.noindex -sdk-module-cache-path /Users/admin/builder/spi-builder-workspace/.derivedData/SDKExplicitPrecompiledModules -emit-dependencies -emit-module -emit-module-path /Users/admin/builder/spi-builder-workspace/.derivedData/Build/Intermediates.noindex/NebiusForFoundationModels.build/Debug-xros/TavilyForFoundationModels-t.build/Objects-normal/arm64/TavilyForFoundationModels.swiftmodule -serialize-diagnostics -dependency-scan-serialize-diagnostics-path /Users/admin/builder/spi-builder-workspace/.derivedData/Build/Intermediates.noindex/NebiusForFoundationModels.build/Debug-xros/TavilyForFoundationModels-t.build/Objects-normal/arm64/TavilyForFoundationModels-dependency-scan.dia -validate-clang-modules-once -clang-build-session-file /Users/admin/builder/spi-builder-workspace/.derivedData/ModuleCache.noindex/Session.modulevalidation -Xcc -fmodules-prune-interval\=86400 -Xcc -fmodules-prune-after\=345600 -package-name spi_builder_workspace -emit-const-values -const-gather-protocols-list /Users/admin/builder/spi-builder-workspace/.derivedData/Build/Intermediates.noindex/NebiusForFoundationModels.build/Debug-xros/TavilyForFoundationModels-t.build/Objects-normal/arm64/TavilyForFoundationModels_const_extract_protocols.json -Xcc -I/Users/admin/builder/spi-builder-workspace/.derivedData/Build/Products/Debug-xros/include -Xcc -I/Users/admin/builder/spi-builder-workspace/.derivedData/Build/Intermediates.noindex/NebiusForFoundationModels.build/Debug-xros/TavilyForFoundationModels-t.build/DerivedSources-normal/arm64 -Xcc -I/Users/admin/builder/spi-builder-workspace/.derivedData/Build/Intermediates.noindex/NebiusForFoundationModels.build/Debug-xros/TavilyForFoundationModels-t.build/DerivedSources/arm64 -Xcc -I/Users/admin/builder/spi-builder-workspace/.derivedData/Build/Intermediates.noindex/NebiusForFoundationModels.build/Debug-xros/TavilyForFoundationModels-t.build/DerivedSources -Xcc -DSWIFT_PACKAGE -Xcc -DDEBUG\=1 -emit-objc-header -emit-objc-header-path /Users/admin/builder/spi-builder-workspace/.derivedData/Build/Intermediates.noindex/NebiusForFoundationModels.build/Debug-xros/TavilyForFoundationModels-t.build/Objects-normal/arm64/TavilyForFoundationModels-Swift.h -working-directory /Users/admin/builder/spi-builder-workspace/.swiftpm/xcode -experimental-emit-module-separately -disable-cmo
SwiftDriver NebiusForFoundationModels normal arm64 com.apple.xcode.tools.swift.compiler (in target 'NebiusForFoundationModels' from project 'NebiusForFoundationModels')
    cd /Users/admin/builder/spi-builder-workspace/.swiftpm/xcode
    builtin-SwiftDriver -- /Applications/Xcode-27.0.0.app/Contents/Developer/Toolchains/XcodeDefault.xctoolchain/usr/bin/swiftc -parse-as-library -module-name NebiusForFoundationModels -Onone @/Users/admin/builder/spi-builder-workspace/.derivedData/Build/Intermediates.noindex/NebiusForFoundationModels.build/Debug-xros/NebiusForFoundationModels-t.build/Objects-normal/arm64/NebiusForFoundationModels.SwiftFileList -DSWIFT_PACKAGE -DDEBUG -DSWIFT_MODULE_RESOURCE_BUNDLE_UNAVAILABLE -DXcode -plugin-path /Applications/Xcode-27.0.0.app/Contents/Developer/Toolchains/XcodeDefault.xctoolchain/usr/lib/swift/host/plugins/testing -enable-experimental-feature DebugDescriptionMacro -sdk /Applications/Xcode-27.0.0.app/Contents/Developer/Platforms/XROS.platform/Developer/SDKs/XROS27.0.sdk -target arm64-apple-xros1.0 -g -module-cache-path /Users/admin/builder/spi-builder-workspace/.derivedData/ModuleCache.noindex -Xfrontend -serialize-debugging-options -profile-coverage-mapping -profile-generate -enable-testing -index-store-path /Users/admin/builder/spi-builder-workspace/.derivedData/Index.noindex/DataStore -Xcc -D_LIBCPP_HARDENING_MODE\=_LIBCPP_HARDENING_MODE_DEBUG -swift-version 6 -I /Users/admin/builder/spi-builder-workspace/.derivedData/Build/Products/Debug-xros -Isystem /Applications/Xcode-27.0.0.app/Contents/Developer/Platforms/XROS.platform/Developer/usr/lib -F /Users/admin/builder/spi-builder-workspace/.derivedData/Build/Products/Debug-xros/PackageFrameworks -F /Users/admin/builder/spi-builder-workspace/.derivedData/Build/Products/Debug-xros -F /Applications/Xcode-27.0.0.app/Contents/Developer/Platforms/XROS.platform/Developer/Library/Frameworks -F /Applications/Xcode-27.0.0.app/Contents/Developer/Platforms/XROS.platform/Developer/SDKs/XROS27.0.sdk/Developer/Library/Frameworks -c -j10 -enable-batch-mode -incremental -Xcc -ivfsstatcache -Xcc /Users/admin/builder/spi-builder-workspace/.derivedData/SDKStatCaches.noindex/xros27.0-24M361-e829b21a6f8c9b70876ba0858053c04489c3c372b822c72ca60ec5271cbc7f3c.sdkstatcache -output-file-map /Users/admin/builder/spi-builder-workspace/.derivedData/Build/Intermediates.noindex/NebiusForFoundationModels.build/Debug-xros/NebiusForFoundationModels-t.build/Objects-normal/arm64/NebiusForFoundationModels-OutputFileMap.json -save-temps -no-color-diagnostics -explicit-module-build -module-cache-path /Users/admin/builder/spi-builder-workspace/.derivedData/Build/Intermediates.noindex/SwiftExplicitPrecompiledModules -clang-scanner-module-cache-path /Users/admin/builder/spi-builder-workspace/.derivedData/ModuleCache.noindex -sdk-module-cache-path /Users/admin/builder/spi-builder-workspace/.derivedData/SDKExplicitPrecompiledModules -emit-dependencies -emit-module -emit-module-path /Users/admin/builder/spi-builder-workspace/.derivedData/Build/Intermediates.noindex/NebiusForFoundationModels.build/Debug-xros/NebiusForFoundationModels-t.build/Objects-normal/arm64/NebiusForFoundationModels.swiftmodule -serialize-diagnostics -dependency-scan-serialize-diagnostics-path /Users/admin/builder/spi-builder-workspace/.derivedData/Build/Intermediates.noindex/NebiusForFoundationModels.build/Debug-xros/NebiusForFoundationModels-t.build/Objects-normal/arm64/NebiusForFoundationModels-dependency-scan.dia -validate-clang-modules-once -clang-build-session-file /Users/admin/builder/spi-builder-workspace/.derivedData/ModuleCache.noindex/Session.modulevalidation -Xcc -fmodules-prune-interval\=86400 -Xcc -fmodules-prune-after\=345600 -package-name spi_builder_workspace -emit-const-values -const-gather-protocols-list /Users/admin/builder/spi-builder-workspace/.derivedData/Build/Intermediates.noindex/NebiusForFoundationModels.build/Debug-xros/NebiusForFoundationModels-t.build/Objects-normal/arm64/NebiusForFoundationModels_const_extract_protocols.json -Xcc -I/Users/admin/builder/spi-builder-workspace/.derivedData/Build/Products/Debug-xros/include -Xcc -I/Users/admin/builder/spi-builder-workspace/.derivedData/Build/Intermediates.noindex/NebiusForFoundationModels.build/Debug-xros/NebiusForFoundationModels-t.build/DerivedSources-normal/arm64 -Xcc -I/Users/admin/builder/spi-builder-workspace/.derivedData/Build/Intermediates.noindex/NebiusForFoundationModels.build/Debug-xros/NebiusForFoundationModels-t.build/DerivedSources/arm64 -Xcc -I/Users/admin/builder/spi-builder-workspace/.derivedData/Build/Intermediates.noindex/NebiusForFoundationModels.build/Debug-xros/NebiusForFoundationModels-t.build/DerivedSources -Xcc -DSWIFT_PACKAGE -Xcc -DDEBUG\=1 -emit-objc-header -emit-objc-header-path /Users/admin/builder/spi-builder-workspace/.derivedData/Build/Intermediates.noindex/NebiusForFoundationModels.build/Debug-xros/NebiusForFoundationModels-t.build/Objects-normal/arm64/NebiusForFoundationModels-Swift.h -working-directory /Users/admin/builder/spi-builder-workspace/.swiftpm/xcode -experimental-emit-module-separately -disable-cmo
SwiftDriverJobDiscovery normal arm64 Compiling NebiusClient+DedicatedEndpoints.swift (in target 'NebiusAPI' from project 'NebiusForFoundationModels')
SwiftDriverJobDiscovery normal arm64 Compiling main.swift (in target 'UpdateNebiusModelCatalog-product' from project 'NebiusForFoundationModels')
SwiftDriver\ Compilation UpdateNebiusModelCatalog normal arm64 com.apple.xcode.tools.swift.compiler (in target 'UpdateNebiusModelCatalog-product' from project 'NebiusForFoundationModels')
    cd /Users/admin/builder/spi-builder-workspace/.swiftpm/xcode
    builtin-Swift-Compilation -- /Applications/Xcode-27.0.0.app/Contents/Developer/Toolchains/XcodeDefault.xctoolchain/usr/bin/swiftc -parse-as-library -module-name UpdateNebiusModelCatalog -Onone @/Users/admin/builder/spi-builder-workspace/.derivedData/Build/Intermediates.noindex/NebiusForFoundationModels.build/Debug-xros/UpdateNebiusModelCatalog-p.build/Objects-normal/arm64/UpdateNebiusModelCatalog.SwiftFileList -DSWIFT_PACKAGE -DDEBUG -DXcode -plugin-path /Applications/Xcode-27.0.0.app/Contents/Developer/Toolchains/XcodeDefault.xctoolchain/usr/lib/swift/host/plugins/testing -enable-experimental-feature DebugDescriptionMacro -sdk /Applications/Xcode-27.0.0.app/Contents/Developer/Platforms/XROS.platform/Developer/SDKs/XROS27.0.sdk -target arm64-apple-xros1.0 -g -module-cache-path /Users/admin/builder/spi-builder-workspace/.derivedData/ModuleCache.noindex -Xfrontend -serialize-debugging-options -profile-coverage-mapping -profile-generate -enable-testing -index-store-path /Users/admin/builder/spi-builder-workspace/.derivedData/Index.noindex/DataStore -Xcc -D_LIBCPP_HARDENING_MODE\=_LIBCPP_HARDENING_MODE_DEBUG -swift-version 6 -I /Users/admin/builder/spi-builder-workspace/.derivedData/Build/Products/Debug-xros -Isystem /Applications/Xcode-27.0.0.app/Contents/Developer/Platforms/XROS.platform/Developer/usr/lib -F /Users/admin/builder/spi-builder-workspace/.derivedData/Build/Products/Debug-xros -F /Applications/Xcode-27.0.0.app/Contents/Developer/Platforms/XROS.platform/Developer/Library/Frameworks -F /Applications/Xcode-27.0.0.app/Contents/Developer/Platforms/XROS.platform/Developer/SDKs/XROS27.0.sdk/Developer/Library/Frameworks -c -j10 -enable-batch-mode -incremental -Xcc -ivfsstatcache -Xcc /Users/admin/builder/spi-builder-workspace/.derivedData/SDKStatCaches.noindex/xros27.0-24M361-e829b21a6f8c9b70876ba0858053c04489c3c372b822c72ca60ec5271cbc7f3c.sdkstatcache -output-file-map /Users/admin/builder/spi-builder-workspace/.derivedData/Build/Intermediates.noindex/NebiusForFoundationModels.build/Debug-xros/UpdateNebiusModelCatalog-p.build/Objects-normal/arm64/UpdateNebiusModelCatalog-OutputFileMap.json -save-temps -no-color-diagnostics -explicit-module-build -module-cache-path /Users/admin/builder/spi-builder-workspace/.derivedData/Build/Intermediates.noindex/SwiftExplicitPrecompiledModules -clang-scanner-module-cache-path /Users/admin/builder/spi-builder-workspace/.derivedData/ModuleCache.noindex -sdk-module-cache-path /Users/admin/builder/spi-builder-workspace/.derivedData/SDKExplicitPrecompiledModules -emit-dependencies -emit-module -emit-module-path /Users/admin/builder/spi-builder-workspace/.derivedData/Build/Intermediates.noindex/NebiusForFoundationModels.build/Debug-xros/UpdateNebiusModelCatalog-p.build/Objects-normal/arm64/UpdateNebiusModelCatalog.swiftmodule -serialize-diagnostics -dependency-scan-serialize-diagnostics-path /Users/admin/builder/spi-builder-workspace/.derivedData/Build/Intermediates.noindex/NebiusForFoundationModels.build/Debug-xros/UpdateNebiusModelCatalog-p.build/Objects-normal/arm64/UpdateNebiusModelCatalog-dependency-scan.dia -validate-clang-modules-once -clang-build-session-file /Users/admin/builder/spi-builder-workspace/.derivedData/ModuleCache.noindex/Session.modulevalidation -Xcc -fmodules-prune-interval\=86400 -Xcc -fmodules-prune-after\=345600 -package-name spi_builder_workspace -emit-const-values -const-gather-protocols-list /Users/admin/builder/spi-builder-workspace/.derivedData/Build/Intermediates.noindex/NebiusForFoundationModels.build/Debug-xros/UpdateNebiusModelCatalog-p.build/Objects-normal/arm64/UpdateNebiusModelCatalog_const_extract_protocols.json -Xcc -I/Users/admin/builder/spi-builder-workspace/.derivedData/Build/Products/Debug-xros/include -Xcc -I/Users/admin/builder/spi-builder-workspace/.derivedData/Build/Intermediates.noindex/NebiusForFoundationModels.build/Debug-xros/UpdateNebiusModelCatalog-p.build/DerivedSources-normal/arm64 -Xcc -I/Users/admin/builder/spi-builder-workspace/.derivedData/Build/Intermediates.noindex/NebiusForFoundationModels.build/Debug-xros/UpdateNebiusModelCatalog-p.build/DerivedSources/arm64 -Xcc -I/Users/admin/builder/spi-builder-workspace/.derivedData/Build/Intermediates.noindex/NebiusForFoundationModels.build/Debug-xros/UpdateNebiusModelCatalog-p.build/DerivedSources -Xcc -DSWIFT_PACKAGE -Xcc -DDEBUG\=1 -working-directory /Users/admin/builder/spi-builder-workspace/.swiftpm/xcode -experimental-emit-module-separately -disable-cmo
Ld /Users/admin/builder/spi-builder-workspace/.derivedData/Build/Products/Debug-xros/UpdateNebiusModelCatalog normal (in target 'UpdateNebiusModelCatalog-product' from project 'NebiusForFoundationModels')
    cd /Users/admin/builder/spi-builder-workspace
    /Applications/Xcode-27.0.0.app/Contents/Developer/Toolchains/XcodeDefault.xctoolchain/usr/bin/swiftc -Xlinker -reproducible -target arm64-apple-xros1.0 -emit-executable -sdk /Applications/Xcode-27.0.0.app/Contents/Developer/Platforms/XROS.platform/Developer/SDKs/XROS27.0.sdk -Xlinker -no_warn_duplicate_libraries -L/Users/admin/builder/spi-builder-workspace/.derivedData/Build/Intermediates.noindex/EagerLinkingTBDs/Debug-xros -L/Users/admin/builder/spi-builder-workspace/.derivedData/Build/Products/Debug-xros -L/Applications/Xcode-27.0.0.app/Contents/Developer/Platforms/XROS.platform/Developer/usr/lib -F/Users/admin/builder/spi-builder-workspace/.derivedData/Build/Intermediates.noindex/EagerLinkingTBDs/Debug-xros -F/Users/admin/builder/spi-builder-workspace/.derivedData/Build/Products/Debug-xros -Fsystem /Applications/Xcode-27.0.0.app/Contents/Developer/Platforms/XROS.platform/Developer/Library/Frameworks -Fsystem /Applications/Xcode-27.0.0.app/Contents/Developer/Platforms/XROS.platform/Developer/SDKs/XROS27.0.sdk/Developer/Library/Frameworks @/Users/admin/builder/spi-builder-workspace/.derivedData/Build/Intermediates.noindex/NebiusForFoundationModels.build/Debug-xros/UpdateNebiusModelCatalog-p.build/Objects-normal/arm64/UpdateNebiusModelCatalog.LinkFileList -Xlinker -rpath -Xlinker /usr/lib/swift -Xlinker -rpath -Xlinker @executable_path/../lib -Xlinker -dead_strip -Xlinker -object_path_lto -Xlinker /Users/admin/builder/spi-builder-workspace/.derivedData/Build/Intermediates.noindex/NebiusForFoundationModels.build/Debug-xros/UpdateNebiusModelCatalog-p.build/Objects-normal/arm64/UpdateNebiusModelCatalog_lto.o -Xclang-linker -rdynamic -Xlinker -no_deduplicate -Xlinker -debug_variant -Xlinker -dependency_info -Xlinker /Users/admin/builder/spi-builder-workspace/.derivedData/Build/Intermediates.noindex/NebiusForFoundationModels.build/Debug-xros/UpdateNebiusModelCatalog-p.build/Objects-normal/arm64/UpdateNebiusModelCatalog_dependency_info.dat -link-objc-runtime -profile-generate -L/Applications/Xcode-27.0.0.app/Contents/Developer/Toolchains/XcodeDefault.xctoolchain/usr/lib/swift/xros -L/usr/lib/swift -Xlinker -add_ast_path -Xlinker /Users/admin/builder/spi-builder-workspace/.derivedData/Build/Intermediates.noindex/NebiusForFoundationModels.build/Debug-xros/UpdateNebiusModelCatalog-p.build/Objects-normal/arm64/UpdateNebiusModelCatalog.swiftmodule -o /Users/admin/builder/spi-builder-workspace/.derivedData/Build/Products/Debug-xros/UpdateNebiusModelCatalog -no-stdlib-rpath
SwiftDriverJobDiscovery normal arm64 Compiling DedicatedEndpointTypes.swift (in target 'NebiusAPI' from project 'NebiusForFoundationModels')
SwiftDriverJobDiscovery normal arm64 Compiling TavilyClient.swift (in target 'TavilyAPI' from project 'NebiusForFoundationModels')
SwiftDriverJobDiscovery normal arm64 Compiling SSEParser.swift (in target 'NebiusAPI' from project 'NebiusForFoundationModels')
SwiftDriverJobDiscovery normal arm64 Compiling ChatCompletionsTypes.swift (in target 'NebiusAPI' from project 'NebiusForFoundationModels')
SwiftDriverJobDiscovery normal arm64 Compiling TavilyTypes.swift (in target 'TavilyAPI' from project 'NebiusForFoundationModels')
SwiftDriver\ Compilation TavilyAPI normal arm64 com.apple.xcode.tools.swift.compiler (in target 'TavilyAPI' from project 'NebiusForFoundationModels')
    cd /Users/admin/builder/spi-builder-workspace/.swiftpm/xcode
    builtin-Swift-Compilation -- /Applications/Xcode-27.0.0.app/Contents/Developer/Toolchains/XcodeDefault.xctoolchain/usr/bin/swiftc -parse-as-library -module-name TavilyAPI -Onone @/Users/admin/builder/spi-builder-workspace/.derivedData/Build/Intermediates.noindex/NebiusForFoundationModels.build/Debug-xros/TavilyAPI-t.build/Objects-normal/arm64/TavilyAPI.SwiftFileList -DSWIFT_PACKAGE -DDEBUG -DSWIFT_MODULE_RESOURCE_BUNDLE_UNAVAILABLE -DXcode -plugin-path /Applications/Xcode-27.0.0.app/Contents/Developer/Toolchains/XcodeDefault.xctoolchain/usr/lib/swift/host/plugins/testing -enable-experimental-feature DebugDescriptionMacro -sdk /Applications/Xcode-27.0.0.app/Contents/Developer/Platforms/XROS.platform/Developer/SDKs/XROS27.0.sdk -target arm64-apple-xros1.0 -g -module-cache-path /Users/admin/builder/spi-builder-workspace/.derivedData/ModuleCache.noindex -Xfrontend -serialize-debugging-options -profile-coverage-mapping -profile-generate -enable-testing -index-store-path /Users/admin/builder/spi-builder-workspace/.derivedData/Index.noindex/DataStore -Xcc -D_LIBCPP_HARDENING_MODE\=_LIBCPP_HARDENING_MODE_DEBUG -swift-version 6 -I /Users/admin/builder/spi-builder-workspace/.derivedData/Build/Products/Debug-xros -Isystem /Applications/Xcode-27.0.0.app/Contents/Developer/Platforms/XROS.platform/Developer/usr/lib -F /Users/admin/builder/spi-builder-workspace/.derivedData/Build/Products/Debug-xros -F /Applications/Xcode-27.0.0.app/Contents/Developer/Platforms/XROS.platform/Developer/Library/Frameworks -F /Applications/Xcode-27.0.0.app/Contents/Developer/Platforms/XROS.platform/Developer/SDKs/XROS27.0.sdk/Developer/Library/Frameworks -c -j10 -enable-batch-mode -incremental -Xcc -ivfsstatcache -Xcc /Users/admin/builder/spi-builder-workspace/.derivedData/SDKStatCaches.noindex/xros27.0-24M361-e829b21a6f8c9b70876ba0858053c04489c3c372b822c72ca60ec5271cbc7f3c.sdkstatcache -output-file-map /Users/admin/builder/spi-builder-workspace/.derivedData/Build/Intermediates.noindex/NebiusForFoundationModels.build/Debug-xros/TavilyAPI-t.build/Objects-normal/arm64/TavilyAPI-OutputFileMap.json -save-temps -no-color-diagnostics -explicit-module-build -module-cache-path /Users/admin/builder/spi-builder-workspace/.derivedData/Build/Intermediates.noindex/SwiftExplicitPrecompiledModules -clang-scanner-module-cache-path /Users/admin/builder/spi-builder-workspace/.derivedData/ModuleCache.noindex -sdk-module-cache-path /Users/admin/builder/spi-builder-workspace/.derivedData/SDKExplicitPrecompiledModules -emit-dependencies -emit-module -emit-module-path /Users/admin/builder/spi-builder-workspace/.derivedData/Build/Intermediates.noindex/NebiusForFoundationModels.build/Debug-xros/TavilyAPI-t.build/Objects-normal/arm64/TavilyAPI.swiftmodule -serialize-diagnostics -dependency-scan-serialize-diagnostics-path /Users/admin/builder/spi-builder-workspace/.derivedData/Build/Intermediates.noindex/NebiusForFoundationModels.build/Debug-xros/TavilyAPI-t.build/Objects-normal/arm64/TavilyAPI-dependency-scan.dia -validate-clang-modules-once -clang-build-session-file /Users/admin/builder/spi-builder-workspace/.derivedData/ModuleCache.noindex/Session.modulevalidation -Xcc -fmodules-prune-interval\=86400 -Xcc -fmodules-prune-after\=345600 -package-name spi_builder_workspace -emit-const-values -const-gather-protocols-list /Users/admin/builder/spi-builder-workspace/.derivedData/Build/Intermediates.noindex/NebiusForFoundationModels.build/Debug-xros/TavilyAPI-t.build/Objects-normal/arm64/TavilyAPI_const_extract_protocols.json -Xcc -I/Users/admin/builder/spi-builder-workspace/.derivedData/Build/Products/Debug-xros/include -Xcc -I/Users/admin/builder/spi-builder-workspace/.derivedData/Build/Intermediates.noindex/NebiusForFoundationModels.build/Debug-xros/TavilyAPI-t.build/DerivedSources-normal/arm64 -Xcc -I/Users/admin/builder/spi-builder-workspace/.derivedData/Build/Intermediates.noindex/NebiusForFoundationModels.build/Debug-xros/TavilyAPI-t.build/DerivedSources/arm64 -Xcc -I/Users/admin/builder/spi-builder-workspace/.derivedData/Build/Intermediates.noindex/NebiusForFoundationModels.build/Debug-xros/TavilyAPI-t.build/DerivedSources -Xcc -DSWIFT_PACKAGE -Xcc -DDEBUG\=1 -emit-objc-header -emit-objc-header-path /Users/admin/builder/spi-builder-workspace/.derivedData/Build/Intermediates.noindex/NebiusForFoundationModels.build/Debug-xros/TavilyAPI-t.build/Objects-normal/arm64/TavilyAPI-Swift.h -working-directory /Users/admin/builder/spi-builder-workspace/.swiftpm/xcode -experimental-emit-module-separately -disable-cmo
Ld /Users/admin/builder/spi-builder-workspace/.derivedData/Build/Products/Debug-xros/TavilyAPI.o normal (in target 'TavilyAPI' from project 'NebiusForFoundationModels')
    cd /Users/admin/builder/spi-builder-workspace
    /Applications/Xcode-27.0.0.app/Contents/Developer/Toolchains/XcodeDefault.xctoolchain/usr/bin/clang -Xlinker -reproducible -target arm64-apple-xros1.0 -r -isysroot /Applications/Xcode-27.0.0.app/Contents/Developer/Platforms/XROS.platform/Developer/SDKs/XROS27.0.sdk -O0 -Xlinker -no_warn_duplicate_libraries -F/Users/admin/builder/spi-builder-workspace/.derivedData/Build/Intermediates.noindex/EagerLinkingTBDs/Debug-xros -F/Users/admin/builder/spi-builder-workspace/.derivedData/Build/Products/Debug-xros -iframework /Applications/Xcode-27.0.0.app/Contents/Developer/Platforms/XROS.platform/Developer/Library/Frameworks -iframework /Applications/Xcode-27.0.0.app/Contents/Developer/Platforms/XROS.platform/Developer/SDKs/XROS27.0.sdk/Developer/Library/Frameworks -filelist /Users/admin/builder/spi-builder-workspace/.derivedData/Build/Intermediates.noindex/NebiusForFoundationModels.build/Debug-xros/TavilyAPI-t.build/Objects-normal/arm64/TavilyAPI.LinkFileList -nostdlib -Xlinker -object_path_lto -Xlinker /Users/admin/builder/spi-builder-workspace/.derivedData/Build/Intermediates.noindex/NebiusForFoundationModels.build/Debug-xros/TavilyAPI-t.build/Objects-normal/arm64/TavilyAPI_lto.o -Xlinker -no_deduplicate -Xlinker -debug_variant -Xlinker -dependency_info -Xlinker /Users/admin/builder/spi-builder-workspace/.derivedData/Build/Intermediates.noindex/NebiusForFoundationModels.build/Debug-xros/TavilyAPI-t.build/Objects-normal/arm64/TavilyAPI_dependency_info.dat -fobjc-link-runtime -L/Applications/Xcode-27.0.0.app/Contents/Developer/Toolchains/XcodeDefault.xctoolchain/usr/lib/swift/xros -L/usr/lib/swift -Xlinker -add_ast_path -Xlinker /Users/admin/builder/spi-builder-workspace/.derivedData/Build/Intermediates.noindex/NebiusForFoundationModels.build/Debug-xros/TavilyAPI-t.build/Objects-normal/arm64/TavilyAPI.swiftmodule -o /Users/admin/builder/spi-builder-workspace/.derivedData/Build/Products/Debug-xros/TavilyAPI.o
ExtractAppIntentsMetadata (in target 'TavilyAPI' from project 'NebiusForFoundationModels')
    cd /Users/admin/builder/spi-builder-workspace
    /Applications/Xcode-27.0.0.app/Contents/Developer/Toolchains/XcodeDefault.xctoolchain/usr/bin/appintentsmetadataprocessor --toolchain-dir /var/run/com.apple.security.cryptexd/mnt/com.apple.MobileAsset.MetalToolchain-v27.1.266.1.IKoSqO/Metal.xctoolchain --module-name TavilyAPI --sdk-root /Applications/Xcode-27.0.0.app/Contents/Developer/Platforms/XROS.platform/Developer/SDKs/XROS27.0.sdk --xcode-version 27A266a --platform-family xrOS --deployment-target 1.0 --bundle-identifier spi-builder-workspace.TavilyAPI --output /Users/admin/builder/spi-builder-workspace/.derivedData/Build/Products/Debug-xros/TavilyAPI.appintents --target-triple arm64-apple-xros1.0 --binary-file /Users/admin/builder/spi-builder-workspace/.derivedData/Build/Products/Debug-xros/TavilyAPI.o --dependency-file /Users/admin/builder/spi-builder-workspace/.derivedData/Build/Intermediates.noindex/NebiusForFoundationModels.build/Debug-xros/TavilyAPI-t.build/Objects-normal/arm64/TavilyAPI_dependency_info.dat --stringsdata-file /Users/admin/builder/spi-builder-workspace/.derivedData/Build/Intermediates.noindex/NebiusForFoundationModels.build/Debug-xros/TavilyAPI-t.build/Objects-normal/arm64/ExtractedAppShortcutsMetadata.stringsdata --source-file-list /Users/admin/builder/spi-builder-workspace/.derivedData/Build/Intermediates.noindex/NebiusForFoundationModels.build/Debug-xros/TavilyAPI-t.build/Objects-normal/arm64/TavilyAPI.SwiftFileList --metadata-file-list /Users/admin/builder/spi-builder-workspace/.derivedData/Build/Intermediates.noindex/NebiusForFoundationModels.build/Debug-xros/TavilyAPI-t.build/TavilyAPI.DependencyMetadataFileList --static-metadata-file-list /Users/admin/builder/spi-builder-workspace/.derivedData/Build/Intermediates.noindex/NebiusForFoundationModels.build/Debug-xros/TavilyAPI-t.build/TavilyAPI.DependencyStaticMetadataFileList --swift-const-vals-list /Users/admin/builder/spi-builder-workspace/.derivedData/Build/Intermediates.noindex/NebiusForFoundationModels.build/Debug-xros/TavilyAPI-t.build/Objects-normal/arm64/TavilyAPI.SwiftConstValuesFileList --force --compile-time-extraction --deployment-aware-processing --no-app-shortcuts-localization
2026-10-22 09:19:50.520 appintentsmetadataprocessor[766:4761] Starting appintentsmetadataprocessor export
2026-10-22 09:19:50.636 appintentsmetadataprocessor[766:4761] Extracted no relevant App Intents symbols, skipping writing output
SwiftDriverJobDiscovery normal arm64 Compiling NebiusClient.swift (in target 'NebiusAPI' from project 'NebiusForFoundationModels')
SwiftDriver\ Compilation NebiusAPI normal arm64 com.apple.xcode.tools.swift.compiler (in target 'NebiusAPI' from project 'NebiusForFoundationModels')
    cd /Users/admin/builder/spi-builder-workspace/.swiftpm/xcode
    builtin-Swift-Compilation -- /Applications/Xcode-27.0.0.app/Contents/Developer/Toolchains/XcodeDefault.xctoolchain/usr/bin/swiftc -parse-as-library -module-name NebiusAPI -Onone @/Users/admin/builder/spi-builder-workspace/.derivedData/Build/Intermediates.noindex/NebiusForFoundationModels.build/Debug-xros/NebiusAPI-t.build/Objects-normal/arm64/NebiusAPI.SwiftFileList -DSWIFT_PACKAGE -DDEBUG -DSWIFT_MODULE_RESOURCE_BUNDLE_UNAVAILABLE -DXcode -plugin-path /Applications/Xcode-27.0.0.app/Contents/Developer/Toolchains/XcodeDefault.xctoolchain/usr/lib/swift/host/plugins/testing -enable-experimental-feature DebugDescriptionMacro -sdk /Applications/Xcode-27.0.0.app/Contents/Developer/Platforms/XROS.platform/Developer/SDKs/XROS27.0.sdk -target arm64-apple-xros1.0 -g -module-cache-path /Users/admin/builder/spi-builder-workspace/.derivedData/ModuleCache.noindex -Xfrontend -serialize-debugging-options -profile-coverage-mapping -profile-generate -enable-testing -index-store-path /Users/admin/builder/spi-builder-workspace/.derivedData/Index.noindex/DataStore -Xcc -D_LIBCPP_HARDENING_MODE\=_LIBCPP_HARDENING_MODE_DEBUG -swift-version 6 -I /Users/admin/builder/spi-builder-workspace/.derivedData/Build/Products/Debug-xros -Isystem /Applications/Xcode-27.0.0.app/Contents/Developer/Platforms/XROS.platform/Developer/usr/lib -F /Users/admin/builder/spi-builder-workspace/.derivedData/Build/Products/Debug-xros -F /Applications/Xcode-27.0.0.app/Contents/Developer/Platforms/XROS.platform/Developer/Library/Frameworks -F /Applications/Xcode-27.0.0.app/Contents/Developer/Platforms/XROS.platform/Developer/SDKs/XROS27.0.sdk/Developer/Library/Frameworks -c -j10 -enable-batch-mode -incremental -Xcc -ivfsstatcache -Xcc /Users/admin/builder/spi-builder-workspace/.derivedData/SDKStatCaches.noindex/xros27.0-24M361-e829b21a6f8c9b70876ba0858053c04489c3c372b822c72ca60ec5271cbc7f3c.sdkstatcache -output-file-map /Users/admin/builder/spi-builder-workspace/.derivedData/Build/Intermediates.noindex/NebiusForFoundationModels.build/Debug-xros/NebiusAPI-t.build/Objects-normal/arm64/NebiusAPI-OutputFileMap.json -save-temps -no-color-diagnostics -explicit-module-build -module-cache-path /Users/admin/builder/spi-builder-workspace/.derivedData/Build/Intermediates.noindex/SwiftExplicitPrecompiledModules -clang-scanner-module-cache-path /Users/admin/builder/spi-builder-workspace/.derivedData/ModuleCache.noindex -sdk-module-cache-path /Users/admin/builder/spi-builder-workspace/.derivedData/SDKExplicitPrecompiledModules -emit-dependencies -emit-module -emit-module-path /Users/admin/builder/spi-builder-workspace/.derivedData/Build/Intermediates.noindex/NebiusForFoundationModels.build/Debug-xros/NebiusAPI-t.build/Objects-normal/arm64/NebiusAPI.swiftmodule -serialize-diagnostics -dependency-scan-serialize-diagnostics-path /Users/admin/builder/spi-builder-workspace/.derivedData/Build/Intermediates.noindex/NebiusForFoundationModels.build/Debug-xros/NebiusAPI-t.build/Objects-normal/arm64/NebiusAPI-dependency-scan.dia -validate-clang-modules-once -clang-build-session-file /Users/admin/builder/spi-builder-workspace/.derivedData/ModuleCache.noindex/Session.modulevalidation -Xcc -fmodules-prune-interval\=86400 -Xcc -fmodules-prune-after\=345600 -package-name spi_builder_workspace -emit-const-values -const-gather-protocols-list /Users/admin/builder/spi-builder-workspace/.derivedData/Build/Intermediates.noindex/NebiusForFoundationModels.build/Debug-xros/NebiusAPI-t.build/Objects-normal/arm64/NebiusAPI_const_extract_protocols.json -Xcc -I/Users/admin/builder/spi-builder-workspace/.derivedData/Build/Products/Debug-xros/include -Xcc -I/Users/admin/builder/spi-builder-workspace/.derivedData/Build/Intermediates.noindex/NebiusForFoundationModels.build/Debug-xros/NebiusAPI-t.build/DerivedSources-normal/arm64 -Xcc -I/Users/admin/builder/spi-builder-workspace/.derivedData/Build/Intermediates.noindex/NebiusForFoundationModels.build/Debug-xros/NebiusAPI-t.build/DerivedSources/arm64 -Xcc -I/Users/admin/builder/spi-builder-workspace/.derivedData/Build/Intermediates.noindex/NebiusForFoundationModels.build/Debug-xros/NebiusAPI-t.build/DerivedSources -Xcc -DSWIFT_PACKAGE -Xcc -DDEBUG\=1 -emit-objc-header -emit-objc-header-path /Users/admin/builder/spi-builder-workspace/.derivedData/Build/Intermediates.noindex/NebiusForFoundationModels.build/Debug-xros/NebiusAPI-t.build/Objects-normal/arm64/NebiusAPI-Swift.h -working-directory /Users/admin/builder/spi-builder-workspace/.swiftpm/xcode -experimental-emit-module-separately -disable-cmo
Ld /Users/admin/builder/spi-builder-workspace/.derivedData/Build/Products/Debug-xros/NebiusAPI.o normal (in target 'NebiusAPI' from project 'NebiusForFoundationModels')
    cd /Users/admin/builder/spi-builder-workspace
    /Applications/Xcode-27.0.0.app/Contents/Developer/Toolchains/XcodeDefault.xctoolchain/usr/bin/clang -Xlinker -reproducible -target arm64-apple-xros1.0 -r -isysroot /Applications/Xcode-27.0.0.app/Contents/Developer/Platforms/XROS.platform/Developer/SDKs/XROS27.0.sdk -O0 -Xlinker -no_warn_duplicate_libraries -F/Users/admin/builder/spi-builder-workspace/.derivedData/Build/Intermediates.noindex/EagerLinkingTBDs/Debug-xros -F/Users/admin/builder/spi-builder-workspace/.derivedData/Build/Products/Debug-xros -iframework /Applications/Xcode-27.0.0.app/Contents/Developer/Platforms/XROS.platform/Developer/Library/Frameworks -iframework /Applications/Xcode-27.0.0.app/Contents/Developer/Platforms/XROS.platform/Developer/SDKs/XROS27.0.sdk/Developer/Library/Frameworks -filelist /Users/admin/builder/spi-builder-workspace/.derivedData/Build/Intermediates.noindex/NebiusForFoundationModels.build/Debug-xros/NebiusAPI-t.build/Objects-normal/arm64/NebiusAPI.LinkFileList -nostdlib -Xlinker -object_path_lto -Xlinker /Users/admin/builder/spi-builder-workspace/.derivedData/Build/Intermediates.noindex/NebiusForFoundationModels.build/Debug-xros/NebiusAPI-t.build/Objects-normal/arm64/NebiusAPI_lto.o -Xlinker -no_deduplicate -Xlinker -debug_variant -Xlinker -dependency_info -Xlinker /Users/admin/builder/spi-builder-workspace/.derivedData/Build/Intermediates.noindex/NebiusForFoundationModels.build/Debug-xros/NebiusAPI-t.build/Objects-normal/arm64/NebiusAPI_dependency_info.dat -fobjc-link-runtime -L/Applications/Xcode-27.0.0.app/Contents/Developer/Toolchains/XcodeDefault.xctoolchain/usr/lib/swift/xros -L/usr/lib/swift -Xlinker -add_ast_path -Xlinker /Users/admin/builder/spi-builder-workspace/.derivedData/Build/Intermediates.noindex/NebiusForFoundationModels.build/Debug-xros/NebiusAPI-t.build/Objects-normal/arm64/NebiusAPI.swiftmodule -o /Users/admin/builder/spi-builder-workspace/.derivedData/Build/Products/Debug-xros/NebiusAPI.o
ExtractAppIntentsMetadata (in target 'NebiusAPI' from project 'NebiusForFoundationModels')
    cd /Users/admin/builder/spi-builder-workspace
    /Applications/Xcode-27.0.0.app/Contents/Developer/Toolchains/XcodeDefault.xctoolchain/usr/bin/appintentsmetadataprocessor --toolchain-dir /var/run/com.apple.security.cryptexd/mnt/com.apple.MobileAsset.MetalToolchain-v27.1.266.1.IKoSqO/Metal.xctoolchain --module-name NebiusAPI --sdk-root /Applications/Xcode-27.0.0.app/Contents/Developer/Platforms/XROS.platform/Developer/SDKs/XROS27.0.sdk --xcode-version 27A266a --platform-family xrOS --deployment-target 1.0 --bundle-identifier spi-builder-workspace.NebiusAPI --output /Users/admin/builder/spi-builder-workspace/.derivedData/Build/Products/Debug-xros/NebiusAPI.appintents --target-triple arm64-apple-xros1.0 --binary-file /Users/admin/builder/spi-builder-workspace/.derivedData/Build/Products/Debug-xros/NebiusAPI.o --dependency-file /Users/admin/builder/spi-builder-workspace/.derivedData/Build/Intermediates.noindex/NebiusForFoundationModels.build/Debug-xros/NebiusAPI-t.build/Objects-normal/arm64/NebiusAPI_dependency_info.dat --stringsdata-file /Users/admin/builder/spi-builder-workspace/.derivedData/Build/Intermediates.noindex/NebiusForFoundationModels.build/Debug-xros/NebiusAPI-t.build/Objects-normal/arm64/ExtractedAppShortcutsMetadata.stringsdata --source-file-list /Users/admin/builder/spi-builder-workspace/.derivedData/Build/Intermediates.noindex/NebiusForFoundationModels.build/Debug-xros/NebiusAPI-t.build/Objects-normal/arm64/NebiusAPI.SwiftFileList --metadata-file-list /Users/admin/builder/spi-builder-workspace/.derivedData/Build/Intermediates.noindex/NebiusForFoundationModels.build/Debug-xros/NebiusAPI-t.build/NebiusAPI.DependencyMetadataFileList --static-metadata-file-list /Users/admin/builder/spi-builder-workspace/.derivedData/Build/Intermediates.noindex/NebiusForFoundationModels.build/Debug-xros/NebiusAPI-t.build/NebiusAPI.DependencyStaticMetadataFileList --swift-const-vals-list /Users/admin/builder/spi-builder-workspace/.derivedData/Build/Intermediates.noindex/NebiusForFoundationModels.build/Debug-xros/NebiusAPI-t.build/Objects-normal/arm64/NebiusAPI.SwiftConstValuesFileList --force --compile-time-extraction --deployment-aware-processing --no-app-shortcuts-localization
2026-10-22 09:19:50.563 appintentsmetadataprocessor[769:4775] Starting appintentsmetadataprocessor export
2026-10-22 09:19:50.639 appintentsmetadataprocessor[769:4775] Extracted no relevant App Intents symbols, skipping writing output
SwiftExplicitDependencyGeneratePcm arm64 /Users/admin/builder/spi-builder-workspace/.derivedData/SDKExplicitPrecompiledModules/CoreGraphics-9VMS9HCP3ZAZJ3XHMXW0K3WYK.pcm
SwiftExplicitDependencyGeneratePcm arm64 /Users/admin/builder/spi-builder-workspace/.derivedData/SDKExplicitPrecompiledModules/UniformTypeIdentifiers-1EUDUZBTRYT8O0OG4VQ21V20S.pcm
SwiftExplicitDependencyGeneratePcm arm64 /Users/admin/builder/spi-builder-workspace/.derivedData/SDKExplicitPrecompiledModules/IOSurface-7B6TKKD236HA284UYQ6OQOLPQ.pcm
SwiftExplicitDependencyGeneratePcm arm64 /Users/admin/builder/spi-builder-workspace/.derivedData/SDKExplicitPrecompiledModules/OpenGLES-E7GJZCE4Q5SG4BW10VUJHLKE.pcm
SwiftExplicitDependencyGeneratePcm arm64 /Users/admin/builder/spi-builder-workspace/.derivedData/SDKExplicitPrecompiledModules/Metal-C77LE3WDSXVMJ85SINQC2Q9YQ.pcm
SwiftExplicitDependencyGeneratePcm arm64 /Users/admin/builder/spi-builder-workspace/.derivedData/SDKExplicitPrecompiledModules/ImageIO-1Q62YH5JSEW3W603XOC4I1BW5.pcm
SwiftExplicitDependencyGeneratePcm arm64 /Users/admin/builder/spi-builder-workspace/.derivedData/SDKExplicitPrecompiledModules/CoreVideo-7WK2QPW48PV1TRL99Y5MUW7VZ.pcm
SwiftExplicitDependencyGeneratePcm arm64 /Users/admin/builder/spi-builder-workspace/.derivedData/SDKExplicitPrecompiledModules/CoreImage-7F5ZUJWL4F9XWA7DEN97SUBFB.pcm
SwiftCompile normal arm64 Compiling\ NebiusModel.swift /Users/admin/builder/spi-builder-workspace/Sources/NebiusForFoundationModels/NebiusModel.swift (in target 'NebiusForFoundationModels' from project 'NebiusForFoundationModels')
SwiftCompile normal arm64 /Users/admin/builder/spi-builder-workspace/Sources/NebiusForFoundationModels/NebiusModel.swift (in target 'NebiusForFoundationModels' from project 'NebiusForFoundationModels')
    cd /Users/admin/builder/spi-builder-workspace/.swiftpm/xcode
    builtin-SwiftPerFileCompile NebiusModel.swift
SwiftEmitModule normal arm64 Emitting\ module\ for\ NebiusForFoundationModels (in target 'NebiusForFoundationModels' from project 'NebiusForFoundationModels')
SwiftCompile normal arm64 (in target 'NebiusForFoundationModels' from project 'NebiusForFoundationModels')
    cd /Users/admin/builder/spi-builder-workspace/.swiftpm/xcode

SwiftCompile normal arm64 Compiling\ NebiusUsageObserver.swift /Users/admin/builder/spi-builder-workspace/Sources/NebiusForFoundationModels/NebiusUsageObserver.swift (in target 'NebiusForFoundationModels' from project 'NebiusForFoundationModels')
SwiftCompile normal arm64 /Users/admin/builder/spi-builder-workspace/Sources/NebiusForFoundationModels/NebiusUsageObserver.swift (in target 'NebiusForFoundationModels' from project 'NebiusForFoundationModels')
    cd /Users/admin/builder/spi-builder-workspace/.swiftpm/xcode
    builtin-SwiftPerFileCompile NebiusUsageObserver.swift
SwiftCompile normal arm64 Compiling\ NebiusExecutor.swift /Users/admin/builder/spi-builder-workspace/Sources/NebiusForFoundationModels/NebiusExecutor.swift (in target 'NebiusForFoundationModels' from project 'NebiusForFoundationModels')
SwiftCompile normal arm64 /Users/admin/builder/spi-builder-workspace/Sources/NebiusForFoundationModels/NebiusExecutor.swift (in target 'NebiusForFoundationModels' from project 'NebiusForFoundationModels')
    cd /Users/admin/builder/spi-builder-workspace/.swiftpm/xcode
    builtin-SwiftPerFileCompile NebiusExecutor.swift
SwiftCompile normal arm64 Compiling\ NebiusError.swift /Users/admin/builder/spi-builder-workspace/Sources/NebiusForFoundationModels/NebiusError.swift (in target 'NebiusForFoundationModels' from project 'NebiusForFoundationModels')
SwiftCompile normal arm64 /Users/admin/builder/spi-builder-workspace/Sources/NebiusForFoundationModels/NebiusError.swift (in target 'NebiusForFoundationModels' from project 'NebiusForFoundationModels')
    cd /Users/admin/builder/spi-builder-workspace/.swiftpm/xcode
    builtin-SwiftPerFileCompile NebiusError.swift
SwiftEmitModule normal arm64 Emitting\ module\ for\ TavilyForFoundationModels (in target 'TavilyForFoundationModels' from project 'NebiusForFoundationModels')
SwiftCompile normal arm64 (in target 'TavilyForFoundationModels' from project 'NebiusForFoundationModels')
    cd /Users/admin/builder/spi-builder-workspace/.swiftpm/xcode

SwiftCompile normal arm64 Compiling\ NebiusAuth.swift /Users/admin/builder/spi-builder-workspace/Sources/NebiusForFoundationModels/NebiusAuth.swift (in target 'NebiusForFoundationModels' from project 'NebiusForFoundationModels')
SwiftCompile normal arm64 /Users/admin/builder/spi-builder-workspace/Sources/NebiusForFoundationModels/NebiusAuth.swift (in target 'NebiusForFoundationModels' from project 'NebiusForFoundationModels')
    cd /Users/admin/builder/spi-builder-workspace/.swiftpm/xcode
    builtin-SwiftPerFileCompile NebiusAuth.swift
SwiftCompile normal arm64 Compiling\ TavilyTools.swift /Users/admin/builder/spi-builder-workspace/Sources/TavilyForFoundationModels/TavilyTools.swift (in target 'TavilyForFoundationModels' from project 'NebiusForFoundationModels')
SwiftCompile normal arm64 /Users/admin/builder/spi-builder-workspace/Sources/TavilyForFoundationModels/TavilyTools.swift (in target 'TavilyForFoundationModels' from project 'NebiusForFoundationModels')
    cd /Users/admin/builder/spi-builder-workspace/.swiftpm/xcode
    builtin-SwiftPerFileCompile TavilyTools.swift
SwiftCompile normal arm64 Compiling\ NebiusModelCatalog.generated.swift /Users/admin/builder/spi-builder-workspace/Sources/NebiusForFoundationModels/Generated/NebiusModelCatalog.generated.swift (in target 'NebiusForFoundationModels' from project 'NebiusForFoundationModels')
SwiftCompile normal arm64 /Users/admin/builder/spi-builder-workspace/Sources/NebiusForFoundationModels/Generated/NebiusModelCatalog.generated.swift (in target 'NebiusForFoundationModels' from project 'NebiusForFoundationModels')
    cd /Users/admin/builder/spi-builder-workspace/.swiftpm/xcode
    builtin-SwiftPerFileCompile NebiusModelCatalog.generated.swift
SwiftCompile normal arm64 Compiling\ NebiusCatalogModel.swift /Users/admin/builder/spi-builder-workspace/Sources/NebiusForFoundationModels/NebiusCatalogModel.swift (in target 'NebiusForFoundationModels' from project 'NebiusForFoundationModels')
SwiftCompile normal arm64 /Users/admin/builder/spi-builder-workspace/Sources/NebiusForFoundationModels/NebiusCatalogModel.swift (in target 'NebiusForFoundationModels' from project 'NebiusForFoundationModels')
    cd /Users/admin/builder/spi-builder-workspace/.swiftpm/xcode
    builtin-SwiftPerFileCompile NebiusCatalogModel.swift
SwiftDriverJobDiscovery normal arm64 Compiling NebiusError.swift (in target 'NebiusForFoundationModels' from project 'NebiusForFoundationModels')
SwiftCompile normal arm64 Compiling\ NebiusLanguageModel.swift /Users/admin/builder/spi-builder-workspace/Sources/NebiusForFoundationModels/NebiusLanguageModel.swift (in target 'NebiusForFoundationModels' from project 'NebiusForFoundationModels')
SwiftCompile normal arm64 /Users/admin/builder/spi-builder-workspace/Sources/NebiusForFoundationModels/NebiusLanguageModel.swift (in target 'NebiusForFoundationModels' from project 'NebiusForFoundationModels')
    cd /Users/admin/builder/spi-builder-workspace/.swiftpm/xcode
    builtin-SwiftPerFileCompile NebiusLanguageModel.swift
SwiftDriverJobDiscovery normal arm64 Compiling NebiusAuth.swift (in target 'NebiusForFoundationModels' from project 'NebiusForFoundationModels')
RegisterExecutionPolicyException /Users/admin/builder/spi-builder-workspace/.derivedData/Build/Products/Debug-xros/UpdateNebiusModelCatalog (in target 'UpdateNebiusModelCatalog-product' from project 'NebiusForFoundationModels')
    cd /Users/admin/builder/spi-builder-workspace
    builtin-RegisterExecutionPolicyException /Users/admin/builder/spi-builder-workspace/.derivedData/Build/Products/Debug-xros/UpdateNebiusModelCatalog
SwiftDriverJobDiscovery normal arm64 Compiling NebiusUsageObserver.swift (in target 'NebiusForFoundationModels' from project 'NebiusForFoundationModels')
SwiftDriverJobDiscovery normal arm64 Compiling NebiusModel.swift (in target 'NebiusForFoundationModels' from project 'NebiusForFoundationModels')
SwiftDriverJobDiscovery normal arm64 Compiling NebiusModelCatalog.generated.swift (in target 'NebiusForFoundationModels' from project 'NebiusForFoundationModels')
SwiftDriverJobDiscovery normal arm64 Emitting module for NebiusForFoundationModels (in target 'NebiusForFoundationModels' from project 'NebiusForFoundationModels')
SwiftDriver\ Compilation\ Requirements NebiusForFoundationModels normal arm64 com.apple.xcode.tools.swift.compiler (in target 'NebiusForFoundationModels' from project 'NebiusForFoundationModels')
    cd /Users/admin/builder/spi-builder-workspace/.swiftpm/xcode
    builtin-Swift-Compilation-Requirements -- /Applications/Xcode-27.0.0.app/Contents/Developer/Toolchains/XcodeDefault.xctoolchain/usr/bin/swiftc -parse-as-library -module-name NebiusForFoundationModels -Onone @/Users/admin/builder/spi-builder-workspace/.derivedData/Build/Intermediates.noindex/NebiusForFoundationModels.build/Debug-xros/NebiusForFoundationModels-t.build/Objects-normal/arm64/NebiusForFoundationModels.SwiftFileList -DSWIFT_PACKAGE -DDEBUG -DSWIFT_MODULE_RESOURCE_BUNDLE_UNAVAILABLE -DXcode -plugin-path /Applications/Xcode-27.0.0.app/Contents/Developer/Toolchains/XcodeDefault.xctoolchain/usr/lib/swift/host/plugins/testing -enable-experimental-feature DebugDescriptionMacro -sdk /Applications/Xcode-27.0.0.app/Contents/Developer/Platforms/XROS.platform/Developer/SDKs/XROS27.0.sdk -target arm64-apple-xros1.0 -g -module-cache-path /Users/admin/builder/spi-builder-workspace/.derivedData/ModuleCache.noindex -Xfrontend -serialize-debugging-options -profile-coverage-mapping -profile-generate -enable-testing -index-store-path /Users/admin/builder/spi-builder-workspace/.derivedData/Index.noindex/DataStore -Xcc -D_LIBCPP_HARDENING_MODE\=_LIBCPP_HARDENING_MODE_DEBUG -swift-version 6 -I /Users/admin/builder/spi-builder-workspace/.derivedData/Build/Products/Debug-xros -Isystem /Applications/Xcode-27.0.0.app/Contents/Developer/Platforms/XROS.platform/Developer/usr/lib -F /Users/admin/builder/spi-builder-workspace/.derivedData/Build/Products/Debug-xros/PackageFrameworks -F /Users/admin/builder/spi-builder-workspace/.derivedData/Build/Products/Debug-xros -F /Applications/Xcode-27.0.0.app/Contents/Developer/Platforms/XROS.platform/Developer/Library/Frameworks -F /Applications/Xcode-27.0.0.app/Contents/Developer/Platforms/XROS.platform/Developer/SDKs/XROS27.0.sdk/Developer/Library/Frameworks -c -j10 -enable-batch-mode -incremental -Xcc -ivfsstatcache -Xcc /Users/admin/builder/spi-builder-workspace/.derivedData/SDKStatCaches.noindex/xros27.0-24M361-e829b21a6f8c9b70876ba0858053c04489c3c372b822c72ca60ec5271cbc7f3c.sdkstatcache -output-file-map /Users/admin/builder/spi-builder-workspace/.derivedData/Build/Intermediates.noindex/NebiusForFoundationModels.build/Debug-xros/NebiusForFoundationModels-t.build/Objects-normal/arm64/NebiusForFoundationModels-OutputFileMap.json -save-temps -no-color-diagnostics -explicit-module-build -module-cache-path /Users/admin/builder/spi-builder-workspace/.derivedData/Build/Intermediates.noindex/SwiftExplicitPrecompiledModules -clang-scanner-module-cache-path /Users/admin/builder/spi-builder-workspace/.derivedData/ModuleCache.noindex -sdk-module-cache-path /Users/admin/builder/spi-builder-workspace/.derivedData/SDKExplicitPrecompiledModules -emit-dependencies -emit-module -emit-module-path /Users/admin/builder/spi-builder-workspace/.derivedData/Build/Intermediates.noindex/NebiusForFoundationModels.build/Debug-xros/NebiusForFoundationModels-t.build/Objects-normal/arm64/NebiusForFoundationModels.swiftmodule -serialize-diagnostics -dependency-scan-serialize-diagnostics-path /Users/admin/builder/spi-builder-workspace/.derivedData/Build/Intermediates.noindex/NebiusForFoundationModels.build/Debug-xros/NebiusForFoundationModels-t.build/Objects-normal/arm64/NebiusForFoundationModels-dependency-scan.dia -validate-clang-modules-once -clang-build-session-file /Users/admin/builder/spi-builder-workspace/.derivedData/ModuleCache.noindex/Session.modulevalidation -Xcc -fmodules-prune-interval\=86400 -Xcc -fmodules-prune-after\=345600 -package-name spi_builder_workspace -emit-const-values -const-gather-protocols-list /Users/admin/builder/spi-builder-workspace/.derivedData/Build/Intermediates.noindex/NebiusForFoundationModels.build/Debug-xros/NebiusForFoundationModels-t.build/Objects-normal/arm64/NebiusForFoundationModels_const_extract_protocols.json -Xcc -I/Users/admin/builder/spi-builder-workspace/.derivedData/Build/Products/Debug-xros/include -Xcc -I/Users/admin/builder/spi-builder-workspace/.derivedData/Build/Intermediates.noindex/NebiusForFoundationModels.build/Debug-xros/NebiusForFoundationModels-t.build/DerivedSources-normal/arm64 -Xcc -I/Users/admin/builder/spi-builder-workspace/.derivedData/Build/Intermediates.noindex/NebiusForFoundationModels.build/Debug-xros/NebiusForFoundationModels-t.build/DerivedSources/arm64 -Xcc -I/Users/admin/builder/spi-builder-workspace/.derivedData/Build/Intermediates.noindex/NebiusForFoundationModels.build/Debug-xros/NebiusForFoundationModels-t.build/DerivedSources -Xcc -DSWIFT_PACKAGE -Xcc -DDEBUG\=1 -emit-objc-header -emit-objc-header-path /Users/admin/builder/spi-builder-workspace/.derivedData/Build/Intermediates.noindex/NebiusForFoundationModels.build/Debug-xros/NebiusForFoundationModels-t.build/Objects-normal/arm64/NebiusForFoundationModels-Swift.h -working-directory /Users/admin/builder/spi-builder-workspace/.swiftpm/xcode -experimental-emit-module-separately -disable-cmo
SwiftMergeGeneratedHeaders /Users/admin/builder/spi-builder-workspace/.derivedData/Build/Intermediates.noindex/GeneratedModuleMaps-xros/NebiusForFoundationModels-Swift.h /Users/admin/builder/spi-builder-workspace/.derivedData/Build/Intermediates.noindex/NebiusForFoundationModels.build/Debug-xros/NebiusForFoundationModels-t.build/Objects-normal/arm64/NebiusForFoundationModels-Swift.h (in target 'NebiusForFoundationModels' from project 'NebiusForFoundationModels')
    cd /Users/admin/builder/spi-builder-workspace
    builtin-swiftHeaderTool -arch arm64 /Users/admin/builder/spi-builder-workspace/.derivedData/Build/Intermediates.noindex/NebiusForFoundationModels.build/Debug-xros/NebiusForFoundationModels-t.build/Objects-normal/arm64/NebiusForFoundationModels-Swift.h -o /Users/admin/builder/spi-builder-workspace/.derivedData/Build/Intermediates.noindex/GeneratedModuleMaps-xros/NebiusForFoundationModels-Swift.h
Copy /Users/admin/builder/spi-builder-workspace/.derivedData/Build/Products/Debug-xros/NebiusForFoundationModels.swiftmodule/arm64-apple-xros.abi.json /Users/admin/builder/spi-builder-workspace/.derivedData/Build/Intermediates.noindex/NebiusForFoundationModels.build/Debug-xros/NebiusForFoundationModels-t.build/Objects-normal/arm64/NebiusForFoundationModels.abi.json (in target 'NebiusForFoundationModels' from project 'NebiusForFoundationModels')
    cd /Users/admin/builder/spi-builder-workspace
    builtin-copy -exclude .DS_Store -exclude CVS -exclude .svn -exclude .git -exclude .hg -resolve-src-symlinks -rename /Users/admin/builder/spi-builder-workspace/.derivedData/Build/Intermediates.noindex/NebiusForFoundationModels.build/Debug-xros/NebiusForFoundationModels-t.build/Objects-normal/arm64/NebiusForFoundationModels.abi.json /Users/admin/builder/spi-builder-workspace/.derivedData/Build/Products/Debug-xros/NebiusForFoundationModels.swiftmodule/arm64-apple-xros.abi.json
Copy /Users/admin/builder/spi-builder-workspace/.derivedData/Build/Products/Debug-xros/NebiusForFoundationModels.swiftmodule/arm64-apple-xros.swiftdoc /Users/admin/builder/spi-builder-workspace/.derivedData/Build/Intermediates.noindex/NebiusForFoundationModels.build/Debug-xros/NebiusForFoundationModels-t.build/Objects-normal/arm64/NebiusForFoundationModels.swiftdoc (in target 'NebiusForFoundationModels' from project 'NebiusForFoundationModels')
    cd /Users/admin/builder/spi-builder-workspace
    builtin-copy -exclude .DS_Store -exclude CVS -exclude .svn -exclude .git -exclude .hg -resolve-src-symlinks -rename /Users/admin/builder/spi-builder-workspace/.derivedData/Build/Intermediates.noindex/NebiusForFoundationModels.build/Debug-xros/NebiusForFoundationModels-t.build/Objects-normal/arm64/NebiusForFoundationModels.swiftdoc /Users/admin/builder/spi-builder-workspace/.derivedData/Build/Products/Debug-xros/NebiusForFoundationModels.swiftmodule/arm64-apple-xros.swiftdoc
Copy /Users/admin/builder/spi-builder-workspace/.derivedData/Build/Products/Debug-xros/NebiusForFoundationModels.swiftmodule/arm64-apple-xros.swiftmodule /Users/admin/builder/spi-builder-workspace/.derivedData/Build/Intermediates.noindex/NebiusForFoundationModels.build/Debug-xros/NebiusForFoundationModels-t.build/Objects-normal/arm64/NebiusForFoundationModels.swiftmodule (in target 'NebiusForFoundationModels' from project 'NebiusForFoundationModels')
    cd /Users/admin/builder/spi-builder-workspace
    builtin-copy -exclude .DS_Store -exclude CVS -exclude .svn -exclude .git -exclude .hg -resolve-src-symlinks -rename /Users/admin/builder/spi-builder-workspace/.derivedData/Build/Intermediates.noindex/NebiusForFoundationModels.build/Debug-xros/NebiusForFoundationModels-t.build/Objects-normal/arm64/NebiusForFoundationModels.swiftmodule /Users/admin/builder/spi-builder-workspace/.derivedData/Build/Products/Debug-xros/NebiusForFoundationModels.swiftmodule/arm64-apple-xros.swiftmodule
Copy /Users/admin/builder/spi-builder-workspace/.derivedData/Build/Products/Debug-xros/NebiusForFoundationModels.swiftmodule/Project/arm64-apple-xros.swiftsourceinfo /Users/admin/builder/spi-builder-workspace/.derivedData/Build/Intermediates.noindex/NebiusForFoundationModels.build/Debug-xros/NebiusForFoundationModels-t.build/Objects-normal/arm64/NebiusForFoundationModels.swiftsourceinfo (in target 'NebiusForFoundationModels' from project 'NebiusForFoundationModels')
    cd /Users/admin/builder/spi-builder-workspace
    builtin-copy -exclude .DS_Store -exclude CVS -exclude .svn -exclude .git -exclude .hg -resolve-src-symlinks -rename /Users/admin/builder/spi-builder-workspace/.derivedData/Build/Intermediates.noindex/NebiusForFoundationModels.build/Debug-xros/NebiusForFoundationModels-t.build/Objects-normal/arm64/NebiusForFoundationModels.swiftsourceinfo /Users/admin/builder/spi-builder-workspace/.derivedData/Build/Products/Debug-xros/NebiusForFoundationModels.swiftmodule/Project/arm64-apple-xros.swiftsourceinfo
SwiftDriver NebiusExample normal arm64 com.apple.xcode.tools.swift.compiler (in target 'NebiusExample-product' from project 'NebiusForFoundationModels')
    cd /Users/admin/builder/spi-builder-workspace/.swiftpm/xcode
    builtin-SwiftDriver -- /Applications/Xcode-27.0.0.app/Contents/Developer/Toolchains/XcodeDefault.xctoolchain/usr/bin/swiftc -parse-as-library -module-name NebiusExample -Onone @/Users/admin/builder/spi-builder-workspace/.derivedData/Build/Intermediates.noindex/NebiusForFoundationModels.build/Debug-xros/NebiusExample-p.build/Objects-normal/arm64/NebiusExample.SwiftFileList -DSWIFT_PACKAGE -DDEBUG -DXcode -plugin-path /Applications/Xcode-27.0.0.app/Contents/Developer/Toolchains/XcodeDefault.xctoolchain/usr/lib/swift/host/plugins/testing -enable-experimental-feature DebugDescriptionMacro -sdk /Applications/Xcode-27.0.0.app/Contents/Developer/Platforms/XROS.platform/Developer/SDKs/XROS27.0.sdk -target arm64-apple-xros1.0 -g -module-cache-path /Users/admin/builder/spi-builder-workspace/.derivedData/ModuleCache.noindex -Xfrontend -serialize-debugging-options -profile-coverage-mapping -profile-generate -enable-testing -index-store-path /Users/admin/builder/spi-builder-workspace/.derivedData/Index.noindex/DataStore -Xcc -D_LIBCPP_HARDENING_MODE\=_LIBCPP_HARDENING_MODE_DEBUG -swift-version 6 -I /Users/admin/builder/spi-builder-workspace/.derivedData/Build/Products/Debug-xros -Isystem /Applications/Xcode-27.0.0.app/Contents/Developer/Platforms/XROS.platform/Developer/usr/lib -F /Users/admin/builder/spi-builder-workspace/.derivedData/Build/Products/Debug-xros/PackageFrameworks -F /Users/admin/builder/spi-builder-workspace/.derivedData/Build/Products/Debug-xros -F /Applications/Xcode-27.0.0.app/Contents/Developer/Platforms/XROS.platform/Developer/Library/Frameworks -F /Applications/Xcode-27.0.0.app/Contents/Developer/Platforms/XROS.platform/Developer/SDKs/XROS27.0.sdk/Developer/Library/Frameworks -c -j10 -enable-batch-mode -incremental -Xcc -ivfsstatcache -Xcc /Users/admin/builder/spi-builder-workspace/.derivedData/SDKStatCaches.noindex/xros27.0-24M361-e829b21a6f8c9b70876ba0858053c04489c3c372b822c72ca60ec5271cbc7f3c.sdkstatcache -output-file-map /Users/admin/builder/spi-builder-workspace/.derivedData/Build/Intermediates.noindex/NebiusForFoundationModels.build/Debug-xros/NebiusExample-p.build/Objects-normal/arm64/NebiusExample-OutputFileMap.json -save-temps -no-color-diagnostics -explicit-module-build -module-cache-path /Users/admin/builder/spi-builder-workspace/.derivedData/Build/Intermediates.noindex/SwiftExplicitPrecompiledModules -clang-scanner-module-cache-path /Users/admin/builder/spi-builder-workspace/.derivedData/ModuleCache.noindex -sdk-module-cache-path /Users/admin/builder/spi-builder-workspace/.derivedData/SDKExplicitPrecompiledModules -emit-dependencies -emit-module -emit-module-path /Users/admin/builder/spi-builder-workspace/.derivedData/Build/Intermediates.noindex/NebiusForFoundationModels.build/Debug-xros/NebiusExample-p.build/Objects-normal/arm64/NebiusExample.swiftmodule -serialize-diagnostics -dependency-scan-serialize-diagnostics-path /Users/admin/builder/spi-builder-workspace/.derivedData/Build/Intermediates.noindex/NebiusForFoundationModels.build/Debug-xros/NebiusExample-p.build/Objects-normal/arm64/NebiusExample-dependency-scan.dia -validate-clang-modules-once -clang-build-session-file /Users/admin/builder/spi-builder-workspace/.derivedData/ModuleCache.noindex/Session.modulevalidation -Xcc -fmodules-prune-interval\=86400 -Xcc -fmodules-prune-after\=345600 -package-name spi_builder_workspace -emit-const-values -const-gather-protocols-list /Users/admin/builder/spi-builder-workspace/.derivedData/Build/Intermediates.noindex/NebiusForFoundationModels.build/Debug-xros/NebiusExample-p.build/Objects-normal/arm64/NebiusExample_const_extract_protocols.json -Xcc -I/Users/admin/builder/spi-builder-workspace/.derivedData/Build/Products/Debug-xros/include -Xcc -I/Users/admin/builder/spi-builder-workspace/.derivedData/Build/Intermediates.noindex/NebiusForFoundationModels.build/Debug-xros/NebiusExample-p.build/DerivedSources-normal/arm64 -Xcc -I/Users/admin/builder/spi-builder-workspace/.derivedData/Build/Intermediates.noindex/NebiusForFoundationModels.build/Debug-xros/NebiusExample-p.build/DerivedSources/arm64 -Xcc -I/Users/admin/builder/spi-builder-workspace/.derivedData/Build/Intermediates.noindex/NebiusForFoundationModels.build/Debug-xros/NebiusExample-p.build/DerivedSources -Xcc -DSWIFT_PACKAGE -Xcc -DDEBUG\=1 -working-directory /Users/admin/builder/spi-builder-workspace/.swiftpm/xcode -experimental-emit-module-separately -disable-cmo
SwiftDriver NebiusAPITests normal arm64 com.apple.xcode.tools.swift.compiler (in target 'NebiusAPITests-product' from project 'NebiusForFoundationModels')
    cd /Users/admin/builder/spi-builder-workspace/.swiftpm/xcode
    builtin-SwiftDriver -- /Applications/Xcode-27.0.0.app/Contents/Developer/Toolchains/XcodeDefault.xctoolchain/usr/bin/swiftc -parse-as-library -module-name NebiusAPITests -Onone @/Users/admin/builder/spi-builder-workspace/.derivedData/Build/Intermediates.noindex/NebiusForFoundationModels.build/Debug-xros/NebiusAPITests-p.build/Objects-normal/arm64/NebiusAPITests.SwiftFileList -DSWIFT_PACKAGE -DDEBUG -DXcode -plugin-path /Applications/Xcode-27.0.0.app/Contents/Developer/Toolchains/XcodeDefault.xctoolchain/usr/lib/swift/host/plugins/testing -enable-experimental-feature DebugDescriptionMacro -sdk /Applications/Xcode-27.0.0.app/Contents/Developer/Platforms/XROS.platform/Developer/SDKs/XROS27.0.sdk -target arm64-apple-xros1.0 -g -module-cache-path /Users/admin/builder/spi-builder-workspace/.derivedData/ModuleCache.noindex -Xfrontend -serialize-debugging-options -profile-coverage-mapping -profile-generate -enable-testing -index-store-path /Users/admin/builder/spi-builder-workspace/.derivedData/Index.noindex/DataStore -Xcc -D_LIBCPP_HARDENING_MODE\=_LIBCPP_HARDENING_MODE_DEBUG -swift-version 6 -I /Users/admin/builder/spi-builder-workspace/.derivedData/Build/Products/Debug-xros -Isystem /Applications/Xcode-27.0.0.app/Contents/Developer/Platforms/XROS.platform/Developer/usr/lib -F /Users/admin/builder/spi-builder-workspace/.derivedData/Build/Products/Debug-xros/PackageFrameworks -F /Users/admin/builder/spi-builder-workspace/.derivedData/Build/Products/Debug-xros -F /Applications/Xcode-27.0.0.app/Contents/Developer/Platforms/XROS.platform/Developer/Library/Frameworks -F /Applications/Xcode-27.0.0.app/Contents/Developer/Platforms/XROS.platform/Developer/SDKs/XROS27.0.sdk/Developer/Library/Frameworks -c -j10 -enable-batch-mode -incremental -Xcc -ivfsstatcache -Xcc /Users/admin/builder/spi-builder-workspace/.derivedData/SDKStatCaches.noindex/xros27.0-24M361-e829b21a6f8c9b70876ba0858053c04489c3c372b822c72ca60ec5271cbc7f3c.sdkstatcache -output-file-map /Users/admin/builder/spi-builder-workspace/.derivedData/Build/Intermediates.noindex/NebiusForFoundationModels.build/Debug-xros/NebiusAPITests-p.build/Objects-normal/arm64/NebiusAPITests-OutputFileMap.json -save-temps -no-color-diagnostics -explicit-module-build -module-cache-path /Users/admin/builder/spi-builder-workspace/.derivedData/Build/Intermediates.noindex/SwiftExplicitPrecompiledModules -clang-scanner-module-cache-path /Users/admin/builder/spi-builder-workspace/.derivedData/ModuleCache.noindex -sdk-module-cache-path /Users/admin/builder/spi-builder-workspace/.derivedData/SDKExplicitPrecompiledModules -emit-dependencies -emit-module -emit-module-path /Users/admin/builder/spi-builder-workspace/.derivedData/Build/Intermediates.noindex/NebiusForFoundationModels.build/Debug-xros/NebiusAPITests-p.build/Objects-normal/arm64/NebiusAPITests.swiftmodule -serialize-diagnostics -dependency-scan-serialize-diagnostics-path /Users/admin/builder/spi-builder-workspace/.derivedData/Build/Intermediates.noindex/NebiusForFoundationModels.build/Debug-xros/NebiusAPITests-p.build/Objects-normal/arm64/NebiusAPITests-dependency-scan.dia -validate-clang-modules-once -clang-build-session-file /Users/admin/builder/spi-builder-workspace/.derivedData/ModuleCache.noindex/Session.modulevalidation -Xcc -fmodules-prune-interval\=86400 -Xcc -fmodules-prune-after\=345600 -package-name spi_builder_workspace -emit-const-values -const-gather-protocols-list /Users/admin/builder/spi-builder-workspace/.derivedData/Build/Intermediates.noindex/NebiusForFoundationModels.build/Debug-xros/NebiusAPITests-p.build/Objects-normal/arm64/NebiusAPITests_const_extract_protocols.json -Xcc -I/Users/admin/builder/spi-builder-workspace/.derivedData/Build/Products/Debug-xros/include -Xcc -I/Users/admin/builder/spi-builder-workspace/.derivedData/Build/Intermediates.noindex/NebiusForFoundationModels.build/Debug-xros/NebiusAPITests-p.build/DerivedSources-normal/arm64 -Xcc -I/Users/admin/builder/spi-builder-workspace/.derivedData/Build/Intermediates.noindex/NebiusForFoundationModels.build/Debug-xros/NebiusAPITests-p.build/DerivedSources/arm64 -Xcc -I/Users/admin/builder/spi-builder-workspace/.derivedData/Build/Intermediates.noindex/NebiusForFoundationModels.build/Debug-xros/NebiusAPITests-p.build/DerivedSources -Xcc -DSWIFT_PACKAGE -Xcc -DDEBUG\=1 -working-directory /Users/admin/builder/spi-builder-workspace/.swiftpm/xcode -experimental-emit-module-separately -disable-cmo
SwiftDriverJobDiscovery normal arm64 Compiling NebiusCatalogModel.swift (in target 'NebiusForFoundationModels' from project 'NebiusForFoundationModels')
SwiftDriverJobDiscovery normal arm64 Emitting module for TavilyForFoundationModels (in target 'TavilyForFoundationModels' from project 'NebiusForFoundationModels')
SwiftDriver\ Compilation\ Requirements TavilyForFoundationModels normal arm64 com.apple.xcode.tools.swift.compiler (in target 'TavilyForFoundationModels' from project 'NebiusForFoundationModels')
    cd /Users/admin/builder/spi-builder-workspace/.swiftpm/xcode
    builtin-Swift-Compilation-Requirements -- /Applications/Xcode-27.0.0.app/Contents/Developer/Toolchains/XcodeDefault.xctoolchain/usr/bin/swiftc -parse-as-library -module-name TavilyForFoundationModels -Onone @/Users/admin/builder/spi-builder-workspace/.derivedData/Build/Intermediates.noindex/NebiusForFoundationModels.build/Debug-xros/TavilyForFoundationModels-t.build/Objects-normal/arm64/TavilyForFoundationModels.SwiftFileList -DSWIFT_PACKAGE -DDEBUG -DSWIFT_MODULE_RESOURCE_BUNDLE_UNAVAILABLE -DXcode -plugin-path /Applications/Xcode-27.0.0.app/Contents/Developer/Toolchains/XcodeDefault.xctoolchain/usr/lib/swift/host/plugins/testing -enable-experimental-feature DebugDescriptionMacro -sdk /Applications/Xcode-27.0.0.app/Contents/Developer/Platforms/XROS.platform/Developer/SDKs/XROS27.0.sdk -target arm64-apple-xros1.0 -g -module-cache-path /Users/admin/builder/spi-builder-workspace/.derivedData/ModuleCache.noindex -Xfrontend -serialize-debugging-options -profile-coverage-mapping -profile-generate -enable-testing -index-store-path /Users/admin/builder/spi-builder-workspace/.derivedData/Index.noindex/DataStore -Xcc -D_LIBCPP_HARDENING_MODE\=_LIBCPP_HARDENING_MODE_DEBUG -swift-version 6 -I /Users/admin/builder/spi-builder-workspace/.derivedData/Build/Products/Debug-xros -Isystem /Applications/Xcode-27.0.0.app/Contents/Developer/Platforms/XROS.platform/Developer/usr/lib -F /Users/admin/builder/spi-builder-workspace/.derivedData/Build/Products/Debug-xros/PackageFrameworks -F /Users/admin/builder/spi-builder-workspace/.derivedData/Build/Products/Debug-xros -F /Applications/Xcode-27.0.0.app/Contents/Developer/Platforms/XROS.platform/Developer/Library/Frameworks -F /Applications/Xcode-27.0.0.app/Contents/Developer/Platforms/XROS.platform/Developer/SDKs/XROS27.0.sdk/Developer/Library/Frameworks -c -j10 -enable-batch-mode -incremental -Xcc -ivfsstatcache -Xcc /Users/admin/builder/spi-builder-workspace/.derivedData/SDKStatCaches.noindex/xros27.0-24M361-e829b21a6f8c9b70876ba0858053c04489c3c372b822c72ca60ec5271cbc7f3c.sdkstatcache -output-file-map /Users/admin/builder/spi-builder-workspace/.derivedData/Build/Intermediates.noindex/NebiusForFoundationModels.build/Debug-xros/TavilyForFoundationModels-t.build/Objects-normal/arm64/TavilyForFoundationModels-OutputFileMap.json -save-temps -no-color-diagnostics -explicit-module-build -module-cache-path /Users/admin/builder/spi-builder-workspace/.derivedData/Build/Intermediates.noindex/SwiftExplicitPrecompiledModules -clang-scanner-module-cache-path /Users/admin/builder/spi-builder-workspace/.derivedData/ModuleCache.noindex -sdk-module-cache-path /Users/admin/builder/spi-builder-workspace/.derivedData/SDKExplicitPrecompiledModules -emit-dependencies -emit-module -emit-module-path /Users/admin/builder/spi-builder-workspace/.derivedData/Build/Intermediates.noindex/NebiusForFoundationModels.build/Debug-xros/TavilyForFoundationModels-t.build/Objects-normal/arm64/TavilyForFoundationModels.swiftmodule -serialize-diagnostics -dependency-scan-serialize-diagnostics-path /Users/admin/builder/spi-builder-workspace/.derivedData/Build/Intermediates.noindex/NebiusForFoundationModels.build/Debug-xros/TavilyForFoundationModels-t.build/Objects-normal/arm64/TavilyForFoundationModels-dependency-scan.dia -validate-clang-modules-once -clang-build-session-file /Users/admin/builder/spi-builder-workspace/.derivedData/ModuleCache.noindex/Session.modulevalidation -Xcc -fmodules-prune-interval\=86400 -Xcc -fmodules-prune-after\=345600 -package-name spi_builder_workspace -emit-const-values -const-gather-protocols-list /Users/admin/builder/spi-builder-workspace/.derivedData/Build/Intermediates.noindex/NebiusForFoundationModels.build/Debug-xros/TavilyForFoundationModels-t.build/Objects-normal/arm64/TavilyForFoundationModels_const_extract_protocols.json -Xcc -I/Users/admin/builder/spi-builder-workspace/.derivedData/Build/Products/Debug-xros/include -Xcc -I/Users/admin/builder/spi-builder-workspace/.derivedData/Build/Intermediates.noindex/NebiusForFoundationModels.build/Debug-xros/TavilyForFoundationModels-t.build/DerivedSources-normal/arm64 -Xcc -I/Users/admin/builder/spi-builder-workspace/.derivedData/Build/Intermediates.noindex/NebiusForFoundationModels.build/Debug-xros/TavilyForFoundationModels-t.build/DerivedSources/arm64 -Xcc -I/Users/admin/builder/spi-builder-workspace/.derivedData/Build/Intermediates.noindex/NebiusForFoundationModels.build/Debug-xros/TavilyForFoundationModels-t.build/DerivedSources -Xcc -DSWIFT_PACKAGE -Xcc -DDEBUG\=1 -emit-objc-header -emit-objc-header-path /Users/admin/builder/spi-builder-workspace/.derivedData/Build/Intermediates.noindex/NebiusForFoundationModels.build/Debug-xros/TavilyForFoundationModels-t.build/Objects-normal/arm64/TavilyForFoundationModels-Swift.h -working-directory /Users/admin/builder/spi-builder-workspace/.swiftpm/xcode -experimental-emit-module-separately -disable-cmo
SwiftMergeGeneratedHeaders /Users/admin/builder/spi-builder-workspace/.derivedData/Build/Intermediates.noindex/GeneratedModuleMaps-xros/TavilyForFoundationModels-Swift.h /Users/admin/builder/spi-builder-workspace/.derivedData/Build/Intermediates.noindex/NebiusForFoundationModels.build/Debug-xros/TavilyForFoundationModels-t.build/Objects-normal/arm64/TavilyForFoundationModels-Swift.h (in target 'TavilyForFoundationModels' from project 'NebiusForFoundationModels')
    cd /Users/admin/builder/spi-builder-workspace
    builtin-swiftHeaderTool -arch arm64 /Users/admin/builder/spi-builder-workspace/.derivedData/Build/Intermediates.noindex/NebiusForFoundationModels.build/Debug-xros/TavilyForFoundationModels-t.build/Objects-normal/arm64/TavilyForFoundationModels-Swift.h -o /Users/admin/builder/spi-builder-workspace/.derivedData/Build/Intermediates.noindex/GeneratedModuleMaps-xros/TavilyForFoundationModels-Swift.h
Copy /Users/admin/builder/spi-builder-workspace/.derivedData/Build/Products/Debug-xros/TavilyForFoundationModels.swiftmodule/arm64-apple-xros.swiftmodule /Users/admin/builder/spi-builder-workspace/.derivedData/Build/Intermediates.noindex/NebiusForFoundationModels.build/Debug-xros/TavilyForFoundationModels-t.build/Objects-normal/arm64/TavilyForFoundationModels.swiftmodule (in target 'TavilyForFoundationModels' from project 'NebiusForFoundationModels')
    cd /Users/admin/builder/spi-builder-workspace
    builtin-copy -exclude .DS_Store -exclude CVS -exclude .svn -exclude .git -exclude .hg -resolve-src-symlinks -rename /Users/admin/builder/spi-builder-workspace/.derivedData/Build/Intermediates.noindex/NebiusForFoundationModels.build/Debug-xros/TavilyForFoundationModels-t.build/Objects-normal/arm64/TavilyForFoundationModels.swiftmodule /Users/admin/builder/spi-builder-workspace/.derivedData/Build/Products/Debug-xros/TavilyForFoundationModels.swiftmodule/arm64-apple-xros.swiftmodule
Copy /Users/admin/builder/spi-builder-workspace/.derivedData/Build/Products/Debug-xros/TavilyForFoundationModels.swiftmodule/arm64-apple-xros.swiftdoc /Users/admin/builder/spi-builder-workspace/.derivedData/Build/Intermediates.noindex/NebiusForFoundationModels.build/Debug-xros/TavilyForFoundationModels-t.build/Objects-normal/arm64/TavilyForFoundationModels.swiftdoc (in target 'TavilyForFoundationModels' from project 'NebiusForFoundationModels')
    cd /Users/admin/builder/spi-builder-workspace
    builtin-copy -exclude .DS_Store -exclude CVS -exclude .svn -exclude .git -exclude .hg -resolve-src-symlinks -rename /Users/admin/builder/spi-builder-workspace/.derivedData/Build/Intermediates.noindex/NebiusForFoundationModels.build/Debug-xros/TavilyForFoundationModels-t.build/Objects-normal/arm64/TavilyForFoundationModels.swiftdoc /Users/admin/builder/spi-builder-workspace/.derivedData/Build/Products/Debug-xros/TavilyForFoundationModels.swiftmodule/arm64-apple-xros.swiftdoc
Copy /Users/admin/builder/spi-builder-workspace/.derivedData/Build/Products/Debug-xros/TavilyForFoundationModels.swiftmodule/arm64-apple-xros.abi.json /Users/admin/builder/spi-builder-workspace/.derivedData/Build/Intermediates.noindex/NebiusForFoundationModels.build/Debug-xros/TavilyForFoundationModels-t.build/Objects-normal/arm64/TavilyForFoundationModels.abi.json (in target 'TavilyForFoundationModels' from project 'NebiusForFoundationModels')
    cd /Users/admin/builder/spi-builder-workspace
    builtin-copy -exclude .DS_Store -exclude CVS -exclude .svn -exclude .git -exclude .hg -resolve-src-symlinks -rename /Users/admin/builder/spi-builder-workspace/.derivedData/Build/Intermediates.noindex/NebiusForFoundationModels.build/Debug-xros/TavilyForFoundationModels-t.build/Objects-normal/arm64/TavilyForFoundationModels.abi.json /Users/admin/builder/spi-builder-workspace/.derivedData/Build/Products/Debug-xros/TavilyForFoundationModels.swiftmodule/arm64-apple-xros.abi.json
Copy /Users/admin/builder/spi-builder-workspace/.derivedData/Build/Products/Debug-xros/TavilyForFoundationModels.swiftmodule/Project/arm64-apple-xros.swiftsourceinfo /Users/admin/builder/spi-builder-workspace/.derivedData/Build/Intermediates.noindex/NebiusForFoundationModels.build/Debug-xros/TavilyForFoundationModels-t.build/Objects-normal/arm64/TavilyForFoundationModels.swiftsourceinfo (in target 'TavilyForFoundationModels' from project 'NebiusForFoundationModels')
    cd /Users/admin/builder/spi-builder-workspace
    builtin-copy -exclude .DS_Store -exclude CVS -exclude .svn -exclude .git -exclude .hg -resolve-src-symlinks -rename /Users/admin/builder/spi-builder-workspace/.derivedData/Build/Intermediates.noindex/NebiusForFoundationModels.build/Debug-xros/TavilyForFoundationModels-t.build/Objects-normal/arm64/TavilyForFoundationModels.swiftsourceinfo /Users/admin/builder/spi-builder-workspace/.derivedData/Build/Products/Debug-xros/TavilyForFoundationModels.swiftmodule/Project/arm64-apple-xros.swiftsourceinfo
SwiftDriver TavilyExample normal arm64 com.apple.xcode.tools.swift.compiler (in target 'TavilyExample-product' from project 'NebiusForFoundationModels')
    cd /Users/admin/builder/spi-builder-workspace/.swiftpm/xcode
    builtin-SwiftDriver -- /Applications/Xcode-27.0.0.app/Contents/Developer/Toolchains/XcodeDefault.xctoolchain/usr/bin/swiftc -parse-as-library -module-name TavilyExample -Onone @/Users/admin/builder/spi-builder-workspace/.derivedData/Build/Intermediates.noindex/NebiusForFoundationModels.build/Debug-xros/TavilyExample-p.build/Objects-normal/arm64/TavilyExample.SwiftFileList -DSWIFT_PACKAGE -DDEBUG -DXcode -plugin-path /Applications/Xcode-27.0.0.app/Contents/Developer/Toolchains/XcodeDefault.xctoolchain/usr/lib/swift/host/plugins/testing -enable-experimental-feature DebugDescriptionMacro -sdk /Applications/Xcode-27.0.0.app/Contents/Developer/Platforms/XROS.platform/Developer/SDKs/XROS27.0.sdk -target arm64-apple-xros1.0 -g -module-cache-path /Users/admin/builder/spi-builder-workspace/.derivedData/ModuleCache.noindex -Xfrontend -serialize-debugging-options -profile-coverage-mapping -profile-generate -enable-testing -index-store-path /Users/admin/builder/spi-builder-workspace/.derivedData/Index.noindex/DataStore -Xcc -D_LIBCPP_HARDENING_MODE\=_LIBCPP_HARDENING_MODE_DEBUG -swift-version 6 -I /Users/admin/builder/spi-builder-workspace/.derivedData/Build/Products/Debug-xros -Isystem /Applications/Xcode-27.0.0.app/Contents/Developer/Platforms/XROS.platform/Developer/usr/lib -F /Users/admin/builder/spi-builder-workspace/.derivedData/Build/Products/Debug-xros/PackageFrameworks -F /Users/admin/builder/spi-builder-workspace/.derivedData/Build/Products/Debug-xros -F /Applications/Xcode-27.0.0.app/Contents/Developer/Platforms/XROS.platform/Developer/Library/Frameworks -F /Applications/Xcode-27.0.0.app/Contents/Developer/Platforms/XROS.platform/Developer/SDKs/XROS27.0.sdk/Developer/Library/Frameworks -c -j10 -enable-batch-mode -incremental -Xcc -ivfsstatcache -Xcc /Users/admin/builder/spi-builder-workspace/.derivedData/SDKStatCaches.noindex/xros27.0-24M361-e829b21a6f8c9b70876ba0858053c04489c3c372b822c72ca60ec5271cbc7f3c.sdkstatcache -output-file-map /Users/admin/builder/spi-builder-workspace/.derivedData/Build/Intermediates.noindex/NebiusForFoundationModels.build/Debug-xros/TavilyExample-p.build/Objects-normal/arm64/TavilyExample-OutputFileMap.json -save-temps -no-color-diagnostics -explicit-module-build -module-cache-path /Users/admin/builder/spi-builder-workspace/.derivedData/Build/Intermediates.noindex/SwiftExplicitPrecompiledModules -clang-scanner-module-cache-path /Users/admin/builder/spi-builder-workspace/.derivedData/ModuleCache.noindex -sdk-module-cache-path /Users/admin/builder/spi-builder-workspace/.derivedData/SDKExplicitPrecompiledModules -emit-dependencies -emit-module -emit-module-path /Users/admin/builder/spi-builder-workspace/.derivedData/Build/Intermediates.noindex/NebiusForFoundationModels.build/Debug-xros/TavilyExample-p.build/Objects-normal/arm64/TavilyExample.swiftmodule -serialize-diagnostics -dependency-scan-serialize-diagnostics-path /Users/admin/builder/spi-builder-workspace/.derivedData/Build/Intermediates.noindex/NebiusForFoundationModels.build/Debug-xros/TavilyExample-p.build/Objects-normal/arm64/TavilyExample-dependency-scan.dia -validate-clang-modules-once -clang-build-session-file /Users/admin/builder/spi-builder-workspace/.derivedData/ModuleCache.noindex/Session.modulevalidation -Xcc -fmodules-prune-interval\=86400 -Xcc -fmodules-prune-after\=345600 -package-name spi_builder_workspace -emit-const-values -const-gather-protocols-list /Users/admin/builder/spi-builder-workspace/.derivedData/Build/Intermediates.noindex/NebiusForFoundationModels.build/Debug-xros/TavilyExample-p.build/Objects-normal/arm64/TavilyExample_const_extract_protocols.json -Xcc -I/Users/admin/builder/spi-builder-workspace/.derivedData/Build/Products/Debug-xros/include -Xcc -I/Users/admin/builder/spi-builder-workspace/.derivedData/Build/Intermediates.noindex/NebiusForFoundationModels.build/Debug-xros/TavilyExample-p.build/DerivedSources-normal/arm64 -Xcc -I/Users/admin/builder/spi-builder-workspace/.derivedData/Build/Intermediates.noindex/NebiusForFoundationModels.build/Debug-xros/TavilyExample-p.build/DerivedSources/arm64 -Xcc -I/Users/admin/builder/spi-builder-workspace/.derivedData/Build/Intermediates.noindex/NebiusForFoundationModels.build/Debug-xros/TavilyExample-p.build/DerivedSources -Xcc -DSWIFT_PACKAGE -Xcc -DDEBUG\=1 -working-directory /Users/admin/builder/spi-builder-workspace/.swiftpm/xcode -experimental-emit-module-separately -disable-cmo
SwiftDriver TavilyAPITests normal arm64 com.apple.xcode.tools.swift.compiler (in target 'TavilyAPITests-product' from project 'NebiusForFoundationModels')
    cd /Users/admin/builder/spi-builder-workspace/.swiftpm/xcode
    builtin-SwiftDriver -- /Applications/Xcode-27.0.0.app/Contents/Developer/Toolchains/XcodeDefault.xctoolchain/usr/bin/swiftc -parse-as-library -module-name TavilyAPITests -Onone @/Users/admin/builder/spi-builder-workspace/.derivedData/Build/Intermediates.noindex/NebiusForFoundationModels.build/Debug-xros/TavilyAPITests-p.build/Objects-normal/arm64/TavilyAPITests.SwiftFileList -DSWIFT_PACKAGE -DDEBUG -DXcode -plugin-path /Applications/Xcode-27.0.0.app/Contents/Developer/Toolchains/XcodeDefault.xctoolchain/usr/lib/swift/host/plugins/testing -enable-experimental-feature DebugDescriptionMacro -sdk /Applications/Xcode-27.0.0.app/Contents/Developer/Platforms/XROS.platform/Developer/SDKs/XROS27.0.sdk -target arm64-apple-xros1.0 -g -module-cache-path /Users/admin/builder/spi-builder-workspace/.derivedData/ModuleCache.noindex -Xfrontend -serialize-debugging-options -profile-coverage-mapping -profile-generate -enable-testing -index-store-path /Users/admin/builder/spi-builder-workspace/.derivedData/Index.noindex/DataStore -Xcc -D_LIBCPP_HARDENING_MODE\=_LIBCPP_HARDENING_MODE_DEBUG -swift-version 6 -I /Users/admin/builder/spi-builder-workspace/.derivedData/Build/Products/Debug-xros -Isystem /Applications/Xcode-27.0.0.app/Contents/Developer/Platforms/XROS.platform/Developer/usr/lib -F /Users/admin/builder/spi-builder-workspace/.derivedData/Build/Products/Debug-xros/PackageFrameworks -F /Users/admin/builder/spi-builder-workspace/.derivedData/Build/Products/Debug-xros -F /Applications/Xcode-27.0.0.app/Contents/Developer/Platforms/XROS.platform/Developer/Library/Frameworks -F /Applications/Xcode-27.0.0.app/Contents/Developer/Platforms/XROS.platform/Developer/SDKs/XROS27.0.sdk/Developer/Library/Frameworks -c -j10 -enable-batch-mode -incremental -Xcc -ivfsstatcache -Xcc /Users/admin/builder/spi-builder-workspace/.derivedData/SDKStatCaches.noindex/xros27.0-24M361-e829b21a6f8c9b70876ba0858053c04489c3c372b822c72ca60ec5271cbc7f3c.sdkstatcache -output-file-map /Users/admin/builder/spi-builder-workspace/.derivedData/Build/Intermediates.noindex/NebiusForFoundationModels.build/Debug-xros/TavilyAPITests-p.build/Objects-normal/arm64/TavilyAPITests-OutputFileMap.json -save-temps -no-color-diagnostics -explicit-module-build -module-cache-path /Users/admin/builder/spi-builder-workspace/.derivedData/Build/Intermediates.noindex/SwiftExplicitPrecompiledModules -clang-scanner-module-cache-path /Users/admin/builder/spi-builder-workspace/.derivedData/ModuleCache.noindex -sdk-module-cache-path /Users/admin/builder/spi-builder-workspace/.derivedData/SDKExplicitPrecompiledModules -emit-dependencies -emit-module -emit-module-path /Users/admin/builder/spi-builder-workspace/.derivedData/Build/Intermediates.noindex/NebiusForFoundationModels.build/Debug-xros/TavilyAPITests-p.build/Objects-normal/arm64/TavilyAPITests.swiftmodule -serialize-diagnostics -dependency-scan-serialize-diagnostics-path /Users/admin/builder/spi-builder-workspace/.derivedData/Build/Intermediates.noindex/NebiusForFoundationModels.build/Debug-xros/TavilyAPITests-p.build/Objects-normal/arm64/TavilyAPITests-dependency-scan.dia -validate-clang-modules-once -clang-build-session-file /Users/admin/builder/spi-builder-workspace/.derivedData/ModuleCache.noindex/Session.modulevalidation -Xcc -fmodules-prune-interval\=86400 -Xcc -fmodules-prune-after\=345600 -package-name spi_builder_workspace -emit-const-values -const-gather-protocols-list /Users/admin/builder/spi-builder-workspace/.derivedData/Build/Intermediates.noindex/NebiusForFoundationModels.build/Debug-xros/TavilyAPITests-p.build/Objects-normal/arm64/TavilyAPITests_const_extract_protocols.json -Xcc -I/Users/admin/builder/spi-builder-workspace/.derivedData/Build/Products/Debug-xros/include -Xcc -I/Users/admin/builder/spi-builder-workspace/.derivedData/Build/Intermediates.noindex/NebiusForFoundationModels.build/Debug-xros/TavilyAPITests-p.build/DerivedSources-normal/arm64 -Xcc -I/Users/admin/builder/spi-builder-workspace/.derivedData/Build/Intermediates.noindex/NebiusForFoundationModels.build/Debug-xros/TavilyAPITests-p.build/DerivedSources/arm64 -Xcc -I/Users/admin/builder/spi-builder-workspace/.derivedData/Build/Intermediates.noindex/NebiusForFoundationModels.build/Debug-xros/TavilyAPITests-p.build/DerivedSources -Xcc -DSWIFT_PACKAGE -Xcc -DDEBUG\=1 -working-directory /Users/admin/builder/spi-builder-workspace/.swiftpm/xcode -experimental-emit-module-separately -disable-cmo
SwiftDriverJobDiscovery normal arm64 Compiling NebiusLanguageModel.swift (in target 'NebiusForFoundationModels' from project 'NebiusForFoundationModels')
SwiftEmitModule normal arm64 Emitting\ module\ for\ NebiusExample (in target 'NebiusExample-product' from project 'NebiusForFoundationModels')
SwiftCompile normal arm64 (in target 'NebiusExample-product' from project 'NebiusForFoundationModels')
    cd /Users/admin/builder/spi-builder-workspace/.swiftpm/xcode

SwiftCompile normal arm64 Compiling\ NebiusExample.swift /Users/admin/builder/spi-builder-workspace/Examples/NebiusExample/NebiusExample.swift (in target 'NebiusExample-product' from project 'NebiusForFoundationModels')
/Users/admin/builder/spi-builder-workspace/Examples/NebiusExample/NebiusExample.swift:19:19: error: 'NebiusLanguageModel' is only available in visionOS 27.0 or newer
 9 |   @available(macOS 27.0, *)
10 |   @main
11 |   struct NebiusExample {
   |          `- note: add '@available' attribute to enclosing struct
12 |     static func main() async throws {
   |                 `- note: add '@available' attribute to enclosing static method
13 |       let prompt = CommandLine.arguments.dropFirst().joined(separator: " ")
14 |       guard !prompt.isEmpty else {
   :
17 |       }
18 |
19 |       let model = NebiusLanguageModel(
   |                   |- error: 'NebiusLanguageModel' is only available in visionOS 27.0 or newer
   |                   `- note: add 'if #available' version check
20 |         name: .nemotron35Lightning,
21 |         auth: .apiKey(ProcessInfo.processInfo.environment["NEBIUS_API_KEY"] ?? "")
/Users/admin/builder/spi-builder-workspace/Examples/NebiusExample/NebiusExample.swift:23:21: error: 'LanguageModelSession' is only available in visionOS 26.0 or newer
 9 |   @available(macOS 27.0, *)
10 |   @main
11 |   struct NebiusExample {
   |          `- note: add '@available' attribute to enclosing struct
12 |     static func main() async throws {
   |                 `- note: add '@available' attribute to enclosing static method
13 |       let prompt = CommandLine.arguments.dropFirst().joined(separator: " ")
14 |       guard !prompt.isEmpty else {
   :
21 |         auth: .apiKey(ProcessInfo.processInfo.environment["NEBIUS_API_KEY"] ?? "")
22 |       )
23 |       let session = LanguageModelSession(model: model)
   |                     |- error: 'LanguageModelSession' is only available in visionOS 26.0 or newer
   |                     `- note: add 'if #available' version check
24 |       let stream = session.streamResponse(to: prompt)
25 |       for try await snapshot in stream {
/Users/admin/builder/spi-builder-workspace/Examples/NebiusExample/NebiusExample.swift:23:21: error: 'init(model:tools:instructions:)' is only available in visionOS 27.0 or newer
 9 |   @available(macOS 27.0, *)
10 |   @main
11 |   struct NebiusExample {
   |          `- note: add '@available' attribute to enclosing struct
12 |     static func main() async throws {
   |                 `- note: add '@available' attribute to enclosing static method
13 |       let prompt = CommandLine.arguments.dropFirst().joined(separator: " ")
14 |       guard !prompt.isEmpty else {
   :
21 |         auth: .apiKey(ProcessInfo.processInfo.environment["NEBIUS_API_KEY"] ?? "")
22 |       )
23 |       let session = LanguageModelSession(model: model)
   |                     |- error: 'init(model:tools:instructions:)' is only available in visionOS 27.0 or newer
   |                     `- note: add 'if #available' version check
24 |       let stream = session.streamResponse(to: prompt)
25 |       for try await snapshot in stream {
/Users/admin/builder/spi-builder-workspace/Examples/NebiusExample/NebiusExample.swift:24:28: error: 'streamResponse(to:options:)' is only available in visionOS 26.0 or newer
 9 |   @available(macOS 27.0, *)
10 |   @main
11 |   struct NebiusExample {
   |          `- note: add '@available' attribute to enclosing struct
12 |     static func main() async throws {
   |                 `- note: add '@available' attribute to enclosing static method
13 |       let prompt = CommandLine.arguments.dropFirst().joined(separator: " ")
14 |       guard !prompt.isEmpty else {
   :
22 |       )
23 |       let session = LanguageModelSession(model: model)
24 |       let stream = session.streamResponse(to: prompt)
   |                            |- error: 'streamResponse(to:options:)' is only available in visionOS 26.0 or newer
   |                            `- note: add 'if #available' version check
25 |       for try await snapshot in stream {
26 |         print(snapshot.content)
/Users/admin/builder/spi-builder-workspace/Examples/NebiusExample/NebiusExample.swift:24:11: error: conformance of 'String' to 'Generable' is only available in visionOS 26.0 or newer
 9 |   @available(macOS 27.0, *)
10 |   @main
11 |   struct NebiusExample {
   |          `- note: add '@available' attribute to enclosing struct
12 |     static func main() async throws {
   |                 `- note: add '@available' attribute to enclosing static method
13 |       let prompt = CommandLine.arguments.dropFirst().joined(separator: " ")
14 |       guard !prompt.isEmpty else {
   :
22 |       )
23 |       let session = LanguageModelSession(model: model)
24 |       let stream = session.streamResponse(to: prompt)
   |           |- error: conformance of 'String' to 'Generable' is only available in visionOS 26.0 or newer
   |           `- note: add 'if #available' version check
25 |       for try await snapshot in stream {
26 |         print(snapshot.content)
/Users/admin/builder/spi-builder-workspace/Examples/NebiusExample/NebiusExample.swift:26:24: error: conformance of 'String' to 'Generable' is only available in visionOS 26.0 or newer
 9 |   @available(macOS 27.0, *)
10 |   @main
11 |   struct NebiusExample {
   |          `- note: add '@available' attribute to enclosing struct
12 |     static func main() async throws {
   |                 `- note: add '@available' attribute to enclosing static method
13 |       let prompt = CommandLine.arguments.dropFirst().joined(separator: " ")
14 |       guard !prompt.isEmpty else {
   :
24 |       let stream = session.streamResponse(to: prompt)
25 |       for try await snapshot in stream {
26 |         print(snapshot.content)
   |                        |- error: conformance of 'String' to 'Generable' is only available in visionOS 26.0 or newer
   |                        `- note: add 'if #available' version check
27 |       }
28 |     }
/Users/admin/builder/spi-builder-workspace/Examples/NebiusExample/NebiusExample.swift:25:7: error: for-in loop requires 'LanguageModelSession.ResponseStream<String>' to conform to 'AsyncSequence', which is only available in visionOS 26.0 or newer
 9 |   @available(macOS 27.0, *)
10 |   @main
11 |   struct NebiusExample {
   |          `- note: add '@available' attribute to enclosing struct
12 |     static func main() async throws {
   |                 `- note: add '@available' attribute to enclosing static method
13 |       let prompt = CommandLine.arguments.dropFirst().joined(separator: " ")
14 |       guard !prompt.isEmpty else {
   :
23 |       let session = LanguageModelSession(model: model)
24 |       let stream = session.streamResponse(to: prompt)
25 |       for try await snapshot in stream {
   |       |- error: for-in loop requires 'LanguageModelSession.ResponseStream<String>' to conform to 'AsyncSequence', which is only available in visionOS 26.0 or newer
   |       `- note: add 'if #available' version check
26 |         print(snapshot.content)
27 |       }
Failed frontend command:
/Applications/Xcode-27.0.0.app/Contents/Developer/Toolchains/XcodeDefault.xctoolchain/usr/bin/swift-frontend -frontend -c -primary-file /Users/admin/builder/spi-builder-workspace/Examples/NebiusExample/NebiusExample.swift -emit-dependencies-path /Users/admin/builder/spi-builder-workspace/.derivedData/Build/Intermediates.noindex/NebiusForFoundationModels.build/Debug-xros/NebiusExample-p.build/Objects-normal/arm64/NebiusExample.d -emit-const-values-path /Users/admin/builder/spi-builder-workspace/.derivedData/Build/Intermediates.noindex/NebiusForFoundationModels.build/Debug-xros/NebiusExample-p.build/Objects-normal/arm64/NebiusExample.swiftconstvalues -emit-reference-dependencies-path /Users/admin/builder/spi-builder-workspace/.derivedData/Build/Intermediates.noindex/NebiusForFoundationModels.build/Debug-xros/NebiusExample-p.build/Objects-normal/arm64/NebiusExample.swiftdeps -serialize-diagnostics-path /Users/admin/builder/spi-builder-workspace/.derivedData/Build/Intermediates.noindex/NebiusForFoundationModels.build/Debug-xros/NebiusExample-p.build/Objects-normal/arm64/NebiusExample.dia -target arm64-apple-xros1.0 -disable-cross-import-overlay-search -swift-module-cross-import FoundationModels /Applications/Xcode-27.0.0.app/Contents/Developer/Platforms/XROS.platform/Developer/SDKs/XROS27.0.sdk/System/Library/Frameworks/FoundationModels.framework/Modules/FoundationModels.swiftcrossimport/SwiftUI.swiftoverlay -swift-module-cross-import FoundationModels /Applications/Xcode-27.0.0.app/Contents/Developer/Platforms/XROS.platform/Developer/SDKs/XROS27.0.sdk/System/Library/Frameworks/FoundationModels.framework/Modules/FoundationModels.swiftcrossimport/UIKit.swiftoverlay -load-resolved-plugin /Applications/Xcode-27.0.0.app/Contents/Developer/Platforms/XROS.platform/Developer/usr/lib/swift/host/plugins/libFoundationMacros.dylib\#/Applications/Xcode-27.0.0.app/Contents/Developer/Platforms/XROS.platform/Developer/usr/bin/swift-plugin-server\#FoundationMacros -load-resolved-plugin /Applications/Xcode-27.0.0.app/Contents/Developer/Platforms/XROS.platform/Developer/usr/lib/swift/host/plugins/libFoundationModelsMacros.dylib\#/Applications/Xcode-27.0.0.app/Contents/Developer/Platforms/XROS.platform/Developer/usr/bin/swift-plugin-server\#FoundationModelsMacros -load-resolved-plugin /Applications/Xcode-27.0.0.app/Contents/Developer/Platforms/XROS.platform/Developer/usr/lib/swift/host/plugins/libObservationMacros.dylib\#/Applications/Xcode-27.0.0.app/Contents/Developer/Platforms/XROS.platform/Developer/usr/bin/swift-plugin-server\#ObservationMacros -load-resolved-plugin /Applications/Xcode-27.0.0.app/Contents/Developer/Platforms/XROS.platform/Developer/usr/lib/swift/host/plugins/libSwiftMacros.dylib\#/Applications/Xcode-27.0.0.app/Contents/Developer/Platforms/XROS.platform/Developer/usr/bin/swift-plugin-server\#SwiftMacros -disable-implicit-swift-modules -Xcc -fno-implicit-modules -Xcc -fno-implicit-module-maps -explicit-swift-module-map-file /Users/admin/builder/spi-builder-workspace/.derivedData/Build/Intermediates.noindex/NebiusForFoundationModels.build/Debug-xros/NebiusExample-p.build/Objects-normal/arm64/NebiusExample-dependencies-1.json -Xllvm -aarch64-use-tbi -enable-objc-interop -stack-check -sdk /Applications/Xcode-27.0.0.app/Contents/Developer/Platforms/XROS.platform/Developer/SDKs/XROS27.0.sdk -I /Users/admin/builder/spi-builder-workspace/.derivedData/Build/Products/Debug-xros -Isystem /Applications/Xcode-27.0.0.app/Contents/Developer/Platforms/XROS.platform/Developer/usr/lib -F /Users/admin/builder/spi-builder-workspace/.derivedData/Build/Products/Debug-xros/PackageFrameworks -F /Users/admin/builder/spi-builder-workspace/.derivedData/Build/Products/Debug-xros -F /Applications/Xcode-27.0.0.app/Contents/Developer/Platforms/XROS.platform/Developer/Library/Frameworks -F /Applications/Xcode-27.0.0.app/Contents/Developer/Platforms/XROS.platform/Developer/SDKs/XROS27.0.sdk/Developer/Library/Frameworks -module-cache-path /Users/admin/builder/spi-builder-workspace/.derivedData/Build/Intermediates.noindex/SwiftExplicitPrecompiledModules -no-color-diagnostics -Xcc -fno-color-diagnostics -enable-testing -g -debug-info-format\=dwarf -dwarf-version\=4 -profile-generate -profile-coverage-mapping -swift-version 6 -Onone -D SWIFT_PACKAGE -D DEBUG -D Xcode -serialize-debugging-options -enable-experimental-feature DebugDescriptionMacro -empty-abi-descriptor -validate-clang-modules-once -clang-build-session-file /Users/admin/builder/spi-builder-workspace/.derivedData/ModuleCache.noindex/Session.modulevalidation -Xcc -working-directory -Xcc /Users/admin/builder/spi-builder-workspace/.swiftpm/xcode -enable-anonymous-context-mangled-names -file-compilation-dir /Users/admin/builder/spi-builder-workspace/.swiftpm/xcode -Xcc -D_LIBCPP_HARDENING_MODE\=_LIBCPP_HARDENING_MODE_DEBUG -Xcc -ivfsstatcache -Xcc /Users/admin/builder/spi-builder-workspace/.derivedData/SDKStatCaches.noindex/xros27.0-24M361-e829b21a6f8c9b70876ba0858053c04489c3c372b822c72ca60ec5271cbc7f3c.sdkstatcache -Xcc -fmodules-prune-interval\=86400 -Xcc -fmodules-prune-after\=345600 -Xcc -I/Users/admin/builder/spi-builder-workspace/.derivedData/Build/Products/Debug-xros/include -Xcc -I/Users/admin/builder/spi-builder-workspace/.derivedData/Build/Intermediates.noindex/NebiusForFoundationModels.build/Debug-xros/NebiusExample-p.build/DerivedSources-normal/arm64 -Xcc -I/Users/admin/builder/spi-builder-workspace/.derivedData/Build/Intermediates.noindex/NebiusForFoundationModels.build/Debug-xros/NebiusExample-p.build/DerivedSources/arm64 -Xcc -I/Users/admin/builder/spi-builder-workspace/.derivedData/Build/Intermediates.noindex/NebiusForFoundationModels.build/Debug-xros/NebiusExample-p.build/DerivedSources -Xcc -DSWIFT_PACKAGE -Xcc -DDEBUG\=1 -no-auto-bridging-header-chaining -module-name NebiusExample -package-name spi_builder_workspace -const-gather-protocols-file /Users/admin/builder/spi-builder-workspace/.derivedData/Build/Intermediates.noindex/NebiusForFoundationModels.build/Debug-xros/NebiusExample-p.build/Objects-normal/arm64/NebiusExample_const_extract_protocols.json -disable-clang-spi -clang-target arm64-apple-xros27.0 -target-sdk-version 27.0 -target-sdk-name xros27.0 -in-process-plugin-server-path /Applications/Xcode-27.0.0.app/Contents/Developer/Toolchains/XcodeDefault.xctoolchain/usr/lib/swift/host/libSwiftInProcPluginServer.dylib -parse-as-library -o /Users/admin/builder/spi-builder-workspace/.derivedData/Build/Intermediates.noindex/NebiusForFoundationModels.build/Debug-xros/NebiusExample-p.build/Objects-normal/arm64/NebiusExample.o -debug-module-path /Users/admin/builder/spi-builder-workspace/.derivedData/Build/Intermediates.noindex/NebiusForFoundationModels.build/Debug-xros/NebiusExample-p.build/Objects-normal/arm64/NebiusExample.swiftmodule -index-unit-output-path /NebiusForFoundationModels.build/Debug-xros/NebiusExample-p.build/Objects-normal/arm64/NebiusExample.o -index-store-path /Users/admin/builder/spi-builder-workspace/.derivedData/Index.noindex/DataStore -index-system-modules
SwiftCompile normal arm64 /Users/admin/builder/spi-builder-workspace/Examples/NebiusExample/NebiusExample.swift (in target 'NebiusExample-product' from project 'NebiusForFoundationModels')
    cd /Users/admin/builder/spi-builder-workspace/.swiftpm/xcode
    builtin-SwiftPerFileCompile NebiusExample.swift
SwiftCompile normal arm64 Compiling\ NebiusAPITests.swift /Users/admin/builder/spi-builder-workspace/Tests/NebiusAPITests/NebiusAPITests.swift (in target 'NebiusAPITests-product' from project 'NebiusForFoundationModels')
SwiftCompile normal arm64 /Users/admin/builder/spi-builder-workspace/Tests/NebiusAPITests/NebiusAPITests.swift (in target 'NebiusAPITests-product' from project 'NebiusForFoundationModels')
    cd /Users/admin/builder/spi-builder-workspace/.swiftpm/xcode
    builtin-SwiftPerFileCompile NebiusAPITests.swift
SwiftEmitModule normal arm64 Emitting\ module\ for\ NebiusAPITests (in target 'NebiusAPITests-product' from project 'NebiusForFoundationModels')
SwiftCompile normal arm64 (in target 'NebiusAPITests-product' from project 'NebiusForFoundationModels')
    cd /Users/admin/builder/spi-builder-workspace/.swiftpm/xcode

SwiftCompile normal arm64 Compiling\ DedicatedEndpointAPITests.swift /Users/admin/builder/spi-builder-workspace/Tests/NebiusAPITests/DedicatedEndpointAPITests.swift (in target 'NebiusAPITests-product' from project 'NebiusForFoundationModels')
SwiftCompile normal arm64 /Users/admin/builder/spi-builder-workspace/Tests/NebiusAPITests/DedicatedEndpointAPITests.swift (in target 'NebiusAPITests-product' from project 'NebiusForFoundationModels')
    cd /Users/admin/builder/spi-builder-workspace/.swiftpm/xcode
    builtin-SwiftPerFileCompile DedicatedEndpointAPITests.swift
SwiftEmitModule normal arm64 Emitting\ module\ for\ TavilyExample (in target 'TavilyExample-product' from project 'NebiusForFoundationModels')
SwiftCompile normal arm64 (in target 'TavilyExample-product' from project 'NebiusForFoundationModels')
    cd /Users/admin/builder/spi-builder-workspace/.swiftpm/xcode

SwiftCompile normal arm64 Compiling\ TavilyExample.swift /Users/admin/builder/spi-builder-workspace/Examples/TavilyExample/TavilyExample.swift (in target 'TavilyExample-product' from project 'NebiusForFoundationModels')
SwiftCompile normal arm64 /Users/admin/builder/spi-builder-workspace/Examples/TavilyExample/TavilyExample.swift (in target 'TavilyExample-product' from project 'NebiusForFoundationModels')
    cd /Users/admin/builder/spi-builder-workspace/.swiftpm/xcode
    builtin-SwiftPerFileCompile TavilyExample.swift
SwiftEmitModule normal arm64 Emitting\ module\ for\ TavilyAPITests (in target 'TavilyAPITests-product' from project 'NebiusForFoundationModels')
SwiftCompile normal arm64 (in target 'TavilyAPITests-product' from project 'NebiusForFoundationModels')
    cd /Users/admin/builder/spi-builder-workspace/.swiftpm/xcode

SwiftCompile normal arm64 Compiling\ TavilyAPITests.swift /Users/admin/builder/spi-builder-workspace/Tests/TavilyAPITests/TavilyAPITests.swift (in target 'TavilyAPITests-product' from project 'NebiusForFoundationModels')
SwiftCompile normal arm64 /Users/admin/builder/spi-builder-workspace/Tests/TavilyAPITests/TavilyAPITests.swift (in target 'TavilyAPITests-product' from project 'NebiusForFoundationModels')
    cd /Users/admin/builder/spi-builder-workspace/.swiftpm/xcode
    builtin-SwiftPerFileCompile TavilyAPITests.swift
SwiftDriverJobDiscovery normal arm64 Emitting module for NebiusExample (in target 'NebiusExample-product' from project 'NebiusForFoundationModels')
SwiftDriver\ Compilation\ Requirements NebiusExample normal arm64 com.apple.xcode.tools.swift.compiler (in target 'NebiusExample-product' from project 'NebiusForFoundationModels')
    cd /Users/admin/builder/spi-builder-workspace/.swiftpm/xcode
    builtin-Swift-Compilation-Requirements -- /Applications/Xcode-27.0.0.app/Contents/Developer/Toolchains/XcodeDefault.xctoolchain/usr/bin/swiftc -parse-as-library -module-name NebiusExample -Onone @/Users/admin/builder/spi-builder-workspace/.derivedData/Build/Intermediates.noindex/NebiusForFoundationModels.build/Debug-xros/NebiusExample-p.build/Objects-normal/arm64/NebiusExample.SwiftFileList -DSWIFT_PACKAGE -DDEBUG -DXcode -plugin-path /Applications/Xcode-27.0.0.app/Contents/Developer/Toolchains/XcodeDefault.xctoolchain/usr/lib/swift/host/plugins/testing -enable-experimental-feature DebugDescriptionMacro -sdk /Applications/Xcode-27.0.0.app/Contents/Developer/Platforms/XROS.platform/Developer/SDKs/XROS27.0.sdk -target arm64-apple-xros1.0 -g -module-cache-path /Users/admin/builder/spi-builder-workspace/.derivedData/ModuleCache.noindex -Xfrontend -serialize-debugging-options -profile-coverage-mapping -profile-generate -enable-testing -index-store-path /Users/admin/builder/spi-builder-workspace/.derivedData/Index.noindex/DataStore -Xcc -D_LIBCPP_HARDENING_MODE\=_LIBCPP_HARDENING_MODE_DEBUG -swift-version 6 -I /Users/admin/builder/spi-builder-workspace/.derivedData/Build/Products/Debug-xros -Isystem /Applications/Xcode-27.0.0.app/Contents/Developer/Platforms/XROS.platform/Developer/usr/lib -F /Users/admin/builder/spi-builder-workspace/.derivedData/Build/Products/Debug-xros/PackageFrameworks -F /Users/admin/builder/spi-builder-workspace/.derivedData/Build/Products/Debug-xros -F /Applications/Xcode-27.0.0.app/Contents/Developer/Platforms/XROS.platform/Developer/Library/Frameworks -F /Applications/Xcode-27.0.0.app/Contents/Developer/Platforms/XROS.platform/Developer/SDKs/XROS27.0.sdk/Developer/Library/Frameworks -c -j10 -enable-batch-mode -incremental -Xcc -ivfsstatcache -Xcc /Users/admin/builder/spi-builder-workspace/.derivedData/SDKStatCaches.noindex/xros27.0-24M361-e829b21a6f8c9b70876ba0858053c04489c3c372b822c72ca60ec5271cbc7f3c.sdkstatcache -output-file-map /Users/admin/builder/spi-builder-workspace/.derivedData/Build/Intermediates.noindex/NebiusForFoundationModels.build/Debug-xros/NebiusExample-p.build/Objects-normal/arm64/NebiusExample-OutputFileMap.json -save-temps -no-color-diagnostics -explicit-module-build -module-cache-path /Users/admin/builder/spi-builder-workspace/.derivedData/Build/Intermediates.noindex/SwiftExplicitPrecompiledModules -clang-scanner-module-cache-path /Users/admin/builder/spi-builder-workspace/.derivedData/ModuleCache.noindex -sdk-module-cache-path /Users/admin/builder/spi-builder-workspace/.derivedData/SDKExplicitPrecompiledModules -emit-dependencies -emit-module -emit-module-path /Users/admin/builder/spi-builder-workspace/.derivedData/Build/Intermediates.noindex/NebiusForFoundationModels.build/Debug-xros/NebiusExample-p.build/Objects-normal/arm64/NebiusExample.swiftmodule -serialize-diagnostics -dependency-scan-serialize-diagnostics-path /Users/admin/builder/spi-builder-workspace/.derivedData/Build/Intermediates.noindex/NebiusForFoundationModels.build/Debug-xros/NebiusExample-p.build/Objects-normal/arm64/NebiusExample-dependency-scan.dia -validate-clang-modules-once -clang-build-session-file /Users/admin/builder/spi-builder-workspace/.derivedData/ModuleCache.noindex/Session.modulevalidation -Xcc -fmodules-prune-interval\=86400 -Xcc -fmodules-prune-after\=345600 -package-name spi_builder_workspace -emit-const-values -const-gather-protocols-list /Users/admin/builder/spi-builder-workspace/.derivedData/Build/Intermediates.noindex/NebiusForFoundationModels.build/Debug-xros/NebiusExample-p.build/Objects-normal/arm64/NebiusExample_const_extract_protocols.json -Xcc -I/Users/admin/builder/spi-builder-workspace/.derivedData/Build/Products/Debug-xros/include -Xcc -I/Users/admin/builder/spi-builder-workspace/.derivedData/Build/Intermediates.noindex/NebiusForFoundationModels.build/Debug-xros/NebiusExample-p.build/DerivedSources-normal/arm64 -Xcc -I/Users/admin/builder/spi-builder-workspace/.derivedData/Build/Intermediates.noindex/NebiusForFoundationModels.build/Debug-xros/NebiusExample-p.build/DerivedSources/arm64 -Xcc -I/Users/admin/builder/spi-builder-workspace/.derivedData/Build/Intermediates.noindex/NebiusForFoundationModels.build/Debug-xros/NebiusExample-p.build/DerivedSources -Xcc -DSWIFT_PACKAGE -Xcc -DDEBUG\=1 -working-directory /Users/admin/builder/spi-builder-workspace/.swiftpm/xcode -experimental-emit-module-separately -disable-cmo
PruneExplicitPrecompiledModules /Users/admin/builder/spi-builder-workspace/.derivedData/SDKExplicitPrecompiledModules
PruneExplicitPrecompiledModules /Users/admin/builder/spi-builder-workspace/.derivedData/Build/Intermediates.noindex/ExplicitPrecompiledModules
PruneExplicitPrecompiledModules /Users/admin/builder/spi-builder-workspace/.derivedData/Build/Intermediates.noindex/SwiftExplicitPrecompiledModules
2026-10-22 09:19:42.350 xcodebuild[647:4222] [MT] IDERunDestination: Supported platforms for the buildables in the current scheme is empty.
** BUILD FAILED **
The following build commands failed:
	SwiftCompile normal arm64 Compiling\ NebiusExample.swift /Users/admin/builder/spi-builder-workspace/Examples/NebiusExample/NebiusExample.swift (in target 'NebiusExample-product' from project 'NebiusForFoundationModels')
	SwiftCompile normal arm64 /Users/admin/builder/spi-builder-workspace/Examples/NebiusExample/NebiusExample.swift (in target 'NebiusExample-product' from project 'NebiusForFoundationModels')
	Building workspace NebiusForFoundationModels with scheme NebiusForFoundationModels-Package
(3 failures)
Command line invocation:
    /Applications/Xcode-27.0.0.app/Contents/Developer/usr/bin/xcodebuild -IDEClonedSourcePackagesDirPathOverride=/Users/admin/builder/spi-builder-workspace/.dependencies -resolvePackageDependencies
Resolve Package Graph
Resolved source packages:
  NebiusForFoundationModels: /Users/admin/builder/spi-builder-workspace
resolved source packages: NebiusForFoundationModels
2026-10-22 09:19:53.067 xcodebuild[825:5114] [MT] IDERunDestination: Supported platforms for the buildables in the current scheme is empty.
{
  "dependencies" : [
  ],
  "manifest_display_name" : "NebiusForFoundationModels",
  "name" : "NebiusForFoundationModels",
  "path" : "/Users/admin/builder/spi-builder-workspace",
  "platforms" : [
    {
      "name" : "ios",
      "version" : "17.0"
    },
    {
      "name" : "macos",
      "version" : "14.0"
    },
    {
      "name" : "visionos",
      "version" : "1.0"
    },
    {
      "name" : "watchos",
      "version" : "10.0"
    }
  ],
  "products" : [
    {
      "name" : "NebiusForFoundationModels",
      "targets" : [
        "NebiusForFoundationModels"
      ],
      "type" : {
        "library" : [
          "automatic"
        ]
      }
    },
    {
      "name" : "TavilyAPI",
      "targets" : [
        "TavilyAPI"
      ],
      "type" : {
        "library" : [
          "automatic"
        ]
      }
    },
    {
      "name" : "TavilyForFoundationModels",
      "targets" : [
        "TavilyForFoundationModels"
      ],
      "type" : {
        "library" : [
          "automatic"
        ]
      }
    },
    {
      "name" : "UpdateNebiusModelCatalog",
      "targets" : [
        "UpdateNebiusModelCatalog"
      ],
      "type" : {
        "executable" : null
      }
    },
    {
      "name" : "TavilyExample",
      "targets" : [
        "TavilyExample"
      ],
      "type" : {
        "executable" : null
      }
    },
    {
      "name" : "TavilyAPITests",
      "targets" : [
        "TavilyAPITests"
      ],
      "type" : {
        "executable" : null
      }
    },
    {
      "name" : "NebiusExample",
      "targets" : [
        "NebiusExample"
      ],
      "type" : {
        "executable" : null
      }
    },
    {
      "name" : "NebiusAPITests",
      "targets" : [
        "NebiusAPITests"
      ],
      "type" : {
        "executable" : null
      }
    }
  ],
  "swift_languages_versions" : [
    "6"
  ],
  "targets" : [
    {
      "c99name" : "UpdateNebiusModelCatalog",
      "module_type" : "SwiftTarget",
      "name" : "UpdateNebiusModelCatalog",
      "path" : "Tools/UpdateNebiusModelCatalog",
      "product_memberships" : [
        "UpdateNebiusModelCatalog"
      ],
      "sources" : [
        "main.swift"
      ],
      "type" : "executable"
    },
    {
      "c99name" : "TavilyForFoundationModels",
      "module_type" : "SwiftTarget",
      "name" : "TavilyForFoundationModels",
      "path" : "Sources/TavilyForFoundationModels",
      "product_memberships" : [
        "TavilyForFoundationModels",
        "TavilyExample",
        "TavilyAPITests"
      ],
      "sources" : [
        "TavilyTools.swift"
      ],
      "target_dependencies" : [
        "TavilyAPI"
      ],
      "type" : "library"
    },
    {
      "c99name" : "TavilyExample",
      "module_type" : "SwiftTarget",
      "name" : "TavilyExample",
      "path" : "Examples/TavilyExample",
      "product_memberships" : [
        "TavilyExample"
      ],
      "sources" : [
        "TavilyExample.swift"
      ],
      "target_dependencies" : [
        "NebiusForFoundationModels",
        "TavilyForFoundationModels"
      ],
      "type" : "executable"
    },
    {
      "c99name" : "TavilyAPITests",
      "module_type" : "SwiftTarget",
      "name" : "TavilyAPITests",
      "path" : "Tests/TavilyAPITests",
      "product_memberships" : [
        "TavilyAPITests"
      ],
      "sources" : [
        "TavilyAPITests.swift"
      ],
      "target_dependencies" : [
        "TavilyAPI",
        "TavilyForFoundationModels"
      ],
      "type" : "executable"
    },
    {
      "c99name" : "TavilyAPI",
      "module_type" : "SwiftTarget",
      "name" : "TavilyAPI",
      "path" : "Sources/TavilyAPI",
      "product_memberships" : [
        "TavilyAPI",
        "TavilyForFoundationModels",
        "TavilyExample",
        "TavilyAPITests"
      ],
      "sources" : [
        "TavilyAPIError.swift",
        "TavilyClient.swift",
        "TavilyJSONValue.swift",
        "TavilyTypes.swift"
      ],
      "type" : "library"
    },
    {
      "c99name" : "NebiusForFoundationModels",
      "module_type" : "SwiftTarget",
      "name" : "NebiusForFoundationModels",
      "path" : "Sources/NebiusForFoundationModels",
      "product_memberships" : [
        "NebiusForFoundationModels",
        "TavilyExample",
        "NebiusExample",
        "NebiusAPITests"
      ],
      "sources" : [
        "Generated/NebiusModelCatalog.generated.swift",
        "NebiusAuth.swift",
        "NebiusCatalogModel.swift",
        "NebiusError.swift",
        "NebiusExecutor.swift",
        "NebiusLanguageModel.swift",
        "NebiusModel.swift",
        "NebiusUsageObserver.swift"
      ],
      "target_dependencies" : [
        "NebiusAPI"
      ],
      "type" : "library"
    },
    {
      "c99name" : "NebiusExecutorTests",
      "module_type" : "SwiftTarget",
      "name" : "NebiusExecutorTests",
      "path" : "Tests/NebiusExecutorTests",
      "sources" : [
        "StreamingUsageTests.swift"
      ],
      "target_dependencies" : [
        "NebiusAPI",
        "NebiusForFoundationModels"
      ],
      "type" : "test"
    },
    {
      "c99name" : "NebiusExample",
      "module_type" : "SwiftTarget",
      "name" : "NebiusExample",
      "path" : "Examples/NebiusExample",
      "product_memberships" : [
        "NebiusExample"
      ],
      "sources" : [
        "NebiusExample.swift"
      ],
      "target_dependencies" : [
        "NebiusForFoundationModels"
      ],
      "type" : "executable"
    },
    {
      "c99name" : "NebiusAPITests",
      "module_type" : "SwiftTarget",
      "name" : "NebiusAPITests",
      "path" : "Tests/NebiusAPITests",
      "product_memberships" : [
        "NebiusAPITests"
      ],
      "sources" : [
        "DedicatedEndpointAPITests.swift",
        "NebiusAPITests.swift"
      ],
      "target_dependencies" : [
        "NebiusAPI",
        "NebiusForFoundationModels"
      ],
      "type" : "executable"
    },
    {
      "c99name" : "NebiusAPI",
      "module_type" : "SwiftTarget",
      "name" : "NebiusAPI",
      "path" : "Sources/NebiusAPI",
      "product_memberships" : [
        "NebiusForFoundationModels",
        "TavilyExample",
        "NebiusExample",
        "NebiusAPITests"
      ],
      "sources" : [
        "ChatCompletionsTypes.swift",
        "DedicatedEndpointTypes.swift",
        "JSONValue.swift",
        "NebiusAPIError.swift",
        "NebiusClient+DedicatedEndpoints.swift",
        "NebiusClient.swift",
        "SSEParser.swift"
      ],
      "type" : "library"
    }
  ],
  "tools_version" : "6.2"
}
{
  "workspace" : {
    "name" : "NebiusForFoundationModels",
    "schemes" : [
      "NebiusAPITests",
      "NebiusExample",
      "NebiusForFoundationModels",
      "NebiusForFoundationModels-Package",
      "TavilyAPI",
      "TavilyAPITests",
      "TavilyExample",
      "TavilyForFoundationModels",
      "UpdateNebiusModelCatalog"
    ]
  }
}
2026-10-22 09:19:54.300 xcodebuild[833:5186] [MT] IDERunDestination: Supported platforms for the buildables in the current scheme is empty.
{
  "workspace" : {
    "name" : "NebiusForFoundationModels",
    "schemes" : [
      "NebiusAPITests",
      "NebiusExample",
      "NebiusForFoundationModels",
      "NebiusForFoundationModels-Package",
      "TavilyAPI",
      "TavilyAPITests",
      "TavilyExample",
      "TavilyForFoundationModels",
      "UpdateNebiusModelCatalog"
    ]
  }
}
2026-10-22 09:19:55.287 xcodebuild[835:5217] [MT] IDERunDestination: Supported platforms for the buildables in the current scheme is empty.
Running build ...
env DEVELOPER_DIR=/Applications/Xcode-27.0.0.app xcrun xcodebuild -IDEClonedSourcePackagesDirPathOverride=$PWD/.dependencies -skipMacroValidation -skipPackagePluginValidation -derivedDataPath $PWD/.derivedData build -scheme NebiusForFoundationModels-Package -destination generic/platform=xrOS
Command line invocation:
    /Applications/Xcode-27.0.0.app/Contents/Developer/usr/bin/xcodebuild -IDEClonedSourcePackagesDirPathOverride=/Users/admin/builder/spi-builder-workspace/.dependencies -skipMacroValidation -skipPackagePluginValidation -derivedDataPath /Users/admin/builder/spi-builder-workspace/.derivedData build -scheme NebiusForFoundationModels-Package -destination generic/platform=xrOS
Resolve Package Graph
Resolved source packages:
  NebiusForFoundationModels: /Users/admin/builder/spi-builder-workspace
ComputePackagePrebuildTargetDependencyGraph
Prepare packages
CreateBuildRequest
SendProjectDescription
CreateBuildOperation
ComputeTargetDependencyGraph
note: Building targets in dependency order
note: Target dependency graph (12 targets)
    Target 'NebiusAPITests-product' in project 'NebiusForFoundationModels'
        ➜ Explicit dependency on target 'NebiusAPI' in project 'NebiusForFoundationModels'
        ➜ Explicit dependency on target 'NebiusForFoundationModels' in project 'NebiusForFoundationModels'
    Target 'NebiusExample-product' in project 'NebiusForFoundationModels'
        ➜ Explicit dependency on target 'NebiusAPI' in project 'NebiusForFoundationModels'
        ➜ Explicit dependency on target 'NebiusForFoundationModels' in project 'NebiusForFoundationModels'
    Target 'TavilyAPITests-product' in project 'NebiusForFoundationModels'
        ➜ Explicit dependency on target 'TavilyAPI' in project 'NebiusForFoundationModels'
        ➜ Explicit dependency on target 'TavilyForFoundationModels' in project 'NebiusForFoundationModels'
    Target 'TavilyExample-product' in project 'NebiusForFoundationModels'
        ➜ Explicit dependency on target 'NebiusAPI' in project 'NebiusForFoundationModels'
        ➜ Explicit dependency on target 'NebiusForFoundationModels' in project 'NebiusForFoundationModels'
        ➜ Explicit dependency on target 'TavilyAPI' in project 'NebiusForFoundationModels'
        ➜ Explicit dependency on target 'TavilyForFoundationModels' in project 'NebiusForFoundationModels'
    Target 'UpdateNebiusModelCatalog-product' in project 'NebiusForFoundationModels' (no dependencies)
    Target 'TavilyForFoundationModels-product' in project 'NebiusForFoundationModels'
        ➜ Explicit dependency on target 'TavilyForFoundationModels' in project 'NebiusForFoundationModels'
        ➜ Explicit dependency on target 'TavilyAPI' in project 'NebiusForFoundationModels'
    Target 'TavilyForFoundationModels' in project 'NebiusForFoundationModels'
        ➜ Explicit dependency on target 'TavilyAPI' in project 'NebiusForFoundationModels'
    Target 'TavilyAPI-product' in project 'NebiusForFoundationModels'
        ➜ Explicit dependency on target 'TavilyAPI' in project 'NebiusForFoundationModels'
    Target 'TavilyAPI' in project 'NebiusForFoundationModels' (no dependencies)
    Target 'NebiusForFoundationModels-product' in project 'NebiusForFoundationModels'
        ➜ Explicit dependency on target 'NebiusForFoundationModels' in project 'NebiusForFoundationModels'
        ➜ Explicit dependency on target 'NebiusAPI' in project 'NebiusForFoundationModels'
    Target 'NebiusForFoundationModels' in project 'NebiusForFoundationModels'
        ➜ Explicit dependency on target 'NebiusAPI' in project 'NebiusForFoundationModels'
    Target 'NebiusAPI' in project 'NebiusForFoundationModels' (no dependencies)
GatherProvisioningInputs
CreateBuildDescription
ClangStatCache /Applications/Xcode-27.0.0.app/Contents/Developer/Toolchains/XcodeDefault.xctoolchain/usr/bin/clang-stat-cache /Applications/Xcode-27.0.0.app/Contents/Developer/Platforms/XROS.platform/Developer/SDKs/XROS27.0.sdk /Users/admin/builder/spi-builder-workspace/.derivedData/SDKStatCaches.noindex/xros27.0-24M361-e829b21a6f8c9b70876ba0858053c04489c3c372b822c72ca60ec5271cbc7f3c.sdkstatcache
    cd /Users/admin/builder/spi-builder-workspace/.swiftpm/xcode
    /Applications/Xcode-27.0.0.app/Contents/Developer/Toolchains/XcodeDefault.xctoolchain/usr/bin/clang-stat-cache /Applications/Xcode-27.0.0.app/Contents/Developer/Platforms/XROS.platform/Developer/SDKs/XROS27.0.sdk -o /Users/admin/builder/spi-builder-workspace/.derivedData/SDKStatCaches.noindex/xros27.0-24M361-e829b21a6f8c9b70876ba0858053c04489c3c372b822c72ca60ec5271cbc7f3c.sdkstatcache
SwiftDriver TavilyExample normal arm64 com.apple.xcode.tools.swift.compiler (in target 'TavilyExample-product' from project 'NebiusForFoundationModels')
    cd /Users/admin/builder/spi-builder-workspace/.swiftpm/xcode
    builtin-SwiftDriver -- /Applications/Xcode-27.0.0.app/Contents/Developer/Toolchains/XcodeDefault.xctoolchain/usr/bin/swiftc -parse-as-library -module-name TavilyExample -Onone @/Users/admin/builder/spi-builder-workspace/.derivedData/Build/Intermediates.noindex/NebiusForFoundationModels.build/Debug-xros/TavilyExample-p.build/Objects-normal/arm64/TavilyExample.SwiftFileList -DSWIFT_PACKAGE -DDEBUG -DXcode -plugin-path /Applications/Xcode-27.0.0.app/Contents/Developer/Toolchains/XcodeDefault.xctoolchain/usr/lib/swift/host/plugins/testing -enable-experimental-feature DebugDescriptionMacro -sdk /Applications/Xcode-27.0.0.app/Contents/Developer/Platforms/XROS.platform/Developer/SDKs/XROS27.0.sdk -target arm64-apple-xros1.0 -g -module-cache-path /Users/admin/builder/spi-builder-workspace/.derivedData/ModuleCache.noindex -Xfrontend -serialize-debugging-options -profile-coverage-mapping -profile-generate -enable-testing -index-store-path /Users/admin/builder/spi-builder-workspace/.derivedData/Index.noindex/DataStore -Xcc -D_LIBCPP_HARDENING_MODE\=_LIBCPP_HARDENING_MODE_DEBUG -swift-version 6 -I /Users/admin/builder/spi-builder-workspace/.derivedData/Build/Products/Debug-xros -Isystem /Applications/Xcode-27.0.0.app/Contents/Developer/Platforms/XROS.platform/Developer/usr/lib -F /Users/admin/builder/spi-builder-workspace/.derivedData/Build/Products/Debug-xros/PackageFrameworks -F /Users/admin/builder/spi-builder-workspace/.derivedData/Build/Products/Debug-xros -F /Applications/Xcode-27.0.0.app/Contents/Developer/Platforms/XROS.platform/Developer/Library/Frameworks -F /Applications/Xcode-27.0.0.app/Contents/Developer/Platforms/XROS.platform/Developer/SDKs/XROS27.0.sdk/Developer/Library/Frameworks -c -j10 -enable-batch-mode -incremental -Xcc -ivfsstatcache -Xcc /Users/admin/builder/spi-builder-workspace/.derivedData/SDKStatCaches.noindex/xros27.0-24M361-e829b21a6f8c9b70876ba0858053c04489c3c372b822c72ca60ec5271cbc7f3c.sdkstatcache -output-file-map /Users/admin/builder/spi-builder-workspace/.derivedData/Build/Intermediates.noindex/NebiusForFoundationModels.build/Debug-xros/TavilyExample-p.build/Objects-normal/arm64/TavilyExample-OutputFileMap.json -save-temps -no-color-diagnostics -explicit-module-build -module-cache-path /Users/admin/builder/spi-builder-workspace/.derivedData/Build/Intermediates.noindex/SwiftExplicitPrecompiledModules -clang-scanner-module-cache-path /Users/admin/builder/spi-builder-workspace/.derivedData/ModuleCache.noindex -sdk-module-cache-path /Users/admin/builder/spi-builder-workspace/.derivedData/SDKExplicitPrecompiledModules -emit-dependencies -emit-module -emit-module-path /Users/admin/builder/spi-builder-workspace/.derivedData/Build/Intermediates.noindex/NebiusForFoundationModels.build/Debug-xros/TavilyExample-p.build/Objects-normal/arm64/TavilyExample.swiftmodule -serialize-diagnostics -dependency-scan-serialize-diagnostics-path /Users/admin/builder/spi-builder-workspace/.derivedData/Build/Intermediates.noindex/NebiusForFoundationModels.build/Debug-xros/TavilyExample-p.build/Objects-normal/arm64/TavilyExample-dependency-scan.dia -validate-clang-modules-once -clang-build-session-file /Users/admin/builder/spi-builder-workspace/.derivedData/ModuleCache.noindex/Session.modulevalidation -Xcc -fmodules-prune-interval\=86400 -Xcc -fmodules-prune-after\=345600 -package-name spi_builder_workspace -emit-const-values -const-gather-protocols-list /Users/admin/builder/spi-builder-workspace/.derivedData/Build/Intermediates.noindex/NebiusForFoundationModels.build/Debug-xros/TavilyExample-p.build/Objects-normal/arm64/TavilyExample_const_extract_protocols.json -Xcc -I/Users/admin/builder/spi-builder-workspace/.derivedData/Build/Products/Debug-xros/include -Xcc -I/Users/admin/builder/spi-builder-workspace/.derivedData/Build/Intermediates.noindex/NebiusForFoundationModels.build/Debug-xros/TavilyExample-p.build/DerivedSources-normal/arm64 -Xcc -I/Users/admin/builder/spi-builder-workspace/.derivedData/Build/Intermediates.noindex/NebiusForFoundationModels.build/Debug-xros/TavilyExample-p.build/DerivedSources/arm64 -Xcc -I/Users/admin/builder/spi-builder-workspace/.derivedData/Build/Intermediates.noindex/NebiusForFoundationModels.build/Debug-xros/TavilyExample-p.build/DerivedSources -Xcc -DSWIFT_PACKAGE -Xcc -DDEBUG\=1 -working-directory /Users/admin/builder/spi-builder-workspace/.swiftpm/xcode -experimental-emit-module-separately -disable-cmo
SwiftDriver TavilyForFoundationModels normal arm64 com.apple.xcode.tools.swift.compiler (in target 'TavilyForFoundationModels' from project 'NebiusForFoundationModels')
    cd /Users/admin/builder/spi-builder-workspace/.swiftpm/xcode
    builtin-SwiftDriver -- /Applications/Xcode-27.0.0.app/Contents/Developer/Toolchains/XcodeDefault.xctoolchain/usr/bin/swiftc -parse-as-library -module-name TavilyForFoundationModels -Onone @/Users/admin/builder/spi-builder-workspace/.derivedData/Build/Intermediates.noindex/NebiusForFoundationModels.build/Debug-xros/TavilyForFoundationModels-t.build/Objects-normal/arm64/TavilyForFoundationModels.SwiftFileList -DSWIFT_PACKAGE -DDEBUG -DSWIFT_MODULE_RESOURCE_BUNDLE_UNAVAILABLE -DXcode -plugin-path /Applications/Xcode-27.0.0.app/Contents/Developer/Toolchains/XcodeDefault.xctoolchain/usr/lib/swift/host/plugins/testing -enable-experimental-feature DebugDescriptionMacro -sdk /Applications/Xcode-27.0.0.app/Contents/Developer/Platforms/XROS.platform/Developer/SDKs/XROS27.0.sdk -target arm64-apple-xros1.0 -g -module-cache-path /Users/admin/builder/spi-builder-workspace/.derivedData/ModuleCache.noindex -Xfrontend -serialize-debugging-options -profile-coverage-mapping -profile-generate -enable-testing -index-store-path /Users/admin/builder/spi-builder-workspace/.derivedData/Index.noindex/DataStore -Xcc -D_LIBCPP_HARDENING_MODE\=_LIBCPP_HARDENING_MODE_DEBUG -swift-version 6 -I /Users/admin/builder/spi-builder-workspace/.derivedData/Build/Products/Debug-xros -Isystem /Applications/Xcode-27.0.0.app/Contents/Developer/Platforms/XROS.platform/Developer/usr/lib -F /Users/admin/builder/spi-builder-workspace/.derivedData/Build/Products/Debug-xros/PackageFrameworks -F /Users/admin/builder/spi-builder-workspace/.derivedData/Build/Products/Debug-xros -F /Applications/Xcode-27.0.0.app/Contents/Developer/Platforms/XROS.platform/Developer/Library/Frameworks -F /Applications/Xcode-27.0.0.app/Contents/Developer/Platforms/XROS.platform/Developer/SDKs/XROS27.0.sdk/Developer/Library/Frameworks -c -j10 -enable-batch-mode -incremental -Xcc -ivfsstatcache -Xcc /Users/admin/builder/spi-builder-workspace/.derivedData/SDKStatCaches.noindex/xros27.0-24M361-e829b21a6f8c9b70876ba0858053c04489c3c372b822c72ca60ec5271cbc7f3c.sdkstatcache -output-file-map /Users/admin/builder/spi-builder-workspace/.derivedData/Build/Intermediates.noindex/NebiusForFoundationModels.build/Debug-xros/TavilyForFoundationModels-t.build/Objects-normal/arm64/TavilyForFoundationModels-OutputFileMap.json -save-temps -no-color-diagnostics -explicit-module-build -module-cache-path /Users/admin/builder/spi-builder-workspace/.derivedData/Build/Intermediates.noindex/SwiftExplicitPrecompiledModules -clang-scanner-module-cache-path /Users/admin/builder/spi-builder-workspace/.derivedData/ModuleCache.noindex -sdk-module-cache-path /Users/admin/builder/spi-builder-workspace/.derivedData/SDKExplicitPrecompiledModules -emit-dependencies -emit-module -emit-module-path /Users/admin/builder/spi-builder-workspace/.derivedData/Build/Intermediates.noindex/NebiusForFoundationModels.build/Debug-xros/TavilyForFoundationModels-t.build/Objects-normal/arm64/TavilyForFoundationModels.swiftmodule -serialize-diagnostics -dependency-scan-serialize-diagnostics-path /Users/admin/builder/spi-builder-workspace/.derivedData/Build/Intermediates.noindex/NebiusForFoundationModels.build/Debug-xros/TavilyForFoundationModels-t.build/Objects-normal/arm64/TavilyForFoundationModels-dependency-scan.dia -validate-clang-modules-once -clang-build-session-file /Users/admin/builder/spi-builder-workspace/.derivedData/ModuleCache.noindex/Session.modulevalidation -Xcc -fmodules-prune-interval\=86400 -Xcc -fmodules-prune-after\=345600 -package-name spi_builder_workspace -emit-const-values -const-gather-protocols-list /Users/admin/builder/spi-builder-workspace/.derivedData/Build/Intermediates.noindex/NebiusForFoundationModels.build/Debug-xros/TavilyForFoundationModels-t.build/Objects-normal/arm64/TavilyForFoundationModels_const_extract_protocols.json -Xcc -I/Users/admin/builder/spi-builder-workspace/.derivedData/Build/Products/Debug-xros/include -Xcc -I/Users/admin/builder/spi-builder-workspace/.derivedData/Build/Intermediates.noindex/NebiusForFoundationModels.build/Debug-xros/TavilyForFoundationModels-t.build/DerivedSources-normal/arm64 -Xcc -I/Users/admin/builder/spi-builder-workspace/.derivedData/Build/Intermediates.noindex/NebiusForFoundationModels.build/Debug-xros/TavilyForFoundationModels-t.build/DerivedSources/arm64 -Xcc -I/Users/admin/builder/spi-builder-workspace/.derivedData/Build/Intermediates.noindex/NebiusForFoundationModels.build/Debug-xros/TavilyForFoundationModels-t.build/DerivedSources -Xcc -DSWIFT_PACKAGE -Xcc -DDEBUG\=1 -emit-objc-header -emit-objc-header-path /Users/admin/builder/spi-builder-workspace/.derivedData/Build/Intermediates.noindex/NebiusForFoundationModels.build/Debug-xros/TavilyForFoundationModels-t.build/Objects-normal/arm64/TavilyForFoundationModels-Swift.h -working-directory /Users/admin/builder/spi-builder-workspace/.swiftpm/xcode -experimental-emit-module-separately -disable-cmo
SwiftDriver NebiusForFoundationModels normal arm64 com.apple.xcode.tools.swift.compiler (in target 'NebiusForFoundationModels' from project 'NebiusForFoundationModels')
    cd /Users/admin/builder/spi-builder-workspace/.swiftpm/xcode
    builtin-SwiftDriver -- /Applications/Xcode-27.0.0.app/Contents/Developer/Toolchains/XcodeDefault.xctoolchain/usr/bin/swiftc -parse-as-library -module-name NebiusForFoundationModels -Onone @/Users/admin/builder/spi-builder-workspace/.derivedData/Build/Intermediates.noindex/NebiusForFoundationModels.build/Debug-xros/NebiusForFoundationModels-t.build/Objects-normal/arm64/NebiusForFoundationModels.SwiftFileList -DSWIFT_PACKAGE -DDEBUG -DSWIFT_MODULE_RESOURCE_BUNDLE_UNAVAILABLE -DXcode -plugin-path /Applications/Xcode-27.0.0.app/Contents/Developer/Toolchains/XcodeDefault.xctoolchain/usr/lib/swift/host/plugins/testing -enable-experimental-feature DebugDescriptionMacro -sdk /Applications/Xcode-27.0.0.app/Contents/Developer/Platforms/XROS.platform/Developer/SDKs/XROS27.0.sdk -target arm64-apple-xros1.0 -g -module-cache-path /Users/admin/builder/spi-builder-workspace/.derivedData/ModuleCache.noindex -Xfrontend -serialize-debugging-options -profile-coverage-mapping -profile-generate -enable-testing -index-store-path /Users/admin/builder/spi-builder-workspace/.derivedData/Index.noindex/DataStore -Xcc -D_LIBCPP_HARDENING_MODE\=_LIBCPP_HARDENING_MODE_DEBUG -swift-version 6 -I /Users/admin/builder/spi-builder-workspace/.derivedData/Build/Products/Debug-xros -Isystem /Applications/Xcode-27.0.0.app/Contents/Developer/Platforms/XROS.platform/Developer/usr/lib -F /Users/admin/builder/spi-builder-workspace/.derivedData/Build/Products/Debug-xros/PackageFrameworks -F /Users/admin/builder/spi-builder-workspace/.derivedData/Build/Products/Debug-xros -F /Applications/Xcode-27.0.0.app/Contents/Developer/Platforms/XROS.platform/Developer/Library/Frameworks -F /Applications/Xcode-27.0.0.app/Contents/Developer/Platforms/XROS.platform/Developer/SDKs/XROS27.0.sdk/Developer/Library/Frameworks -c -j10 -enable-batch-mode -incremental -Xcc -ivfsstatcache -Xcc /Users/admin/builder/spi-builder-workspace/.derivedData/SDKStatCaches.noindex/xros27.0-24M361-e829b21a6f8c9b70876ba0858053c04489c3c372b822c72ca60ec5271cbc7f3c.sdkstatcache -output-file-map /Users/admin/builder/spi-builder-workspace/.derivedData/Build/Intermediates.noindex/NebiusForFoundationModels.build/Debug-xros/NebiusForFoundationModels-t.build/Objects-normal/arm64/NebiusForFoundationModels-OutputFileMap.json -save-temps -no-color-diagnostics -explicit-module-build -module-cache-path /Users/admin/builder/spi-builder-workspace/.derivedData/Build/Intermediates.noindex/SwiftExplicitPrecompiledModules -clang-scanner-module-cache-path /Users/admin/builder/spi-builder-workspace/.derivedData/ModuleCache.noindex -sdk-module-cache-path /Users/admin/builder/spi-builder-workspace/.derivedData/SDKExplicitPrecompiledModules -emit-dependencies -emit-module -emit-module-path /Users/admin/builder/spi-builder-workspace/.derivedData/Build/Intermediates.noindex/NebiusForFoundationModels.build/Debug-xros/NebiusForFoundationModels-t.build/Objects-normal/arm64/NebiusForFoundationModels.swiftmodule -serialize-diagnostics -dependency-scan-serialize-diagnostics-path /Users/admin/builder/spi-builder-workspace/.derivedData/Build/Intermediates.noindex/NebiusForFoundationModels.build/Debug-xros/NebiusForFoundationModels-t.build/Objects-normal/arm64/NebiusForFoundationModels-dependency-scan.dia -validate-clang-modules-once -clang-build-session-file /Users/admin/builder/spi-builder-workspace/.derivedData/ModuleCache.noindex/Session.modulevalidation -Xcc -fmodules-prune-interval\=86400 -Xcc -fmodules-prune-after\=345600 -package-name spi_builder_workspace -emit-const-values -const-gather-protocols-list /Users/admin/builder/spi-builder-workspace/.derivedData/Build/Intermediates.noindex/NebiusForFoundationModels.build/Debug-xros/NebiusForFoundationModels-t.build/Objects-normal/arm64/NebiusForFoundationModels_const_extract_protocols.json -Xcc -I/Users/admin/builder/spi-builder-workspace/.derivedData/Build/Products/Debug-xros/include -Xcc -I/Users/admin/builder/spi-builder-workspace/.derivedData/Build/Intermediates.noindex/NebiusForFoundationModels.build/Debug-xros/NebiusForFoundationModels-t.build/DerivedSources-normal/arm64 -Xcc -I/Users/admin/builder/spi-builder-workspace/.derivedData/Build/Intermediates.noindex/NebiusForFoundationModels.build/Debug-xros/NebiusForFoundationModels-t.build/DerivedSources/arm64 -Xcc -I/Users/admin/builder/spi-builder-workspace/.derivedData/Build/Intermediates.noindex/NebiusForFoundationModels.build/Debug-xros/NebiusForFoundationModels-t.build/DerivedSources -Xcc -DSWIFT_PACKAGE -Xcc -DDEBUG\=1 -emit-objc-header -emit-objc-header-path /Users/admin/builder/spi-builder-workspace/.derivedData/Build/Intermediates.noindex/NebiusForFoundationModels.build/Debug-xros/NebiusForFoundationModels-t.build/Objects-normal/arm64/NebiusForFoundationModels-Swift.h -working-directory /Users/admin/builder/spi-builder-workspace/.swiftpm/xcode -experimental-emit-module-separately -disable-cmo
SwiftDriver NebiusAPITests normal arm64 com.apple.xcode.tools.swift.compiler (in target 'NebiusAPITests-product' from project 'NebiusForFoundationModels')
    cd /Users/admin/builder/spi-builder-workspace/.swiftpm/xcode
    builtin-SwiftDriver -- /Applications/Xcode-27.0.0.app/Contents/Developer/Toolchains/XcodeDefault.xctoolchain/usr/bin/swiftc -parse-as-library -module-name NebiusAPITests -Onone @/Users/admin/builder/spi-builder-workspace/.derivedData/Build/Intermediates.noindex/NebiusForFoundationModels.build/Debug-xros/NebiusAPITests-p.build/Objects-normal/arm64/NebiusAPITests.SwiftFileList -DSWIFT_PACKAGE -DDEBUG -DXcode -plugin-path /Applications/Xcode-27.0.0.app/Contents/Developer/Toolchains/XcodeDefault.xctoolchain/usr/lib/swift/host/plugins/testing -enable-experimental-feature DebugDescriptionMacro -sdk /Applications/Xcode-27.0.0.app/Contents/Developer/Platforms/XROS.platform/Developer/SDKs/XROS27.0.sdk -target arm64-apple-xros1.0 -g -module-cache-path /Users/admin/builder/spi-builder-workspace/.derivedData/ModuleCache.noindex -Xfrontend -serialize-debugging-options -profile-coverage-mapping -profile-generate -enable-testing -index-store-path /Users/admin/builder/spi-builder-workspace/.derivedData/Index.noindex/DataStore -Xcc -D_LIBCPP_HARDENING_MODE\=_LIBCPP_HARDENING_MODE_DEBUG -swift-version 6 -I /Users/admin/builder/spi-builder-workspace/.derivedData/Build/Products/Debug-xros -Isystem /Applications/Xcode-27.0.0.app/Contents/Developer/Platforms/XROS.platform/Developer/usr/lib -F /Users/admin/builder/spi-builder-workspace/.derivedData/Build/Products/Debug-xros/PackageFrameworks -F /Users/admin/builder/spi-builder-workspace/.derivedData/Build/Products/Debug-xros -F /Applications/Xcode-27.0.0.app/Contents/Developer/Platforms/XROS.platform/Developer/Library/Frameworks -F /Applications/Xcode-27.0.0.app/Contents/Developer/Platforms/XROS.platform/Developer/SDKs/XROS27.0.sdk/Developer/Library/Frameworks -c -j10 -enable-batch-mode -incremental -Xcc -ivfsstatcache -Xcc /Users/admin/builder/spi-builder-workspace/.derivedData/SDKStatCaches.noindex/xros27.0-24M361-e829b21a6f8c9b70876ba0858053c04489c3c372b822c72ca60ec5271cbc7f3c.sdkstatcache -output-file-map /Users/admin/builder/spi-builder-workspace/.derivedData/Build/Intermediates.noindex/NebiusForFoundationModels.build/Debug-xros/NebiusAPITests-p.build/Objects-normal/arm64/NebiusAPITests-OutputFileMap.json -save-temps -no-color-diagnostics -explicit-module-build -module-cache-path /Users/admin/builder/spi-builder-workspace/.derivedData/Build/Intermediates.noindex/SwiftExplicitPrecompiledModules -clang-scanner-module-cache-path /Users/admin/builder/spi-builder-workspace/.derivedData/ModuleCache.noindex -sdk-module-cache-path /Users/admin/builder/spi-builder-workspace/.derivedData/SDKExplicitPrecompiledModules -emit-dependencies -emit-module -emit-module-path /Users/admin/builder/spi-builder-workspace/.derivedData/Build/Intermediates.noindex/NebiusForFoundationModels.build/Debug-xros/NebiusAPITests-p.build/Objects-normal/arm64/NebiusAPITests.swiftmodule -serialize-diagnostics -dependency-scan-serialize-diagnostics-path /Users/admin/builder/spi-builder-workspace/.derivedData/Build/Intermediates.noindex/NebiusForFoundationModels.build/Debug-xros/NebiusAPITests-p.build/Objects-normal/arm64/NebiusAPITests-dependency-scan.dia -validate-clang-modules-once -clang-build-session-file /Users/admin/builder/spi-builder-workspace/.derivedData/ModuleCache.noindex/Session.modulevalidation -Xcc -fmodules-prune-interval\=86400 -Xcc -fmodules-prune-after\=345600 -package-name spi_builder_workspace -emit-const-values -const-gather-protocols-list /Users/admin/builder/spi-builder-workspace/.derivedData/Build/Intermediates.noindex/NebiusForFoundationModels.build/Debug-xros/NebiusAPITests-p.build/Objects-normal/arm64/NebiusAPITests_const_extract_protocols.json -Xcc -I/Users/admin/builder/spi-builder-workspace/.derivedData/Build/Products/Debug-xros/include -Xcc -I/Users/admin/builder/spi-builder-workspace/.derivedData/Build/Intermediates.noindex/NebiusForFoundationModels.build/Debug-xros/NebiusAPITests-p.build/DerivedSources-normal/arm64 -Xcc -I/Users/admin/builder/spi-builder-workspace/.derivedData/Build/Intermediates.noindex/NebiusForFoundationModels.build/Debug-xros/NebiusAPITests-p.build/DerivedSources/arm64 -Xcc -I/Users/admin/builder/spi-builder-workspace/.derivedData/Build/Intermediates.noindex/NebiusForFoundationModels.build/Debug-xros/NebiusAPITests-p.build/DerivedSources -Xcc -DSWIFT_PACKAGE -Xcc -DDEBUG\=1 -working-directory /Users/admin/builder/spi-builder-workspace/.swiftpm/xcode -experimental-emit-module-separately -disable-cmo
SwiftDriver NebiusExample normal arm64 com.apple.xcode.tools.swift.compiler (in target 'NebiusExample-product' from project 'NebiusForFoundationModels')
    cd /Users/admin/builder/spi-builder-workspace/.swiftpm/xcode
    builtin-SwiftDriver -- /Applications/Xcode-27.0.0.app/Contents/Developer/Toolchains/XcodeDefault.xctoolchain/usr/bin/swiftc -parse-as-library -module-name NebiusExample -Onone @/Users/admin/builder/spi-builder-workspace/.derivedData/Build/Intermediates.noindex/NebiusForFoundationModels.build/Debug-xros/NebiusExample-p.build/Objects-normal/arm64/NebiusExample.SwiftFileList -DSWIFT_PACKAGE -DDEBUG -DXcode -plugin-path /Applications/Xcode-27.0.0.app/Contents/Developer/Toolchains/XcodeDefault.xctoolchain/usr/lib/swift/host/plugins/testing -enable-experimental-feature DebugDescriptionMacro -sdk /Applications/Xcode-27.0.0.app/Contents/Developer/Platforms/XROS.platform/Developer/SDKs/XROS27.0.sdk -target arm64-apple-xros1.0 -g -module-cache-path /Users/admin/builder/spi-builder-workspace/.derivedData/ModuleCache.noindex -Xfrontend -serialize-debugging-options -profile-coverage-mapping -profile-generate -enable-testing -index-store-path /Users/admin/builder/spi-builder-workspace/.derivedData/Index.noindex/DataStore -Xcc -D_LIBCPP_HARDENING_MODE\=_LIBCPP_HARDENING_MODE_DEBUG -swift-version 6 -I /Users/admin/builder/spi-builder-workspace/.derivedData/Build/Products/Debug-xros -Isystem /Applications/Xcode-27.0.0.app/Contents/Developer/Platforms/XROS.platform/Developer/usr/lib -F /Users/admin/builder/spi-builder-workspace/.derivedData/Build/Products/Debug-xros/PackageFrameworks -F /Users/admin/builder/spi-builder-workspace/.derivedData/Build/Products/Debug-xros -F /Applications/Xcode-27.0.0.app/Contents/Developer/Platforms/XROS.platform/Developer/Library/Frameworks -F /Applications/Xcode-27.0.0.app/Contents/Developer/Platforms/XROS.platform/Developer/SDKs/XROS27.0.sdk/Developer/Library/Frameworks -c -j10 -enable-batch-mode -incremental -Xcc -ivfsstatcache -Xcc /Users/admin/builder/spi-builder-workspace/.derivedData/SDKStatCaches.noindex/xros27.0-24M361-e829b21a6f8c9b70876ba0858053c04489c3c372b822c72ca60ec5271cbc7f3c.sdkstatcache -output-file-map /Users/admin/builder/spi-builder-workspace/.derivedData/Build/Intermediates.noindex/NebiusForFoundationModels.build/Debug-xros/NebiusExample-p.build/Objects-normal/arm64/NebiusExample-OutputFileMap.json -save-temps -no-color-diagnostics -explicit-module-build -module-cache-path /Users/admin/builder/spi-builder-workspace/.derivedData/Build/Intermediates.noindex/SwiftExplicitPrecompiledModules -clang-scanner-module-cache-path /Users/admin/builder/spi-builder-workspace/.derivedData/ModuleCache.noindex -sdk-module-cache-path /Users/admin/builder/spi-builder-workspace/.derivedData/SDKExplicitPrecompiledModules -emit-dependencies -emit-module -emit-module-path /Users/admin/builder/spi-builder-workspace/.derivedData/Build/Intermediates.noindex/NebiusForFoundationModels.build/Debug-xros/NebiusExample-p.build/Objects-normal/arm64/NebiusExample.swiftmodule -serialize-diagnostics -dependency-scan-serialize-diagnostics-path /Users/admin/builder/spi-builder-workspace/.derivedData/Build/Intermediates.noindex/NebiusForFoundationModels.build/Debug-xros/NebiusExample-p.build/Objects-normal/arm64/NebiusExample-dependency-scan.dia -validate-clang-modules-once -clang-build-session-file /Users/admin/builder/spi-builder-workspace/.derivedData/ModuleCache.noindex/Session.modulevalidation -Xcc -fmodules-prune-interval\=86400 -Xcc -fmodules-prune-after\=345600 -package-name spi_builder_workspace -emit-const-values -const-gather-protocols-list /Users/admin/builder/spi-builder-workspace/.derivedData/Build/Intermediates.noindex/NebiusForFoundationModels.build/Debug-xros/NebiusExample-p.build/Objects-normal/arm64/NebiusExample_const_extract_protocols.json -Xcc -I/Users/admin/builder/spi-builder-workspace/.derivedData/Build/Products/Debug-xros/include -Xcc -I/Users/admin/builder/spi-builder-workspace/.derivedData/Build/Intermediates.noindex/NebiusForFoundationModels.build/Debug-xros/NebiusExample-p.build/DerivedSources-normal/arm64 -Xcc -I/Users/admin/builder/spi-builder-workspace/.derivedData/Build/Intermediates.noindex/NebiusForFoundationModels.build/Debug-xros/NebiusExample-p.build/DerivedSources/arm64 -Xcc -I/Users/admin/builder/spi-builder-workspace/.derivedData/Build/Intermediates.noindex/NebiusForFoundationModels.build/Debug-xros/NebiusExample-p.build/DerivedSources -Xcc -DSWIFT_PACKAGE -Xcc -DDEBUG\=1 -working-directory /Users/admin/builder/spi-builder-workspace/.swiftpm/xcode -experimental-emit-module-separately -disable-cmo
SwiftDriver TavilyAPITests normal arm64 com.apple.xcode.tools.swift.compiler (in target 'TavilyAPITests-product' from project 'NebiusForFoundationModels')
    cd /Users/admin/builder/spi-builder-workspace/.swiftpm/xcode
    builtin-SwiftDriver -- /Applications/Xcode-27.0.0.app/Contents/Developer/Toolchains/XcodeDefault.xctoolchain/usr/bin/swiftc -parse-as-library -module-name TavilyAPITests -Onone @/Users/admin/builder/spi-builder-workspace/.derivedData/Build/Intermediates.noindex/NebiusForFoundationModels.build/Debug-xros/TavilyAPITests-p.build/Objects-normal/arm64/TavilyAPITests.SwiftFileList -DSWIFT_PACKAGE -DDEBUG -DXcode -plugin-path /Applications/Xcode-27.0.0.app/Contents/Developer/Toolchains/XcodeDefault.xctoolchain/usr/lib/swift/host/plugins/testing -enable-experimental-feature DebugDescriptionMacro -sdk /Applications/Xcode-27.0.0.app/Contents/Developer/Platforms/XROS.platform/Developer/SDKs/XROS27.0.sdk -target arm64-apple-xros1.0 -g -module-cache-path /Users/admin/builder/spi-builder-workspace/.derivedData/ModuleCache.noindex -Xfrontend -serialize-debugging-options -profile-coverage-mapping -profile-generate -enable-testing -index-store-path /Users/admin/builder/spi-builder-workspace/.derivedData/Index.noindex/DataStore -Xcc -D_LIBCPP_HARDENING_MODE\=_LIBCPP_HARDENING_MODE_DEBUG -swift-version 6 -I /Users/admin/builder/spi-builder-workspace/.derivedData/Build/Products/Debug-xros -Isystem /Applications/Xcode-27.0.0.app/Contents/Developer/Platforms/XROS.platform/Developer/usr/lib -F /Users/admin/builder/spi-builder-workspace/.derivedData/Build/Products/Debug-xros/PackageFrameworks -F /Users/admin/builder/spi-builder-workspace/.derivedData/Build/Products/Debug-xros -F /Applications/Xcode-27.0.0.app/Contents/Developer/Platforms/XROS.platform/Developer/Library/Frameworks -F /Applications/Xcode-27.0.0.app/Contents/Developer/Platforms/XROS.platform/Developer/SDKs/XROS27.0.sdk/Developer/Library/Frameworks -c -j10 -enable-batch-mode -incremental -Xcc -ivfsstatcache -Xcc /Users/admin/builder/spi-builder-workspace/.derivedData/SDKStatCaches.noindex/xros27.0-24M361-e829b21a6f8c9b70876ba0858053c04489c3c372b822c72ca60ec5271cbc7f3c.sdkstatcache -output-file-map /Users/admin/builder/spi-builder-workspace/.derivedData/Build/Intermediates.noindex/NebiusForFoundationModels.build/Debug-xros/TavilyAPITests-p.build/Objects-normal/arm64/TavilyAPITests-OutputFileMap.json -save-temps -no-color-diagnostics -explicit-module-build -module-cache-path /Users/admin/builder/spi-builder-workspace/.derivedData/Build/Intermediates.noindex/SwiftExplicitPrecompiledModules -clang-scanner-module-cache-path /Users/admin/builder/spi-builder-workspace/.derivedData/ModuleCache.noindex -sdk-module-cache-path /Users/admin/builder/spi-builder-workspace/.derivedData/SDKExplicitPrecompiledModules -emit-dependencies -emit-module -emit-module-path /Users/admin/builder/spi-builder-workspace/.derivedData/Build/Intermediates.noindex/NebiusForFoundationModels.build/Debug-xros/TavilyAPITests-p.build/Objects-normal/arm64/TavilyAPITests.swiftmodule -serialize-diagnostics -dependency-scan-serialize-diagnostics-path /Users/admin/builder/spi-builder-workspace/.derivedData/Build/Intermediates.noindex/NebiusForFoundationModels.build/Debug-xros/TavilyAPITests-p.build/Objects-normal/arm64/TavilyAPITests-dependency-scan.dia -validate-clang-modules-once -clang-build-session-file /Users/admin/builder/spi-builder-workspace/.derivedData/ModuleCache.noindex/Session.modulevalidation -Xcc -fmodules-prune-interval\=86400 -Xcc -fmodules-prune-after\=345600 -package-name spi_builder_workspace -emit-const-values -const-gather-protocols-list /Users/admin/builder/spi-builder-workspace/.derivedData/Build/Intermediates.noindex/NebiusForFoundationModels.build/Debug-xros/TavilyAPITests-p.build/Objects-normal/arm64/TavilyAPITests_const_extract_protocols.json -Xcc -I/Users/admin/builder/spi-builder-workspace/.derivedData/Build/Products/Debug-xros/include -Xcc -I/Users/admin/builder/spi-builder-workspace/.derivedData/Build/Intermediates.noindex/NebiusForFoundationModels.build/Debug-xros/TavilyAPITests-p.build/DerivedSources-normal/arm64 -Xcc -I/Users/admin/builder/spi-builder-workspace/.derivedData/Build/Intermediates.noindex/NebiusForFoundationModels.build/Debug-xros/TavilyAPITests-p.build/DerivedSources/arm64 -Xcc -I/Users/admin/builder/spi-builder-workspace/.derivedData/Build/Intermediates.noindex/NebiusForFoundationModels.build/Debug-xros/TavilyAPITests-p.build/DerivedSources -Xcc -DSWIFT_PACKAGE -Xcc -DDEBUG\=1 -working-directory /Users/admin/builder/spi-builder-workspace/.swiftpm/xcode -experimental-emit-module-separately -disable-cmo
SwiftEmitModule normal arm64 Emitting\ module\ for\ TavilyExample (in target 'TavilyExample-product' from project 'NebiusForFoundationModels')
SwiftCompile normal arm64 (in target 'TavilyExample-product' from project 'NebiusForFoundationModels')
    cd /Users/admin/builder/spi-builder-workspace/.swiftpm/xcode

SwiftCompile normal arm64 Compiling\ TavilyExample.swift /Users/admin/builder/spi-builder-workspace/Examples/TavilyExample/TavilyExample.swift (in target 'TavilyExample-product' from project 'NebiusForFoundationModels')
/Users/admin/builder/spi-builder-workspace/Examples/TavilyExample/TavilyExample.swift:24:19: error: 'NebiusLanguageModel' is only available in visionOS 27.0 or newer
11 |   @available(macOS 27.0, *)
12 |   @main
13 |   struct TavilyExample {
   |          `- note: add '@available' attribute to enclosing struct
14 |     static func main() async throws {
   |                 `- note: add '@available' attribute to enclosing static method
15 |       let prompt = CommandLine.arguments.dropFirst().joined(separator: " ")
16 |       guard !prompt.isEmpty else {
   :
22 |
23 |       let environment = ProcessInfo.processInfo.environment
24 |       let model = NebiusLanguageModel(
   |                   |- error: 'NebiusLanguageModel' is only available in visionOS 27.0 or newer
   |                   `- note: add 'if #available' version check
25 |         name: .nemotron35Lightning,
26 |         auth: .apiKey(environment["NEBIUS_API_KEY"] ?? "")
/Users/admin/builder/spi-builder-workspace/Examples/TavilyExample/TavilyExample.swift:31:21: error: 'LanguageModelSession' is only available in visionOS 26.0 or newer
11 |   @available(macOS 27.0, *)
12 |   @main
13 |   struct TavilyExample {
   |          `- note: add '@available' attribute to enclosing struct
14 |     static func main() async throws {
   |                 `- note: add '@available' attribute to enclosing static method
15 |       let prompt = CommandLine.arguments.dropFirst().joined(separator: " ")
16 |       guard !prompt.isEmpty else {
   :
29 |         auth: .apiKey(environment["TAVILY_API_KEY"] ?? "")
30 |       )
31 |       let session = LanguageModelSession(
   |                     |- error: 'LanguageModelSession' is only available in visionOS 26.0 or newer
   |                     `- note: add 'if #available' version check
32 |         model: model,
33 |         tools: [
/Users/admin/builder/spi-builder-workspace/Examples/TavilyExample/TavilyExample.swift:31:21: error: 'init(model:tools:instructions:)' is only available in visionOS 27.0 or newer
11 |   @available(macOS 27.0, *)
12 |   @main
13 |   struct TavilyExample {
   |          `- note: add '@available' attribute to enclosing struct
14 |     static func main() async throws {
   |                 `- note: add '@available' attribute to enclosing static method
15 |       let prompt = CommandLine.arguments.dropFirst().joined(separator: " ")
16 |       guard !prompt.isEmpty else {
   :
29 |         auth: .apiKey(environment["TAVILY_API_KEY"] ?? "")
30 |       )
31 |       let session = LanguageModelSession(
   |                     |- error: 'init(model:tools:instructions:)' is only available in visionOS 27.0 or newer
   |                     `- note: add 'if #available' version check
32 |         model: model,
33 |         tools: [
/Users/admin/builder/spi-builder-workspace/Examples/TavilyExample/TavilyExample.swift:34:11: error: 'TavilySearchTool' is only available in visionOS 26.0 or newer
11 |   @available(macOS 27.0, *)
12 |   @main
13 |   struct TavilyExample {
   |          `- note: add '@available' attribute to enclosing struct
14 |     static func main() async throws {
   |                 `- note: add '@available' attribute to enclosing static method
15 |       let prompt = CommandLine.arguments.dropFirst().joined(separator: " ")
16 |       guard !prompt.isEmpty else {
   :
32 |         model: model,
33 |         tools: [
34 |           TavilySearchTool(client: tavily),
   |           |- error: 'TavilySearchTool' is only available in visionOS 26.0 or newer
   |           `- note: add 'if #available' version check
35 |           TavilyExtractTool(client: tavily),
36 |         ],
/Users/admin/builder/spi-builder-workspace/Examples/TavilyExample/TavilyExample.swift:35:11: error: 'TavilyExtractTool' is only available in visionOS 26.0 or newer
11 |   @available(macOS 27.0, *)
12 |   @main
13 |   struct TavilyExample {
   |          `- note: add '@available' attribute to enclosing struct
14 |     static func main() async throws {
   |                 `- note: add '@available' attribute to enclosing static method
15 |       let prompt = CommandLine.arguments.dropFirst().joined(separator: " ")
16 |       guard !prompt.isEmpty else {
   :
33 |         tools: [
34 |           TavilySearchTool(client: tavily),
35 |           TavilyExtractTool(client: tavily),
   |           |- error: 'TavilyExtractTool' is only available in visionOS 26.0 or newer
   |           `- note: add 'if #available' version check
36 |         ],
37 |         instructions: """
/Users/admin/builder/spi-builder-workspace/Examples/TavilyExample/TavilyExample.swift:43:40: error: 'respond(to:options:)' is only available in visionOS 26.0 or newer
11 |   @available(macOS 27.0, *)
12 |   @main
13 |   struct TavilyExample {
   |          `- note: add '@available' attribute to enclosing struct
14 |     static func main() async throws {
   |                 `- note: add '@available' attribute to enclosing static method
15 |       let prompt = CommandLine.arguments.dropFirst().joined(separator: " ")
16 |       guard !prompt.isEmpty else {
   :
41 |           """
42 |       )
43 |       let response = try await session.respond(to: prompt)
   |                                        |- error: 'respond(to:options:)' is only available in visionOS 26.0 or newer
   |                                        `- note: add 'if #available' version check
44 |       print(response.content)
45 |     }
/Users/admin/builder/spi-builder-workspace/Examples/TavilyExample/TavilyExample.swift:43:11: error: conformance of 'String' to 'Generable' is only available in visionOS 26.0 or newer
11 |   @available(macOS 27.0, *)
12 |   @main
13 |   struct TavilyExample {
   |          `- note: add '@available' attribute to enclosing struct
14 |     static func main() async throws {
   |                 `- note: add '@available' attribute to enclosing static method
15 |       let prompt = CommandLine.arguments.dropFirst().joined(separator: " ")
16 |       guard !prompt.isEmpty else {
   :
41 |           """
42 |       )
43 |       let response = try await session.respond(to: prompt)
   |           |- error: conformance of 'String' to 'Generable' is only available in visionOS 26.0 or newer
   |           `- note: add 'if #available' version check
44 |       print(response.content)
45 |     }
/Users/admin/builder/spi-builder-workspace/Examples/TavilyExample/TavilyExample.swift:44:22: error: conformance of 'String' to 'Generable' is only available in visionOS 26.0 or newer
11 |   @available(macOS 27.0, *)
12 |   @main
13 |   struct TavilyExample {
   |          `- note: add '@available' attribute to enclosing struct
14 |     static func main() async throws {
   |                 `- note: add '@available' attribute to enclosing static method
15 |       let prompt = CommandLine.arguments.dropFirst().joined(separator: " ")
16 |       guard !prompt.isEmpty else {
   :
42 |       )
43 |       let response = try await session.respond(to: prompt)
44 |       print(response.content)
   |                      |- error: conformance of 'String' to 'Generable' is only available in visionOS 26.0 or newer
   |                      `- note: add 'if #available' version check
45 |     }
46 |   }
Failed frontend command:
SwiftCompile normal arm64 /Users/admin/builder/spi-builder-workspace/Examples/TavilyExample/TavilyExample.swift (in target 'TavilyExample-product' from project 'NebiusForFoundationModels')
    cd /Users/admin/builder/spi-builder-workspace/.swiftpm/xcode
    builtin-SwiftPerFileCompile TavilyExample.swift
/Applications/Xcode-27.0.0.app/Contents/Developer/Toolchains/XcodeDefault.xctoolchain/usr/bin/swift-frontend -frontend -c -primary-file /Users/admin/builder/spi-builder-workspace/Examples/TavilyExample/TavilyExample.swift -emit-dependencies-path /Users/admin/builder/spi-builder-workspace/.derivedData/Build/Intermediates.noindex/NebiusForFoundationModels.build/Debug-xros/TavilyExample-p.build/Objects-normal/arm64/TavilyExample.d -emit-const-values-path /Users/admin/builder/spi-builder-workspace/.derivedData/Build/Intermediates.noindex/NebiusForFoundationModels.build/Debug-xros/TavilyExample-p.build/Objects-normal/arm64/TavilyExample.swiftconstvalues -emit-reference-dependencies-path /Users/admin/builder/spi-builder-workspace/.derivedData/Build/Intermediates.noindex/NebiusForFoundationModels.build/Debug-xros/TavilyExample-p.build/Objects-normal/arm64/TavilyExample.swiftdeps -serialize-diagnostics-path /Users/admin/builder/spi-builder-workspace/.derivedData/Build/Intermediates.noindex/NebiusForFoundationModels.build/Debug-xros/TavilyExample-p.build/Objects-normal/arm64/TavilyExample.dia -target arm64-apple-xros1.0 -disable-cross-import-overlay-search -swift-module-cross-import FoundationModels /Applications/Xcode-27.0.0.app/Contents/Developer/Platforms/XROS.platform/Developer/SDKs/XROS27.0.sdk/System/Library/Frameworks/FoundationModels.framework/Modules/FoundationModels.swiftcrossimport/SwiftUI.swiftoverlay -swift-module-cross-import FoundationModels /Applications/Xcode-27.0.0.app/Contents/Developer/Platforms/XROS.platform/Developer/SDKs/XROS27.0.sdk/System/Library/Frameworks/FoundationModels.framework/Modules/FoundationModels.swiftcrossimport/UIKit.swiftoverlay -load-resolved-plugin /Applications/Xcode-27.0.0.app/Contents/Developer/Platforms/XROS.platform/Developer/usr/lib/swift/host/plugins/libFoundationMacros.dylib\#/Applications/Xcode-27.0.0.app/Contents/Developer/Platforms/XROS.platform/Developer/usr/bin/swift-plugin-server\#FoundationMacros -load-resolved-plugin /Applications/Xcode-27.0.0.app/Contents/Developer/Platforms/XROS.platform/Developer/usr/lib/swift/host/plugins/libFoundationModelsMacros.dylib\#/Applications/Xcode-27.0.0.app/Contents/Developer/Platforms/XROS.platform/Developer/usr/bin/swift-plugin-server\#FoundationModelsMacros -load-resolved-plugin /Applications/Xcode-27.0.0.app/Contents/Developer/Platforms/XROS.platform/Developer/usr/lib/swift/host/plugins/libObservationMacros.dylib\#/Applications/Xcode-27.0.0.app/Contents/Developer/Platforms/XROS.platform/Developer/usr/bin/swift-plugin-server\#ObservationMacros -load-resolved-plugin /Applications/Xcode-27.0.0.app/Contents/Developer/Platforms/XROS.platform/Developer/usr/lib/swift/host/plugins/libSwiftMacros.dylib\#/Applications/Xcode-27.0.0.app/Contents/Developer/Platforms/XROS.platform/Developer/usr/bin/swift-plugin-server\#SwiftMacros -disable-implicit-swift-modules -Xcc -fno-implicit-modules -Xcc -fno-implicit-module-maps -explicit-swift-module-map-file /Users/admin/builder/spi-builder-workspace/.derivedData/Build/Intermediates.noindex/NebiusForFoundationModels.build/Debug-xros/TavilyExample-p.build/Objects-normal/arm64/TavilyExample-dependencies-1.json -Xllvm -aarch64-use-tbi -enable-objc-interop -stack-check -sdk /Applications/Xcode-27.0.0.app/Contents/Developer/Platforms/XROS.platform/Developer/SDKs/XROS27.0.sdk -I /Users/admin/builder/spi-builder-workspace/.derivedData/Build/Products/Debug-xros -Isystem /Applications/Xcode-27.0.0.app/Contents/Developer/Platforms/XROS.platform/Developer/usr/lib -F /Users/admin/builder/spi-builder-workspace/.derivedData/Build/Products/Debug-xros/PackageFrameworks -F /Users/admin/builder/spi-builder-workspace/.derivedData/Build/Products/Debug-xros -F /Applications/Xcode-27.0.0.app/Contents/Developer/Platforms/XROS.platform/Developer/Library/Frameworks -F /Applications/Xcode-27.0.0.app/Contents/Developer/Platforms/XROS.platform/Developer/SDKs/XROS27.0.sdk/Developer/Library/Frameworks -module-cache-path /Users/admin/builder/spi-builder-workspace/.derivedData/Build/Intermediates.noindex/SwiftExplicitPrecompiledModules -no-color-diagnostics -Xcc -fno-color-diagnostics -enable-testing -g -debug-info-format\=dwarf -dwarf-version\=4 -profile-generate -profile-coverage-mapping -swift-version 6 -Onone -D SWIFT_PACKAGE -D DEBUG -D Xcode -serialize-debugging-options -enable-experimental-feature DebugDescriptionMacro -empty-abi-descriptor -validate-clang-modules-once -clang-build-session-file /Users/admin/builder/spi-builder-workspace/.derivedData/ModuleCache.noindex/Session.modulevalidation -Xcc -working-directory -Xcc /Users/admin/builder/spi-builder-workspace/.swiftpm/xcode -enable-anonymous-context-mangled-names -file-compilation-dir /Users/admin/builder/spi-builder-workspace/.swiftpm/xcode -Xcc -D_LIBCPP_HARDENING_MODE\=_LIBCPP_HARDENING_MODE_DEBUG -Xcc -ivfsstatcache -Xcc /Users/admin/builder/spi-builder-workspace/.derivedData/SDKStatCaches.noindex/xros27.0-24M361-e829b21a6f8c9b70876ba0858053c04489c3c372b822c72ca60ec5271cbc7f3c.sdkstatcache -Xcc -fmodules-prune-interval\=86400 -Xcc -fmodules-prune-after\=345600 -Xcc -I/Users/admin/builder/spi-builder-workspace/.derivedData/Build/Products/Debug-xros/include -Xcc -I/Users/admin/builder/spi-builder-workspace/.derivedData/Build/Intermediates.noindex/NebiusForFoundationModels.build/Debug-xros/TavilyExample-p.build/DerivedSources-normal/arm64 -Xcc -I/Users/admin/builder/spi-builder-workspace/.derivedData/Build/Intermediates.noindex/NebiusForFoundationModels.build/Debug-xros/TavilyExample-p.build/DerivedSources/arm64 -Xcc -I/Users/admin/builder/spi-builder-workspace/.derivedData/Build/Intermediates.noindex/NebiusForFoundationModels.build/Debug-xros/TavilyExample-p.build/DerivedSources -Xcc -DSWIFT_PACKAGE -Xcc -DDEBUG\=1 -no-auto-bridging-header-chaining -module-name TavilyExample -package-name spi_builder_workspace -const-gather-protocols-file /Users/admin/builder/spi-builder-workspace/.derivedData/Build/Intermediates.noindex/NebiusForFoundationModels.build/Debug-xros/TavilyExample-p.build/Objects-normal/arm64/TavilyExample_const_extract_protocols.json -disable-clang-spi -clang-target arm64-apple-xros27.0 -target-sdk-version 27.0 -target-sdk-name xros27.0 -in-process-plugin-server-path /Applications/Xcode-27.0.0.app/Contents/Developer/Toolchains/XcodeDefault.xctoolchain/usr/lib/swift/host/libSwiftInProcPluginServer.dylib -parse-as-library -o /Users/admin/builder/spi-builder-workspace/.derivedData/Build/Intermediates.noindex/NebiusForFoundationModels.build/Debug-xros/TavilyExample-p.build/Objects-normal/arm64/TavilyExample.o -debug-module-path /Users/admin/builder/spi-builder-workspace/.derivedData/Build/Intermediates.noindex/NebiusForFoundationModels.build/Debug-xros/TavilyExample-p.build/Objects-normal/arm64/TavilyExample.swiftmodule -index-unit-output-path /NebiusForFoundationModels.build/Debug-xros/TavilyExample-p.build/Objects-normal/arm64/TavilyExample.o -index-store-path /Users/admin/builder/spi-builder-workspace/.derivedData/Index.noindex/DataStore -index-system-modules
SwiftEmitModule normal arm64 Emitting\ module\ for\ TavilyAPITests (in target 'TavilyAPITests-product' from project 'NebiusForFoundationModels')
SwiftCompile normal arm64 (in target 'TavilyAPITests-product' from project 'NebiusForFoundationModels')
    cd /Users/admin/builder/spi-builder-workspace/.swiftpm/xcode

SwiftCompile normal arm64 Compiling\ TavilyAPITests.swift /Users/admin/builder/spi-builder-workspace/Tests/TavilyAPITests/TavilyAPITests.swift (in target 'TavilyAPITests-product' from project 'NebiusForFoundationModels')
SwiftCompile normal arm64 /Users/admin/builder/spi-builder-workspace/Tests/TavilyAPITests/TavilyAPITests.swift (in target 'TavilyAPITests-product' from project 'NebiusForFoundationModels')
    cd /Users/admin/builder/spi-builder-workspace/.swiftpm/xcode
    builtin-SwiftPerFileCompile TavilyAPITests.swift
SwiftEmitModule normal arm64 Emitting\ module\ for\ TavilyForFoundationModels (in target 'TavilyForFoundationModels' from project 'NebiusForFoundationModels')
SwiftCompile normal arm64 (in target 'TavilyForFoundationModels' from project 'NebiusForFoundationModels')
    cd /Users/admin/builder/spi-builder-workspace/.swiftpm/xcode

SwiftCompile normal arm64 Compiling\ TavilyTools.swift /Users/admin/builder/spi-builder-workspace/Sources/TavilyForFoundationModels/TavilyTools.swift (in target 'TavilyForFoundationModels' from project 'NebiusForFoundationModels')
SwiftCompile normal arm64 /Users/admin/builder/spi-builder-workspace/Sources/TavilyForFoundationModels/TavilyTools.swift (in target 'TavilyForFoundationModels' from project 'NebiusForFoundationModels')
    cd /Users/admin/builder/spi-builder-workspace/.swiftpm/xcode
    builtin-SwiftPerFileCompile TavilyTools.swift
SwiftEmitModule normal arm64 Emitting\ module\ for\ NebiusExample (in target 'NebiusExample-product' from project 'NebiusForFoundationModels')
SwiftCompile normal arm64 (in target 'NebiusExample-product' from project 'NebiusForFoundationModels')
    cd /Users/admin/builder/spi-builder-workspace/.swiftpm/xcode

SwiftCompile normal arm64 Compiling\ NebiusExample.swift /Users/admin/builder/spi-builder-workspace/Examples/NebiusExample/NebiusExample.swift (in target 'NebiusExample-product' from project 'NebiusForFoundationModels')
SwiftCompile normal arm64 /Users/admin/builder/spi-builder-workspace/Examples/NebiusExample/NebiusExample.swift (in target 'NebiusExample-product' from project 'NebiusForFoundationModels')
    cd /Users/admin/builder/spi-builder-workspace/.swiftpm/xcode
    builtin-SwiftPerFileCompile NebiusExample.swift
SwiftEmitModule normal arm64 Emitting\ module\ for\ NebiusAPITests (in target 'NebiusAPITests-product' from project 'NebiusForFoundationModels')
SwiftCompile normal arm64 (in target 'NebiusAPITests-product' from project 'NebiusForFoundationModels')
    cd /Users/admin/builder/spi-builder-workspace/.swiftpm/xcode

SwiftCompile normal arm64 Compiling\ NebiusAPITests.swift /Users/admin/builder/spi-builder-workspace/Tests/NebiusAPITests/NebiusAPITests.swift (in target 'NebiusAPITests-product' from project 'NebiusForFoundationModels')
SwiftCompile normal arm64 /Users/admin/builder/spi-builder-workspace/Tests/NebiusAPITests/NebiusAPITests.swift (in target 'NebiusAPITests-product' from project 'NebiusForFoundationModels')
    cd /Users/admin/builder/spi-builder-workspace/.swiftpm/xcode
    builtin-SwiftPerFileCompile NebiusAPITests.swift
SwiftEmitModule normal arm64 Emitting\ module\ for\ NebiusForFoundationModels (in target 'NebiusForFoundationModels' from project 'NebiusForFoundationModels')
SwiftCompile normal arm64 (in target 'NebiusForFoundationModels' from project 'NebiusForFoundationModels')
    cd /Users/admin/builder/spi-builder-workspace/.swiftpm/xcode

SwiftDriverJobDiscovery normal arm64 Emitting module for TavilyExample (in target 'TavilyExample-product' from project 'NebiusForFoundationModels')
SwiftDriver\ Compilation\ Requirements TavilyExample normal arm64 com.apple.xcode.tools.swift.compiler (in target 'TavilyExample-product' from project 'NebiusForFoundationModels')
    cd /Users/admin/builder/spi-builder-workspace/.swiftpm/xcode
    builtin-Swift-Compilation-Requirements -- /Applications/Xcode-27.0.0.app/Contents/Developer/Toolchains/XcodeDefault.xctoolchain/usr/bin/swiftc -parse-as-library -module-name TavilyExample -Onone @/Users/admin/builder/spi-builder-workspace/.derivedData/Build/Intermediates.noindex/NebiusForFoundationModels.build/Debug-xros/TavilyExample-p.build/Objects-normal/arm64/TavilyExample.SwiftFileList -DSWIFT_PACKAGE -DDEBUG -DXcode -plugin-path /Applications/Xcode-27.0.0.app/Contents/Developer/Toolchains/XcodeDefault.xctoolchain/usr/lib/swift/host/plugins/testing -enable-experimental-feature DebugDescriptionMacro -sdk /Applications/Xcode-27.0.0.app/Contents/Developer/Platforms/XROS.platform/Developer/SDKs/XROS27.0.sdk -target arm64-apple-xros1.0 -g -module-cache-path /Users/admin/builder/spi-builder-workspace/.derivedData/ModuleCache.noindex -Xfrontend -serialize-debugging-options -profile-coverage-mapping -profile-generate -enable-testing -index-store-path /Users/admin/builder/spi-builder-workspace/.derivedData/Index.noindex/DataStore -Xcc -D_LIBCPP_HARDENING_MODE\=_LIBCPP_HARDENING_MODE_DEBUG -swift-version 6 -I /Users/admin/builder/spi-builder-workspace/.derivedData/Build/Products/Debug-xros -Isystem /Applications/Xcode-27.0.0.app/Contents/Developer/Platforms/XROS.platform/Developer/usr/lib -F /Users/admin/builder/spi-builder-workspace/.derivedData/Build/Products/Debug-xros/PackageFrameworks -F /Users/admin/builder/spi-builder-workspace/.derivedData/Build/Products/Debug-xros -F /Applications/Xcode-27.0.0.app/Contents/Developer/Platforms/XROS.platform/Developer/Library/Frameworks -F /Applications/Xcode-27.0.0.app/Contents/Developer/Platforms/XROS.platform/Developer/SDKs/XROS27.0.sdk/Developer/Library/Frameworks -c -j10 -enable-batch-mode -incremental -Xcc -ivfsstatcache -Xcc /Users/admin/builder/spi-builder-workspace/.derivedData/SDKStatCaches.noindex/xros27.0-24M361-e829b21a6f8c9b70876ba0858053c04489c3c372b822c72ca60ec5271cbc7f3c.sdkstatcache -output-file-map /Users/admin/builder/spi-builder-workspace/.derivedData/Build/Intermediates.noindex/NebiusForFoundationModels.build/Debug-xros/TavilyExample-p.build/Objects-normal/arm64/TavilyExample-OutputFileMap.json -save-temps -no-color-diagnostics -explicit-module-build -module-cache-path /Users/admin/builder/spi-builder-workspace/.derivedData/Build/Intermediates.noindex/SwiftExplicitPrecompiledModules -clang-scanner-module-cache-path /Users/admin/builder/spi-builder-workspace/.derivedData/ModuleCache.noindex -sdk-module-cache-path /Users/admin/builder/spi-builder-workspace/.derivedData/SDKExplicitPrecompiledModules -emit-dependencies -emit-module -emit-module-path /Users/admin/builder/spi-builder-workspace/.derivedData/Build/Intermediates.noindex/NebiusForFoundationModels.build/Debug-xros/TavilyExample-p.build/Objects-normal/arm64/TavilyExample.swiftmodule -serialize-diagnostics -dependency-scan-serialize-diagnostics-path /Users/admin/builder/spi-builder-workspace/.derivedData/Build/Intermediates.noindex/NebiusForFoundationModels.build/Debug-xros/TavilyExample-p.build/Objects-normal/arm64/TavilyExample-dependency-scan.dia -validate-clang-modules-once -clang-build-session-file /Users/admin/builder/spi-builder-workspace/.derivedData/ModuleCache.noindex/Session.modulevalidation -Xcc -fmodules-prune-interval\=86400 -Xcc -fmodules-prune-after\=345600 -package-name spi_builder_workspace -emit-const-values -const-gather-protocols-list /Users/admin/builder/spi-builder-workspace/.derivedData/Build/Intermediates.noindex/NebiusForFoundationModels.build/Debug-xros/TavilyExample-p.build/Objects-normal/arm64/TavilyExample_const_extract_protocols.json -Xcc -I/Users/admin/builder/spi-builder-workspace/.derivedData/Build/Products/Debug-xros/include -Xcc -I/Users/admin/builder/spi-builder-workspace/.derivedData/Build/Intermediates.noindex/NebiusForFoundationModels.build/Debug-xros/TavilyExample-p.build/DerivedSources-normal/arm64 -Xcc -I/Users/admin/builder/spi-builder-workspace/.derivedData/Build/Intermediates.noindex/NebiusForFoundationModels.build/Debug-xros/TavilyExample-p.build/DerivedSources/arm64 -Xcc -I/Users/admin/builder/spi-builder-workspace/.derivedData/Build/Intermediates.noindex/NebiusForFoundationModels.build/Debug-xros/TavilyExample-p.build/DerivedSources -Xcc -DSWIFT_PACKAGE -Xcc -DDEBUG\=1 -working-directory /Users/admin/builder/spi-builder-workspace/.swiftpm/xcode -experimental-emit-module-separately -disable-cmo
PruneExplicitPrecompiledModules /Users/admin/builder/spi-builder-workspace/.derivedData/Build/Intermediates.noindex/SwiftExplicitPrecompiledModules
PruneExplicitPrecompiledModules /Users/admin/builder/spi-builder-workspace/.derivedData/SDKExplicitPrecompiledModules
PruneExplicitPrecompiledModules /Users/admin/builder/spi-builder-workspace/.derivedData/Build/Intermediates.noindex/ExplicitPrecompiledModules
2026-10-22 09:19:56.247 xcodebuild[836:5243] [MT] IDERunDestination: Supported platforms for the buildables in the current scheme is empty.
** BUILD FAILED **
The following build commands failed:
	SwiftCompile normal arm64 /Users/admin/builder/spi-builder-workspace/Examples/TavilyExample/TavilyExample.swift (in target 'TavilyExample-product' from project 'NebiusForFoundationModels')
	SwiftCompile normal arm64 Compiling\ TavilyExample.swift /Users/admin/builder/spi-builder-workspace/Examples/TavilyExample/TavilyExample.swift (in target 'TavilyExample-product' from project 'NebiusForFoundationModels')
	Building workspace NebiusForFoundationModels with scheme NebiusForFoundationModels-Package
(3 failures)
BUILD FAILURE 6.4 visionOS