The Swift Package Index logo.Swift Package Index

Build Information

Failed to build BrowserProfileLight, reference main (ce37d4), with Swift 6.4 for watchOS using Xcode 27.0 on 24 Sep 2026 12:53:47 UTC.

Build Command

env DEVELOPER_DIR=/Applications/Xcode-27.0.0-Release.Candidate.app xcrun xcodebuild -IDEClonedSourcePackagesDirPathOverride=$PWD/.dependencies -skipMacroValidation -skipPackagePluginValidation -derivedDataPath $PWD/.derivedData build -scheme BrowserProfileLight-Package -destination generic/platform=watchOS

Build Log

========================================
RunAll
========================================
Builder version: 5.1.0
Interrupt handler set up.
========================================
Checkout
========================================
Clone URL: https://github.com/m13v/ai-browser-profile-swift-light.git
Reference: main
Initialized empty Git repository in /Users/admin/builder/spi-builder-workspace/.git/
From https://github.com/m13v/ai-browser-profile-swift-light
 * branch            main       -> FETCH_HEAD
 * [new branch]      main       -> origin/main
HEAD is now at ce37d42 Add README with usage docs and SPM install instructions
Cloned https://github.com/m13v/ai-browser-profile-swift-light.git
Revision (git rev-parse @):
ce37d42d002db8e878bcf2a45839c2efc8a6400c
SUCCESS checkout https://github.com/m13v/ai-browser-profile-swift-light.git at main
========================================
Build
========================================
Selected platform:         watchOS
Swift version:             6.4
Building package at path:  $PWD
https://github.com/m13v/ai-browser-profile-swift-light.git
Command line invocation:
    /Applications/Xcode-27.0.0-Release.Candidate.app/Contents/Developer/usr/bin/xcodebuild -IDEClonedSourcePackagesDirPathOverride=/Users/admin/builder/spi-builder-workspace/.dependencies -resolvePackageDependencies
Resolve Package Graph
Resolve Package Graph
Resolved source packages:
  BrowserProfileLight: /Users/admin/builder/spi-builder-workspace
resolved source packages: BrowserProfileLight
2026-09-24 08:53:05.449 xcodebuild[529:3042] [MT] IDERunDestination: Supported platforms for the buildables in the current scheme is empty.
{
  "dependencies" : [
  ],
  "manifest_display_name" : "BrowserProfileLight",
  "name" : "BrowserProfileLight",
  "path" : "/Users/admin/builder/spi-builder-workspace",
  "platforms" : [
    {
      "name" : "macos",
      "version" : "13.0"
    }
  ],
  "products" : [
    {
      "name" : "BrowserProfileLight",
      "targets" : [
        "AutofillExtractor"
      ],
      "type" : {
        "library" : [
          "automatic"
        ]
      }
    },
    {
      "name" : "browser-profile-cli",
      "targets" : [
        "AutofillCLI"
      ],
      "type" : {
        "executable" : null
      }
    }
  ],
  "targets" : [
    {
      "c99name" : "AutofillExtractorTests",
      "module_type" : "SwiftTarget",
      "name" : "AutofillExtractorTests",
      "path" : "Tests/AutofillExtractorTests",
      "sources" : [
        "AutofillExtractorTests.swift"
      ],
      "target_dependencies" : [
        "AutofillExtractor"
      ],
      "type" : "test"
    },
    {
      "c99name" : "AutofillExtractor",
      "module_type" : "SwiftTarget",
      "name" : "AutofillExtractor",
      "path" : "Sources/AutofillExtractor",
      "product_memberships" : [
        "BrowserProfileLight",
        "browser-profile-cli"
      ],
      "sources" : [
        "AutofillExtractor.swift",
        "BookmarksExtractor.swift",
        "Constants.swift",
        "Helpers.swift",
        "HistoryExtractor.swift",
        "LoginsExtractor.swift",
        "Models.swift",
        "ProfileDatabase.swift",
        "SQLite.swift"
      ],
      "type" : "library"
    },
    {
      "c99name" : "AutofillCLI",
      "module_type" : "SwiftTarget",
      "name" : "AutofillCLI",
      "path" : "Sources/AutofillCLI",
      "product_memberships" : [
        "browser-profile-cli"
      ],
      "sources" : [
        "main.swift"
      ],
      "target_dependencies" : [
        "AutofillExtractor"
      ],
      "type" : "executable"
    }
  ],
  "tools_version" : "5.9"
}
{
  "workspace" : {
    "name" : "BrowserProfileLight",
    "schemes" : [
      "browser-profile-cli",
      "BrowserProfileLight",
      "BrowserProfileLight-Package"
    ]
  }
}
2026-09-24 08:53:37.598 xcodebuild[626:3876] [MT] IDERunDestination: Supported platforms for the buildables in the current scheme is empty.
Running build ...
env DEVELOPER_DIR=/Applications/Xcode-27.0.0-Release.Candidate.app xcrun xcodebuild -IDEClonedSourcePackagesDirPathOverride=$PWD/.dependencies -skipMacroValidation -skipPackagePluginValidation -derivedDataPath $PWD/.derivedData build -scheme BrowserProfileLight-Package -destination generic/platform=watchOS
Command line invocation:
    /Applications/Xcode-27.0.0-Release.Candidate.app/Contents/Developer/usr/bin/xcodebuild -IDEClonedSourcePackagesDirPathOverride=/Users/admin/builder/spi-builder-workspace/.dependencies -skipMacroValidation -skipPackagePluginValidation -derivedDataPath /Users/admin/builder/spi-builder-workspace/.derivedData build -scheme BrowserProfileLight-Package -destination generic/platform=watchOS
Resolve Package Graph
Resolved source packages:
  BrowserProfileLight: /Users/admin/builder/spi-builder-workspace
ComputePackagePrebuildTargetDependencyGraph
Prepare packages
CreateBuildRequest
SendProjectDescription
CreateBuildOperation
ComputeTargetDependencyGraph
note: Building targets in dependency order
note: Target dependency graph (3 targets)
    Target 'browser-profile-cli-product' in project 'BrowserProfileLight'
        ➜ Explicit dependency on target 'AutofillExtractor' in project 'BrowserProfileLight'
    Target 'BrowserProfileLight-product' in project 'BrowserProfileLight'
        ➜ Explicit dependency on target 'AutofillExtractor' in project 'BrowserProfileLight'
    Target 'AutofillExtractor' in project 'BrowserProfileLight' (no dependencies)
GatherProvisioningInputs
CreateBuildDescription
ExecuteExternalTool /Applications/Xcode-27.0.0-Release.Candidate.app/Contents/Developer/Toolchains/XcodeDefault.xctoolchain/usr/bin/clang -v -E -dM -isysroot /Applications/Xcode-27.0.0-Release.Candidate.app/Contents/Developer/Platforms/WatchOS.platform/Developer/SDKs/WatchOS27.0.sdk -x c -c /dev/null
ExecuteExternalTool /Applications/Xcode-27.0.0-Release.Candidate.app/Contents/Developer/Toolchains/XcodeDefault.xctoolchain/usr/bin/swiftc --version
ExecuteExternalTool /Applications/Xcode-27.0.0-Release.Candidate.app/Contents/Developer/Toolchains/XcodeDefault.xctoolchain/usr/bin/ld -version_details
Build description signature: eb6b894cf35f017f58140b701ec5fe00
Build description path: /Users/admin/builder/spi-builder-workspace/.derivedData/Build/Intermediates.noindex/XCBuildData/eb6b894cf35f017f58140b701ec5fe00.xcbuilddata
CreateBuildDirectory /Users/admin/builder/spi-builder-workspace/.derivedData/SDKExplicitPrecompiledModules
    cd /Users/admin/builder/spi-builder-workspace/.swiftpm/xcode
    builtin-create-build-directory /Users/admin/builder/spi-builder-workspace/.derivedData/SDKExplicitPrecompiledModules
CreateBuildDirectory /Users/admin/builder/spi-builder-workspace/.derivedData/CompilationCache.noindex
    cd /Users/admin/builder/spi-builder-workspace/.swiftpm/xcode
    builtin-create-build-directory /Users/admin/builder/spi-builder-workspace/.derivedData/CompilationCache.noindex
CreateBuildDirectory /Users/admin/builder/spi-builder-workspace/.derivedData/ModuleCache.noindex
    cd /Users/admin/builder/spi-builder-workspace/.swiftpm/xcode
    builtin-create-build-directory /Users/admin/builder/spi-builder-workspace/.derivedData/ModuleCache.noindex
CreateBuildDirectory /Users/admin/builder/spi-builder-workspace/.derivedData/Build/Products
    cd /Users/admin/builder/spi-builder-workspace/.swiftpm/xcode
    builtin-create-build-directory /Users/admin/builder/spi-builder-workspace/.derivedData/Build/Products
CreateBuildDirectory /Users/admin/builder/spi-builder-workspace/.derivedData/Build/Intermediates.noindex
    cd /Users/admin/builder/spi-builder-workspace/.swiftpm/xcode
    builtin-create-build-directory /Users/admin/builder/spi-builder-workspace/.derivedData/Build/Intermediates.noindex
ClangStatCache /Applications/Xcode-27.0.0-Release.Candidate.app/Contents/Developer/Toolchains/XcodeDefault.xctoolchain/usr/bin/clang-stat-cache /Applications/Xcode-27.0.0-Release.Candidate.app/Contents/Developer/Platforms/WatchOS.platform/Developer/SDKs/WatchOS27.0.sdk /Users/admin/builder/spi-builder-workspace/.derivedData/SDKStatCaches.noindex/watchos27.0-24R360-e829b21a6f8c9b70876ba0858053c04477534ef55a1706bf4c1112bbb242f0a2.sdkstatcache
    cd /Users/admin/builder/spi-builder-workspace/.swiftpm/xcode
    /Applications/Xcode-27.0.0-Release.Candidate.app/Contents/Developer/Toolchains/XcodeDefault.xctoolchain/usr/bin/clang-stat-cache /Applications/Xcode-27.0.0-Release.Candidate.app/Contents/Developer/Platforms/WatchOS.platform/Developer/SDKs/WatchOS27.0.sdk -o /Users/admin/builder/spi-builder-workspace/.derivedData/SDKStatCaches.noindex/watchos27.0-24R360-e829b21a6f8c9b70876ba0858053c04477534ef55a1706bf4c1112bbb242f0a2.sdkstatcache
CreateBuildDirectory /Users/admin/builder/spi-builder-workspace/.derivedData/Build/Intermediates.noindex/PrecompiledHeaders
    cd /Users/admin/builder/spi-builder-workspace/.swiftpm/xcode
    builtin-create-build-directory /Users/admin/builder/spi-builder-workspace/.derivedData/Build/Intermediates.noindex/PrecompiledHeaders
CreateBuildDirectory /Users/admin/builder/spi-builder-workspace/.derivedData/Build/Intermediates.noindex/SwiftExplicitPrecompiledModules
    cd /Users/admin/builder/spi-builder-workspace/.swiftpm/xcode
    builtin-create-build-directory /Users/admin/builder/spi-builder-workspace/.derivedData/Build/Intermediates.noindex/SwiftExplicitPrecompiledModules
CreateBuildDirectory /Users/admin/builder/spi-builder-workspace/.derivedData/Build/Intermediates.noindex/ExplicitPrecompiledModules
    cd /Users/admin/builder/spi-builder-workspace/.swiftpm/xcode
    builtin-create-build-directory /Users/admin/builder/spi-builder-workspace/.derivedData/Build/Intermediates.noindex/ExplicitPrecompiledModules
CreateBuildDirectory /Users/admin/builder/spi-builder-workspace/.derivedData/Build/Intermediates.noindex/EagerLinkingTBDs/Debug-watchos
    cd /Users/admin/builder/spi-builder-workspace/.swiftpm/xcode
    builtin-create-build-directory /Users/admin/builder/spi-builder-workspace/.derivedData/Build/Intermediates.noindex/EagerLinkingTBDs/Debug-watchos
CreateBuildDirectory /Users/admin/builder/spi-builder-workspace/.derivedData/Build/Products/Debug-watchos
    cd /Users/admin/builder/spi-builder-workspace/.swiftpm/xcode
    builtin-create-build-directory /Users/admin/builder/spi-builder-workspace/.derivedData/Build/Products/Debug-watchos
CreateBuildDirectory /Users/admin/builder/spi-builder-workspace/.derivedData/Build/Products/Debug-watchos/PackageFrameworks
    cd /Users/admin/builder/spi-builder-workspace/.swiftpm/xcode
    builtin-create-build-directory /Users/admin/builder/spi-builder-workspace/.derivedData/Build/Products/Debug-watchos/PackageFrameworks
WriteAuxiliaryFile /Users/admin/builder/spi-builder-workspace/.derivedData/Build/Intermediates.noindex/BrowserProfileLight.build/Debug-watchos/browser-profile-cli-p.build/browser-profile-cli.DependencyMetadataFileList (in target 'browser-profile-cli-product' from project 'BrowserProfileLight')
    cd /Users/admin/builder/spi-builder-workspace
    write-file /Users/admin/builder/spi-builder-workspace/.derivedData/Build/Intermediates.noindex/BrowserProfileLight.build/Debug-watchos/browser-profile-cli-p.build/browser-profile-cli.DependencyMetadataFileList
WriteAuxiliaryFile /Users/admin/builder/spi-builder-workspace/.derivedData/Build/Intermediates.noindex/BrowserProfileLight.build/Debug-watchos/browser-profile-cli-p.build/browser-profile-cli.DependencyStaticMetadataFileList (in target 'browser-profile-cli-product' from project 'BrowserProfileLight')
    cd /Users/admin/builder/spi-builder-workspace
    write-file /Users/admin/builder/spi-builder-workspace/.derivedData/Build/Intermediates.noindex/BrowserProfileLight.build/Debug-watchos/browser-profile-cli-p.build/browser-profile-cli.DependencyStaticMetadataFileList
WriteAuxiliaryFile /Users/admin/builder/spi-builder-workspace/.derivedData/Build/Intermediates.noindex/BrowserProfileLight.build/Debug-watchos/AutofillExtractor-t.build/Objects-normal/arm64/AutofillExtractor_const_extract_protocols.json (in target 'AutofillExtractor' from project 'BrowserProfileLight')
    cd /Users/admin/builder/spi-builder-workspace
    write-file /Users/admin/builder/spi-builder-workspace/.derivedData/Build/Intermediates.noindex/BrowserProfileLight.build/Debug-watchos/AutofillExtractor-t.build/Objects-normal/arm64/AutofillExtractor_const_extract_protocols.json
WriteAuxiliaryFile /Users/admin/builder/spi-builder-workspace/.derivedData/Build/Intermediates.noindex/BrowserProfileLight.build/Debug-watchos/AutofillExtractor-t.build/Objects-normal/arm64_32/AutofillExtractor_const_extract_protocols.json (in target 'AutofillExtractor' from project 'BrowserProfileLight')
    cd /Users/admin/builder/spi-builder-workspace
    write-file /Users/admin/builder/spi-builder-workspace/.derivedData/Build/Intermediates.noindex/BrowserProfileLight.build/Debug-watchos/AutofillExtractor-t.build/Objects-normal/arm64_32/AutofillExtractor_const_extract_protocols.json
WriteAuxiliaryFile /Users/admin/builder/spi-builder-workspace/.derivedData/Build/Intermediates.noindex/BrowserProfileLight.build/Debug-watchos/AutofillExtractor-t.build/Objects-normal/arm64_32/AutofillExtractor.LinkFileList (in target 'AutofillExtractor' from project 'BrowserProfileLight')
    cd /Users/admin/builder/spi-builder-workspace
    write-file /Users/admin/builder/spi-builder-workspace/.derivedData/Build/Intermediates.noindex/BrowserProfileLight.build/Debug-watchos/AutofillExtractor-t.build/Objects-normal/arm64_32/AutofillExtractor.LinkFileList
WriteAuxiliaryFile /Users/admin/builder/spi-builder-workspace/.derivedData/Build/Intermediates.noindex/BrowserProfileLight.build/Debug-watchos/AutofillExtractor-t.build/Objects-normal/arm64_32/AutofillExtractor.SwiftFileList (in target 'AutofillExtractor' from project 'BrowserProfileLight')
    cd /Users/admin/builder/spi-builder-workspace
    write-file /Users/admin/builder/spi-builder-workspace/.derivedData/Build/Intermediates.noindex/BrowserProfileLight.build/Debug-watchos/AutofillExtractor-t.build/Objects-normal/arm64_32/AutofillExtractor.SwiftFileList
WriteAuxiliaryFile /Users/admin/builder/spi-builder-workspace/.derivedData/Build/Intermediates.noindex/BrowserProfileLight.build/Debug-watchos/browser-profile-cli-p.build/Objects-normal/arm64_32/browser-profile-cli_const_extract_protocols.json (in target 'browser-profile-cli-product' from project 'BrowserProfileLight')
    cd /Users/admin/builder/spi-builder-workspace
    write-file /Users/admin/builder/spi-builder-workspace/.derivedData/Build/Intermediates.noindex/BrowserProfileLight.build/Debug-watchos/browser-profile-cli-p.build/Objects-normal/arm64_32/browser-profile-cli_const_extract_protocols.json
WriteAuxiliaryFile /Users/admin/builder/spi-builder-workspace/.derivedData/Build/Intermediates.noindex/BrowserProfileLight.build/Debug-watchos/AutofillExtractor-t.build/Objects-normal/arm64_32/AutofillExtractor-OutputFileMap.json (in target 'AutofillExtractor' from project 'BrowserProfileLight')
    cd /Users/admin/builder/spi-builder-workspace
    write-file /Users/admin/builder/spi-builder-workspace/.derivedData/Build/Intermediates.noindex/BrowserProfileLight.build/Debug-watchos/AutofillExtractor-t.build/Objects-normal/arm64_32/AutofillExtractor-OutputFileMap.json
WriteAuxiliaryFile /Users/admin/builder/spi-builder-workspace/.derivedData/Build/Intermediates.noindex/BrowserProfileLight.build/Debug-watchos/browser-profile-cli-p.build/Objects-normal/arm64_32/browser-profile-cli.SwiftFileList (in target 'browser-profile-cli-product' from project 'BrowserProfileLight')
    cd /Users/admin/builder/spi-builder-workspace
    write-file /Users/admin/builder/spi-builder-workspace/.derivedData/Build/Intermediates.noindex/BrowserProfileLight.build/Debug-watchos/browser-profile-cli-p.build/Objects-normal/arm64_32/browser-profile-cli.SwiftFileList
WriteAuxiliaryFile /Users/admin/builder/spi-builder-workspace/.derivedData/Build/Intermediates.noindex/BrowserProfileLight.build/Debug-watchos/browser-profile-cli-p.build/Objects-normal/arm64_32/browser-profile-cli-OutputFileMap.json (in target 'browser-profile-cli-product' from project 'BrowserProfileLight')
    cd /Users/admin/builder/spi-builder-workspace
    write-file /Users/admin/builder/spi-builder-workspace/.derivedData/Build/Intermediates.noindex/BrowserProfileLight.build/Debug-watchos/browser-profile-cli-p.build/Objects-normal/arm64_32/browser-profile-cli-OutputFileMap.json
WriteAuxiliaryFile /Users/admin/builder/spi-builder-workspace/.derivedData/Build/Intermediates.noindex/BrowserProfileLight.build/Debug-watchos/browser-profile-cli-p.build/Objects-normal/arm64_32/browser-profile-cli.LinkFileList (in target 'browser-profile-cli-product' from project 'BrowserProfileLight')
    cd /Users/admin/builder/spi-builder-workspace
    write-file /Users/admin/builder/spi-builder-workspace/.derivedData/Build/Intermediates.noindex/BrowserProfileLight.build/Debug-watchos/browser-profile-cli-p.build/Objects-normal/arm64_32/browser-profile-cli.LinkFileList
WriteAuxiliaryFile /Users/admin/builder/spi-builder-workspace/.derivedData/Build/Intermediates.noindex/BrowserProfileLight.build/Debug-watchos/browser-profile-cli-p.build/Objects-normal/arm64/browser-profile-cli.SwiftFileList (in target 'browser-profile-cli-product' from project 'BrowserProfileLight')
    cd /Users/admin/builder/spi-builder-workspace
    write-file /Users/admin/builder/spi-builder-workspace/.derivedData/Build/Intermediates.noindex/BrowserProfileLight.build/Debug-watchos/browser-profile-cli-p.build/Objects-normal/arm64/browser-profile-cli.SwiftFileList
WriteAuxiliaryFile /Users/admin/builder/spi-builder-workspace/.derivedData/Build/Intermediates.noindex/BrowserProfileLight.build/Debug-watchos/browser-profile-cli-p.build/Objects-normal/arm64/browser-profile-cli.LinkFileList (in target 'browser-profile-cli-product' from project 'BrowserProfileLight')
    cd /Users/admin/builder/spi-builder-workspace
    write-file /Users/admin/builder/spi-builder-workspace/.derivedData/Build/Intermediates.noindex/BrowserProfileLight.build/Debug-watchos/browser-profile-cli-p.build/Objects-normal/arm64/browser-profile-cli.LinkFileList
WriteAuxiliaryFile /Users/admin/builder/spi-builder-workspace/.derivedData/Build/Intermediates.noindex/BrowserProfileLight.build/Debug-watchos/browser-profile-cli-p.build/Objects-normal/arm64/browser-profile-cli_const_extract_protocols.json (in target 'browser-profile-cli-product' from project 'BrowserProfileLight')
    cd /Users/admin/builder/spi-builder-workspace
    write-file /Users/admin/builder/spi-builder-workspace/.derivedData/Build/Intermediates.noindex/BrowserProfileLight.build/Debug-watchos/browser-profile-cli-p.build/Objects-normal/arm64/browser-profile-cli_const_extract_protocols.json
WriteAuxiliaryFile /Users/admin/builder/spi-builder-workspace/.derivedData/Build/Intermediates.noindex/BrowserProfileLight.build/Debug-watchos/browser-profile-cli-p.build/Objects-normal/arm64/browser-profile-cli-OutputFileMap.json (in target 'browser-profile-cli-product' from project 'BrowserProfileLight')
    cd /Users/admin/builder/spi-builder-workspace
    write-file /Users/admin/builder/spi-builder-workspace/.derivedData/Build/Intermediates.noindex/BrowserProfileLight.build/Debug-watchos/browser-profile-cli-p.build/Objects-normal/arm64/browser-profile-cli-OutputFileMap.json
WriteAuxiliaryFile /Users/admin/builder/spi-builder-workspace/.derivedData/Build/Intermediates.noindex/BrowserProfileLight.build/Debug-watchos/AutofillExtractor-t.build/Objects-normal/arm64_32/AutofillExtractor.SwiftConstValuesFileList (in target 'AutofillExtractor' from project 'BrowserProfileLight')
    cd /Users/admin/builder/spi-builder-workspace
    write-file /Users/admin/builder/spi-builder-workspace/.derivedData/Build/Intermediates.noindex/BrowserProfileLight.build/Debug-watchos/AutofillExtractor-t.build/Objects-normal/arm64_32/AutofillExtractor.SwiftConstValuesFileList
WriteAuxiliaryFile /Users/admin/builder/spi-builder-workspace/.derivedData/Build/Intermediates.noindex/BrowserProfileLight.build/Debug-watchos/AutofillExtractor-t.build/Objects-normal/arm64/AutofillExtractor.SwiftFileList (in target 'AutofillExtractor' from project 'BrowserProfileLight')
    cd /Users/admin/builder/spi-builder-workspace
    write-file /Users/admin/builder/spi-builder-workspace/.derivedData/Build/Intermediates.noindex/BrowserProfileLight.build/Debug-watchos/AutofillExtractor-t.build/Objects-normal/arm64/AutofillExtractor.SwiftFileList
WriteAuxiliaryFile /Users/admin/builder/spi-builder-workspace/.derivedData/Build/Intermediates.noindex/BrowserProfileLight.build/Debug-watchos/AutofillExtractor-t.build/Objects-normal/arm64/AutofillExtractor.SwiftConstValuesFileList (in target 'AutofillExtractor' from project 'BrowserProfileLight')
    cd /Users/admin/builder/spi-builder-workspace
    write-file /Users/admin/builder/spi-builder-workspace/.derivedData/Build/Intermediates.noindex/BrowserProfileLight.build/Debug-watchos/AutofillExtractor-t.build/Objects-normal/arm64/AutofillExtractor.SwiftConstValuesFileList
WriteAuxiliaryFile /Users/admin/builder/spi-builder-workspace/.derivedData/Build/Intermediates.noindex/BrowserProfileLight.build/Debug-watchos/AutofillExtractor-t.build/Objects-normal/arm64/AutofillExtractor.LinkFileList (in target 'AutofillExtractor' from project 'BrowserProfileLight')
    cd /Users/admin/builder/spi-builder-workspace
    write-file /Users/admin/builder/spi-builder-workspace/.derivedData/Build/Intermediates.noindex/BrowserProfileLight.build/Debug-watchos/AutofillExtractor-t.build/Objects-normal/arm64/AutofillExtractor.LinkFileList
WriteAuxiliaryFile /Users/admin/builder/spi-builder-workspace/.derivedData/Build/Intermediates.noindex/BrowserProfileLight.build/Debug-watchos/AutofillExtractor-t.build/Objects-normal/arm64/AutofillExtractor-OutputFileMap.json (in target 'AutofillExtractor' from project 'BrowserProfileLight')
    cd /Users/admin/builder/spi-builder-workspace
    write-file /Users/admin/builder/spi-builder-workspace/.derivedData/Build/Intermediates.noindex/BrowserProfileLight.build/Debug-watchos/AutofillExtractor-t.build/Objects-normal/arm64/AutofillExtractor-OutputFileMap.json
WriteAuxiliaryFile /Users/admin/builder/spi-builder-workspace/.derivedData/Build/Intermediates.noindex/BrowserProfileLight.build/Debug-watchos/AutofillExtractor-t.build/AutofillExtractor.modulemap (in target 'AutofillExtractor' from project 'BrowserProfileLight')
    cd /Users/admin/builder/spi-builder-workspace
    write-file /Users/admin/builder/spi-builder-workspace/.derivedData/Build/Intermediates.noindex/BrowserProfileLight.build/Debug-watchos/AutofillExtractor-t.build/AutofillExtractor.modulemap
WriteAuxiliaryFile /Users/admin/builder/spi-builder-workspace/.derivedData/Build/Intermediates.noindex/BrowserProfileLight.build/Debug-watchos/AutofillExtractor-t.build/AutofillExtractor.DependencyStaticMetadataFileList (in target 'AutofillExtractor' from project 'BrowserProfileLight')
    cd /Users/admin/builder/spi-builder-workspace
    write-file /Users/admin/builder/spi-builder-workspace/.derivedData/Build/Intermediates.noindex/BrowserProfileLight.build/Debug-watchos/AutofillExtractor-t.build/AutofillExtractor.DependencyStaticMetadataFileList
WriteAuxiliaryFile /Users/admin/builder/spi-builder-workspace/.derivedData/Build/Intermediates.noindex/BrowserProfileLight.build/Debug-watchos/AutofillExtractor-t.build/AutofillExtractor.DependencyMetadataFileList (in target 'AutofillExtractor' from project 'BrowserProfileLight')
    cd /Users/admin/builder/spi-builder-workspace
    write-file /Users/admin/builder/spi-builder-workspace/.derivedData/Build/Intermediates.noindex/BrowserProfileLight.build/Debug-watchos/AutofillExtractor-t.build/AutofillExtractor.DependencyMetadataFileList
Copy /Users/admin/builder/spi-builder-workspace/.derivedData/Build/Intermediates.noindex/GeneratedModuleMaps-watchos/AutofillExtractor.modulemap /Users/admin/builder/spi-builder-workspace/.derivedData/Build/Intermediates.noindex/BrowserProfileLight.build/Debug-watchos/AutofillExtractor-t.build/AutofillExtractor.modulemap (in target 'AutofillExtractor' from project 'BrowserProfileLight')
    cd /Users/admin/builder/spi-builder-workspace
    builtin-copy -exclude .DS_Store -exclude CVS -exclude .svn -exclude .git -exclude .hg -resolve-src-symlinks /Users/admin/builder/spi-builder-workspace/.derivedData/Build/Intermediates.noindex/BrowserProfileLight.build/Debug-watchos/AutofillExtractor-t.build/AutofillExtractor.modulemap /Users/admin/builder/spi-builder-workspace/.derivedData/Build/Intermediates.noindex/GeneratedModuleMaps-watchos
SwiftDriver AutofillExtractor normal arm64 com.apple.xcode.tools.swift.compiler (in target 'AutofillExtractor' from project 'BrowserProfileLight')
    cd /Users/admin/builder/spi-builder-workspace/.swiftpm/xcode
    builtin-SwiftDriver -- /Applications/Xcode-27.0.0-Release.Candidate.app/Contents/Developer/Toolchains/XcodeDefault.xctoolchain/usr/bin/swiftc -parse-as-library -module-name AutofillExtractor -Onone @/Users/admin/builder/spi-builder-workspace/.derivedData/Build/Intermediates.noindex/BrowserProfileLight.build/Debug-watchos/AutofillExtractor-t.build/Objects-normal/arm64/AutofillExtractor.SwiftFileList -DSWIFT_PACKAGE -DDEBUG -DSWIFT_MODULE_RESOURCE_BUNDLE_UNAVAILABLE -DXcode -plugin-path /Applications/Xcode-27.0.0-Release.Candidate.app/Contents/Developer/Toolchains/XcodeDefault.xctoolchain/usr/lib/swift/host/plugins/testing -enable-experimental-feature DebugDescriptionMacro -sdk /Applications/Xcode-27.0.0-Release.Candidate.app/Contents/Developer/Platforms/WatchOS.platform/Developer/SDKs/WatchOS27.0.sdk -target arm64-apple-watchos9.0 -g -module-cache-path /Users/admin/builder/spi-builder-workspace/.derivedData/ModuleCache.noindex -Xfrontend -serialize-debugging-options -profile-coverage-mapping -profile-generate -enable-testing -index-store-path /Users/admin/builder/spi-builder-workspace/.derivedData/Index.noindex/DataStore -Xcc -D_LIBCPP_HARDENING_MODE\=_LIBCPP_HARDENING_MODE_DEBUG -swift-version 5 -I /Users/admin/builder/spi-builder-workspace/.derivedData/Build/Products/Debug-watchos -Isystem /Applications/Xcode-27.0.0-Release.Candidate.app/Contents/Developer/Platforms/WatchOS.platform/Developer/usr/lib -F /Users/admin/builder/spi-builder-workspace/.derivedData/Build/Products/Debug-watchos -F /Applications/Xcode-27.0.0-Release.Candidate.app/Contents/Developer/Platforms/WatchOS.platform/Developer/Library/Frameworks -F /Applications/Xcode-27.0.0-Release.Candidate.app/Contents/Developer/Platforms/WatchOS.platform/Developer/SDKs/WatchOS27.0.sdk/Developer/Library/Frameworks -c -j10 -enable-batch-mode -incremental -Xcc -ivfsstatcache -Xcc /Users/admin/builder/spi-builder-workspace/.derivedData/SDKStatCaches.noindex/watchos27.0-24R360-e829b21a6f8c9b70876ba0858053c04477534ef55a1706bf4c1112bbb242f0a2.sdkstatcache -output-file-map /Users/admin/builder/spi-builder-workspace/.derivedData/Build/Intermediates.noindex/BrowserProfileLight.build/Debug-watchos/AutofillExtractor-t.build/Objects-normal/arm64/AutofillExtractor-OutputFileMap.json -save-temps -no-color-diagnostics -explicit-module-build -module-cache-path /Users/admin/builder/spi-builder-workspace/.derivedData/Build/Intermediates.noindex/SwiftExplicitPrecompiledModules -clang-scanner-module-cache-path /Users/admin/builder/spi-builder-workspace/.derivedData/ModuleCache.noindex -sdk-module-cache-path /Users/admin/builder/spi-builder-workspace/.derivedData/SDKExplicitPrecompiledModules -emit-dependencies -emit-module -emit-module-path /Users/admin/builder/spi-builder-workspace/.derivedData/Build/Intermediates.noindex/BrowserProfileLight.build/Debug-watchos/AutofillExtractor-t.build/Objects-normal/arm64/AutofillExtractor.swiftmodule -serialize-diagnostics -dependency-scan-serialize-diagnostics-path /Users/admin/builder/spi-builder-workspace/.derivedData/Build/Intermediates.noindex/BrowserProfileLight.build/Debug-watchos/AutofillExtractor-t.build/Objects-normal/arm64/AutofillExtractor-dependency-scan.dia -validate-clang-modules-once -clang-build-session-file /Users/admin/builder/spi-builder-workspace/.derivedData/ModuleCache.noindex/Session.modulevalidation -Xcc -fmodules-prune-interval\=86400 -Xcc -fmodules-prune-after\=345600 -package-name spi_builder_workspace -emit-const-values -const-gather-protocols-list /Users/admin/builder/spi-builder-workspace/.derivedData/Build/Intermediates.noindex/BrowserProfileLight.build/Debug-watchos/AutofillExtractor-t.build/Objects-normal/arm64/AutofillExtractor_const_extract_protocols.json -Xcc -I/Users/admin/builder/spi-builder-workspace/.derivedData/Build/Products/Debug-watchos/include -Xcc -I/Users/admin/builder/spi-builder-workspace/.derivedData/Build/Intermediates.noindex/BrowserProfileLight.build/Debug-watchos/AutofillExtractor-t.build/DerivedSources-normal/arm64 -Xcc -I/Users/admin/builder/spi-builder-workspace/.derivedData/Build/Intermediates.noindex/BrowserProfileLight.build/Debug-watchos/AutofillExtractor-t.build/DerivedSources/arm64 -Xcc -I/Users/admin/builder/spi-builder-workspace/.derivedData/Build/Intermediates.noindex/BrowserProfileLight.build/Debug-watchos/AutofillExtractor-t.build/DerivedSources -Xcc -DSWIFT_PACKAGE -Xcc -DDEBUG\=1 -emit-objc-header -emit-objc-header-path /Users/admin/builder/spi-builder-workspace/.derivedData/Build/Intermediates.noindex/BrowserProfileLight.build/Debug-watchos/AutofillExtractor-t.build/Objects-normal/arm64/AutofillExtractor-Swift.h -working-directory /Users/admin/builder/spi-builder-workspace/.swiftpm/xcode -experimental-emit-module-separately -disable-cmo
SwiftDriver AutofillExtractor normal arm64_32 com.apple.xcode.tools.swift.compiler (in target 'AutofillExtractor' from project 'BrowserProfileLight')
    cd /Users/admin/builder/spi-builder-workspace/.swiftpm/xcode
    builtin-SwiftDriver -- /Applications/Xcode-27.0.0-Release.Candidate.app/Contents/Developer/Toolchains/XcodeDefault.xctoolchain/usr/bin/swiftc -parse-as-library -module-name AutofillExtractor -Onone @/Users/admin/builder/spi-builder-workspace/.derivedData/Build/Intermediates.noindex/BrowserProfileLight.build/Debug-watchos/AutofillExtractor-t.build/Objects-normal/arm64_32/AutofillExtractor.SwiftFileList -DSWIFT_PACKAGE -DDEBUG -DSWIFT_MODULE_RESOURCE_BUNDLE_UNAVAILABLE -DXcode -plugin-path /Applications/Xcode-27.0.0-Release.Candidate.app/Contents/Developer/Toolchains/XcodeDefault.xctoolchain/usr/lib/swift/host/plugins/testing -enable-experimental-feature DebugDescriptionMacro -sdk /Applications/Xcode-27.0.0-Release.Candidate.app/Contents/Developer/Platforms/WatchOS.platform/Developer/SDKs/WatchOS27.0.sdk -target arm64_32-apple-watchos9.0 -g -module-cache-path /Users/admin/builder/spi-builder-workspace/.derivedData/ModuleCache.noindex -Xfrontend -serialize-debugging-options -profile-coverage-mapping -profile-generate -enable-testing -index-store-path /Users/admin/builder/spi-builder-workspace/.derivedData/Index.noindex/DataStore -Xcc -D_LIBCPP_HARDENING_MODE\=_LIBCPP_HARDENING_MODE_DEBUG -swift-version 5 -I /Users/admin/builder/spi-builder-workspace/.derivedData/Build/Products/Debug-watchos -Isystem /Applications/Xcode-27.0.0-Release.Candidate.app/Contents/Developer/Platforms/WatchOS.platform/Developer/usr/lib -F /Users/admin/builder/spi-builder-workspace/.derivedData/Build/Products/Debug-watchos -F /Applications/Xcode-27.0.0-Release.Candidate.app/Contents/Developer/Platforms/WatchOS.platform/Developer/Library/Frameworks -F /Applications/Xcode-27.0.0-Release.Candidate.app/Contents/Developer/Platforms/WatchOS.platform/Developer/SDKs/WatchOS27.0.sdk/Developer/Library/Frameworks -c -j10 -enable-batch-mode -incremental -Xcc -ivfsstatcache -Xcc /Users/admin/builder/spi-builder-workspace/.derivedData/SDKStatCaches.noindex/watchos27.0-24R360-e829b21a6f8c9b70876ba0858053c04477534ef55a1706bf4c1112bbb242f0a2.sdkstatcache -output-file-map /Users/admin/builder/spi-builder-workspace/.derivedData/Build/Intermediates.noindex/BrowserProfileLight.build/Debug-watchos/AutofillExtractor-t.build/Objects-normal/arm64_32/AutofillExtractor-OutputFileMap.json -save-temps -no-color-diagnostics -explicit-module-build -module-cache-path /Users/admin/builder/spi-builder-workspace/.derivedData/Build/Intermediates.noindex/SwiftExplicitPrecompiledModules -clang-scanner-module-cache-path /Users/admin/builder/spi-builder-workspace/.derivedData/ModuleCache.noindex -sdk-module-cache-path /Users/admin/builder/spi-builder-workspace/.derivedData/SDKExplicitPrecompiledModules -emit-dependencies -emit-module -emit-module-path /Users/admin/builder/spi-builder-workspace/.derivedData/Build/Intermediates.noindex/BrowserProfileLight.build/Debug-watchos/AutofillExtractor-t.build/Objects-normal/arm64_32/AutofillExtractor.swiftmodule -serialize-diagnostics -dependency-scan-serialize-diagnostics-path /Users/admin/builder/spi-builder-workspace/.derivedData/Build/Intermediates.noindex/BrowserProfileLight.build/Debug-watchos/AutofillExtractor-t.build/Objects-normal/arm64_32/AutofillExtractor-dependency-scan.dia -validate-clang-modules-once -clang-build-session-file /Users/admin/builder/spi-builder-workspace/.derivedData/ModuleCache.noindex/Session.modulevalidation -Xcc -fmodules-prune-interval\=86400 -Xcc -fmodules-prune-after\=345600 -package-name spi_builder_workspace -emit-const-values -const-gather-protocols-list /Users/admin/builder/spi-builder-workspace/.derivedData/Build/Intermediates.noindex/BrowserProfileLight.build/Debug-watchos/AutofillExtractor-t.build/Objects-normal/arm64_32/AutofillExtractor_const_extract_protocols.json -Xcc -I/Users/admin/builder/spi-builder-workspace/.derivedData/Build/Products/Debug-watchos/include -Xcc -I/Users/admin/builder/spi-builder-workspace/.derivedData/Build/Intermediates.noindex/BrowserProfileLight.build/Debug-watchos/AutofillExtractor-t.build/DerivedSources-normal/arm64_32 -Xcc -I/Users/admin/builder/spi-builder-workspace/.derivedData/Build/Intermediates.noindex/BrowserProfileLight.build/Debug-watchos/AutofillExtractor-t.build/DerivedSources/arm64_32 -Xcc -I/Users/admin/builder/spi-builder-workspace/.derivedData/Build/Intermediates.noindex/BrowserProfileLight.build/Debug-watchos/AutofillExtractor-t.build/DerivedSources -Xcc -DSWIFT_PACKAGE -Xcc -DDEBUG\=1 -emit-objc-header -emit-objc-header-path /Users/admin/builder/spi-builder-workspace/.derivedData/Build/Intermediates.noindex/BrowserProfileLight.build/Debug-watchos/AutofillExtractor-t.build/Objects-normal/arm64_32/AutofillExtractor-Swift.h -working-directory /Users/admin/builder/spi-builder-workspace/.swiftpm/xcode -experimental-emit-module-separately -disable-cmo
SwiftExplicitDependencyGeneratePcm arm64 /Users/admin/builder/spi-builder-workspace/.derivedData/SDKExplicitPrecompiledModules/_Builtin_float-C0CW5Q4HGBQYKE77TC42IAFB5.pcm
SwiftExplicitDependencyGeneratePcm arm64 /Users/admin/builder/spi-builder-workspace/.derivedData/SDKExplicitPrecompiledModules/ptrauth-3TZ9WJCGLYD25HQPWH4968ONX.pcm
SwiftExplicitDependencyGeneratePcm arm64 /Users/admin/builder/spi-builder-workspace/.derivedData/SDKExplicitPrecompiledModules/_Builtin_stdarg-A7UU8LE6MP85SM26YO7PBZNUQ.pcm
SwiftExplicitDependencyGeneratePcm arm64 /Users/admin/builder/spi-builder-workspace/.derivedData/SDKExplicitPrecompiledModules/_Builtin_stdbool-83J96QSOFE9VX04AAS6310UAE.pcm
SwiftExplicitDependencyGeneratePcm arm64 /Users/admin/builder/spi-builder-workspace/.derivedData/SDKExplicitPrecompiledModules/_AvailabilityInternal-BUNV3UXM65NT37THI4W1AM0SF.pcm
SwiftExplicitDependencyGeneratePcm arm64 /Users/admin/builder/spi-builder-workspace/.derivedData/SDKExplicitPrecompiledModules/ptrcheck-AIF0NDOYZ8ORBNHQAQR5NNB8M.pcm
SwiftExplicitDependencyGeneratePcm arm64 /Users/admin/builder/spi-builder-workspace/.derivedData/SDKExplicitPrecompiledModules/SwiftShims-4MXFZPV6FEB0XBYXCGPWAMQGL.pcm
SwiftExplicitDependencyGeneratePcm arm64 /Users/admin/builder/spi-builder-workspace/.derivedData/SDKExplicitPrecompiledModules/_Builtin_stddef-1FU30Y8SWFB7OUUHMJQH5J6FM.pcm
SwiftExplicitDependencyGeneratePcm arm64 /Users/admin/builder/spi-builder-workspace/.derivedData/SDKExplicitPrecompiledModules/_SwiftConcurrencyShims-659N52XSKR5F0QSB880BH2FJR.pcm
SwiftExplicitDependencyGeneratePcm arm64_32 /Users/admin/builder/spi-builder-workspace/.derivedData/SDKExplicitPrecompiledModules/_Builtin_stdbool-A967K8W8YUYEC9SN52KJ7OO88.pcm
SwiftExplicitDependencyGeneratePcm arm64_32 /Users/admin/builder/spi-builder-workspace/.derivedData/SDKExplicitPrecompiledModules/_AvailabilityInternal-244WAN3Z1QBT7PIA64EZEFY1R.pcm
SwiftExplicitDependencyGeneratePcm arm64_32 /Users/admin/builder/spi-builder-workspace/.derivedData/SDKExplicitPrecompiledModules/_SwiftConcurrencyShims-6RTBPQ03V7BM9SPRK8SUE055H.pcm
SwiftExplicitDependencyGeneratePcm arm64_32 /Users/admin/builder/spi-builder-workspace/.derivedData/SDKExplicitPrecompiledModules/_Builtin_float-6KO8O3PEWRCA4WC6PPLOYO6WJ.pcm
SwiftExplicitDependencyGeneratePcm arm64_32 /Users/admin/builder/spi-builder-workspace/.derivedData/SDKExplicitPrecompiledModules/_Builtin_stdarg-D305JG44A2WPI6CJY37X3QJE8.pcm
SwiftExplicitDependencyGeneratePcm arm64_32 /Users/admin/builder/spi-builder-workspace/.derivedData/SDKExplicitPrecompiledModules/ptrauth-BFXF358ME5AK535N5A9Z766WU.pcm
SwiftExplicitDependencyGeneratePcm arm64_32 /Users/admin/builder/spi-builder-workspace/.derivedData/SDKExplicitPrecompiledModules/ptrcheck-7ELIH9BTIGVKX3UBITM9N72WD.pcm
SwiftExplicitDependencyGeneratePcm arm64_32 /Users/admin/builder/spi-builder-workspace/.derivedData/SDKExplicitPrecompiledModules/_Builtin_stddef-H44EFHQX6XSS5MZ7QP6YJZ76.pcm
SwiftExplicitDependencyGeneratePcm arm64_32 /Users/admin/builder/spi-builder-workspace/.derivedData/SDKExplicitPrecompiledModules/SwiftShims-9CQQGWTSNTN9EB5NSHDWUJICH.pcm
SwiftExplicitDependencyGeneratePcm arm64 /Users/admin/builder/spi-builder-workspace/.derivedData/SDKExplicitPrecompiledModules/_DarwinFoundation1-7SPX3MD0HMP55E4OLNCPNDQ53.pcm
SwiftExplicitDependencyGeneratePcm arm64_32 /Users/admin/builder/spi-builder-workspace/.derivedData/SDKExplicitPrecompiledModules/_DarwinFoundation1-2GWF9RFMPLQW4PDHS3NARVI3G.pcm
SwiftExplicitDependencyGeneratePcm arm64 /Users/admin/builder/spi-builder-workspace/.derivedData/SDKExplicitPrecompiledModules/_Builtin_limits-9GWPA2B0H20DYUNYHYCWKABJG.pcm
SwiftExplicitDependencyGeneratePcm arm64 /Users/admin/builder/spi-builder-workspace/.derivedData/SDKExplicitPrecompiledModules/SQLite3-5AWX4HLVYPUFTBU8N2ZLPZUG4.pcm
SwiftExplicitDependencyGeneratePcm arm64 /Users/admin/builder/spi-builder-workspace/.derivedData/SDKExplicitPrecompiledModules/_DarwinFoundation2-D0XAPJU49S5E9XMKYOFGSTB1Q.pcm
SwiftExplicitDependencyGeneratePcm arm64_32 /Users/admin/builder/spi-builder-workspace/.derivedData/SDKExplicitPrecompiledModules/_DarwinFoundation2-9MY8GOSYRO0M9MKNXF6D3MBNK.pcm
SwiftExplicitDependencyGeneratePcm arm64_32 /Users/admin/builder/spi-builder-workspace/.derivedData/SDKExplicitPrecompiledModules/SQLite3-XQYJ99QSC0C1F9QFMDJ3G2YG.pcm
SwiftExplicitDependencyGeneratePcm arm64_32 /Users/admin/builder/spi-builder-workspace/.derivedData/SDKExplicitPrecompiledModules/_Builtin_limits-3VKBU2AFTD65PAJZ5CJ3LHFM2.pcm
SwiftExplicitDependencyGeneratePcm arm64 /Users/admin/builder/spi-builder-workspace/.derivedData/SDKExplicitPrecompiledModules/_Builtin_stdint-8XMILLJZEGRN2XG7XZUXZ5RLX.pcm
SwiftExplicitDependencyGeneratePcm arm64 /Users/admin/builder/spi-builder-workspace/.derivedData/SDKExplicitPrecompiledModules/string_h-E6PRXK75PHIPCZFWOFCQ3QBMK.pcm
SwiftExplicitDependencyGeneratePcm arm64 /Users/admin/builder/spi-builder-workspace/.derivedData/SDKExplicitPrecompiledModules/sys_types-2KXQLI78OUCDP779AE68GZJ2.pcm
SwiftExplicitDependencyGeneratePcm arm64_32 /Users/admin/builder/spi-builder-workspace/.derivedData/SDKExplicitPrecompiledModules/sys_types-8TLLMW08ZJWDGIIPKOYFGHHZW.pcm
SwiftExplicitDependencyGeneratePcm arm64_32 /Users/admin/builder/spi-builder-workspace/.derivedData/SDKExplicitPrecompiledModules/string_h-BFVLUQUSBZWYMLCU9QI7VZALW.pcm
SwiftExplicitDependencyGeneratePcm arm64_32 /Users/admin/builder/spi-builder-workspace/.derivedData/SDKExplicitPrecompiledModules/_Builtin_stdint-1HMXWI3V0V4TXHRWZOMZGZ80Y.pcm
SwiftExplicitDependencyGeneratePcm arm64 /Users/admin/builder/spi-builder-workspace/.derivedData/SDKExplicitPrecompiledModules/_DarwinFoundation3-B97LRG0E9GON2NUE65TVG81HU.pcm
SwiftExplicitDependencyGeneratePcm arm64_32 /Users/admin/builder/spi-builder-workspace/.derivedData/SDKExplicitPrecompiledModules/_DarwinFoundation3-3DUTYQDQSD9HUAAVY947NMWOI.pcm
SwiftExplicitDependencyGeneratePcm arm64 /Users/admin/builder/spi-builder-workspace/.derivedData/SDKExplicitPrecompiledModules/_Builtin_inttypes-3UQSCM7WNM9EK4HZML8TY5J3D.pcm
SwiftExplicitDependencyGeneratePcm arm64_32 /Users/admin/builder/spi-builder-workspace/.derivedData/SDKExplicitPrecompiledModules/_Builtin_inttypes-D2KPCR4PEX9AQA33NGLUT5SBR.pcm
SwiftExplicitDependencyGeneratePcm arm64 /Users/admin/builder/spi-builder-workspace/.derivedData/SDKExplicitPrecompiledModules/Darwin-3984OXKFNSPE77NT743WK8SEX.pcm
SwiftExplicitDependencyGeneratePcm arm64_32 /Users/admin/builder/spi-builder-workspace/.derivedData/SDKExplicitPrecompiledModules/Darwin-3FVT1SKLN2ZQ5RVOABMTQBB34.pcm
SwiftExplicitDependencyGeneratePcm arm64 /Users/admin/builder/spi-builder-workspace/.derivedData/SDKExplicitPrecompiledModules/ObjectiveC-72IVD3VS2RS8Q28D9PIMY0KQP.pcm
SwiftExplicitDependencyGeneratePcm arm64_32 /Users/admin/builder/spi-builder-workspace/.derivedData/SDKExplicitPrecompiledModules/ObjectiveC-6IJNELR2E80E7LUKESVCP2KET.pcm
SwiftExplicitDependencyGeneratePcm arm64 /Users/admin/builder/spi-builder-workspace/.derivedData/SDKExplicitPrecompiledModules/os_object-3SDKD7F87FTZ26OON37DRYT6O.pcm
SwiftExplicitDependencyGeneratePcm arm64_32 /Users/admin/builder/spi-builder-workspace/.derivedData/SDKExplicitPrecompiledModules/os_object-5YWTC6L4756IWSTPGXS5NM0D0.pcm
SwiftExplicitDependencyGeneratePcm arm64 /Users/admin/builder/spi-builder-workspace/.derivedData/SDKExplicitPrecompiledModules/os_workgroup-89GG5G7YC2D0ZTK6AZXXQ20DH.pcm
SwiftExplicitDependencyGeneratePcm arm64_32 /Users/admin/builder/spi-builder-workspace/.derivedData/SDKExplicitPrecompiledModules/os_workgroup-5JHTPDMNBUNHLJI8LPHKQK1JK.pcm
SwiftExplicitDependencyGeneratePcm arm64 /Users/admin/builder/spi-builder-workspace/.derivedData/SDKExplicitPrecompiledModules/Dispatch-1NLJOVAK60XP0DUB05XA59EIM.pcm
SwiftExplicitDependencyGeneratePcm arm64_32 /Users/admin/builder/spi-builder-workspace/.derivedData/SDKExplicitPrecompiledModules/Dispatch-2P62F1T4XV63S4P99TUDTOK2Q.pcm
SwiftExplicitDependencyGeneratePcm arm64 /Users/admin/builder/spi-builder-workspace/.derivedData/SDKExplicitPrecompiledModules/CoreFoundation-8T2L24YC5NU7WO6WQJWRY7W08.pcm
SwiftExplicitDependencyGeneratePcm arm64 /Users/admin/builder/spi-builder-workspace/.derivedData/SDKExplicitPrecompiledModules/XPC-40DR0X1DHKGCV4J1IOLFS8MOU.pcm
SwiftExplicitDependencyGeneratePcm arm64_32 /Users/admin/builder/spi-builder-workspace/.derivedData/SDKExplicitPrecompiledModules/CoreFoundation-8E6Y4BA3EXYKUGJ24GT9LGV3N.pcm
SwiftExplicitDependencyGeneratePcm arm64_32 /Users/admin/builder/spi-builder-workspace/.derivedData/SDKExplicitPrecompiledModules/XPC-81Y45QFY96XYYFCW2GT6FY8S4.pcm
SwiftExplicitDependencyGeneratePcm arm64 /Users/admin/builder/spi-builder-workspace/.derivedData/SDKExplicitPrecompiledModules/Security-6RZ6YBRU8WCUHRFFRVUK5WKMM.pcm
SwiftExplicitDependencyGeneratePcm arm64_32 /Users/admin/builder/spi-builder-workspace/.derivedData/SDKExplicitPrecompiledModules/Security-D7TOWF88VWF67TB9HAFP5UWB1.pcm
SwiftExplicitDependencyGeneratePcm arm64 /Users/admin/builder/spi-builder-workspace/.derivedData/SDKExplicitPrecompiledModules/Foundation-DLBKUSGXN8QHAT8W0OARR9S8A.pcm
SwiftExplicitDependencyGeneratePcm arm64_32 /Users/admin/builder/spi-builder-workspace/.derivedData/SDKExplicitPrecompiledModules/Foundation-BJ2VQGI3OGR34500MEQ1VKHPH.pcm
SwiftEmitModule normal arm64 Emitting\ module\ for\ AutofillExtractor (in target 'AutofillExtractor' from project 'BrowserProfileLight')
/Users/admin/builder/spi-builder-workspace/Sources/AutofillExtractor/Constants.swift:96:42: error: 'homeDirectoryForCurrentUser' is unavailable in watchOS
 94 | /// Chromium browser data directories on macOS
 95 | let browserPaths: [(name: String, path: URL)] = {
 96 |     let appSupport = FileManager.default.homeDirectoryForCurrentUser
    |                                          `- error: 'homeDirectoryForCurrentUser' is unavailable in watchOS
 97 |         .appendingPathComponent("Library/Application Support")
 98 |     return [
/Applications/Xcode-27.0.0-Release.Candidate.app/Contents/Developer/Platforms/WatchOS.platform/Developer/SDKs/WatchOS27.0.sdk/System/Library/Frameworks/Foundation.framework/Headers/NSFileManager.h:1004:35: note: 'homeDirectoryForCurrentUser' has been explicitly marked unavailable here
1002 |
1003 | /// The home directory for the current user.
1004 | @property (readonly, copy) NSURL *homeDirectoryForCurrentUser API_AVAILABLE(macosx(10.12)) API_UNAVAILABLE(ios, watchos, tvos);
     |                                   `- note: 'homeDirectoryForCurrentUser' has been explicitly marked unavailable here
1005 | /// The temporary directory for the current user.
1006 | @property (readonly, copy) NSURL *temporaryDirectory API_AVAILABLE(macosx(10.12), ios(10.0), watchos(3.0), tvos(10.0));
/Users/admin/builder/spi-builder-workspace/Sources/AutofillExtractor/Constants.swift:107:43: error: 'homeDirectoryForCurrentUser' is unavailable in watchOS
105 |
106 | /// Safari data directory
107 | let safariPath: URL = FileManager.default.homeDirectoryForCurrentUser
    |                                           `- error: 'homeDirectoryForCurrentUser' is unavailable in watchOS
108 |     .appendingPathComponent("Library/Safari")
109 |
/Applications/Xcode-27.0.0-Release.Candidate.app/Contents/Developer/Platforms/WatchOS.platform/Developer/SDKs/WatchOS27.0.sdk/System/Library/Frameworks/Foundation.framework/Headers/NSFileManager.h:1004:35: note: 'homeDirectoryForCurrentUser' has been explicitly marked unavailable here
1002 |
1003 | /// The home directory for the current user.
1004 | @property (readonly, copy) NSURL *homeDirectoryForCurrentUser API_AVAILABLE(macosx(10.12)) API_UNAVAILABLE(ios, watchos, tvos);
     |                                   `- note: 'homeDirectoryForCurrentUser' has been explicitly marked unavailable here
1005 | /// The temporary directory for the current user.
1006 | @property (readonly, copy) NSURL *temporaryDirectory API_AVAILABLE(macosx(10.12), ios(10.0), watchos(3.0), tvos(10.0));
/Users/admin/builder/spi-builder-workspace/Sources/AutofillExtractor/Constants.swift:111:44: error: 'homeDirectoryForCurrentUser' is unavailable in watchOS
109 |
110 | /// Firefox profiles directory
111 | let firefoxPath: URL = FileManager.default.homeDirectoryForCurrentUser
    |                                            `- error: 'homeDirectoryForCurrentUser' is unavailable in watchOS
112 |     .appendingPathComponent("Library/Application Support/Firefox/Profiles")
113 |
/Applications/Xcode-27.0.0-Release.Candidate.app/Contents/Developer/Platforms/WatchOS.platform/Developer/SDKs/WatchOS27.0.sdk/System/Library/Frameworks/Foundation.framework/Headers/NSFileManager.h:1004:35: note: 'homeDirectoryForCurrentUser' has been explicitly marked unavailable here
1002 |
1003 | /// The home directory for the current user.
1004 | @property (readonly, copy) NSURL *homeDirectoryForCurrentUser API_AVAILABLE(macosx(10.12)) API_UNAVAILABLE(ios, watchos, tvos);
     |                                   `- note: 'homeDirectoryForCurrentUser' has been explicitly marked unavailable here
1005 | /// The temporary directory for the current user.
1006 | @property (readonly, copy) NSURL *temporaryDirectory API_AVAILABLE(macosx(10.12), ios(10.0), watchos(3.0), tvos(10.0));
Failed frontend command:
SwiftCompile normal arm64 (in target 'AutofillExtractor' from project 'BrowserProfileLight')
    cd /Users/admin/builder/spi-builder-workspace/.swiftpm/xcode

/Applications/Xcode-27.0.0-Release.Candidate.app/Contents/Developer/Toolchains/XcodeDefault.xctoolchain/usr/bin/swift-frontend -frontend -emit-module -experimental-skip-non-inlinable-function-bodies-without-types /Users/admin/builder/spi-builder-workspace/Sources/AutofillExtractor/AutofillExtractor.swift /Users/admin/builder/spi-builder-workspace/Sources/AutofillExtractor/BookmarksExtractor.swift /Users/admin/builder/spi-builder-workspace/Sources/AutofillExtractor/Constants.swift /Users/admin/builder/spi-builder-workspace/Sources/AutofillExtractor/Helpers.swift /Users/admin/builder/spi-builder-workspace/Sources/AutofillExtractor/HistoryExtractor.swift /Users/admin/builder/spi-builder-workspace/Sources/AutofillExtractor/LoginsExtractor.swift /Users/admin/builder/spi-builder-workspace/Sources/AutofillExtractor/Models.swift /Users/admin/builder/spi-builder-workspace/Sources/AutofillExtractor/ProfileDatabase.swift /Users/admin/builder/spi-builder-workspace/Sources/AutofillExtractor/SQLite.swift -target arm64-apple-watchos9.0 -disable-cross-import-overlay-search -load-resolved-plugin /Applications/Xcode-27.0.0-Release.Candidate.app/Contents/Developer/Platforms/WatchOS.platform/Developer/usr/lib/swift/host/plugins/libFoundationMacros.dylib\#/Applications/Xcode-27.0.0-Release.Candidate.app/Contents/Developer/Platforms/WatchOS.platform/Developer/usr/bin/swift-plugin-server\#FoundationMacros -load-resolved-plugin /Applications/Xcode-27.0.0-Release.Candidate.app/Contents/Developer/Platforms/WatchOS.platform/Developer/usr/lib/swift/host/plugins/libObservationMacros.dylib\#/Applications/Xcode-27.0.0-Release.Candidate.app/Contents/Developer/Platforms/WatchOS.platform/Developer/usr/bin/swift-plugin-server\#ObservationMacros -load-resolved-plugin /Applications/Xcode-27.0.0-Release.Candidate.app/Contents/Developer/Platforms/WatchOS.platform/Developer/usr/lib/swift/host/plugins/libSwiftMacros.dylib\#/Applications/Xcode-27.0.0-Release.Candidate.app/Contents/Developer/Platforms/WatchOS.platform/Developer/usr/bin/swift-plugin-server\#SwiftMacros -disable-implicit-swift-modules -Xcc -fno-implicit-modules -Xcc -fno-implicit-module-maps -explicit-swift-module-map-file /Users/admin/builder/spi-builder-workspace/.derivedData/Build/Intermediates.noindex/BrowserProfileLight.build/Debug-watchos/AutofillExtractor-t.build/Objects-normal/arm64/AutofillExtractor-dependencies-2.json -Xllvm -aarch64-use-tbi -enable-objc-interop -stack-check -sdk /Applications/Xcode-27.0.0-Release.Candidate.app/Contents/Developer/Platforms/WatchOS.platform/Developer/SDKs/WatchOS27.0.sdk -I /Users/admin/builder/spi-builder-workspace/.derivedData/Build/Products/Debug-watchos -Isystem /Applications/Xcode-27.0.0-Release.Candidate.app/Contents/Developer/Platforms/WatchOS.platform/Developer/usr/lib -F /Users/admin/builder/spi-builder-workspace/.derivedData/Build/Products/Debug-watchos -F /Applications/Xcode-27.0.0-Release.Candidate.app/Contents/Developer/Platforms/WatchOS.platform/Developer/Library/Frameworks -F /Applications/Xcode-27.0.0-Release.Candidate.app/Contents/Developer/Platforms/WatchOS.platform/Developer/SDKs/WatchOS27.0.sdk/Developer/Library/Frameworks -module-cache-path /Users/admin/builder/spi-builder-workspace/.derivedData/Build/Intermediates.noindex/SwiftExplicitPrecompiledModules -no-color-diagnostics -Xcc -fno-color-diagnostics -enable-testing -g -debug-info-format\=dwarf -dwarf-version\=4 -profile-generate -profile-coverage-mapping -swift-version 5 -Onone -D SWIFT_PACKAGE -D DEBUG -D SWIFT_MODULE_RESOURCE_BUNDLE_UNAVAILABLE -D Xcode -serialize-debugging-options -enable-experimental-feature DebugDescriptionMacro -empty-abi-descriptor -validate-clang-modules-once -clang-build-session-file /Users/admin/builder/spi-builder-workspace/.derivedData/ModuleCache.noindex/Session.modulevalidation -Xcc -working-directory -Xcc /Users/admin/builder/spi-builder-workspace/.swiftpm/xcode -enable-anonymous-context-mangled-names -file-compilation-dir /Users/admin/builder/spi-builder-workspace/.swiftpm/xcode -Xcc -D_LIBCPP_HARDENING_MODE\=_LIBCPP_HARDENING_MODE_DEBUG -Xcc -ivfsstatcache -Xcc /Users/admin/builder/spi-builder-workspace/.derivedData/SDKStatCaches.noindex/watchos27.0-24R360-e829b21a6f8c9b70876ba0858053c04477534ef55a1706bf4c1112bbb242f0a2.sdkstatcache -Xcc -fmodules-prune-interval\=86400 -Xcc -fmodules-prune-after\=345600 -Xcc -I/Users/admin/builder/spi-builder-workspace/.derivedData/Build/Products/Debug-watchos/include -Xcc -I/Users/admin/builder/spi-builder-workspace/.derivedData/Build/Intermediates.noindex/BrowserProfileLight.build/Debug-watchos/AutofillExtractor-t.build/DerivedSources-normal/arm64 -Xcc -I/Users/admin/builder/spi-builder-workspace/.derivedData/Build/Intermediates.noindex/BrowserProfileLight.build/Debug-watchos/AutofillExtractor-t.build/DerivedSources/arm64 -Xcc -I/Users/admin/builder/spi-builder-workspace/.derivedData/Build/Intermediates.noindex/BrowserProfileLight.build/Debug-watchos/AutofillExtractor-t.build/DerivedSources -Xcc -DSWIFT_PACKAGE -Xcc -DDEBUG\=1 -no-auto-bridging-header-chaining -module-name AutofillExtractor -package-name spi_builder_workspace -const-gather-protocols-file /Users/admin/builder/spi-builder-workspace/.derivedData/Build/Intermediates.noindex/BrowserProfileLight.build/Debug-watchos/AutofillExtractor-t.build/Objects-normal/arm64/AutofillExtractor_const_extract_protocols.json -disable-clang-spi -clang-target arm64-apple-watchos27.0 -target-sdk-version 27.0 -target-sdk-name watchos27.0 -in-process-plugin-server-path /Applications/Xcode-27.0.0-Release.Candidate.app/Contents/Developer/Toolchains/XcodeDefault.xctoolchain/usr/lib/swift/host/libSwiftInProcPluginServer.dylib -emit-module-doc-path /Users/admin/builder/spi-builder-workspace/.derivedData/Build/Intermediates.noindex/BrowserProfileLight.build/Debug-watchos/AutofillExtractor-t.build/Objects-normal/arm64/AutofillExtractor.swiftdoc -emit-module-source-info-path /Users/admin/builder/spi-builder-workspace/.derivedData/Build/Intermediates.noindex/BrowserProfileLight.build/Debug-watchos/AutofillExtractor-t.build/Objects-normal/arm64/AutofillExtractor.swiftsourceinfo -emit-objc-header-path /Users/admin/builder/spi-builder-workspace/.derivedData/Build/Intermediates.noindex/BrowserProfileLight.build/Debug-watchos/AutofillExtractor-t.build/Objects-normal/arm64/AutofillExtractor-Swift.h -serialize-diagnostics-path /Users/admin/builder/spi-builder-workspace/.derivedData/Build/Intermediates.noindex/BrowserProfileLight.build/Debug-watchos/AutofillExtractor-t.build/Objects-normal/arm64/AutofillExtractor-primary-emit-module.dia -emit-dependencies-path /Users/admin/builder/spi-builder-workspace/.derivedData/Build/Intermediates.noindex/BrowserProfileLight.build/Debug-watchos/AutofillExtractor-t.build/Objects-normal/arm64/AutofillExtractor-primary-emit-module.d -parse-as-library -o /Users/admin/builder/spi-builder-workspace/.derivedData/Build/Intermediates.noindex/BrowserProfileLight.build/Debug-watchos/AutofillExtractor-t.build/Objects-normal/arm64/AutofillExtractor.swiftmodule -emit-abi-descriptor-path /Users/admin/builder/spi-builder-workspace/.derivedData/Build/Intermediates.noindex/BrowserProfileLight.build/Debug-watchos/AutofillExtractor-t.build/Objects-normal/arm64/AutofillExtractor.abi.json
SwiftCompile normal arm64 Compiling\ Models.swift /Users/admin/builder/spi-builder-workspace/Sources/AutofillExtractor/Models.swift (in target 'AutofillExtractor' from project 'BrowserProfileLight')
SwiftCompile normal arm64 /Users/admin/builder/spi-builder-workspace/Sources/AutofillExtractor/Models.swift (in target 'AutofillExtractor' from project 'BrowserProfileLight')
    cd /Users/admin/builder/spi-builder-workspace/.swiftpm/xcode
    builtin-SwiftPerFileCompile Models.swift
SwiftCompile normal arm64 Compiling\ ProfileDatabase.swift /Users/admin/builder/spi-builder-workspace/Sources/AutofillExtractor/ProfileDatabase.swift (in target 'AutofillExtractor' from project 'BrowserProfileLight')
SwiftCompile normal arm64 /Users/admin/builder/spi-builder-workspace/Sources/AutofillExtractor/ProfileDatabase.swift (in target 'AutofillExtractor' from project 'BrowserProfileLight')
    cd /Users/admin/builder/spi-builder-workspace/.swiftpm/xcode
    builtin-SwiftPerFileCompile ProfileDatabase.swift
SwiftCompile normal arm64 Compiling\ SQLite.swift /Users/admin/builder/spi-builder-workspace/Sources/AutofillExtractor/SQLite.swift (in target 'AutofillExtractor' from project 'BrowserProfileLight')
SwiftCompile normal arm64 /Users/admin/builder/spi-builder-workspace/Sources/AutofillExtractor/SQLite.swift (in target 'AutofillExtractor' from project 'BrowserProfileLight')
    cd /Users/admin/builder/spi-builder-workspace/.swiftpm/xcode
    builtin-SwiftPerFileCompile SQLite.swift
SwiftCompile normal arm64 Compiling\ LoginsExtractor.swift /Users/admin/builder/spi-builder-workspace/Sources/AutofillExtractor/LoginsExtractor.swift (in target 'AutofillExtractor' from project 'BrowserProfileLight')
SwiftCompile normal arm64 /Users/admin/builder/spi-builder-workspace/Sources/AutofillExtractor/LoginsExtractor.swift (in target 'AutofillExtractor' from project 'BrowserProfileLight')
    cd /Users/admin/builder/spi-builder-workspace/.swiftpm/xcode
    builtin-SwiftPerFileCompile LoginsExtractor.swift
SwiftCompile normal arm64 Compiling\ Constants.swift /Users/admin/builder/spi-builder-workspace/Sources/AutofillExtractor/Constants.swift (in target 'AutofillExtractor' from project 'BrowserProfileLight')
/Users/admin/builder/spi-builder-workspace/Sources/AutofillExtractor/Constants.swift:96:42: error: 'homeDirectoryForCurrentUser' is unavailable in watchOS
 94 | /// Chromium browser data directories on macOS
 95 | let browserPaths: [(name: String, path: URL)] = {
 96 |     let appSupport = FileManager.default.homeDirectoryForCurrentUser
    |                                          `- error: 'homeDirectoryForCurrentUser' is unavailable in watchOS
 97 |         .appendingPathComponent("Library/Application Support")
 98 |     return [
/Applications/Xcode-27.0.0-Release.Candidate.app/Contents/Developer/Platforms/WatchOS.platform/Developer/SDKs/WatchOS27.0.sdk/System/Library/Frameworks/Foundation.framework/Headers/NSFileManager.h:1004:35: note: 'homeDirectoryForCurrentUser' has been explicitly marked unavailable here
1002 |
1003 | /// The home directory for the current user.
1004 | @property (readonly, copy) NSURL *homeDirectoryForCurrentUser API_AVAILABLE(macosx(10.12)) API_UNAVAILABLE(ios, watchos, tvos);
     |                                   `- note: 'homeDirectoryForCurrentUser' has been explicitly marked unavailable here
1005 | /// The temporary directory for the current user.
1006 | @property (readonly, copy) NSURL *temporaryDirectory API_AVAILABLE(macosx(10.12), ios(10.0), watchos(3.0), tvos(10.0));
/Users/admin/builder/spi-builder-workspace/Sources/AutofillExtractor/Constants.swift:107:43: error: 'homeDirectoryForCurrentUser' is unavailable in watchOS
105 |
106 | /// Safari data directory
107 | let safariPath: URL = FileManager.default.homeDirectoryForCurrentUser
    |                                           `- error: 'homeDirectoryForCurrentUser' is unavailable in watchOS
108 |     .appendingPathComponent("Library/Safari")
109 |
/Applications/Xcode-27.0.0-Release.Candidate.app/Contents/Developer/Platforms/WatchOS.platform/Developer/SDKs/WatchOS27.0.sdk/System/Library/Frameworks/Foundation.framework/Headers/NSFileManager.h:1004:35: note: 'homeDirectoryForCurrentUser' has been explicitly marked unavailable here
1002 |
1003 | /// The home directory for the current user.
1004 | @property (readonly, copy) NSURL *homeDirectoryForCurrentUser API_AVAILABLE(macosx(10.12)) API_UNAVAILABLE(ios, watchos, tvos);
     |                                   `- note: 'homeDirectoryForCurrentUser' has been explicitly marked unavailable here
1005 | /// The temporary directory for the current user.
1006 | @property (readonly, copy) NSURL *temporaryDirectory API_AVAILABLE(macosx(10.12), ios(10.0), watchos(3.0), tvos(10.0));
SwiftCompile normal arm64 /Users/admin/builder/spi-builder-workspace/Sources/AutofillExtractor/Constants.swift (in target 'AutofillExtractor' from project 'BrowserProfileLight')
    cd /Users/admin/builder/spi-builder-workspace/.swiftpm/xcode
    builtin-SwiftPerFileCompile Constants.swift
SwiftCompile normal arm64 Compiling\ BookmarksExtractor.swift /Users/admin/builder/spi-builder-workspace/Sources/AutofillExtractor/BookmarksExtractor.swift (in target 'AutofillExtractor' from project 'BrowserProfileLight')
SwiftCompile normal arm64 /Users/admin/builder/spi-builder-workspace/Sources/AutofillExtractor/BookmarksExtractor.swift (in target 'AutofillExtractor' from project 'BrowserProfileLight')
    cd /Users/admin/builder/spi-builder-workspace/.swiftpm/xcode
    builtin-SwiftPerFileCompile BookmarksExtractor.swift
SwiftCompile normal arm64 Compiling\ AutofillExtractor.swift /Users/admin/builder/spi-builder-workspace/Sources/AutofillExtractor/AutofillExtractor.swift (in target 'AutofillExtractor' from project 'BrowserProfileLight')
SwiftCompile normal arm64 /Users/admin/builder/spi-builder-workspace/Sources/AutofillExtractor/AutofillExtractor.swift (in target 'AutofillExtractor' from project 'BrowserProfileLight')
    cd /Users/admin/builder/spi-builder-workspace/.swiftpm/xcode
    builtin-SwiftPerFileCompile AutofillExtractor.swift
SwiftCompile normal arm64 Compiling\ HistoryExtractor.swift /Users/admin/builder/spi-builder-workspace/Sources/AutofillExtractor/HistoryExtractor.swift (in target 'AutofillExtractor' from project 'BrowserProfileLight')
SwiftCompile normal arm64 /Users/admin/builder/spi-builder-workspace/Sources/AutofillExtractor/HistoryExtractor.swift (in target 'AutofillExtractor' from project 'BrowserProfileLight')
    cd /Users/admin/builder/spi-builder-workspace/.swiftpm/xcode
    builtin-SwiftPerFileCompile HistoryExtractor.swift
SwiftCompile normal arm64 Compiling\ Helpers.swift /Users/admin/builder/spi-builder-workspace/Sources/AutofillExtractor/Helpers.swift (in target 'AutofillExtractor' from project 'BrowserProfileLight')
SwiftCompile normal arm64 /Users/admin/builder/spi-builder-workspace/Sources/AutofillExtractor/Helpers.swift (in target 'AutofillExtractor' from project 'BrowserProfileLight')
    cd /Users/admin/builder/spi-builder-workspace/.swiftpm/xcode
    builtin-SwiftPerFileCompile Helpers.swift
SwiftEmitModule normal arm64_32 Emitting\ module\ for\ AutofillExtractor (in target 'AutofillExtractor' from project 'BrowserProfileLight')
SwiftCompile normal arm64_32 (in target 'AutofillExtractor' from project 'BrowserProfileLight')
    cd /Users/admin/builder/spi-builder-workspace/.swiftpm/xcode

PruneExplicitPrecompiledModules /Users/admin/builder/spi-builder-workspace/.derivedData/Build/Intermediates.noindex/ExplicitPrecompiledModules
PruneExplicitPrecompiledModules /Users/admin/builder/spi-builder-workspace/.derivedData/Build/Intermediates.noindex/SwiftExplicitPrecompiledModules
PruneExplicitPrecompiledModules /Users/admin/builder/spi-builder-workspace/.derivedData/SDKExplicitPrecompiledModules
2026-09-24 08:53:39.137 xcodebuild[627:3918] [MT] IDERunDestination: Supported platforms for the buildables in the current scheme is empty.
** BUILD FAILED **
The following build commands failed:
	SwiftCompile normal arm64 (in target 'AutofillExtractor' from project 'BrowserProfileLight')
	SwiftEmitModule normal arm64 Emitting\ module\ for\ AutofillExtractor (in target 'AutofillExtractor' from project 'BrowserProfileLight')
	Building workspace BrowserProfileLight with scheme BrowserProfileLight-Package
(3 failures)
Command line invocation:
    /Applications/Xcode-27.0.0-Release.Candidate.app/Contents/Developer/usr/bin/xcodebuild -IDEClonedSourcePackagesDirPathOverride=/Users/admin/builder/spi-builder-workspace/.dependencies -resolvePackageDependencies
Resolve Package Graph
Resolved source packages:
  BrowserProfileLight: /Users/admin/builder/spi-builder-workspace
resolved source packages: BrowserProfileLight
2026-09-24 08:53:43.929 xcodebuild[727:4428] [MT] IDERunDestination: Supported platforms for the buildables in the current scheme is empty.
{
  "dependencies" : [
  ],
  "manifest_display_name" : "BrowserProfileLight",
  "name" : "BrowserProfileLight",
  "path" : "/Users/admin/builder/spi-builder-workspace",
  "platforms" : [
    {
      "name" : "macos",
      "version" : "13.0"
    }
  ],
  "products" : [
    {
      "name" : "BrowserProfileLight",
      "targets" : [
        "AutofillExtractor"
      ],
      "type" : {
        "library" : [
          "automatic"
        ]
      }
    },
    {
      "name" : "browser-profile-cli",
      "targets" : [
        "AutofillCLI"
      ],
      "type" : {
        "executable" : null
      }
    }
  ],
  "targets" : [
    {
      "c99name" : "AutofillExtractorTests",
      "module_type" : "SwiftTarget",
      "name" : "AutofillExtractorTests",
      "path" : "Tests/AutofillExtractorTests",
      "sources" : [
        "AutofillExtractorTests.swift"
      ],
      "target_dependencies" : [
        "AutofillExtractor"
      ],
      "type" : "test"
    },
    {
      "c99name" : "AutofillExtractor",
      "module_type" : "SwiftTarget",
      "name" : "AutofillExtractor",
      "path" : "Sources/AutofillExtractor",
      "product_memberships" : [
        "BrowserProfileLight",
        "browser-profile-cli"
      ],
      "sources" : [
        "AutofillExtractor.swift",
        "BookmarksExtractor.swift",
        "Constants.swift",
        "Helpers.swift",
        "HistoryExtractor.swift",
        "LoginsExtractor.swift",
        "Models.swift",
        "ProfileDatabase.swift",
        "SQLite.swift"
      ],
      "type" : "library"
    },
    {
      "c99name" : "AutofillCLI",
      "module_type" : "SwiftTarget",
      "name" : "AutofillCLI",
      "path" : "Sources/AutofillCLI",
      "product_memberships" : [
        "browser-profile-cli"
      ],
      "sources" : [
        "main.swift"
      ],
      "target_dependencies" : [
        "AutofillExtractor"
      ],
      "type" : "executable"
    }
  ],
  "tools_version" : "5.9"
}
{
  "workspace" : {
    "name" : "BrowserProfileLight",
    "schemes" : [
      "browser-profile-cli",
      "BrowserProfileLight",
      "BrowserProfileLight-Package"
    ]
  }
}
2026-09-24 08:53:45.186 xcodebuild[735:4497] [MT] IDERunDestination: Supported platforms for the buildables in the current scheme is empty.
Running build ...
env DEVELOPER_DIR=/Applications/Xcode-27.0.0-Release.Candidate.app xcrun xcodebuild -IDEClonedSourcePackagesDirPathOverride=$PWD/.dependencies -skipMacroValidation -skipPackagePluginValidation -derivedDataPath $PWD/.derivedData build -scheme BrowserProfileLight-Package -destination generic/platform=watchOS
Command line invocation:
    /Applications/Xcode-27.0.0-Release.Candidate.app/Contents/Developer/usr/bin/xcodebuild -IDEClonedSourcePackagesDirPathOverride=/Users/admin/builder/spi-builder-workspace/.dependencies -skipMacroValidation -skipPackagePluginValidation -derivedDataPath /Users/admin/builder/spi-builder-workspace/.derivedData build -scheme BrowserProfileLight-Package -destination generic/platform=watchOS
Resolve Package Graph
Resolved source packages:
  BrowserProfileLight: /Users/admin/builder/spi-builder-workspace
ComputePackagePrebuildTargetDependencyGraph
Prepare packages
CreateBuildRequest
SendProjectDescription
CreateBuildOperation
ComputeTargetDependencyGraph
note: Building targets in dependency order
note: Target dependency graph (3 targets)
    Target 'browser-profile-cli-product' in project 'BrowserProfileLight'
        ➜ Explicit dependency on target 'AutofillExtractor' in project 'BrowserProfileLight'
    Target 'BrowserProfileLight-product' in project 'BrowserProfileLight'
        ➜ Explicit dependency on target 'AutofillExtractor' in project 'BrowserProfileLight'
    Target 'AutofillExtractor' in project 'BrowserProfileLight' (no dependencies)
GatherProvisioningInputs
CreateBuildDescription
ClangStatCache /Applications/Xcode-27.0.0-Release.Candidate.app/Contents/Developer/Toolchains/XcodeDefault.xctoolchain/usr/bin/clang-stat-cache /Applications/Xcode-27.0.0-Release.Candidate.app/Contents/Developer/Platforms/WatchOS.platform/Developer/SDKs/WatchOS27.0.sdk /Users/admin/builder/spi-builder-workspace/.derivedData/SDKStatCaches.noindex/watchos27.0-24R360-e829b21a6f8c9b70876ba0858053c04477534ef55a1706bf4c1112bbb242f0a2.sdkstatcache
    cd /Users/admin/builder/spi-builder-workspace/.swiftpm/xcode
    /Applications/Xcode-27.0.0-Release.Candidate.app/Contents/Developer/Toolchains/XcodeDefault.xctoolchain/usr/bin/clang-stat-cache /Applications/Xcode-27.0.0-Release.Candidate.app/Contents/Developer/Platforms/WatchOS.platform/Developer/SDKs/WatchOS27.0.sdk -o /Users/admin/builder/spi-builder-workspace/.derivedData/SDKStatCaches.noindex/watchos27.0-24R360-e829b21a6f8c9b70876ba0858053c04477534ef55a1706bf4c1112bbb242f0a2.sdkstatcache
SwiftDriver AutofillExtractor normal arm64 com.apple.xcode.tools.swift.compiler (in target 'AutofillExtractor' from project 'BrowserProfileLight')
    cd /Users/admin/builder/spi-builder-workspace/.swiftpm/xcode
    builtin-SwiftDriver -- /Applications/Xcode-27.0.0-Release.Candidate.app/Contents/Developer/Toolchains/XcodeDefault.xctoolchain/usr/bin/swiftc -parse-as-library -module-name AutofillExtractor -Onone @/Users/admin/builder/spi-builder-workspace/.derivedData/Build/Intermediates.noindex/BrowserProfileLight.build/Debug-watchos/AutofillExtractor-t.build/Objects-normal/arm64/AutofillExtractor.SwiftFileList -DSWIFT_PACKAGE -DDEBUG -DSWIFT_MODULE_RESOURCE_BUNDLE_UNAVAILABLE -DXcode -plugin-path /Applications/Xcode-27.0.0-Release.Candidate.app/Contents/Developer/Toolchains/XcodeDefault.xctoolchain/usr/lib/swift/host/plugins/testing -enable-experimental-feature DebugDescriptionMacro -sdk /Applications/Xcode-27.0.0-Release.Candidate.app/Contents/Developer/Platforms/WatchOS.platform/Developer/SDKs/WatchOS27.0.sdk -target arm64-apple-watchos9.0 -g -module-cache-path /Users/admin/builder/spi-builder-workspace/.derivedData/ModuleCache.noindex -Xfrontend -serialize-debugging-options -profile-coverage-mapping -profile-generate -enable-testing -index-store-path /Users/admin/builder/spi-builder-workspace/.derivedData/Index.noindex/DataStore -Xcc -D_LIBCPP_HARDENING_MODE\=_LIBCPP_HARDENING_MODE_DEBUG -swift-version 5 -I /Users/admin/builder/spi-builder-workspace/.derivedData/Build/Products/Debug-watchos -Isystem /Applications/Xcode-27.0.0-Release.Candidate.app/Contents/Developer/Platforms/WatchOS.platform/Developer/usr/lib -F /Users/admin/builder/spi-builder-workspace/.derivedData/Build/Products/Debug-watchos -F /Applications/Xcode-27.0.0-Release.Candidate.app/Contents/Developer/Platforms/WatchOS.platform/Developer/Library/Frameworks -F /Applications/Xcode-27.0.0-Release.Candidate.app/Contents/Developer/Platforms/WatchOS.platform/Developer/SDKs/WatchOS27.0.sdk/Developer/Library/Frameworks -c -j10 -enable-batch-mode -incremental -Xcc -ivfsstatcache -Xcc /Users/admin/builder/spi-builder-workspace/.derivedData/SDKStatCaches.noindex/watchos27.0-24R360-e829b21a6f8c9b70876ba0858053c04477534ef55a1706bf4c1112bbb242f0a2.sdkstatcache -output-file-map /Users/admin/builder/spi-builder-workspace/.derivedData/Build/Intermediates.noindex/BrowserProfileLight.build/Debug-watchos/AutofillExtractor-t.build/Objects-normal/arm64/AutofillExtractor-OutputFileMap.json -save-temps -no-color-diagnostics -explicit-module-build -module-cache-path /Users/admin/builder/spi-builder-workspace/.derivedData/Build/Intermediates.noindex/SwiftExplicitPrecompiledModules -clang-scanner-module-cache-path /Users/admin/builder/spi-builder-workspace/.derivedData/ModuleCache.noindex -sdk-module-cache-path /Users/admin/builder/spi-builder-workspace/.derivedData/SDKExplicitPrecompiledModules -emit-dependencies -emit-module -emit-module-path /Users/admin/builder/spi-builder-workspace/.derivedData/Build/Intermediates.noindex/BrowserProfileLight.build/Debug-watchos/AutofillExtractor-t.build/Objects-normal/arm64/AutofillExtractor.swiftmodule -serialize-diagnostics -dependency-scan-serialize-diagnostics-path /Users/admin/builder/spi-builder-workspace/.derivedData/Build/Intermediates.noindex/BrowserProfileLight.build/Debug-watchos/AutofillExtractor-t.build/Objects-normal/arm64/AutofillExtractor-dependency-scan.dia -validate-clang-modules-once -clang-build-session-file /Users/admin/builder/spi-builder-workspace/.derivedData/ModuleCache.noindex/Session.modulevalidation -Xcc -fmodules-prune-interval\=86400 -Xcc -fmodules-prune-after\=345600 -package-name spi_builder_workspace -emit-const-values -const-gather-protocols-list /Users/admin/builder/spi-builder-workspace/.derivedData/Build/Intermediates.noindex/BrowserProfileLight.build/Debug-watchos/AutofillExtractor-t.build/Objects-normal/arm64/AutofillExtractor_const_extract_protocols.json -Xcc -I/Users/admin/builder/spi-builder-workspace/.derivedData/Build/Products/Debug-watchos/include -Xcc -I/Users/admin/builder/spi-builder-workspace/.derivedData/Build/Intermediates.noindex/BrowserProfileLight.build/Debug-watchos/AutofillExtractor-t.build/DerivedSources-normal/arm64 -Xcc -I/Users/admin/builder/spi-builder-workspace/.derivedData/Build/Intermediates.noindex/BrowserProfileLight.build/Debug-watchos/AutofillExtractor-t.build/DerivedSources/arm64 -Xcc -I/Users/admin/builder/spi-builder-workspace/.derivedData/Build/Intermediates.noindex/BrowserProfileLight.build/Debug-watchos/AutofillExtractor-t.build/DerivedSources -Xcc -DSWIFT_PACKAGE -Xcc -DDEBUG\=1 -emit-objc-header -emit-objc-header-path /Users/admin/builder/spi-builder-workspace/.derivedData/Build/Intermediates.noindex/BrowserProfileLight.build/Debug-watchos/AutofillExtractor-t.build/Objects-normal/arm64/AutofillExtractor-Swift.h -working-directory /Users/admin/builder/spi-builder-workspace/.swiftpm/xcode -experimental-emit-module-separately -disable-cmo
SwiftDriver AutofillExtractor normal arm64_32 com.apple.xcode.tools.swift.compiler (in target 'AutofillExtractor' from project 'BrowserProfileLight')
    cd /Users/admin/builder/spi-builder-workspace/.swiftpm/xcode
    builtin-SwiftDriver -- /Applications/Xcode-27.0.0-Release.Candidate.app/Contents/Developer/Toolchains/XcodeDefault.xctoolchain/usr/bin/swiftc -parse-as-library -module-name AutofillExtractor -Onone @/Users/admin/builder/spi-builder-workspace/.derivedData/Build/Intermediates.noindex/BrowserProfileLight.build/Debug-watchos/AutofillExtractor-t.build/Objects-normal/arm64_32/AutofillExtractor.SwiftFileList -DSWIFT_PACKAGE -DDEBUG -DSWIFT_MODULE_RESOURCE_BUNDLE_UNAVAILABLE -DXcode -plugin-path /Applications/Xcode-27.0.0-Release.Candidate.app/Contents/Developer/Toolchains/XcodeDefault.xctoolchain/usr/lib/swift/host/plugins/testing -enable-experimental-feature DebugDescriptionMacro -sdk /Applications/Xcode-27.0.0-Release.Candidate.app/Contents/Developer/Platforms/WatchOS.platform/Developer/SDKs/WatchOS27.0.sdk -target arm64_32-apple-watchos9.0 -g -module-cache-path /Users/admin/builder/spi-builder-workspace/.derivedData/ModuleCache.noindex -Xfrontend -serialize-debugging-options -profile-coverage-mapping -profile-generate -enable-testing -index-store-path /Users/admin/builder/spi-builder-workspace/.derivedData/Index.noindex/DataStore -Xcc -D_LIBCPP_HARDENING_MODE\=_LIBCPP_HARDENING_MODE_DEBUG -swift-version 5 -I /Users/admin/builder/spi-builder-workspace/.derivedData/Build/Products/Debug-watchos -Isystem /Applications/Xcode-27.0.0-Release.Candidate.app/Contents/Developer/Platforms/WatchOS.platform/Developer/usr/lib -F /Users/admin/builder/spi-builder-workspace/.derivedData/Build/Products/Debug-watchos -F /Applications/Xcode-27.0.0-Release.Candidate.app/Contents/Developer/Platforms/WatchOS.platform/Developer/Library/Frameworks -F /Applications/Xcode-27.0.0-Release.Candidate.app/Contents/Developer/Platforms/WatchOS.platform/Developer/SDKs/WatchOS27.0.sdk/Developer/Library/Frameworks -c -j10 -enable-batch-mode -incremental -Xcc -ivfsstatcache -Xcc /Users/admin/builder/spi-builder-workspace/.derivedData/SDKStatCaches.noindex/watchos27.0-24R360-e829b21a6f8c9b70876ba0858053c04477534ef55a1706bf4c1112bbb242f0a2.sdkstatcache -output-file-map /Users/admin/builder/spi-builder-workspace/.derivedData/Build/Intermediates.noindex/BrowserProfileLight.build/Debug-watchos/AutofillExtractor-t.build/Objects-normal/arm64_32/AutofillExtractor-OutputFileMap.json -save-temps -no-color-diagnostics -explicit-module-build -module-cache-path /Users/admin/builder/spi-builder-workspace/.derivedData/Build/Intermediates.noindex/SwiftExplicitPrecompiledModules -clang-scanner-module-cache-path /Users/admin/builder/spi-builder-workspace/.derivedData/ModuleCache.noindex -sdk-module-cache-path /Users/admin/builder/spi-builder-workspace/.derivedData/SDKExplicitPrecompiledModules -emit-dependencies -emit-module -emit-module-path /Users/admin/builder/spi-builder-workspace/.derivedData/Build/Intermediates.noindex/BrowserProfileLight.build/Debug-watchos/AutofillExtractor-t.build/Objects-normal/arm64_32/AutofillExtractor.swiftmodule -serialize-diagnostics -dependency-scan-serialize-diagnostics-path /Users/admin/builder/spi-builder-workspace/.derivedData/Build/Intermediates.noindex/BrowserProfileLight.build/Debug-watchos/AutofillExtractor-t.build/Objects-normal/arm64_32/AutofillExtractor-dependency-scan.dia -validate-clang-modules-once -clang-build-session-file /Users/admin/builder/spi-builder-workspace/.derivedData/ModuleCache.noindex/Session.modulevalidation -Xcc -fmodules-prune-interval\=86400 -Xcc -fmodules-prune-after\=345600 -package-name spi_builder_workspace -emit-const-values -const-gather-protocols-list /Users/admin/builder/spi-builder-workspace/.derivedData/Build/Intermediates.noindex/BrowserProfileLight.build/Debug-watchos/AutofillExtractor-t.build/Objects-normal/arm64_32/AutofillExtractor_const_extract_protocols.json -Xcc -I/Users/admin/builder/spi-builder-workspace/.derivedData/Build/Products/Debug-watchos/include -Xcc -I/Users/admin/builder/spi-builder-workspace/.derivedData/Build/Intermediates.noindex/BrowserProfileLight.build/Debug-watchos/AutofillExtractor-t.build/DerivedSources-normal/arm64_32 -Xcc -I/Users/admin/builder/spi-builder-workspace/.derivedData/Build/Intermediates.noindex/BrowserProfileLight.build/Debug-watchos/AutofillExtractor-t.build/DerivedSources/arm64_32 -Xcc -I/Users/admin/builder/spi-builder-workspace/.derivedData/Build/Intermediates.noindex/BrowserProfileLight.build/Debug-watchos/AutofillExtractor-t.build/DerivedSources -Xcc -DSWIFT_PACKAGE -Xcc -DDEBUG\=1 -emit-objc-header -emit-objc-header-path /Users/admin/builder/spi-builder-workspace/.derivedData/Build/Intermediates.noindex/BrowserProfileLight.build/Debug-watchos/AutofillExtractor-t.build/Objects-normal/arm64_32/AutofillExtractor-Swift.h -working-directory /Users/admin/builder/spi-builder-workspace/.swiftpm/xcode -experimental-emit-module-separately -disable-cmo
SwiftEmitModule normal arm64_32 Emitting\ module\ for\ AutofillExtractor (in target 'AutofillExtractor' from project 'BrowserProfileLight')
/Users/admin/builder/spi-builder-workspace/Sources/AutofillExtractor/Constants.swift:96:42: error: 'homeDirectoryForCurrentUser' is unavailable in watchOS
 94 | /// Chromium browser data directories on macOS
 95 | let browserPaths: [(name: String, path: URL)] = {
 96 |     let appSupport = FileManager.default.homeDirectoryForCurrentUser
    |                                          `- error: 'homeDirectoryForCurrentUser' is unavailable in watchOS
 97 |         .appendingPathComponent("Library/Application Support")
 98 |     return [
/Applications/Xcode-27.0.0-Release.Candidate.app/Contents/Developer/Platforms/WatchOS.platform/Developer/SDKs/WatchOS27.0.sdk/System/Library/Frameworks/Foundation.framework/Headers/NSFileManager.h:1004:35: note: 'homeDirectoryForCurrentUser' has been explicitly marked unavailable here
1002 |
1003 | /// The home directory for the current user.
1004 | @property (readonly, copy) NSURL *homeDirectoryForCurrentUser API_AVAILABLE(macosx(10.12)) API_UNAVAILABLE(ios, watchos, tvos);
     |                                   `- note: 'homeDirectoryForCurrentUser' has been explicitly marked unavailable here
1005 | /// The temporary directory for the current user.
1006 | @property (readonly, copy) NSURL *temporaryDirectory API_AVAILABLE(macosx(10.12), ios(10.0), watchos(3.0), tvos(10.0));
/Users/admin/builder/spi-builder-workspace/Sources/AutofillExtractor/Constants.swift:107:43: error: 'homeDirectoryForCurrentUser' is unavailable in watchOS
105 |
106 | /// Safari data directory
107 | let safariPath: URL = FileManager.default.homeDirectoryForCurrentUser
    |                                           `- error: 'homeDirectoryForCurrentUser' is unavailable in watchOS
108 |     .appendingPathComponent("Library/Safari")
109 |
/Applications/Xcode-27.0.0-Release.Candidate.app/Contents/Developer/Platforms/WatchOS.platform/Developer/SDKs/WatchOS27.0.sdk/System/Library/Frameworks/Foundation.framework/Headers/NSFileManager.h:1004:35: note: 'homeDirectoryForCurrentUser' has been explicitly marked unavailable here
1002 |
1003 | /// The home directory for the current user.
1004 | @property (readonly, copy) NSURL *homeDirectoryForCurrentUser API_AVAILABLE(macosx(10.12)) API_UNAVAILABLE(ios, watchos, tvos);
     |                                   `- note: 'homeDirectoryForCurrentUser' has been explicitly marked unavailable here
1005 | /// The temporary directory for the current user.
1006 | @property (readonly, copy) NSURL *temporaryDirectory API_AVAILABLE(macosx(10.12), ios(10.0), watchos(3.0), tvos(10.0));
/Users/admin/builder/spi-builder-workspace/Sources/AutofillExtractor/Constants.swift:111:44: error: 'homeDirectoryForCurrentUser' is unavailable in watchOS
109 |
110 | /// Firefox profiles directory
111 | let firefoxPath: URL = FileManager.default.homeDirectoryForCurrentUser
    |                                            `- error: 'homeDirectoryForCurrentUser' is unavailable in watchOS
112 |     .appendingPathComponent("Library/Application Support/Firefox/Profiles")
113 |
/Applications/Xcode-27.0.0-Release.Candidate.app/Contents/Developer/Platforms/WatchOS.platform/Developer/SDKs/WatchOS27.0.sdk/System/Library/Frameworks/Foundation.framework/Headers/NSFileManager.h:1004:35: note: 'homeDirectoryForCurrentUser' has been explicitly marked unavailable here
1002 |
1003 | /// The home directory for the current user.
1004 | @property (readonly, copy) NSURL *homeDirectoryForCurrentUser API_AVAILABLE(macosx(10.12)) API_UNAVAILABLE(ios, watchos, tvos);
     |                                   `- note: 'homeDirectoryForCurrentUser' has been explicitly marked unavailable here
1005 | /// The temporary directory for the current user.
1006 | @property (readonly, copy) NSURL *temporaryDirectory API_AVAILABLE(macosx(10.12), ios(10.0), watchos(3.0), tvos(10.0));
Failed frontend command:
SwiftCompile normal arm64_32 (in target 'AutofillExtractor' from project 'BrowserProfileLight')
    cd /Users/admin/builder/spi-builder-workspace/.swiftpm/xcode

/Applications/Xcode-27.0.0-Release.Candidate.app/Contents/Developer/Toolchains/XcodeDefault.xctoolchain/usr/bin/swift-frontend -frontend -emit-module -experimental-skip-non-inlinable-function-bodies-without-types /Users/admin/builder/spi-builder-workspace/Sources/AutofillExtractor/AutofillExtractor.swift /Users/admin/builder/spi-builder-workspace/Sources/AutofillExtractor/BookmarksExtractor.swift /Users/admin/builder/spi-builder-workspace/Sources/AutofillExtractor/Constants.swift /Users/admin/builder/spi-builder-workspace/Sources/AutofillExtractor/Helpers.swift /Users/admin/builder/spi-builder-workspace/Sources/AutofillExtractor/HistoryExtractor.swift /Users/admin/builder/spi-builder-workspace/Sources/AutofillExtractor/LoginsExtractor.swift /Users/admin/builder/spi-builder-workspace/Sources/AutofillExtractor/Models.swift /Users/admin/builder/spi-builder-workspace/Sources/AutofillExtractor/ProfileDatabase.swift /Users/admin/builder/spi-builder-workspace/Sources/AutofillExtractor/SQLite.swift -target arm64_32-apple-watchos9.0 -disable-cross-import-overlay-search -load-resolved-plugin /Applications/Xcode-27.0.0-Release.Candidate.app/Contents/Developer/Platforms/WatchOS.platform/Developer/usr/lib/swift/host/plugins/libFoundationMacros.dylib\#/Applications/Xcode-27.0.0-Release.Candidate.app/Contents/Developer/Platforms/WatchOS.platform/Developer/usr/bin/swift-plugin-server\#FoundationMacros -load-resolved-plugin /Applications/Xcode-27.0.0-Release.Candidate.app/Contents/Developer/Platforms/WatchOS.platform/Developer/usr/lib/swift/host/plugins/libObservationMacros.dylib\#/Applications/Xcode-27.0.0-Release.Candidate.app/Contents/Developer/Platforms/WatchOS.platform/Developer/usr/bin/swift-plugin-server\#ObservationMacros -load-resolved-plugin /Applications/Xcode-27.0.0-Release.Candidate.app/Contents/Developer/Platforms/WatchOS.platform/Developer/usr/lib/swift/host/plugins/libSwiftMacros.dylib\#/Applications/Xcode-27.0.0-Release.Candidate.app/Contents/Developer/Platforms/WatchOS.platform/Developer/usr/bin/swift-plugin-server\#SwiftMacros -disable-implicit-swift-modules -Xcc -fno-implicit-modules -Xcc -fno-implicit-module-maps -explicit-swift-module-map-file /Users/admin/builder/spi-builder-workspace/.derivedData/Build/Intermediates.noindex/BrowserProfileLight.build/Debug-watchos/AutofillExtractor-t.build/Objects-normal/arm64_32/AutofillExtractor-dependencies-2.json -enable-objc-interop -sdk /Applications/Xcode-27.0.0-Release.Candidate.app/Contents/Developer/Platforms/WatchOS.platform/Developer/SDKs/WatchOS27.0.sdk -I /Users/admin/builder/spi-builder-workspace/.derivedData/Build/Products/Debug-watchos -Isystem /Applications/Xcode-27.0.0-Release.Candidate.app/Contents/Developer/Platforms/WatchOS.platform/Developer/usr/lib -F /Users/admin/builder/spi-builder-workspace/.derivedData/Build/Products/Debug-watchos -F /Applications/Xcode-27.0.0-Release.Candidate.app/Contents/Developer/Platforms/WatchOS.platform/Developer/Library/Frameworks -F /Applications/Xcode-27.0.0-Release.Candidate.app/Contents/Developer/Platforms/WatchOS.platform/Developer/SDKs/WatchOS27.0.sdk/Developer/Library/Frameworks -module-cache-path /Users/admin/builder/spi-builder-workspace/.derivedData/Build/Intermediates.noindex/SwiftExplicitPrecompiledModules -no-color-diagnostics -Xcc -fno-color-diagnostics -enable-testing -g -debug-info-format\=dwarf -dwarf-version\=4 -profile-generate -profile-coverage-mapping -swift-version 5 -Onone -D SWIFT_PACKAGE -D DEBUG -D SWIFT_MODULE_RESOURCE_BUNDLE_UNAVAILABLE -D Xcode -serialize-debugging-options -enable-experimental-feature DebugDescriptionMacro -empty-abi-descriptor -validate-clang-modules-once -clang-build-session-file /Users/admin/builder/spi-builder-workspace/.derivedData/ModuleCache.noindex/Session.modulevalidation -Xcc -working-directory -Xcc /Users/admin/builder/spi-builder-workspace/.swiftpm/xcode -enable-anonymous-context-mangled-names -file-compilation-dir /Users/admin/builder/spi-builder-workspace/.swiftpm/xcode -Xcc -D_LIBCPP_HARDENING_MODE\=_LIBCPP_HARDENING_MODE_DEBUG -Xcc -ivfsstatcache -Xcc /Users/admin/builder/spi-builder-workspace/.derivedData/SDKStatCaches.noindex/watchos27.0-24R360-e829b21a6f8c9b70876ba0858053c04477534ef55a1706bf4c1112bbb242f0a2.sdkstatcache -Xcc -fmodules-prune-interval\=86400 -Xcc -fmodules-prune-after\=345600 -Xcc -I/Users/admin/builder/spi-builder-workspace/.derivedData/Build/Products/Debug-watchos/include -Xcc -I/Users/admin/builder/spi-builder-workspace/.derivedData/Build/Intermediates.noindex/BrowserProfileLight.build/Debug-watchos/AutofillExtractor-t.build/DerivedSources-normal/arm64_32 -Xcc -I/Users/admin/builder/spi-builder-workspace/.derivedData/Build/Intermediates.noindex/BrowserProfileLight.build/Debug-watchos/AutofillExtractor-t.build/DerivedSources/arm64_32 -Xcc -I/Users/admin/builder/spi-builder-workspace/.derivedData/Build/Intermediates.noindex/BrowserProfileLight.build/Debug-watchos/AutofillExtractor-t.build/DerivedSources -Xcc -DSWIFT_PACKAGE -Xcc -DDEBUG\=1 -no-auto-bridging-header-chaining -module-name AutofillExtractor -package-name spi_builder_workspace -const-gather-protocols-file /Users/admin/builder/spi-builder-workspace/.derivedData/Build/Intermediates.noindex/BrowserProfileLight.build/Debug-watchos/AutofillExtractor-t.build/Objects-normal/arm64_32/AutofillExtractor_const_extract_protocols.json -disable-clang-spi -clang-target arm64_32-apple-watchos27.0 -target-sdk-version 27.0 -target-sdk-name watchos27.0 -in-process-plugin-server-path /Applications/Xcode-27.0.0-Release.Candidate.app/Contents/Developer/Toolchains/XcodeDefault.xctoolchain/usr/lib/swift/host/libSwiftInProcPluginServer.dylib -emit-module-doc-path /Users/admin/builder/spi-builder-workspace/.derivedData/Build/Intermediates.noindex/BrowserProfileLight.build/Debug-watchos/AutofillExtractor-t.build/Objects-normal/arm64_32/AutofillExtractor.swiftdoc -emit-module-source-info-path /Users/admin/builder/spi-builder-workspace/.derivedData/Build/Intermediates.noindex/BrowserProfileLight.build/Debug-watchos/AutofillExtractor-t.build/Objects-normal/arm64_32/AutofillExtractor.swiftsourceinfo -emit-objc-header-path /Users/admin/builder/spi-builder-workspace/.derivedData/Build/Intermediates.noindex/BrowserProfileLight.build/Debug-watchos/AutofillExtractor-t.build/Objects-normal/arm64_32/AutofillExtractor-Swift.h -serialize-diagnostics-path /Users/admin/builder/spi-builder-workspace/.derivedData/Build/Intermediates.noindex/BrowserProfileLight.build/Debug-watchos/AutofillExtractor-t.build/Objects-normal/arm64_32/AutofillExtractor-primary-emit-module.dia -emit-dependencies-path /Users/admin/builder/spi-builder-workspace/.derivedData/Build/Intermediates.noindex/BrowserProfileLight.build/Debug-watchos/AutofillExtractor-t.build/Objects-normal/arm64_32/AutofillExtractor-primary-emit-module.d -parse-as-library -o /Users/admin/builder/spi-builder-workspace/.derivedData/Build/Intermediates.noindex/BrowserProfileLight.build/Debug-watchos/AutofillExtractor-t.build/Objects-normal/arm64_32/AutofillExtractor.swiftmodule -emit-abi-descriptor-path /Users/admin/builder/spi-builder-workspace/.derivedData/Build/Intermediates.noindex/BrowserProfileLight.build/Debug-watchos/AutofillExtractor-t.build/Objects-normal/arm64_32/AutofillExtractor.abi.json
SwiftCompile normal arm64_32 Compiling\ AutofillExtractor.swift /Users/admin/builder/spi-builder-workspace/Sources/AutofillExtractor/AutofillExtractor.swift (in target 'AutofillExtractor' from project 'BrowserProfileLight')
SwiftCompile normal arm64_32 /Users/admin/builder/spi-builder-workspace/Sources/AutofillExtractor/AutofillExtractor.swift (in target 'AutofillExtractor' from project 'BrowserProfileLight')
    cd /Users/admin/builder/spi-builder-workspace/.swiftpm/xcode
    builtin-SwiftPerFileCompile AutofillExtractor.swift
SwiftCompile normal arm64_32 Compiling\ Helpers.swift /Users/admin/builder/spi-builder-workspace/Sources/AutofillExtractor/Helpers.swift (in target 'AutofillExtractor' from project 'BrowserProfileLight')
SwiftCompile normal arm64_32 /Users/admin/builder/spi-builder-workspace/Sources/AutofillExtractor/Helpers.swift (in target 'AutofillExtractor' from project 'BrowserProfileLight')
    cd /Users/admin/builder/spi-builder-workspace/.swiftpm/xcode
    builtin-SwiftPerFileCompile Helpers.swift
SwiftCompile normal arm64_32 Compiling\ Constants.swift /Users/admin/builder/spi-builder-workspace/Sources/AutofillExtractor/Constants.swift (in target 'AutofillExtractor' from project 'BrowserProfileLight')
/Users/admin/builder/spi-builder-workspace/Sources/AutofillExtractor/Constants.swift:96:42: error: 'homeDirectoryForCurrentUser' is unavailable in watchOS
 94 | /// Chromium browser data directories on macOS
 95 | let browserPaths: [(name: String, path: URL)] = {
 96 |     let appSupport = FileManager.default.homeDirectoryForCurrentUser
    |                                          `- error: 'homeDirectoryForCurrentUser' is unavailable in watchOS
 97 |         .appendingPathComponent("Library/Application Support")
 98 |     return [
/Applications/Xcode-27.0.0-Release.Candidate.app/Contents/Developer/Platforms/WatchOS.platform/Developer/SDKs/WatchOS27.0.sdk/System/Library/Frameworks/Foundation.framework/Headers/NSFileManager.h:1004:35: note: 'homeDirectoryForCurrentUser' has been explicitly marked unavailable here
1002 |
1003 | /// The home directory for the current user.
1004 | @property (readonly, copy) NSURL *homeDirectoryForCurrentUser API_AVAILABLE(macosx(10.12)) API_UNAVAILABLE(ios, watchos, tvos);
     |                                   `- note: 'homeDirectoryForCurrentUser' has been explicitly marked unavailable here
1005 | /// The temporary directory for the current user.
1006 | @property (readonly, copy) NSURL *temporaryDirectory API_AVAILABLE(macosx(10.12), ios(10.0), watchos(3.0), tvos(10.0));
/Users/admin/builder/spi-builder-workspace/Sources/AutofillExtractor/Constants.swift:107:43: error: 'homeDirectoryForCurrentUser' is unavailable in watchOS
105 |
106 | /// Safari data directory
107 | let safariPath: URL = FileManager.default.homeDirectoryForCurrentUser
    |                                           `- error: 'homeDirectoryForCurrentUser' is unavailable in watchOS
108 |     .appendingPathComponent("Library/Safari")
109 |
/Applications/Xcode-27.0.0-Release.Candidate.app/Contents/Developer/Platforms/WatchOS.platform/Developer/SDKs/WatchOS27.0.sdk/System/Library/Frameworks/Foundation.framework/Headers/NSFileManager.h:1004:35: note: 'homeDirectoryForCurrentUser' has been explicitly marked unavailable here
1002 |
1003 | /// The home directory for the current user.
1004 | @property (readonly, copy) NSURL *homeDirectoryForCurrentUser API_AVAILABLE(macosx(10.12)) API_UNAVAILABLE(ios, watchos, tvos);
     |                                   `- note: 'homeDirectoryForCurrentUser' has been explicitly marked unavailable here
1005 | /// The temporary directory for the current user.
1006 | @property (readonly, copy) NSURL *temporaryDirectory API_AVAILABLE(macosx(10.12), ios(10.0), watchos(3.0), tvos(10.0));
SwiftCompile normal arm64_32 /Users/admin/builder/spi-builder-workspace/Sources/AutofillExtractor/Constants.swift (in target 'AutofillExtractor' from project 'BrowserProfileLight')
    cd /Users/admin/builder/spi-builder-workspace/.swiftpm/xcode
    builtin-SwiftPerFileCompile Constants.swift
SwiftCompile normal arm64_32 Compiling\ Models.swift /Users/admin/builder/spi-builder-workspace/Sources/AutofillExtractor/Models.swift (in target 'AutofillExtractor' from project 'BrowserProfileLight')
SwiftCompile normal arm64_32 /Users/admin/builder/spi-builder-workspace/Sources/AutofillExtractor/Models.swift (in target 'AutofillExtractor' from project 'BrowserProfileLight')
    cd /Users/admin/builder/spi-builder-workspace/.swiftpm/xcode
    builtin-SwiftPerFileCompile Models.swift
SwiftCompile normal arm64_32 Compiling\ LoginsExtractor.swift /Users/admin/builder/spi-builder-workspace/Sources/AutofillExtractor/LoginsExtractor.swift (in target 'AutofillExtractor' from project 'BrowserProfileLight')
SwiftCompile normal arm64_32 /Users/admin/builder/spi-builder-workspace/Sources/AutofillExtractor/LoginsExtractor.swift (in target 'AutofillExtractor' from project 'BrowserProfileLight')
    cd /Users/admin/builder/spi-builder-workspace/.swiftpm/xcode
    builtin-SwiftPerFileCompile LoginsExtractor.swift
SwiftCompile normal arm64_32 Compiling\ SQLite.swift /Users/admin/builder/spi-builder-workspace/Sources/AutofillExtractor/SQLite.swift (in target 'AutofillExtractor' from project 'BrowserProfileLight')
SwiftCompile normal arm64_32 /Users/admin/builder/spi-builder-workspace/Sources/AutofillExtractor/SQLite.swift (in target 'AutofillExtractor' from project 'BrowserProfileLight')
    cd /Users/admin/builder/spi-builder-workspace/.swiftpm/xcode
    builtin-SwiftPerFileCompile SQLite.swift
SwiftCompile normal arm64_32 Compiling\ ProfileDatabase.swift /Users/admin/builder/spi-builder-workspace/Sources/AutofillExtractor/ProfileDatabase.swift (in target 'AutofillExtractor' from project 'BrowserProfileLight')
SwiftCompile normal arm64_32 /Users/admin/builder/spi-builder-workspace/Sources/AutofillExtractor/ProfileDatabase.swift (in target 'AutofillExtractor' from project 'BrowserProfileLight')
    cd /Users/admin/builder/spi-builder-workspace/.swiftpm/xcode
    builtin-SwiftPerFileCompile ProfileDatabase.swift
SwiftEmitModule normal arm64 Emitting\ module\ for\ AutofillExtractor (in target 'AutofillExtractor' from project 'BrowserProfileLight')
/Users/admin/builder/spi-builder-workspace/Sources/AutofillExtractor/Constants.swift:96:42: error: 'homeDirectoryForCurrentUser' is unavailable in watchOS
 94 | /// Chromium browser data directories on macOS
 95 | let browserPaths: [(name: String, path: URL)] = {
 96 |     let appSupport = FileManager.default.homeDirectoryForCurrentUser
    |                                          `- error: 'homeDirectoryForCurrentUser' is unavailable in watchOS
 97 |         .appendingPathComponent("Library/Application Support")
 98 |     return [
/Applications/Xcode-27.0.0-Release.Candidate.app/Contents/Developer/Platforms/WatchOS.platform/Developer/SDKs/WatchOS27.0.sdk/System/Library/Frameworks/Foundation.framework/Headers/NSFileManager.h:1004:35: note: 'homeDirectoryForCurrentUser' has been explicitly marked unavailable here
1002 |
1003 | /// The home directory for the current user.
1004 | @property (readonly, copy) NSURL *homeDirectoryForCurrentUser API_AVAILABLE(macosx(10.12)) API_UNAVAILABLE(ios, watchos, tvos);
     |                                   `- note: 'homeDirectoryForCurrentUser' has been explicitly marked unavailable here
1005 | /// The temporary directory for the current user.
1006 | @property (readonly, copy) NSURL *temporaryDirectory API_AVAILABLE(macosx(10.12), ios(10.0), watchos(3.0), tvos(10.0));
/Users/admin/builder/spi-builder-workspace/Sources/AutofillExtractor/Constants.swift:107:43: error: 'homeDirectoryForCurrentUser' is unavailable in watchOS
105 |
106 | /// Safari data directory
107 | let safariPath: URL = FileManager.default.homeDirectoryForCurrentUser
    |                                           `- error: 'homeDirectoryForCurrentUser' is unavailable in watchOS
108 |     .appendingPathComponent("Library/Safari")
109 |
/Applications/Xcode-27.0.0-Release.Candidate.app/Contents/Developer/Platforms/WatchOS.platform/Developer/SDKs/WatchOS27.0.sdk/System/Library/Frameworks/Foundation.framework/Headers/NSFileManager.h:1004:35: note: 'homeDirectoryForCurrentUser' has been explicitly marked unavailable here
1002 |
1003 | /// The home directory for the current user.
1004 | @property (readonly, copy) NSURL *homeDirectoryForCurrentUser API_AVAILABLE(macosx(10.12)) API_UNAVAILABLE(ios, watchos, tvos);
     |                                   `- note: 'homeDirectoryForCurrentUser' has been explicitly marked unavailable here
1005 | /// The temporary directory for the current user.
1006 | @property (readonly, copy) NSURL *temporaryDirectory API_AVAILABLE(macosx(10.12), ios(10.0), watchos(3.0), tvos(10.0));
/Users/admin/builder/spi-builder-workspace/Sources/AutofillExtractor/Constants.swift:111:44: error: 'homeDirectoryForCurrentUser' is unavailable in watchOS
109 |
110 | /// Firefox profiles directory
111 | let firefoxPath: URL = FileManager.default.homeDirectoryForCurrentUser
    |                                            `- error: 'homeDirectoryForCurrentUser' is unavailable in watchOS
112 |     .appendingPathComponent("Library/Application Support/Firefox/Profiles")
113 |
/Applications/Xcode-27.0.0-Release.Candidate.app/Contents/Developer/Platforms/WatchOS.platform/Developer/SDKs/WatchOS27.0.sdk/System/Library/Frameworks/Foundation.framework/Headers/NSFileManager.h:1004:35: note: 'homeDirectoryForCurrentUser' has been explicitly marked unavailable here
1002 |
1003 | /// The home directory for the current user.
1004 | @property (readonly, copy) NSURL *homeDirectoryForCurrentUser API_AVAILABLE(macosx(10.12)) API_UNAVAILABLE(ios, watchos, tvos);
     |                                   `- note: 'homeDirectoryForCurrentUser' has been explicitly marked unavailable here
1005 | /// The temporary directory for the current user.
1006 | @property (readonly, copy) NSURL *temporaryDirectory API_AVAILABLE(macosx(10.12), ios(10.0), watchos(3.0), tvos(10.0));
Failed frontend command:
/Applications/Xcode-27.0.0-Release.Candidate.app/Contents/Developer/Toolchains/XcodeDefault.xctoolchain/usr/bin/swift-frontend -frontend -emit-module -experimental-skip-non-inlinable-function-bodies-without-types /Users/admin/builder/spi-builder-workspace/Sources/AutofillExtractor/AutofillExtractor.swift /Users/admin/builder/spi-builder-workspace/Sources/AutofillExtractor/BookmarksExtractor.swift /Users/admin/builder/spi-builder-workspace/Sources/AutofillExtractor/Constants.swift /Users/admin/builder/spi-builder-workspace/Sources/AutofillExtractor/Helpers.swift /Users/admin/builder/spi-builder-workspace/Sources/AutofillExtractor/HistoryExtractor.swift /Users/admin/builder/spi-builder-workspace/Sources/AutofillExtractor/LoginsExtractor.swift /Users/admin/builder/spi-builder-workspace/Sources/AutofillExtractor/Models.swift /Users/admin/builder/spi-builder-workspace/Sources/AutofillExtractor/ProfileDatabase.swift /Users/admin/builder/spi-builder-workspace/Sources/AutofillExtractor/SQLite.swift -target arm64-apple-watchos9.0 -disable-cross-import-overlay-search -load-resolved-plugin /Applications/Xcode-27.0.0-Release.Candidate.app/Contents/Developer/Platforms/WatchOS.platform/Developer/usr/lib/swift/host/plugins/libFoundationMacros.dylib\#/Applications/Xcode-27.0.0-Release.Candidate.app/Contents/Developer/Platforms/WatchOS.platform/Developer/usr/bin/swift-plugin-server\#FoundationMacros -load-resolved-plugin /Applications/Xcode-27.0.0-Release.Candidate.app/Contents/Developer/Platforms/WatchOS.platform/Developer/usr/lib/swift/host/plugins/libObservationMacros.dylib\#/Applications/Xcode-27.0.0-Release.Candidate.app/Contents/Developer/Platforms/WatchOS.platform/Developer/usr/bin/swift-plugin-server\#ObservationMacros -load-resolved-plugin /Applications/Xcode-27.0.0-Release.Candidate.app/Contents/Developer/Platforms/WatchOS.platform/Developer/usr/lib/swift/host/plugins/libSwiftMacros.dylib\#/Applications/Xcode-27.0.0-Release.Candidate.app/Contents/Developer/Platforms/WatchOS.platform/Developer/usr/bin/swift-plugin-server\#SwiftMacros -disable-implicit-swift-modules -Xcc -fno-implicit-modules -Xcc -fno-implicit-module-maps -explicit-swift-module-map-file /Users/admin/builder/spi-builder-workspace/.derivedData/Build/Intermediates.noindex/BrowserProfileLight.build/Debug-watchos/AutofillExtractor-t.build/Objects-normal/arm64/AutofillExtractor-dependencies-1.json -Xllvm -aarch64-use-tbi -enable-objc-interop -stack-check -sdk /Applications/Xcode-27.0.0-Release.Candidate.app/Contents/Developer/Platforms/WatchOS.platform/Developer/SDKs/WatchOS27.0.sdk -I /Users/admin/builder/spi-builder-workspace/.derivedData/Build/Products/Debug-watchos -Isystem /Applications/Xcode-27.0.0-Release.Candidate.app/Contents/Developer/Platforms/WatchOS.platform/Developer/usr/lib -F /Users/admin/builder/spi-builder-workspace/.derivedData/Build/Products/Debug-watchos -F /Applications/Xcode-27.0.0-Release.Candidate.app/Contents/Developer/Platforms/WatchOS.platform/Developer/Library/Frameworks -F /Applications/Xcode-27.0.0-Release.Candidate.app/Contents/Developer/Platforms/WatchOS.platform/Developer/SDKs/WatchOS27.0.sdk/Developer/Library/Frameworks -module-cache-path /Users/admin/builder/spi-builder-workspace/.derivedData/Build/Intermediates.noindex/SwiftExplicitPrecompiledModules -no-color-diagnostics -Xcc -fno-color-diagnostics -enable-testing -g -debug-info-format\=dwarf -dwarf-version\=4 -profile-generate -profile-coverage-mapping -swift-version 5 -Onone -D SWIFT_PACKAGE -D DEBUG -D SWIFT_MODULE_RESOURCE_BUNDLE_UNAVAILABLE -D Xcode -serialize-debugging-options -enable-experimental-feature DebugDescriptionMacro -empty-abi-descriptor -validate-clang-modules-once -clang-build-session-file /Users/admin/builder/spi-builder-workspace/.derivedData/ModuleCache.noindex/Session.modulevalidation -Xcc -working-directory -Xcc /Users/admin/builder/spi-builder-workspace/.swiftpm/xcode -enable-anonymous-context-mangled-names -file-compilation-dir /Users/admin/builder/spi-builder-workspace/.swiftpm/xcode -Xcc -D_LIBCPP_HARDENING_MODE\=_LIBCPP_HARDENING_MODE_DEBUG -Xcc -ivfsstatcache -Xcc /Users/admin/builder/spi-builder-workspace/.derivedData/SDKStatCaches.noindex/watchos27.0-24R360-e829b21a6f8c9b70876ba0858053c04477534ef55a1706bf4c1112bbb242f0a2.sdkstatcache -Xcc -fmodules-prune-interval\=86400 -Xcc -fmodules-prune-after\=345600 -Xcc -I/Users/admin/builder/spi-builder-workspace/.derivedData/Build/Products/Debug-watchos/include -Xcc -I/Users/admin/builder/spi-builder-workspace/.derivedData/Build/Intermediates.noindex/BrowserProfileLight.build/Debug-watchos/AutofillExtractor-t.build/DerivedSources-normal/arm64 -Xcc -I/Users/admin/builder/spi-builder-workspace/.derivedData/Build/Intermediates.noindex/BrowserProfileLight.build/Debug-watchos/AutofillExtractor-t.build/DerivedSources/arm64 -Xcc -I/Users/admin/builder/spi-builder-workspace/.derivedData/Build/Intermediates.noindex/BrowserProfileLight.build/Debug-watchos/AutofillExtractor-t.build/DerivedSources -Xcc -DSWIFT_PACKAGE -Xcc -DDEBUG\=1 -no-auto-bridging-header-chaining -module-name AutofillExtractor -package-name spi_builder_workspace -const-gather-protocols-file /Users/admin/builder/spi-builder-workspace/.derivedData/Build/Intermediates.noindex/BrowserProfileLight.build/Debug-watchos/AutofillExtractor-t.build/Objects-normal/arm64/AutofillExtractor_const_extract_protocols.json -disable-clang-spi -clang-target arm64-apple-watchos27.0 -target-sdk-version 27.0 -target-sdk-name watchos27.0 -in-process-plugin-server-path /Applications/Xcode-27.0.0-Release.Candidate.app/Contents/Developer/Toolchains/XcodeDefault.xctoolchain/usr/lib/swift/host/libSwiftInProcPluginServer.dylib -emit-module-doc-path /Users/admin/builder/spi-builder-workspace/.derivedData/Build/Intermediates.noindex/BrowserProfileLight.build/Debug-watchos/AutofillExtractor-t.build/Objects-normal/arm64/AutofillExtractor.swiftdoc -emit-module-source-info-path /Users/admin/builder/spi-builder-workspace/.derivedData/Build/Intermediates.noindex/BrowserProfileLight.build/Debug-watchos/AutofillExtractor-t.build/Objects-normal/arm64/AutofillExtractor.swiftsourceinfo -emit-objc-header-path /Users/admin/builder/spi-builder-workspace/.derivedData/Build/Intermediates.noindex/BrowserProfileLight.build/Debug-watchos/AutofillExtractor-t.build/Objects-normal/arm64/AutofillExtractor-Swift.h -serialize-diagnostics-path /Users/admin/builder/spi-builder-workspace/.derivedData/Build/Intermediates.noindex/BrowserProfileLight.build/Debug-watchos/AutofillExtractor-t.build/Objects-normal/arm64/AutofillExtractor-primary-emit-module.dia -emit-dependencies-path /Users/admin/builder/spi-builder-workspace/.derivedData/Build/Intermediates.noindex/BrowserProfileLight.build/Debug-watchos/AutofillExtractor-t.build/Objects-normal/arm64/AutofillExtractor-primary-emit-module.d -parse-as-library -o /Users/admin/builder/spi-builder-workspace/.derivedData/Build/Intermediates.noindex/BrowserProfileLight.build/Debug-watchos/AutofillExtractor-t.build/Objects-normal/arm64/AutofillExtractor.swiftmodule -emit-abi-descriptor-path /Users/admin/builder/spi-builder-workspace/.derivedData/Build/Intermediates.noindex/BrowserProfileLight.build/Debug-watchos/AutofillExtractor-t.build/Objects-normal/arm64/AutofillExtractor.abi.json
SwiftCompile normal arm64 (in target 'AutofillExtractor' from project 'BrowserProfileLight')
    cd /Users/admin/builder/spi-builder-workspace/.swiftpm/xcode

SwiftCompile normal arm64 Compiling\ LoginsExtractor.swift /Users/admin/builder/spi-builder-workspace/Sources/AutofillExtractor/LoginsExtractor.swift (in target 'AutofillExtractor' from project 'BrowserProfileLight')
SwiftCompile normal arm64 /Users/admin/builder/spi-builder-workspace/Sources/AutofillExtractor/LoginsExtractor.swift (in target 'AutofillExtractor' from project 'BrowserProfileLight')
    cd /Users/admin/builder/spi-builder-workspace/.swiftpm/xcode
    builtin-SwiftPerFileCompile LoginsExtractor.swift
SwiftCompile normal arm64 Compiling\ Constants.swift /Users/admin/builder/spi-builder-workspace/Sources/AutofillExtractor/Constants.swift (in target 'AutofillExtractor' from project 'BrowserProfileLight')
SwiftCompile normal arm64 /Users/admin/builder/spi-builder-workspace/Sources/AutofillExtractor/Constants.swift (in target 'AutofillExtractor' from project 'BrowserProfileLight')
    cd /Users/admin/builder/spi-builder-workspace/.swiftpm/xcode
    builtin-SwiftPerFileCompile Constants.swift
PruneExplicitPrecompiledModules /Users/admin/builder/spi-builder-workspace/.derivedData/Build/Intermediates.noindex/SwiftExplicitPrecompiledModules
PruneExplicitPrecompiledModules /Users/admin/builder/spi-builder-workspace/.derivedData/Build/Intermediates.noindex/ExplicitPrecompiledModules
PruneExplicitPrecompiledModules /Users/admin/builder/spi-builder-workspace/.derivedData/SDKExplicitPrecompiledModules
2026-09-24 08:53:46.148 xcodebuild[736:4523] [MT] IDERunDestination: Supported platforms for the buildables in the current scheme is empty.
** BUILD FAILED **
The following build commands failed:
	SwiftCompile normal arm64_32 (in target 'AutofillExtractor' from project 'BrowserProfileLight')
	SwiftEmitModule normal arm64_32 Emitting\ module\ for\ AutofillExtractor (in target 'AutofillExtractor' from project 'BrowserProfileLight')
	SwiftEmitModule normal arm64 Emitting\ module\ for\ AutofillExtractor (in target 'AutofillExtractor' from project 'BrowserProfileLight')
	SwiftCompile normal arm64 (in target 'AutofillExtractor' from project 'BrowserProfileLight')
	Building workspace BrowserProfileLight with scheme BrowserProfileLight-Package
(5 failures)
BUILD FAILURE 6.4 watchOS