The Swift Package Index logo.Swift Package Index

Build Information

Failed to build swift-loggable, reference main (773a9d), with Swift 6.4 for Linux on 22 Sep 2026 17:20:20 UTC.

Build Command

bash -c docker run --pull=always --rm -v "checkouts-53886769-0":/host -w "$PWD" -e JAVA_HOME="/root/.sdkman/candidates/java/current" -e SPI_BUILD="1" -e SPI_PROCESSING="1" registry.gitlab.com/saguaro1/spi-images:basic-6.4-latest swift build --triple x86_64-unknown-linux-gnu 2>&1

Build Log

========================================
RunAll
========================================
Builder version: 5.1.0
Interrupt handler set up.
========================================
Checkout
========================================
Clone URL: https://github.com/23122K/swift-loggable.git
Reference: main
Initialized empty Git repository in /host/spi-builder-workspace/.git/
hint: Using 'master' as the name for the initial branch. This default branch name
hint: is subject to change. To configure the initial branch name to use in all
hint: of your new repositories, which will suppress this warning, call:
hint:
hint: 	git config --global init.defaultBranch <name>
hint:
hint: Names commonly chosen instead of 'master' are 'main', 'trunk' and
hint: 'development'. The just-created branch can be renamed via this command:
hint:
hint: 	git branch -m <name>
From https://github.com/23122K/swift-loggable
 * branch            main       -> FETCH_HEAD
 * [new branch]      main       -> origin/main
HEAD is now at 773a9d0 Add Loggable target documentation, minor fixes (#14)
Cloned https://github.com/23122K/swift-loggable.git
Revision (git rev-parse @):
773a9d085cb13246bbf7f9227349aa13752d717c
SPI manifest file found: $PWD/.spi.yml
SUCCESS checkout https://github.com/23122K/swift-loggable.git at main
========================================
Build
========================================
Selected platform:         linux
Swift version:             6.4
Building package at path:  $PWD
https://github.com/23122K/swift-loggable.git
Running build ...
bash -c docker run --pull=always --rm -v "checkouts-53886769-0":/host -w "$PWD" -e JAVA_HOME="/root/.sdkman/candidates/java/current" -e SPI_BUILD="1" -e SPI_PROCESSING="1" registry.gitlab.com/saguaro1/spi-images:basic-6.4-latest swift build --triple x86_64-unknown-linux-gnu 2>&1
basic-6.4-latest: Pulling from saguaro1/spi-images
Digest: sha256:c77fcce225e223ac0fafed844619173fc6de8d62dd560eeb28db3182af6a282b
Status: Image is up to date for registry.gitlab.com/saguaro1/spi-images:basic-6.4-latest
Fetching https://github.com/swiftlang/swift-docc-plugin
Fetching https://github.com/swiftlang/swift-syntax.git
Fetching https://github.com/pointfreeco/swift-macro-testing.git
[1/1002] Fetching swift-macro-testing
[362/3347] Fetching swift-macro-testing, swift-docc-plugin
Fetched https://github.com/pointfreeco/swift-macro-testing.git (0.59s)
Fetched https://github.com/swiftlang/swift-docc-plugin (0.59s)
[1/80007] Fetching swift-syntax
Fetched https://github.com/swiftlang/swift-syntax.git (2.98s)
Computing version for https://github.com/swiftlang/swift-docc-plugin
Computed https://github.com/swiftlang/swift-docc-plugin at 1.5.0 (4.07s)
Fetching https://github.com/swiftlang/swift-docc-symbolkit
[1/3829] Fetching swift-docc-symbolkit
Fetched https://github.com/swiftlang/swift-docc-symbolkit (0.59s)
Computing version for https://github.com/swiftlang/swift-docc-symbolkit
Computed https://github.com/swiftlang/swift-docc-symbolkit at 1.0.0 (0.82s)
Computing version for https://github.com/pointfreeco/swift-macro-testing.git
Computed https://github.com/pointfreeco/swift-macro-testing.git at 0.7.0 (0.15s)
Fetching https://github.com/pointfreeco/swift-snapshot-testing
[1/16474] Fetching swift-snapshot-testing
Fetched https://github.com/pointfreeco/swift-snapshot-testing (2.18s)
Computing version for https://github.com/pointfreeco/swift-snapshot-testing
Computed https://github.com/pointfreeco/swift-snapshot-testing at 1.19.6 (2.36s)
Fetching https://github.com/pointfreeco/swift-custom-dump
[1/5666] Fetching swift-custom-dump
Fetched https://github.com/pointfreeco/swift-custom-dump (0.55s)
Computing version for https://github.com/pointfreeco/swift-custom-dump
Computed https://github.com/pointfreeco/swift-custom-dump at 1.7.3 (0.73s)
Fetching https://github.com/pointfreeco/swift-issue-reporting
[1/6142] Fetching swift-issue-reporting
Fetched https://github.com/pointfreeco/swift-issue-reporting (0.90s)
Computing version for https://github.com/pointfreeco/swift-issue-reporting
Computed https://github.com/pointfreeco/swift-issue-reporting at 2.1.0 (2.00s)
Computing version for https://github.com/swiftlang/swift-syntax.git
Computed https://github.com/swiftlang/swift-syntax.git at 600.0.1 (0.29s)
Creating working copy for https://github.com/pointfreeco/swift-issue-reporting
Working copy of https://github.com/pointfreeco/swift-issue-reporting resolved at 2.1.0
Creating working copy for https://github.com/swiftlang/swift-docc-plugin
Working copy of https://github.com/swiftlang/swift-docc-plugin resolved at 1.5.0
Creating working copy for https://github.com/pointfreeco/swift-snapshot-testing
Working copy of https://github.com/pointfreeco/swift-snapshot-testing resolved at 1.19.6
Creating working copy for https://github.com/pointfreeco/swift-macro-testing.git
Working copy of https://github.com/pointfreeco/swift-macro-testing.git resolved at 0.7.0
Creating working copy for https://github.com/pointfreeco/swift-custom-dump
Working copy of https://github.com/pointfreeco/swift-custom-dump resolved at 1.7.3
Creating working copy for https://github.com/swiftlang/swift-syntax.git
Working copy of https://github.com/swiftlang/swift-syntax.git resolved at 600.0.1
Creating working copy for https://github.com/swiftlang/swift-docc-symbolkit
Working copy of https://github.com/swiftlang/swift-docc-symbolkit resolved at 1.0.0
Building for debugging...
[Computing dependencies]
[Constructing description]
[Pre-planning 1 / 533]
[Planning deferred tasks]
[36 / 220] SwiftSyntax600
[131 / 230] SwiftSyntax
[137 / 239] SwiftSyntax
[145 / 241] SwiftSyntax
[147 / 242] SwiftSyntax509
[149 / 242] SwiftSyntax
[161 / 269] SwiftDiagnostics
[164 / 269] SwiftBasicFormat
[175 / 269] SwiftParser
[177 / 269] SwiftParser
[180 / 269] SwiftParser
[184 / 269] SwiftParser
[186 / 269] SwiftDiagnostics
[187 / 269] SwiftDiagnostics
[189 / 269] SwiftOperators
[191 / 269] SwiftDiagnostics
[192 / 269] SwiftDiagnostics
[196 / 270] SwiftBasicFormat
[198 / 270] SwiftBasicFormat
[201 / 281] SwiftOperators
[204 / 291] SwiftOperators
[205 / 291] SwiftParserDiagnostics
[207 / 291] SwiftParserDiagnostics
[216 / 291] SwiftSyntaxBuilder
[218 / 291] SwiftParserDiagnostics
[223 / 292] SwiftOperators
[224 / 292] SwiftParser
[226 / 292] SwiftOperators
[229 / 292] SwiftOperators
[230 / 292] SwiftOperators
[236 / 302] SwiftSyntaxBuilder
[237 / 302] SwiftSyntaxBuilder
[238 / 303] SwiftSyntaxBuilder
[241 / 303] SwiftSyntaxBuilder
[247 / 303] SwiftSyntaxBuilder
[252 / 313] SwiftSyntaxMacros
[253 / 314] SwiftSyntaxMacros
[258 / 314] SwiftSyntaxMacros
[266 / 317] SwiftSyntaxMacroExpansion
[274 / 325] SwiftSyntaxMacroExpansion
[275 / 326] SwiftSyntaxMacros
[279 / 326] SwiftSyntaxMacroExpansion
[289 / 336] SwiftCompilerPluginMessageHandling
[291 / 336] SwiftCompilerPluginMessageHandling
[295 / 336] SwiftCompilerPluginMessageHandling
[299 / 336] SwiftCompilerPluginMessageHandling
[300 / 336] SwiftCompilerPlugin
[303 / 339] SwiftSyntaxMacroExpansion
[310 / 341] SwiftCompilerPlugin
[312 / 341] SwiftCompilerPluginMessageHandling
[314 / 342] SwiftSyntax
[317 / 343] SwiftSyntax
[323 / 343] SwiftSyntaxBuilder
[332 / 344] LoggableMacro
error: SwiftCompile normal x86_64 /host/spi-builder-workspace/Sources/LoggableMacro/Extensions/TokenSyntax.swift failed with a nonzero exit code. Command line:     cd /host
    builtin-SwiftPerFileCompile TokenSyntax.swift
/host/spi-builder-workspace/Sources/LoggableMacro/Extensions/TokenSyntax.swift:39:13: error: expected name in member access
 37 |     var identifier: TokenSyntax {
 38 |       switch self {
 39 |       case ._:
    |             |- error: expected name in member access
    |             `- note: insert name
 40 |         return TokenSyntax.identifier("_")
 41 |
/host/spi-builder-workspace/Sources/LoggableMacro/Extensions/TokenSyntax.swift:39:13: error: unexpected code '_' in switch case
 37 |     var identifier: TokenSyntax {
 38 |       switch self {
 39 |       case ._:
    |             `- error: unexpected code '_' in switch case
 40 |         return TokenSyntax.identifier("_")
 41 |
/host/spi-builder-workspace/Sources/LoggableMacro/Extensions/TokenSyntax.swift:1:1: error: new Swift parser generated errors for code that C++ parser accepted
  1 | import SwiftSyntax
    | `- error: new Swift parser generated errors for code that C++ parser accepted
  2 |
  3 | extension TokenSyntax {
Failed frontend command:
/usr/bin/swift-frontend -frontend -c /host/spi-builder-workspace/Sources/LoggableMacro/Extensions/AbstractSourceLocation.swift /host/spi-builder-workspace/Sources/LoggableMacro/Extensions/AttributeListSyntaxElement.swift /host/spi-builder-workspace/Sources/LoggableMacro/Extensions/AttributeSyntax.swift /host/spi-builder-workspace/Sources/LoggableMacro/Extensions/AwaitExprSyntax.swift /host/spi-builder-workspace/Sources/LoggableMacro/Extensions/CodeBlockItemSyntax.swift /host/spi-builder-workspace/Sources/LoggableMacro/Extensions/DeclGroupSyntax.swift /host/spi-builder-workspace/Sources/LoggableMacro/Extensions/DiagnosticMessage.swift /host/spi-builder-workspace/Sources/LoggableMacro/Extensions/FreestandingMacroExpansionSyntax.swift -primary-file /host/spi-builder-workspace/Sources/LoggableMacro/Extensions/StringLiteralExprSyntax.swift -primary-file /host/spi-builder-workspace/Sources/LoggableMacro/Extensions/TokenKind.swift -primary-file /host/spi-builder-workspace/Sources/LoggableMacro/Extensions/TokenSyntax.swift /host/spi-builder-workspace/Sources/LoggableMacro/Extensions/TryExprSyntax.swift /host/spi-builder-workspace/Sources/LoggableMacro/FunctionSyntax.swift /host/spi-builder-workspace/Sources/LoggableMacro/Macros/LevelMacro.swift /host/spi-builder-workspace/Sources/LoggableMacro/Macros/LogMacro.swift /host/spi-builder-workspace/Sources/LoggableMacro/Macros/LoggableAttributeMacro.swift /host/spi-builder-workspace/Sources/LoggableMacro/Macros/LoggableMacro.swift /host/spi-builder-workspace/Sources/LoggableMacro/Macros/LoggedMacro.swift /host/spi-builder-workspace/Sources/LoggableMacro/Macros/OSLogMacro.swift /host/spi-builder-workspace/Sources/LoggableMacro/Macros/OSLoggedMacro.swift /host/spi-builder-workspace/Sources/LoggableMacro/Macros/OSLoggerMacro.swift /host/spi-builder-workspace/Sources/LoggableMacro/Macros/OmitMacro.swift /host/spi-builder-workspace/Sources/LoggableMacro/Macros/TagMacro.swift /host/spi-builder-workspace/Sources/LoggableMacro/Macros/TraitMacro.swift /host/spi-builder-workspace/Sources/LoggableMacro/Plugin.swift /host/spi-builder-workspace/Sources/LoggableMacro/ResultBuilder.swift -supplementary-output-file-map /host/spi-builder-workspace/.build/out/Intermediates.noindex/swift-loggable.build/Debug-linux-x86_64/LoggableMacro-t.build/Objects-normal/x86_64/supplementaryOutputs-21 -target x86_64-unknown-linux-gnu -disable-objc-interop -I /host/spi-builder-workspace/.build/out/Products/Debug-linux-x86_64 -module-cache-path /host/spi-builder-workspace/.build/out/ModuleCache.noindex -color-diagnostics -Xcc -fcolor-diagnostics -enable-testing -g -debug-info-format\=dwarf -dwarf-version\=4 -swift-version 6 -Onone -D SWIFT_PACKAGE -D DEBUG -D Xcode -serialize-debugging-options -enable-experimental-feature DebugDescriptionMacro -empty-abi-descriptor -external-plugin-path /usr/lib/swift/host/plugins/testing\#/usr/bin/swift-plugin-server -validate-clang-modules-once -clang-build-session-file /host/spi-builder-workspace/.build/out/ModuleCache.noindex/Session.modulevalidation -Xcc -working-directory -Xcc /host -enable-anonymous-context-mangled-names -file-compilation-dir /host -Xcc -fmodule-map-file\=/host/spi-builder-workspace/.build/checkouts/swift-syntax/Sources/_SwiftSyntaxCShims/include/module.modulemap -Xcc -fno-omit-frame-pointer -Xcc -D_LIBCPP_HARDENING_MODE\=_LIBCPP_HARDENING_MODE_DEBUG -Xcc -fmodules-prune-interval\=86400 -Xcc -fmodules-prune-after\=345600 -Xcc -I/host/spi-builder-workspace/.build/checkouts/swift-syntax/Sources/_SwiftSyntaxCShims/include -Xcc -I/host/spi-builder-workspace/.build/out/Products/Debug-linux-x86_64/include -Xcc -I/host/spi-builder-workspace/.build/out/Intermediates.noindex/swift-loggable.build/Debug-linux-x86_64/LoggableMacro-t.build/DerivedSources-normal/x86_64 -Xcc -I/host/spi-builder-workspace/.build/out/Intermediates.noindex/swift-loggable.build/Debug-linux-x86_64/LoggableMacro-t.build/DerivedSources/x86_64 -Xcc -I/host/spi-builder-workspace/.build/out/Intermediates.noindex/swift-loggable.build/Debug-linux-x86_64/LoggableMacro-t.build/DerivedSources -Xcc -DSWIFT_PACKAGE -Xcc -DDEBUG\=1 -no-auto-bridging-header-chaining -module-name LoggableMacro -package-name spi_builder_workspace -const-gather-protocols-file /host/spi-builder-workspace/.build/out/Intermediates.noindex/swift-loggable.build/Debug-linux-x86_64/LoggableMacro-t.build/Objects-normal/x86_64/LoggableMacro_const_extract_protocols.json -in-process-plugin-server-path /usr/lib/swift/host/libSwiftInProcPluginServer.so -plugin-path /usr/lib/swift/host/plugins -plugin-path /usr/local/lib/swift/host/plugins -parse-as-library -o /host/spi-builder-workspace/.build/out/Intermediates.noindex/swift-loggable.build/Debug-linux-x86_64/LoggableMacro-t.build/Objects-normal/x86_64/StringLiteralExprSyntax.o -o /host/spi-builder-workspace/.build/out/Intermediates.noindex/swift-loggable.build/Debug-linux-x86_64/LoggableMacro-t.build/Objects-normal/x86_64/TokenKind.o -o /host/spi-builder-workspace/.build/out/Intermediates.noindex/swift-loggable.build/Debug-linux-x86_64/LoggableMacro-t.build/Objects-normal/x86_64/TokenSyntax.o -index-unit-output-path /swift-loggable.build/Debug-linux-x86_64/LoggableMacro-t.build/Objects-normal/x86_64/StringLiteralExprSyntax.o -index-unit-output-path /swift-loggable.build/Debug-linux-x86_64/LoggableMacro-t.build/Objects-normal/x86_64/TokenKind.o -index-unit-output-path /swift-loggable.build/Debug-linux-x86_64/LoggableMacro-t.build/Objects-normal/x86_64/TokenSyntax.o -index-store-path /host/spi-builder-workspace/.build/out -index-system-modules
error: Build failed
BUILD FAILURE 6.4 linux