Build Information
Failed to build IDKit, reference main (917911), with Swift 6.3 for Android on 4 Oct 2026 04:51:03 UTC.
Build Command
bash -c docker run --pull=always --rm -v "checkouts-54344843-1":/host -w "$PWD" -e JAVA_HOME="/root/.sdkman/candidates/java/current" -e SPI_BUILD="1" -e SPI_PROCESSING="1" registry.gitlab.com/saguaro1/spi-images:android-6.3-latest swift build --swift-sdk aarch64-unknown-linux-android28 2>&1Build Log
158 | // analogous to the Rust trait of the same name.
159 | fileprivate protocol FfiConverter {
160 | associatedtype FfiType
| `- note: protocol requires nested type 'FfiType'
161 | associatedtype SwiftType
162 |
:
3443 | @_documentation(visibility: private)
3444 | #endif
3445 | public struct FfiConverterTypeAppError: FfiConverterRustBuffer {
| |- error: type 'FfiConverterTypeAppError' does not conform to protocol 'FfiConverter'
| `- note: add stubs for conformance
3446 | typealias SwiftType = AppError
3447 |
/host/spi-builder-workspace/Sources/IDKit/Generated/idkit_core.swift:3623:50: error: cannot find type 'RustBuffer' in scope
3621 | @_documentation(visibility: private)
3622 | #endif
3623 | public func FfiConverterTypeAppError_lift(_ buf: RustBuffer) throws -> AppError {
| `- error: cannot find type 'RustBuffer' in scope
3624 | return try FfiConverterTypeAppError.lift(buf)
3625 | }
/host/spi-builder-workspace/Sources/IDKit/Generated/idkit_core.swift:3630:66: error: cannot find type 'RustBuffer' in scope
3628 | @_documentation(visibility: private)
3629 | #endif
3630 | public func FfiConverterTypeAppError_lower(_ value: AppError) -> RustBuffer {
| `- error: cannot find type 'RustBuffer' in scope
3631 | return FfiConverterTypeAppError.lower(value)
3632 | }
/host/spi-builder-workspace/Sources/IDKit/Generated/idkit_core.swift:3665:15: error: type 'FfiConverterTypeConnectUrlMode' does not conform to protocol 'FfiConverter'
158 | // analogous to the Rust trait of the same name.
159 | fileprivate protocol FfiConverter {
160 | associatedtype FfiType
| `- note: protocol requires nested type 'FfiType'
161 | associatedtype SwiftType
162 |
:
3663 | @_documentation(visibility: private)
3664 | #endif
3665 | public struct FfiConverterTypeConnectUrlMode: FfiConverterRustBuffer {
| |- error: type 'FfiConverterTypeConnectUrlMode' does not conform to protocol 'FfiConverter'
| `- note: add stubs for conformance
3666 | typealias SwiftType = ConnectUrlMode
3667 |
/host/spi-builder-workspace/Sources/IDKit/Generated/idkit_core.swift:3699:56: error: cannot find type 'RustBuffer' in scope
3697 | @_documentation(visibility: private)
3698 | #endif
3699 | public func FfiConverterTypeConnectUrlMode_lift(_ buf: RustBuffer) throws -> ConnectUrlMode {
| `- error: cannot find type 'RustBuffer' in scope
3700 | return try FfiConverterTypeConnectUrlMode.lift(buf)
3701 | }
/host/spi-builder-workspace/Sources/IDKit/Generated/idkit_core.swift:3706:78: error: cannot find type 'RustBuffer' in scope
3704 | @_documentation(visibility: private)
3705 | #endif
3706 | public func FfiConverterTypeConnectUrlMode_lower(_ value: ConnectUrlMode) -> RustBuffer {
| `- error: cannot find type 'RustBuffer' in scope
3707 | return FfiConverterTypeConnectUrlMode.lower(value)
3708 | }
/host/spi-builder-workspace/Sources/IDKit/Generated/idkit_core.swift:3737:15: error: type 'FfiConverterTypeConstraintKindWrapper' does not conform to protocol 'FfiConverter'
158 | // analogous to the Rust trait of the same name.
159 | fileprivate protocol FfiConverter {
160 | associatedtype FfiType
| `- note: protocol requires nested type 'FfiType'
161 | associatedtype SwiftType
162 |
:
3735 | @_documentation(visibility: private)
3736 | #endif
3737 | public struct FfiConverterTypeConstraintKindWrapper: FfiConverterRustBuffer {
| |- error: type 'FfiConverterTypeConstraintKindWrapper' does not conform to protocol 'FfiConverter'
| `- note: add stubs for conformance
3738 | typealias SwiftType = ConstraintKindWrapper
3739 |
/host/spi-builder-workspace/Sources/IDKit/Generated/idkit_core.swift:3783:63: error: cannot find type 'RustBuffer' in scope
3781 | @_documentation(visibility: private)
3782 | #endif
3783 | public func FfiConverterTypeConstraintKindWrapper_lift(_ buf: RustBuffer) throws -> ConstraintKindWrapper {
| `- error: cannot find type 'RustBuffer' in scope
3784 | return try FfiConverterTypeConstraintKindWrapper.lift(buf)
3785 | }
/host/spi-builder-workspace/Sources/IDKit/Generated/idkit_core.swift:3790:92: error: cannot find type 'RustBuffer' in scope
3788 | @_documentation(visibility: private)
3789 | #endif
3790 | public func FfiConverterTypeConstraintKindWrapper_lower(_ value: ConstraintKindWrapper) -> RustBuffer {
| `- error: cannot find type 'RustBuffer' in scope
3791 | return FfiConverterTypeConstraintKindWrapper.lower(value)
3792 | }
/host/spi-builder-workspace/Sources/IDKit/Generated/idkit_core.swift:3833:15: error: type 'FfiConverterTypeCredentialType' does not conform to protocol 'FfiConverter'
158 | // analogous to the Rust trait of the same name.
159 | fileprivate protocol FfiConverter {
160 | associatedtype FfiType
| `- note: protocol requires nested type 'FfiType'
161 | associatedtype SwiftType
162 |
:
3831 | @_documentation(visibility: private)
3832 | #endif
3833 | public struct FfiConverterTypeCredentialType: FfiConverterRustBuffer {
| |- error: type 'FfiConverterTypeCredentialType' does not conform to protocol 'FfiConverter'
| `- note: add stubs for conformance
3834 | typealias SwiftType = CredentialType
3835 |
/host/spi-builder-workspace/Sources/IDKit/Generated/idkit_core.swift:3879:56: error: cannot find type 'RustBuffer' in scope
3877 | @_documentation(visibility: private)
3878 | #endif
3879 | public func FfiConverterTypeCredentialType_lift(_ buf: RustBuffer) throws -> CredentialType {
| `- error: cannot find type 'RustBuffer' in scope
3880 | return try FfiConverterTypeCredentialType.lift(buf)
3881 | }
/host/spi-builder-workspace/Sources/IDKit/Generated/idkit_core.swift:3886:78: error: cannot find type 'RustBuffer' in scope
3884 | @_documentation(visibility: private)
3885 | #endif
3886 | public func FfiConverterTypeCredentialType_lower(_ value: CredentialType) -> RustBuffer {
| `- error: cannot find type 'RustBuffer' in scope
3887 | return FfiConverterTypeCredentialType.lower(value)
3888 | }
/host/spi-builder-workspace/Sources/IDKit/Generated/idkit_core.swift:3925:15: error: type 'FfiConverterTypeDocumentType' does not conform to protocol 'FfiConverter'
158 | // analogous to the Rust trait of the same name.
159 | fileprivate protocol FfiConverter {
160 | associatedtype FfiType
| `- note: protocol requires nested type 'FfiType'
161 | associatedtype SwiftType
162 |
:
3923 | @_documentation(visibility: private)
3924 | #endif
3925 | public struct FfiConverterTypeDocumentType: FfiConverterRustBuffer {
| |- error: type 'FfiConverterTypeDocumentType' does not conform to protocol 'FfiConverter'
| `- note: add stubs for conformance
3926 | typealias SwiftType = DocumentType
3927 |
/host/spi-builder-workspace/Sources/IDKit/Generated/idkit_core.swift:3965:54: error: cannot find type 'RustBuffer' in scope
3963 | @_documentation(visibility: private)
3964 | #endif
3965 | public func FfiConverterTypeDocumentType_lift(_ buf: RustBuffer) throws -> DocumentType {
| `- error: cannot find type 'RustBuffer' in scope
3966 | return try FfiConverterTypeDocumentType.lift(buf)
3967 | }
/host/spi-builder-workspace/Sources/IDKit/Generated/idkit_core.swift:3972:74: error: cannot find type 'RustBuffer' in scope
3970 | @_documentation(visibility: private)
3971 | #endif
3972 | public func FfiConverterTypeDocumentType_lower(_ value: DocumentType) -> RustBuffer {
| `- error: cannot find type 'RustBuffer' in scope
3973 | return FfiConverterTypeDocumentType.lower(value)
3974 | }
/host/spi-builder-workspace/Sources/IDKit/Generated/idkit_core.swift:4002:15: error: type 'FfiConverterTypeEnvironment' does not conform to protocol 'FfiConverter'
158 | // analogous to the Rust trait of the same name.
159 | fileprivate protocol FfiConverter {
160 | associatedtype FfiType
| `- note: protocol requires nested type 'FfiType'
161 | associatedtype SwiftType
162 |
:
4000 | @_documentation(visibility: private)
4001 | #endif
4002 | public struct FfiConverterTypeEnvironment: FfiConverterRustBuffer {
| |- error: type 'FfiConverterTypeEnvironment' does not conform to protocol 'FfiConverter'
| `- note: add stubs for conformance
4003 | typealias SwiftType = Environment
4004 |
/host/spi-builder-workspace/Sources/IDKit/Generated/idkit_core.swift:4042:53: error: cannot find type 'RustBuffer' in scope
4040 | @_documentation(visibility: private)
4041 | #endif
4042 | public func FfiConverterTypeEnvironment_lift(_ buf: RustBuffer) throws -> Environment {
| `- error: cannot find type 'RustBuffer' in scope
4043 | return try FfiConverterTypeEnvironment.lift(buf)
4044 | }
/host/spi-builder-workspace/Sources/IDKit/Generated/idkit_core.swift:4049:72: error: cannot find type 'RustBuffer' in scope
4047 | @_documentation(visibility: private)
4048 | #endif
4049 | public func FfiConverterTypeEnvironment_lower(_ value: Environment) -> RustBuffer {
| `- error: cannot find type 'RustBuffer' in scope
4050 | return FfiConverterTypeEnvironment.lower(value)
4051 | }
/host/spi-builder-workspace/Sources/IDKit/Generated/idkit_core.swift:4112:15: error: type 'FfiConverterTypeIdentityAttribute' does not conform to protocol 'FfiConverter'
158 | // analogous to the Rust trait of the same name.
159 | fileprivate protocol FfiConverter {
160 | associatedtype FfiType
| `- note: protocol requires nested type 'FfiType'
161 | associatedtype SwiftType
162 |
:
4110 | @_documentation(visibility: private)
4111 | #endif
4112 | public struct FfiConverterTypeIdentityAttribute: FfiConverterRustBuffer {
| |- error: type 'FfiConverterTypeIdentityAttribute' does not conform to protocol 'FfiConverter'
| `- note: add stubs for conformance
4113 | typealias SwiftType = IdentityAttribute
4114 |
/host/spi-builder-workspace/Sources/IDKit/Generated/idkit_core.swift:4182:59: error: cannot find type 'RustBuffer' in scope
4180 | @_documentation(visibility: private)
4181 | #endif
4182 | public func FfiConverterTypeIdentityAttribute_lift(_ buf: RustBuffer) throws -> IdentityAttribute {
| `- error: cannot find type 'RustBuffer' in scope
4183 | return try FfiConverterTypeIdentityAttribute.lift(buf)
4184 | }
/host/spi-builder-workspace/Sources/IDKit/Generated/idkit_core.swift:4189:84: error: cannot find type 'RustBuffer' in scope
4187 | @_documentation(visibility: private)
4188 | #endif
4189 | public func FfiConverterTypeIdentityAttribute_lower(_ value: IdentityAttribute) -> RustBuffer {
| `- error: cannot find type 'RustBuffer' in scope
4190 | return FfiConverterTypeIdentityAttribute.lower(value)
4191 | }
/host/spi-builder-workspace/Sources/IDKit/Generated/idkit_core.swift:4270:15: error: type 'FfiConverterTypeIdkitError' does not conform to protocol 'FfiConverter'
158 | // analogous to the Rust trait of the same name.
159 | fileprivate protocol FfiConverter {
160 | associatedtype FfiType
| `- note: protocol requires nested type 'FfiType'
161 | associatedtype SwiftType
162 |
:
4268 | @_documentation(visibility: private)
4269 | #endif
4270 | public struct FfiConverterTypeIdkitError: FfiConverterRustBuffer {
| |- error: type 'FfiConverterTypeIdkitError' does not conform to protocol 'FfiConverter'
| `- note: add stubs for conformance
4271 | typealias SwiftType = IdkitError
4272 |
/host/spi-builder-workspace/Sources/IDKit/Generated/idkit_core.swift:4378:52: error: cannot find type 'RustBuffer' in scope
4376 | @_documentation(visibility: private)
4377 | #endif
4378 | public func FfiConverterTypeIdkitError_lift(_ buf: RustBuffer) throws -> IdkitError {
| `- error: cannot find type 'RustBuffer' in scope
4379 | return try FfiConverterTypeIdkitError.lift(buf)
4380 | }
/host/spi-builder-workspace/Sources/IDKit/Generated/idkit_core.swift:4385:70: error: cannot find type 'RustBuffer' in scope
4383 | @_documentation(visibility: private)
4384 | #endif
4385 | public func FfiConverterTypeIdkitError_lower(_ value: IdkitError) -> RustBuffer {
| `- error: cannot find type 'RustBuffer' in scope
4386 | return FfiConverterTypeIdkitError.lower(value)
4387 | }
/host/spi-builder-workspace/Sources/IDKit/Generated/idkit_core.swift:4419:15: error: type 'FfiConverterTypeIntegritySignatureFormat' does not conform to protocol 'FfiConverter'
158 | // analogous to the Rust trait of the same name.
159 | fileprivate protocol FfiConverter {
160 | associatedtype FfiType
| `- note: protocol requires nested type 'FfiType'
161 | associatedtype SwiftType
162 |
:
4417 | @_documentation(visibility: private)
4418 | #endif
4419 | public struct FfiConverterTypeIntegritySignatureFormat: FfiConverterRustBuffer {
| |- error: type 'FfiConverterTypeIntegritySignatureFormat' does not conform to protocol 'FfiConverter'
| `- note: add stubs for conformance
4420 | typealias SwiftType = IntegritySignatureFormat
4421 |
/host/spi-builder-workspace/Sources/IDKit/Generated/idkit_core.swift:4453:66: error: cannot find type 'RustBuffer' in scope
4451 | @_documentation(visibility: private)
4452 | #endif
4453 | public func FfiConverterTypeIntegritySignatureFormat_lift(_ buf: RustBuffer) throws -> IntegritySignatureFormat {
| `- error: cannot find type 'RustBuffer' in scope
4454 | return try FfiConverterTypeIntegritySignatureFormat.lift(buf)
4455 | }
/host/spi-builder-workspace/Sources/IDKit/Generated/idkit_core.swift:4460:98: error: cannot find type 'RustBuffer' in scope
4458 | @_documentation(visibility: private)
4459 | #endif
4460 | public func FfiConverterTypeIntegritySignatureFormat_lower(_ value: IntegritySignatureFormat) -> RustBuffer {
| `- error: cannot find type 'RustBuffer' in scope
4461 | return FfiConverterTypeIntegritySignatureFormat.lower(value)
4462 | }
/host/spi-builder-workspace/Sources/IDKit/Generated/idkit_core.swift:4626:15: error: type 'FfiConverterTypePreset' does not conform to protocol 'FfiConverter'
158 | // analogous to the Rust trait of the same name.
159 | fileprivate protocol FfiConverter {
160 | associatedtype FfiType
| `- note: protocol requires nested type 'FfiType'
161 | associatedtype SwiftType
162 |
:
4624 | @_documentation(visibility: private)
4625 | #endif
4626 | public struct FfiConverterTypePreset: FfiConverterRustBuffer {
| |- error: type 'FfiConverterTypePreset' does not conform to protocol 'FfiConverter'
| `- note: add stubs for conformance
4627 | typealias SwiftType = Preset
4628 |
/host/spi-builder-workspace/Sources/IDKit/Generated/idkit_core.swift:4729:48: error: cannot find type 'RustBuffer' in scope
4727 | @_documentation(visibility: private)
4728 | #endif
4729 | public func FfiConverterTypePreset_lift(_ buf: RustBuffer) throws -> Preset {
| `- error: cannot find type 'RustBuffer' in scope
4730 | return try FfiConverterTypePreset.lift(buf)
4731 | }
/host/spi-builder-workspace/Sources/IDKit/Generated/idkit_core.swift:4736:62: error: cannot find type 'RustBuffer' in scope
4734 | @_documentation(visibility: private)
4735 | #endif
4736 | public func FfiConverterTypePreset_lower(_ value: Preset) -> RustBuffer {
| `- error: cannot find type 'RustBuffer' in scope
4737 | return FfiConverterTypePreset.lower(value)
4738 | }
/host/spi-builder-workspace/Sources/IDKit/Generated/idkit_core.swift:4898:15: error: type 'FfiConverterTypeResponseItem' does not conform to protocol 'FfiConverter'
158 | // analogous to the Rust trait of the same name.
159 | fileprivate protocol FfiConverter {
160 | associatedtype FfiType
| `- note: protocol requires nested type 'FfiType'
161 | associatedtype SwiftType
162 |
:
4896 | @_documentation(visibility: private)
4897 | #endif
4898 | public struct FfiConverterTypeResponseItem: FfiConverterRustBuffer {
| |- error: type 'FfiConverterTypeResponseItem' does not conform to protocol 'FfiConverter'
| `- note: add stubs for conformance
4899 | typealias SwiftType = ResponseItem
4900 |
/host/spi-builder-workspace/Sources/IDKit/Generated/idkit_core.swift:4986:54: error: cannot find type 'RustBuffer' in scope
4984 | @_documentation(visibility: private)
4985 | #endif
4986 | public func FfiConverterTypeResponseItem_lift(_ buf: RustBuffer) throws -> ResponseItem {
| `- error: cannot find type 'RustBuffer' in scope
4987 | return try FfiConverterTypeResponseItem.lift(buf)
4988 | }
/host/spi-builder-workspace/Sources/IDKit/Generated/idkit_core.swift:4993:74: error: cannot find type 'RustBuffer' in scope
4991 | @_documentation(visibility: private)
4992 | #endif
4993 | public func FfiConverterTypeResponseItem_lower(_ value: ResponseItem) -> RustBuffer {
| `- error: cannot find type 'RustBuffer' in scope
4994 | return FfiConverterTypeResponseItem.lower(value)
4995 | }
/host/spi-builder-workspace/Sources/IDKit/Generated/idkit_core.swift:5041:15: error: type 'FfiConverterTypeStatusWrapper' does not conform to protocol 'FfiConverter'
158 | // analogous to the Rust trait of the same name.
159 | fileprivate protocol FfiConverter {
160 | associatedtype FfiType
| `- note: protocol requires nested type 'FfiType'
161 | associatedtype SwiftType
162 |
:
5039 | @_documentation(visibility: private)
5040 | #endif
5041 | public struct FfiConverterTypeStatusWrapper: FfiConverterRustBuffer {
| |- error: type 'FfiConverterTypeStatusWrapper' does not conform to protocol 'FfiConverter'
| `- note: add stubs for conformance
5042 | typealias SwiftType = StatusWrapper
5043 |
/host/spi-builder-workspace/Sources/IDKit/Generated/idkit_core.swift:5099:55: error: cannot find type 'RustBuffer' in scope
5097 | @_documentation(visibility: private)
5098 | #endif
5099 | public func FfiConverterTypeStatusWrapper_lift(_ buf: RustBuffer) throws -> StatusWrapper {
| `- error: cannot find type 'RustBuffer' in scope
5100 | return try FfiConverterTypeStatusWrapper.lift(buf)
5101 | }
/host/spi-builder-workspace/Sources/IDKit/Generated/idkit_core.swift:5106:76: error: cannot find type 'RustBuffer' in scope
5104 | @_documentation(visibility: private)
5105 | #endif
5106 | public func FfiConverterTypeStatusWrapper_lower(_ value: StatusWrapper) -> RustBuffer {
| `- error: cannot find type 'RustBuffer' in scope
5107 | return FfiConverterTypeStatusWrapper.lower(value)
5108 | }
/host/spi-builder-workspace/Sources/IDKit/Generated/idkit_core.swift:5153:15: error: type 'FfiConverterTypeVerificationLevel' does not conform to protocol 'FfiConverter'
158 | // analogous to the Rust trait of the same name.
159 | fileprivate protocol FfiConverter {
160 | associatedtype FfiType
| `- note: protocol requires nested type 'FfiType'
161 | associatedtype SwiftType
162 |
:
5151 | @_documentation(visibility: private)
5152 | #endif
5153 | public struct FfiConverterTypeVerificationLevel: FfiConverterRustBuffer {
| |- error: type 'FfiConverterTypeVerificationLevel' does not conform to protocol 'FfiConverter'
| `- note: add stubs for conformance
5154 | typealias SwiftType = VerificationLevel
5155 |
/host/spi-builder-workspace/Sources/IDKit/Generated/idkit_core.swift:5205:59: error: cannot find type 'RustBuffer' in scope
5203 | @_documentation(visibility: private)
5204 | #endif
5205 | public func FfiConverterTypeVerificationLevel_lift(_ buf: RustBuffer) throws -> VerificationLevel {
| `- error: cannot find type 'RustBuffer' in scope
5206 | return try FfiConverterTypeVerificationLevel.lift(buf)
5207 | }
/host/spi-builder-workspace/Sources/IDKit/Generated/idkit_core.swift:5212:84: error: cannot find type 'RustBuffer' in scope
5210 | @_documentation(visibility: private)
5211 | #endif
5212 | public func FfiConverterTypeVerificationLevel_lower(_ value: VerificationLevel) -> RustBuffer {
| `- error: cannot find type 'RustBuffer' in scope
5213 | return FfiConverterTypeVerificationLevel.lower(value)
5214 | }
/host/spi-builder-workspace/Sources/IDKit/Generated/idkit_core.swift:5220:20: error: type 'FfiConverterOptionUInt64' does not conform to protocol 'FfiConverter'
158 | // analogous to the Rust trait of the same name.
159 | fileprivate protocol FfiConverter {
160 | associatedtype FfiType
| `- note: protocol requires nested type 'FfiType'
161 | associatedtype SwiftType
162 |
:
5218 | @_documentation(visibility: private)
5219 | #endif
5220 | fileprivate struct FfiConverterOptionUInt64: FfiConverterRustBuffer {
| |- error: type 'FfiConverterOptionUInt64' does not conform to protocol 'FfiConverter'
| `- note: add stubs for conformance
5221 | typealias SwiftType = UInt64?
5222 |
/host/spi-builder-workspace/Sources/IDKit/Generated/idkit_core.swift:5244:20: error: type 'FfiConverterOptionBool' does not conform to protocol 'FfiConverter'
158 | // analogous to the Rust trait of the same name.
159 | fileprivate protocol FfiConverter {
160 | associatedtype FfiType
| `- note: protocol requires nested type 'FfiType'
161 | associatedtype SwiftType
162 |
:
5242 | @_documentation(visibility: private)
5243 | #endif
5244 | fileprivate struct FfiConverterOptionBool: FfiConverterRustBuffer {
| |- error: type 'FfiConverterOptionBool' does not conform to protocol 'FfiConverter'
| `- note: add stubs for conformance
5245 | typealias SwiftType = Bool?
5246 |
/host/spi-builder-workspace/Sources/IDKit/Generated/idkit_core.swift:5268:20: error: type 'FfiConverterOptionString' does not conform to protocol 'FfiConverter'
158 | // analogous to the Rust trait of the same name.
159 | fileprivate protocol FfiConverter {
160 | associatedtype FfiType
| `- note: protocol requires nested type 'FfiType'
161 | associatedtype SwiftType
162 |
:
5266 | @_documentation(visibility: private)
5267 | #endif
5268 | fileprivate struct FfiConverterOptionString: FfiConverterRustBuffer {
| |- error: type 'FfiConverterOptionString' does not conform to protocol 'FfiConverter'
| `- note: add stubs for conformance
5269 | typealias SwiftType = String?
5270 |
/host/spi-builder-workspace/Sources/IDKit/Generated/idkit_core.swift:5292:20: error: type 'FfiConverterOptionData' does not conform to protocol 'FfiConverter'
158 | // analogous to the Rust trait of the same name.
159 | fileprivate protocol FfiConverter {
160 | associatedtype FfiType
| `- note: protocol requires nested type 'FfiType'
161 | associatedtype SwiftType
162 |
:
5290 | @_documentation(visibility: private)
5291 | #endif
5292 | fileprivate struct FfiConverterOptionData: FfiConverterRustBuffer {
| |- error: type 'FfiConverterOptionData' does not conform to protocol 'FfiConverter'
| `- note: add stubs for conformance
5293 | typealias SwiftType = Data?
5294 |
/host/spi-builder-workspace/Sources/IDKit/Generated/idkit_core.swift:5316:20: error: type 'FfiConverterOptionTypeConstraintNodeWrapper' does not conform to protocol 'FfiConverter'
158 | // analogous to the Rust trait of the same name.
159 | fileprivate protocol FfiConverter {
160 | associatedtype FfiType
| `- note: protocol requires nested type 'FfiType'
161 | associatedtype SwiftType
162 |
:
5314 | @_documentation(visibility: private)
5315 | #endif
5316 | fileprivate struct FfiConverterOptionTypeConstraintNodeWrapper: FfiConverterRustBuffer {
| |- error: type 'FfiConverterOptionTypeConstraintNodeWrapper' does not conform to protocol 'FfiConverter'
| `- note: add stubs for conformance
5317 | typealias SwiftType = ConstraintNodeWrapper?
5318 |
/host/spi-builder-workspace/Sources/IDKit/Generated/idkit_core.swift:5340:20: error: type 'FfiConverterOptionTypeSignal' does not conform to protocol 'FfiConverter'
158 | // analogous to the Rust trait of the same name.
159 | fileprivate protocol FfiConverter {
160 | associatedtype FfiType
| `- note: protocol requires nested type 'FfiType'
161 | associatedtype SwiftType
162 |
:
5338 | @_documentation(visibility: private)
5339 | #endif
5340 | fileprivate struct FfiConverterOptionTypeSignal: FfiConverterRustBuffer {
| |- error: type 'FfiConverterOptionTypeSignal' does not conform to protocol 'FfiConverter'
| `- note: add stubs for conformance
5341 | typealias SwiftType = Signal?
5342 |
/host/spi-builder-workspace/Sources/IDKit/Generated/idkit_core.swift:5364:20: error: type 'FfiConverterOptionTypeIntegrityBundle' does not conform to protocol 'FfiConverter'
158 | // analogous to the Rust trait of the same name.
159 | fileprivate protocol FfiConverter {
160 | associatedtype FfiType
| `- note: protocol requires nested type 'FfiType'
161 | associatedtype SwiftType
162 |
:
5362 | @_documentation(visibility: private)
5363 | #endif
5364 | fileprivate struct FfiConverterOptionTypeIntegrityBundle: FfiConverterRustBuffer {
| |- error: type 'FfiConverterOptionTypeIntegrityBundle' does not conform to protocol 'FfiConverter'
| `- note: add stubs for conformance
5365 | typealias SwiftType = IntegrityBundle?
5366 |
/host/spi-builder-workspace/Sources/IDKit/Generated/idkit_core.swift:5388:20: error: type 'FfiConverterOptionTypeProofRequestWrapper' does not conform to protocol 'FfiConverter'
158 | // analogous to the Rust trait of the same name.
159 | fileprivate protocol FfiConverter {
160 | associatedtype FfiType
| `- note: protocol requires nested type 'FfiType'
161 | associatedtype SwiftType
162 |
:
5386 | @_documentation(visibility: private)
5387 | #endif
5388 | fileprivate struct FfiConverterOptionTypeProofRequestWrapper: FfiConverterRustBuffer {
| |- error: type 'FfiConverterOptionTypeProofRequestWrapper' does not conform to protocol 'FfiConverter'
| `- note: add stubs for conformance
5389 | typealias SwiftType = ProofRequestWrapper?
5390 |
/host/spi-builder-workspace/Sources/IDKit/Generated/idkit_core.swift:5412:20: error: type 'FfiConverterOptionTypeConnectUrlMode' does not conform to protocol 'FfiConverter'
158 | // analogous to the Rust trait of the same name.
159 | fileprivate protocol FfiConverter {
160 | associatedtype FfiType
| `- note: protocol requires nested type 'FfiType'
161 | associatedtype SwiftType
162 |
:
5410 | @_documentation(visibility: private)
5411 | #endif
5412 | fileprivate struct FfiConverterOptionTypeConnectUrlMode: FfiConverterRustBuffer {
| |- error: type 'FfiConverterOptionTypeConnectUrlMode' does not conform to protocol 'FfiConverter'
| `- note: add stubs for conformance
5413 | typealias SwiftType = ConnectUrlMode?
5414 |
/host/spi-builder-workspace/Sources/IDKit/Generated/idkit_core.swift:5436:20: error: type 'FfiConverterOptionTypeEnvironment' does not conform to protocol 'FfiConverter'
158 | // analogous to the Rust trait of the same name.
159 | fileprivate protocol FfiConverter {
160 | associatedtype FfiType
| `- note: protocol requires nested type 'FfiType'
161 | associatedtype SwiftType
162 |
:
5434 | @_documentation(visibility: private)
5435 | #endif
5436 | fileprivate struct FfiConverterOptionTypeEnvironment: FfiConverterRustBuffer {
| |- error: type 'FfiConverterOptionTypeEnvironment' does not conform to protocol 'FfiConverter'
| `- note: add stubs for conformance
5437 | typealias SwiftType = Environment?
5438 |
/host/spi-builder-workspace/Sources/IDKit/Generated/idkit_core.swift:5460:20: error: type 'FfiConverterOptionSequenceTypeIdentityAttribute' does not conform to protocol 'FfiConverter'
158 | // analogous to the Rust trait of the same name.
159 | fileprivate protocol FfiConverter {
160 | associatedtype FfiType
| `- note: protocol requires nested type 'FfiType'
161 | associatedtype SwiftType
162 |
:
5458 | @_documentation(visibility: private)
5459 | #endif
5460 | fileprivate struct FfiConverterOptionSequenceTypeIdentityAttribute: FfiConverterRustBuffer {
| |- error: type 'FfiConverterOptionSequenceTypeIdentityAttribute' does not conform to protocol 'FfiConverter'
| `- note: add stubs for conformance
5461 | typealias SwiftType = [IdentityAttribute]?
5462 |
/host/spi-builder-workspace/Sources/IDKit/Generated/idkit_core.swift:5484:20: error: type 'FfiConverterSequenceString' does not conform to protocol 'FfiConverter'
158 | // analogous to the Rust trait of the same name.
159 | fileprivate protocol FfiConverter {
160 | associatedtype FfiType
| `- note: protocol requires nested type 'FfiType'
161 | associatedtype SwiftType
162 |
:
5482 | @_documentation(visibility: private)
5483 | #endif
5484 | fileprivate struct FfiConverterSequenceString: FfiConverterRustBuffer {
| |- error: type 'FfiConverterSequenceString' does not conform to protocol 'FfiConverter'
| `- note: add stubs for conformance
5485 | typealias SwiftType = [String]
5486 |
/host/spi-builder-workspace/Sources/IDKit/Generated/idkit_core.swift:5509:20: error: type 'FfiConverterSequenceTypeConstraintNode' does not conform to protocol 'FfiConverter'
158 | // analogous to the Rust trait of the same name.
159 | fileprivate protocol FfiConverter {
160 | associatedtype FfiType
| `- note: protocol requires nested type 'FfiType'
161 | associatedtype SwiftType
162 |
:
5507 | @_documentation(visibility: private)
5508 | #endif
5509 | fileprivate struct FfiConverterSequenceTypeConstraintNode: FfiConverterRustBuffer {
| |- error: type 'FfiConverterSequenceTypeConstraintNode' does not conform to protocol 'FfiConverter'
| `- note: add stubs for conformance
5510 | typealias SwiftType = [ConstraintNode]
5511 |
/host/spi-builder-workspace/Sources/IDKit/Generated/idkit_core.swift:5534:20: error: type 'FfiConverterSequenceTypeConstraintNodeWrapper' does not conform to protocol 'FfiConverter'
158 | // analogous to the Rust trait of the same name.
159 | fileprivate protocol FfiConverter {
160 | associatedtype FfiType
| `- note: protocol requires nested type 'FfiType'
161 | associatedtype SwiftType
162 |
:
5532 | @_documentation(visibility: private)
5533 | #endif
5534 | fileprivate struct FfiConverterSequenceTypeConstraintNodeWrapper: FfiConverterRustBuffer {
| |- error: type 'FfiConverterSequenceTypeConstraintNodeWrapper' does not conform to protocol 'FfiConverter'
| `- note: add stubs for conformance
5535 | typealias SwiftType = [ConstraintNodeWrapper]
5536 |
/host/spi-builder-workspace/Sources/IDKit/Generated/idkit_core.swift:5559:20: error: type 'FfiConverterSequenceTypeCredentialRequestWrapper' does not conform to protocol 'FfiConverter'
158 | // analogous to the Rust trait of the same name.
159 | fileprivate protocol FfiConverter {
160 | associatedtype FfiType
| `- note: protocol requires nested type 'FfiType'
161 | associatedtype SwiftType
162 |
:
5557 | @_documentation(visibility: private)
5558 | #endif
5559 | fileprivate struct FfiConverterSequenceTypeCredentialRequestWrapper: FfiConverterRustBuffer {
| |- error: type 'FfiConverterSequenceTypeCredentialRequestWrapper' does not conform to protocol 'FfiConverter'
| `- note: add stubs for conformance
5560 | typealias SwiftType = [CredentialRequestWrapper]
5561 |
/host/spi-builder-workspace/Sources/IDKit/Generated/idkit_core.swift:5584:20: error: type 'FfiConverterSequenceTypeIdentityAttribute' does not conform to protocol 'FfiConverter'
158 | // analogous to the Rust trait of the same name.
159 | fileprivate protocol FfiConverter {
160 | associatedtype FfiType
| `- note: protocol requires nested type 'FfiType'
161 | associatedtype SwiftType
162 |
:
5582 | @_documentation(visibility: private)
5583 | #endif
5584 | fileprivate struct FfiConverterSequenceTypeIdentityAttribute: FfiConverterRustBuffer {
| |- error: type 'FfiConverterSequenceTypeIdentityAttribute' does not conform to protocol 'FfiConverter'
| `- note: add stubs for conformance
5585 | typealias SwiftType = [IdentityAttribute]
5586 |
/host/spi-builder-workspace/Sources/IDKit/Generated/idkit_core.swift:5609:20: error: type 'FfiConverterSequenceTypeResponseItem' does not conform to protocol 'FfiConverter'
158 | // analogous to the Rust trait of the same name.
159 | fileprivate protocol FfiConverter {
160 | associatedtype FfiType
| `- note: protocol requires nested type 'FfiType'
161 | associatedtype SwiftType
162 |
:
5607 | @_documentation(visibility: private)
5608 | #endif
5609 | fileprivate struct FfiConverterSequenceTypeResponseItem: FfiConverterRustBuffer {
| |- error: type 'FfiConverterSequenceTypeResponseItem' does not conform to protocol 'FfiConverter'
| `- note: add stubs for conformance
5610 | typealias SwiftType = [ResponseItem]
5611 |
/host/spi-builder-workspace/Sources/IDKit/Generated/idkit_core.swift:5735:40: error: cannot find 'ffi_idkit_uniffi_contract_version' in scope
5733 | let bindings_contract_version = 30
5734 | // Get the scaffolding contract version by calling the into the dylib
5735 | let scaffolding_contract_version = ffi_idkit_uniffi_contract_version()
| `- error: cannot find 'ffi_idkit_uniffi_contract_version' in scope
5736 | if bindings_contract_version != scaffolding_contract_version {
5737 | return InitializationResult.contractVersionMismatch
/host/spi-builder-workspace/Sources/IDKit/Generated/idkit_core.swift:5739:9: error: cannot find 'uniffi_idkit_checksum_func_create_session' in scope
5737 | return InitializationResult.contractVersionMismatch
5738 | }
5739 | if (uniffi_idkit_checksum_func_create_session() != 41742) {
| `- error: cannot find 'uniffi_idkit_checksum_func_create_session' in scope
5740 | return InitializationResult.apiChecksumMismatch
5741 | }
/host/spi-builder-workspace/Sources/IDKit/Generated/idkit_core.swift:5742:9: error: cannot find 'uniffi_idkit_checksum_func_prove_session' in scope
5740 | return InitializationResult.apiChecksumMismatch
5741 | }
5742 | if (uniffi_idkit_checksum_func_prove_session() != 33058) {
| `- error: cannot find 'uniffi_idkit_checksum_func_prove_session' in scope
5743 | return InitializationResult.apiChecksumMismatch
5744 | }
/host/spi-builder-workspace/Sources/IDKit/Generated/idkit_core.swift:5745:9: error: cannot find 'uniffi_idkit_checksum_func_request' in scope
5743 | return InitializationResult.apiChecksumMismatch
5744 | }
5745 | if (uniffi_idkit_checksum_func_request() != 18209) {
| `- error: cannot find 'uniffi_idkit_checksum_func_request' in scope
5746 | return InitializationResult.apiChecksumMismatch
5747 | }
/host/spi-builder-workspace/Sources/IDKit/Generated/idkit_core.swift:5748:9: error: cannot find 'uniffi_idkit_checksum_func_hash_signal_ffi' in scope
5746 | return InitializationResult.apiChecksumMismatch
5747 | }
5748 | if (uniffi_idkit_checksum_func_hash_signal_ffi() != 38001) {
| `- error: cannot find 'uniffi_idkit_checksum_func_hash_signal_ffi' in scope
5749 | return InitializationResult.apiChecksumMismatch
5750 | }
/host/spi-builder-workspace/Sources/IDKit/Generated/idkit_core.swift:5751:9: error: cannot find 'uniffi_idkit_checksum_func_hash_to_field_ffi' in scope
5749 | return InitializationResult.apiChecksumMismatch
5750 | }
5751 | if (uniffi_idkit_checksum_func_hash_to_field_ffi() != 2656) {
| `- error: cannot find 'uniffi_idkit_checksum_func_hash_to_field_ffi' in scope
5752 | return InitializationResult.apiChecksumMismatch
5753 | }
/host/spi-builder-workspace/Sources/IDKit/Generated/idkit_core.swift:5754:9: error: cannot find 'uniffi_idkit_checksum_func_credential_to_string' in scope
5752 | return InitializationResult.apiChecksumMismatch
5753 | }
5754 | if (uniffi_idkit_checksum_func_credential_to_string() != 54584) {
| `- error: cannot find 'uniffi_idkit_checksum_func_credential_to_string' in scope
5755 | return InitializationResult.apiChecksumMismatch
5756 | }
/host/spi-builder-workspace/Sources/IDKit/Generated/idkit_core.swift:5757:9: error: cannot find 'uniffi_idkit_checksum_func_idkit_result_from_json' in scope
5755 | return InitializationResult.apiChecksumMismatch
5756 | }
5757 | if (uniffi_idkit_checksum_func_idkit_result_from_json() != 43144) {
| `- error: cannot find 'uniffi_idkit_checksum_func_idkit_result_from_json' in scope
5758 | return InitializationResult.apiChecksumMismatch
5759 | }
/host/spi-builder-workspace/Sources/IDKit/Generated/idkit_core.swift:5760:9: error: cannot find 'uniffi_idkit_checksum_func_idkit_result_to_json' in scope
5758 | return InitializationResult.apiChecksumMismatch
5759 | }
5760 | if (uniffi_idkit_checksum_func_idkit_result_to_json() != 50658) {
| `- error: cannot find 'uniffi_idkit_checksum_func_idkit_result_to_json' in scope
5761 | return InitializationResult.apiChecksumMismatch
5762 | }
/host/spi-builder-workspace/Sources/IDKit/Generated/idkit_core.swift:5763:9: error: cannot find 'uniffi_idkit_checksum_method_constraintnodewrapper_children' in scope
5761 | return InitializationResult.apiChecksumMismatch
5762 | }
5763 | if (uniffi_idkit_checksum_method_constraintnodewrapper_children() != 14326) {
| `- error: cannot find 'uniffi_idkit_checksum_method_constraintnodewrapper_children' in scope
5764 | return InitializationResult.apiChecksumMismatch
5765 | }
/host/spi-builder-workspace/Sources/IDKit/Generated/idkit_core.swift:5766:9: error: cannot find 'uniffi_idkit_checksum_method_constraintnodewrapper_identifier' in scope
5764 | return InitializationResult.apiChecksumMismatch
5765 | }
5766 | if (uniffi_idkit_checksum_method_constraintnodewrapper_identifier() != 48137) {
| `- error: cannot find 'uniffi_idkit_checksum_method_constraintnodewrapper_identifier' in scope
5767 | return InitializationResult.apiChecksumMismatch
5768 | }
/host/spi-builder-workspace/Sources/IDKit/Generated/idkit_core.swift:5769:9: error: cannot find 'uniffi_idkit_checksum_method_constraintnodewrapper_kind' in scope
5767 | return InitializationResult.apiChecksumMismatch
5768 | }
5769 | if (uniffi_idkit_checksum_method_constraintnodewrapper_kind() != 10625) {
| `- error: cannot find 'uniffi_idkit_checksum_method_constraintnodewrapper_kind' in scope
5770 | return InitializationResult.apiChecksumMismatch
5771 | }
/host/spi-builder-workspace/Sources/IDKit/Generated/idkit_core.swift:5772:9: error: cannot find 'uniffi_idkit_checksum_method_idkitbuilder_bridge_request_payload' in scope
5770 | return InitializationResult.apiChecksumMismatch
5771 | }
5772 | if (uniffi_idkit_checksum_method_idkitbuilder_bridge_request_payload() != 16632) {
| `- error: cannot find 'uniffi_idkit_checksum_method_idkitbuilder_bridge_request_payload' in scope
5773 | return InitializationResult.apiChecksumMismatch
5774 | }
/host/spi-builder-workspace/Sources/IDKit/Generated/idkit_core.swift:5775:9: error: cannot find 'uniffi_idkit_checksum_method_idkitbuilder_bridge_request_payload_from_preset' in scope
5773 | return InitializationResult.apiChecksumMismatch
5774 | }
5775 | if (uniffi_idkit_checksum_method_idkitbuilder_bridge_request_payload_from_preset() != 51704) {
| `- error: cannot find 'uniffi_idkit_checksum_method_idkitbuilder_bridge_request_payload_from_preset' in scope
5776 | return InitializationResult.apiChecksumMismatch
5777 | }
/host/spi-builder-workspace/Sources/IDKit/Generated/idkit_core.swift:5778:9: error: cannot find 'uniffi_idkit_checksum_method_idkitbuilder_bridge_request_payload_json' in scope
5776 | return InitializationResult.apiChecksumMismatch
5777 | }
5778 | if (uniffi_idkit_checksum_method_idkitbuilder_bridge_request_payload_json() != 64927) {
| `- error: cannot find 'uniffi_idkit_checksum_method_idkitbuilder_bridge_request_payload_json' in scope
5779 | return InitializationResult.apiChecksumMismatch
5780 | }
/host/spi-builder-workspace/Sources/IDKit/Generated/idkit_core.swift:5781:9: error: cannot find 'uniffi_idkit_checksum_method_idkitbuilder_bridge_request_payload_json_from_preset' in scope
5779 | return InitializationResult.apiChecksumMismatch
5780 | }
5781 | if (uniffi_idkit_checksum_method_idkitbuilder_bridge_request_payload_json_from_preset() != 5605) {
| `- error: cannot find 'uniffi_idkit_checksum_method_idkitbuilder_bridge_request_payload_json_from_preset' in scope
5782 | return InitializationResult.apiChecksumMismatch
5783 | }
/host/spi-builder-workspace/Sources/IDKit/Generated/idkit_core.swift:5784:9: error: cannot find 'uniffi_idkit_checksum_method_idkitbuilder_constraints' in scope
5782 | return InitializationResult.apiChecksumMismatch
5783 | }
5784 | if (uniffi_idkit_checksum_method_idkitbuilder_constraints() != 40135) {
| `- error: cannot find 'uniffi_idkit_checksum_method_idkitbuilder_constraints' in scope
5785 | return InitializationResult.apiChecksumMismatch
5786 | }
/host/spi-builder-workspace/Sources/IDKit/Generated/idkit_core.swift:5787:9: error: cannot find 'uniffi_idkit_checksum_method_idkitbuilder_constraints_with_invite_code' in scope
5785 | return InitializationResult.apiChecksumMismatch
5786 | }
5787 | if (uniffi_idkit_checksum_method_idkitbuilder_constraints_with_invite_code() != 44206) {
| `- error: cannot find 'uniffi_idkit_checksum_method_idkitbuilder_constraints_with_invite_code' in scope
5788 | return InitializationResult.apiChecksumMismatch
5789 | }
/host/spi-builder-workspace/Sources/IDKit/Generated/idkit_core.swift:5790:9: error: cannot find 'uniffi_idkit_checksum_method_idkitbuilder_preset' in scope
5788 | return InitializationResult.apiChecksumMismatch
5789 | }
5790 | if (uniffi_idkit_checksum_method_idkitbuilder_preset() != 32095) {
| `- error: cannot find 'uniffi_idkit_checksum_method_idkitbuilder_preset' in scope
5791 | return InitializationResult.apiChecksumMismatch
5792 | }
/host/spi-builder-workspace/Sources/IDKit/Generated/idkit_core.swift:5793:9: error: cannot find 'uniffi_idkit_checksum_method_idkitbuilder_preset_with_invite_code' in scope
5791 | return InitializationResult.apiChecksumMismatch
5792 | }
5793 | if (uniffi_idkit_checksum_method_idkitbuilder_preset_with_invite_code() != 58047) {
| `- error: cannot find 'uniffi_idkit_checksum_method_idkitbuilder_preset_with_invite_code' in scope
5794 | return InitializationResult.apiChecksumMismatch
5795 | }
/host/spi-builder-workspace/Sources/IDKit/Generated/idkit_core.swift:5796:9: error: cannot find 'uniffi_idkit_checksum_method_idkitinvitecoderequest_connect_url' in scope
5794 | return InitializationResult.apiChecksumMismatch
5795 | }
5796 | if (uniffi_idkit_checksum_method_idkitinvitecoderequest_connect_url() != 63104) {
| `- error: cannot find 'uniffi_idkit_checksum_method_idkitinvitecoderequest_connect_url' in scope
5797 | return InitializationResult.apiChecksumMismatch
5798 | }
/host/spi-builder-workspace/Sources/IDKit/Generated/idkit_core.swift:5799:9: error: cannot find 'uniffi_idkit_checksum_method_idkitinvitecoderequest_expires_at' in scope
5797 | return InitializationResult.apiChecksumMismatch
5798 | }
5799 | if (uniffi_idkit_checksum_method_idkitinvitecoderequest_expires_at() != 11454) {
| `- error: cannot find 'uniffi_idkit_checksum_method_idkitinvitecoderequest_expires_at' in scope
5800 | return InitializationResult.apiChecksumMismatch
5801 | }
/host/spi-builder-workspace/Sources/IDKit/Generated/idkit_core.swift:5802:9: error: cannot find 'uniffi_idkit_checksum_method_idkitinvitecoderequest_poll_status' in scope
5800 | return InitializationResult.apiChecksumMismatch
5801 | }
5802 | if (uniffi_idkit_checksum_method_idkitinvitecoderequest_poll_status() != 55045) {
| `- error: cannot find 'uniffi_idkit_checksum_method_idkitinvitecoderequest_poll_status' in scope
5803 | return InitializationResult.apiChecksumMismatch
5804 | }
/host/spi-builder-workspace/Sources/IDKit/Generated/idkit_core.swift:5805:9: error: cannot find 'uniffi_idkit_checksum_method_idkitinvitecoderequest_poll_status_once' in scope
5803 | return InitializationResult.apiChecksumMismatch
5804 | }
5805 | if (uniffi_idkit_checksum_method_idkitinvitecoderequest_poll_status_once() != 63178) {
| `- error: cannot find 'uniffi_idkit_checksum_method_idkitinvitecoderequest_poll_status_once' in scope
5806 | return InitializationResult.apiChecksumMismatch
5807 | }
/host/spi-builder-workspace/Sources/IDKit/Generated/idkit_core.swift:5808:9: error: cannot find 'uniffi_idkit_checksum_method_idkitinvitecoderequest_request_id' in scope
5806 | return InitializationResult.apiChecksumMismatch
5807 | }
5808 | if (uniffi_idkit_checksum_method_idkitinvitecoderequest_request_id() != 13406) {
| `- error: cannot find 'uniffi_idkit_checksum_method_idkitinvitecoderequest_request_id' in scope
5809 | return InitializationResult.apiChecksumMismatch
5810 | }
/host/spi-builder-workspace/Sources/IDKit/Generated/idkit_core.swift:5811:9: error: cannot find 'uniffi_idkit_checksum_method_idkitrequestwrapper_connect_url' in scope
5809 | return InitializationResult.apiChecksumMismatch
5810 | }
5811 | if (uniffi_idkit_checksum_method_idkitrequestwrapper_connect_url() != 63910) {
| `- error: cannot find 'uniffi_idkit_checksum_method_idkitrequestwrapper_connect_url' in scope
5812 | return InitializationResult.apiChecksumMismatch
5813 | }
/host/spi-builder-workspace/Sources/IDKit/Generated/idkit_core.swift:5814:9: error: cannot find 'uniffi_idkit_checksum_method_idkitrequestwrapper_poll_status' in scope
5812 | return InitializationResult.apiChecksumMismatch
5813 | }
5814 | if (uniffi_idkit_checksum_method_idkitrequestwrapper_poll_status() != 57495) {
| `- error: cannot find 'uniffi_idkit_checksum_method_idkitrequestwrapper_poll_status' in scope
5815 | return InitializationResult.apiChecksumMismatch
5816 | }
/host/spi-builder-workspace/Sources/IDKit/Generated/idkit_core.swift:5817:9: error: cannot find 'uniffi_idkit_checksum_method_idkitrequestwrapper_poll_status_once' in scope
5815 | return InitializationResult.apiChecksumMismatch
5816 | }
5817 | if (uniffi_idkit_checksum_method_idkitrequestwrapper_poll_status_once() != 36674) {
| `- error: cannot find 'uniffi_idkit_checksum_method_idkitrequestwrapper_poll_status_once' in scope
5818 | return InitializationResult.apiChecksumMismatch
5819 | }
/host/spi-builder-workspace/Sources/IDKit/Generated/idkit_core.swift:5820:9: error: cannot find 'uniffi_idkit_checksum_method_idkitrequestwrapper_request_id' in scope
5818 | return InitializationResult.apiChecksumMismatch
5819 | }
5820 | if (uniffi_idkit_checksum_method_idkitrequestwrapper_request_id() != 5044) {
| `- error: cannot find 'uniffi_idkit_checksum_method_idkitrequestwrapper_request_id' in scope
5821 | return InitializationResult.apiChecksumMismatch
5822 | }
/host/spi-builder-workspace/Sources/IDKit/Generated/idkit_core.swift:5823:9: error: cannot find 'uniffi_idkit_checksum_method_constraintnode_to_json' in scope
5821 | return InitializationResult.apiChecksumMismatch
5822 | }
5823 | if (uniffi_idkit_checksum_method_constraintnode_to_json() != 43140) {
| `- error: cannot find 'uniffi_idkit_checksum_method_constraintnode_to_json' in scope
5824 | return InitializationResult.apiChecksumMismatch
5825 | }
/host/spi-builder-workspace/Sources/IDKit/Generated/idkit_core.swift:5826:9: error: cannot find 'uniffi_idkit_checksum_method_credentialrequest_credential_type' in scope
5824 | return InitializationResult.apiChecksumMismatch
5825 | }
5826 | if (uniffi_idkit_checksum_method_credentialrequest_credential_type() != 47553) {
| `- error: cannot find 'uniffi_idkit_checksum_method_credentialrequest_credential_type' in scope
5827 | return InitializationResult.apiChecksumMismatch
5828 | }
/host/spi-builder-workspace/Sources/IDKit/Generated/idkit_core.swift:5829:9: error: cannot find 'uniffi_idkit_checksum_method_credentialrequest_expires_at_min' in scope
5827 | return InitializationResult.apiChecksumMismatch
5828 | }
5829 | if (uniffi_idkit_checksum_method_credentialrequest_expires_at_min() != 5381) {
| `- error: cannot find 'uniffi_idkit_checksum_method_credentialrequest_expires_at_min' in scope
5830 | return InitializationResult.apiChecksumMismatch
5831 | }
/host/spi-builder-workspace/Sources/IDKit/Generated/idkit_core.swift:5832:9: error: cannot find 'uniffi_idkit_checksum_method_credentialrequest_genesis_issued_at_min' in scope
5830 | return InitializationResult.apiChecksumMismatch
5831 | }
5832 | if (uniffi_idkit_checksum_method_credentialrequest_genesis_issued_at_min() != 36208) {
| `- error: cannot find 'uniffi_idkit_checksum_method_credentialrequest_genesis_issued_at_min' in scope
5833 | return InitializationResult.apiChecksumMismatch
5834 | }
/host/spi-builder-workspace/Sources/IDKit/Generated/idkit_core.swift:5835:9: error: cannot find 'uniffi_idkit_checksum_method_credentialrequest_get_signal_bytes' in scope
5833 | return InitializationResult.apiChecksumMismatch
5834 | }
5835 | if (uniffi_idkit_checksum_method_credentialrequest_get_signal_bytes() != 61828) {
| `- error: cannot find 'uniffi_idkit_checksum_method_credentialrequest_get_signal_bytes' in scope
5836 | return InitializationResult.apiChecksumMismatch
5837 | }
/host/spi-builder-workspace/Sources/IDKit/Generated/idkit_core.swift:5838:9: error: cannot find 'uniffi_idkit_checksum_method_credentialrequest_to_json' in scope
5836 | return InitializationResult.apiChecksumMismatch
5837 | }
5838 | if (uniffi_idkit_checksum_method_credentialrequest_to_json() != 26417) {
| `- error: cannot find 'uniffi_idkit_checksum_method_credentialrequest_to_json' in scope
5839 | return InitializationResult.apiChecksumMismatch
5840 | }
/host/spi-builder-workspace/Sources/IDKit/Generated/idkit_core.swift:5841:9: error: cannot find 'uniffi_idkit_checksum_method_rpcontext_created_at' in scope
5839 | return InitializationResult.apiChecksumMismatch
5840 | }
5841 | if (uniffi_idkit_checksum_method_rpcontext_created_at() != 4737) {
| `- error: cannot find 'uniffi_idkit_checksum_method_rpcontext_created_at' in scope
5842 | return InitializationResult.apiChecksumMismatch
5843 | }
/host/spi-builder-workspace/Sources/IDKit/Generated/idkit_core.swift:5844:9: error: cannot find 'uniffi_idkit_checksum_method_rpcontext_expires_at' in scope
5842 | return InitializationResult.apiChecksumMismatch
5843 | }
5844 | if (uniffi_idkit_checksum_method_rpcontext_expires_at() != 32540) {
| `- error: cannot find 'uniffi_idkit_checksum_method_rpcontext_expires_at' in scope
5845 | return InitializationResult.apiChecksumMismatch
5846 | }
/host/spi-builder-workspace/Sources/IDKit/Generated/idkit_core.swift:5847:9: error: cannot find 'uniffi_idkit_checksum_method_rpcontext_nonce' in scope
5845 | return InitializationResult.apiChecksumMismatch
5846 | }
5847 | if (uniffi_idkit_checksum_method_rpcontext_nonce() != 30306) {
| `- error: cannot find 'uniffi_idkit_checksum_method_rpcontext_nonce' in scope
5848 | return InitializationResult.apiChecksumMismatch
5849 | }
/host/spi-builder-workspace/Sources/IDKit/Generated/idkit_core.swift:5850:9: error: cannot find 'uniffi_idkit_checksum_method_rpcontext_rp_id' in scope
5848 | return InitializationResult.apiChecksumMismatch
5849 | }
5850 | if (uniffi_idkit_checksum_method_rpcontext_rp_id() != 29093) {
| `- error: cannot find 'uniffi_idkit_checksum_method_rpcontext_rp_id' in scope
5851 | return InitializationResult.apiChecksumMismatch
5852 | }
/host/spi-builder-workspace/Sources/IDKit/Generated/idkit_core.swift:5853:9: error: cannot find 'uniffi_idkit_checksum_method_rpcontext_signature' in scope
5851 | return InitializationResult.apiChecksumMismatch
5852 | }
5853 | if (uniffi_idkit_checksum_method_rpcontext_signature() != 42950) {
| `- error: cannot find 'uniffi_idkit_checksum_method_rpcontext_signature' in scope
5854 | return InitializationResult.apiChecksumMismatch
5855 | }
/host/spi-builder-workspace/Sources/IDKit/Generated/idkit_core.swift:5856:9: error: cannot find 'uniffi_idkit_checksum_method_signal_as_bytes' in scope
5854 | return InitializationResult.apiChecksumMismatch
5855 | }
5856 | if (uniffi_idkit_checksum_method_signal_as_bytes() != 31228) {
| `- error: cannot find 'uniffi_idkit_checksum_method_signal_as_bytes' in scope
5857 | return InitializationResult.apiChecksumMismatch
5858 | }
/host/spi-builder-workspace/Sources/IDKit/Generated/idkit_core.swift:5859:9: error: cannot find 'uniffi_idkit_checksum_method_signal_as_string' in scope
5857 | return InitializationResult.apiChecksumMismatch
5858 | }
5859 | if (uniffi_idkit_checksum_method_signal_as_string() != 46231) {
| `- error: cannot find 'uniffi_idkit_checksum_method_signal_as_string' in scope
5860 | return InitializationResult.apiChecksumMismatch
5861 | }
/host/spi-builder-workspace/Sources/IDKit/Generated/idkit_core.swift:5862:9: error: cannot find 'uniffi_idkit_checksum_constructor_idkitbuilder_from_create_session' in scope
5860 | return InitializationResult.apiChecksumMismatch
5861 | }
5862 | if (uniffi_idkit_checksum_constructor_idkitbuilder_from_create_session() != 32636) {
| `- error: cannot find 'uniffi_idkit_checksum_constructor_idkitbuilder_from_create_session' in scope
5863 | return InitializationResult.apiChecksumMismatch
5864 | }
/host/spi-builder-workspace/Sources/IDKit/Generated/idkit_core.swift:5865:9: error: cannot find 'uniffi_idkit_checksum_constructor_idkitbuilder_from_prove_session' in scope
5863 | return InitializationResult.apiChecksumMismatch
5864 | }
5865 | if (uniffi_idkit_checksum_constructor_idkitbuilder_from_prove_session() != 57446) {
| `- error: cannot find 'uniffi_idkit_checksum_constructor_idkitbuilder_from_prove_session' in scope
5866 | return InitializationResult.apiChecksumMismatch
5867 | }
/host/spi-builder-workspace/Sources/IDKit/Generated/idkit_core.swift:5868:9: error: cannot find 'uniffi_idkit_checksum_constructor_idkitbuilder_from_request' in scope
5866 | return InitializationResult.apiChecksumMismatch
5867 | }
5868 | if (uniffi_idkit_checksum_constructor_idkitbuilder_from_request() != 6073) {
| `- error: cannot find 'uniffi_idkit_checksum_constructor_idkitbuilder_from_request' in scope
5869 | return InitializationResult.apiChecksumMismatch
5870 | }
/host/spi-builder-workspace/Sources/IDKit/Generated/idkit_core.swift:5871:9: error: cannot find 'uniffi_idkit_checksum_constructor_constraintnode_all' in scope
5869 | return InitializationResult.apiChecksumMismatch
5870 | }
5871 | if (uniffi_idkit_checksum_constructor_constraintnode_all() != 23041) {
| `- error: cannot find 'uniffi_idkit_checksum_constructor_constraintnode_all' in scope
5872 | return InitializationResult.apiChecksumMismatch
5873 | }
/host/spi-builder-workspace/Sources/IDKit/Generated/idkit_core.swift:5874:9: error: cannot find 'uniffi_idkit_checksum_constructor_constraintnode_any' in scope
5872 | return InitializationResult.apiChecksumMismatch
5873 | }
5874 | if (uniffi_idkit_checksum_constructor_constraintnode_any() != 40310) {
| `- error: cannot find 'uniffi_idkit_checksum_constructor_constraintnode_any' in scope
5875 | return InitializationResult.apiChecksumMismatch
5876 | }
/host/spi-builder-workspace/Sources/IDKit/Generated/idkit_core.swift:5877:9: error: cannot find 'uniffi_idkit_checksum_constructor_constraintnode_enumerate' in scope
5875 | return InitializationResult.apiChecksumMismatch
5876 | }
5877 | if (uniffi_idkit_checksum_constructor_constraintnode_enumerate() != 39643) {
| `- error: cannot find 'uniffi_idkit_checksum_constructor_constraintnode_enumerate' in scope
5878 | return InitializationResult.apiChecksumMismatch
5879 | }
/host/spi-builder-workspace/Sources/IDKit/Generated/idkit_core.swift:5880:9: error: cannot find 'uniffi_idkit_checksum_constructor_constraintnode_from_json' in scope
5878 | return InitializationResult.apiChecksumMismatch
5879 | }
5880 | if (uniffi_idkit_checksum_constructor_constraintnode_from_json() != 45455) {
| `- error: cannot find 'uniffi_idkit_checksum_constructor_constraintnode_from_json' in scope
5881 | return InitializationResult.apiChecksumMismatch
5882 | }
/host/spi-builder-workspace/Sources/IDKit/Generated/idkit_core.swift:5883:9: error: cannot find 'uniffi_idkit_checksum_constructor_constraintnode_item' in scope
5881 | return InitializationResult.apiChecksumMismatch
5882 | }
5883 | if (uniffi_idkit_checksum_constructor_constraintnode_item() != 25862) {
| `- error: cannot find 'uniffi_idkit_checksum_constructor_constraintnode_item' in scope
5884 | return InitializationResult.apiChecksumMismatch
5885 | }
/host/spi-builder-workspace/Sources/IDKit/Generated/idkit_core.swift:5886:9: error: cannot find 'uniffi_idkit_checksum_constructor_credentialrequest_from_json' in scope
5884 | return InitializationResult.apiChecksumMismatch
5885 | }
5886 | if (uniffi_idkit_checksum_constructor_credentialrequest_from_json() != 36059) {
| `- error: cannot find 'uniffi_idkit_checksum_constructor_credentialrequest_from_json' in scope
5887 | return InitializationResult.apiChecksumMismatch
5888 | }
/host/spi-builder-workspace/Sources/IDKit/Generated/idkit_core.swift:5889:9: error: cannot find 'uniffi_idkit_checksum_constructor_credentialrequest_new' in scope
5887 | return InitializationResult.apiChecksumMismatch
5888 | }
5889 | if (uniffi_idkit_checksum_constructor_credentialrequest_new() != 8593) {
| `- error: cannot find 'uniffi_idkit_checksum_constructor_credentialrequest_new' in scope
5890 | return InitializationResult.apiChecksumMismatch
5891 | }
/host/spi-builder-workspace/Sources/IDKit/Generated/idkit_core.swift:5892:9: error: cannot find 'uniffi_idkit_checksum_constructor_credentialrequest_with_expires_at_min' in scope
5890 | return InitializationResult.apiChecksumMismatch
5891 | }
5892 | if (uniffi_idkit_checksum_constructor_credentialrequest_with_expires_at_min() != 10650) {
| `- error: cannot find 'uniffi_idkit_checksum_constructor_credentialrequest_with_expires_at_min' in scope
5893 | return InitializationResult.apiChecksumMismatch
5894 | }
/host/spi-builder-workspace/Sources/IDKit/Generated/idkit_core.swift:5895:9: error: cannot find 'uniffi_idkit_checksum_constructor_credentialrequest_with_genesis_min' in scope
5893 | return InitializationResult.apiChecksumMismatch
5894 | }
5895 | if (uniffi_idkit_checksum_constructor_credentialrequest_with_genesis_min() != 42472) {
| `- error: cannot find 'uniffi_idkit_checksum_constructor_credentialrequest_with_genesis_min' in scope
5896 | return InitializationResult.apiChecksumMismatch
5897 | }
/host/spi-builder-workspace/Sources/IDKit/Generated/idkit_core.swift:5898:9: error: cannot find 'uniffi_idkit_checksum_constructor_credentialrequest_with_string_signal' in scope
5896 | return InitializationResult.apiChecksumMismatch
5897 | }
5898 | if (uniffi_idkit_checksum_constructor_credentialrequest_with_string_signal() != 54223) {
| `- error: cannot find 'uniffi_idkit_checksum_constructor_credentialrequest_with_string_signal' in scope
5899 | return InitializationResult.apiChecksumMismatch
5900 | }
/host/spi-builder-workspace/Sources/IDKit/Generated/idkit_core.swift:5901:9: error: cannot find 'uniffi_idkit_checksum_constructor_rpcontext_new' in scope
5899 | return InitializationResult.apiChecksumMismatch
5900 | }
5901 | if (uniffi_idkit_checksum_constructor_rpcontext_new() != 44760) {
| `- error: cannot find 'uniffi_idkit_checksum_constructor_rpcontext_new' in scope
5902 | return InitializationResult.apiChecksumMismatch
5903 | }
/host/spi-builder-workspace/Sources/IDKit/Generated/idkit_core.swift:5904:9: error: cannot find 'uniffi_idkit_checksum_constructor_signal_from_bytes' in scope
5902 | return InitializationResult.apiChecksumMismatch
5903 | }
5904 | if (uniffi_idkit_checksum_constructor_signal_from_bytes() != 59816) {
| `- error: cannot find 'uniffi_idkit_checksum_constructor_signal_from_bytes' in scope
5905 | return InitializationResult.apiChecksumMismatch
5906 | }
/host/spi-builder-workspace/Sources/IDKit/Generated/idkit_core.swift:5907:9: error: cannot find 'uniffi_idkit_checksum_constructor_signal_from_string' in scope
5905 | return InitializationResult.apiChecksumMismatch
5906 | }
5907 | if (uniffi_idkit_checksum_constructor_signal_from_string() != 6500) {
| `- error: cannot find 'uniffi_idkit_checksum_constructor_signal_from_string' in scope
5908 | return InitializationResult.apiChecksumMismatch
5909 | }
[4/5] Compiling IDKit idkit_core.swift
/host/spi-builder-workspace/Sources/IDKit/Generated/idkit_core.swift:14:23: error: cannot find type 'RustBuffer' in scope
12 | #endif
13 |
14 | fileprivate extension RustBuffer {
| `- error: cannot find type 'RustBuffer' in scope
15 | // Allocate a new buffer, copying the contents of a `UInt8` array.
16 | init(bytes: [UInt8]) {
/host/spi-builder-workspace/Sources/IDKit/Generated/idkit_core.swift:38:23: error: cannot find type 'ForeignBytes' in scope
36 | }
37 |
38 | fileprivate extension ForeignBytes {
| `- error: cannot find type 'ForeignBytes' in scope
39 | init(bufferPointer: UnsafeBufferPointer<UInt8>) {
40 | self.init(len: Int32(bufferPointer.count), data: bufferPointer.baseAddress)
/host/spi-builder-workspace/Sources/IDKit/Generated/idkit_core.swift:52:22: error: cannot find type 'RustBuffer' in scope
50 |
51 | fileprivate extension Data {
52 | init(rustBuffer: RustBuffer) {
| `- error: cannot find type 'RustBuffer' in scope
53 | self.init(
54 | bytesNoCopy: rustBuffer.data!,
/host/spi-builder-workspace/Sources/IDKit/Generated/idkit_core.swift:190:76: error: cannot find type 'RustBuffer' in scope
188 | // Types conforming to `FfiConverterRustBuffer` lift and lower into a `RustBuffer`.
189 | // Used for complex types where it's hard to write a custom lift/lower.
190 | fileprivate protocol FfiConverterRustBuffer: FfiConverter where FfiType == RustBuffer {}
| `- error: cannot find type 'RustBuffer' in scope
191 |
192 | extension FfiConverterRustBuffer {
/host/spi-builder-workspace/Sources/IDKit/Generated/idkit_core.swift:196:36: error: cannot find type 'RustBuffer' in scope
194 | @_documentation(visibility: private)
195 | #endif
196 | public static func lift(_ buf: RustBuffer) throws -> SwiftType {
| `- error: cannot find type 'RustBuffer' in scope
197 | var reader = createReader(data: Data(rustBuffer: buf))
198 | let value = try read(from: &reader)
/host/spi-builder-workspace/Sources/IDKit/Generated/idkit_core.swift:209:53: error: cannot find type 'RustBuffer' in scope
207 | @_documentation(visibility: private)
208 | #endif
209 | public static func lower(_ value: SwiftType) -> RustBuffer {
| `- error: cannot find type 'RustBuffer' in scope
210 | var writer = createWriter()
211 | write(value, into: &writer)
/host/spi-builder-workspace/Sources/IDKit/Generated/idkit_core.swift:256:23: error: cannot find type 'RustCallStatus' in scope
254 | fileprivate let CALL_CANCELLED: Int8 = 3
255 |
256 | fileprivate extension RustCallStatus {
| `- error: cannot find type 'RustCallStatus' in scope
257 | init() {
258 | self.init(
/host/spi-builder-workspace/Sources/IDKit/Generated/idkit_core.swift:269:60: error: cannot find type 'RustCallStatus' in scope
267 | }
268 |
269 | private func rustCall<T>(_ callback: (UnsafeMutablePointer<RustCallStatus>) -> T) throws -> T {
| `- error: cannot find type 'RustCallStatus' in scope
270 | let neverThrow: ((RustBuffer) throws -> Never)? = nil
271 | return try makeRustCall(callback, errorHandler: neverThrow)
/host/spi-builder-workspace/Sources/IDKit/Generated/idkit_core.swift:275:32: error: cannot find type 'RustBuffer' in scope
273 |
274 | private func rustCallWithError<T, E: Swift.Error>(
275 | _ errorHandler: @escaping (RustBuffer) throws -> E,
| `- error: cannot find type 'RustBuffer' in scope
276 | _ callback: (UnsafeMutablePointer<RustCallStatus>) -> T) throws -> T {
277 | try makeRustCall(callback, errorHandler: errorHandler)
/host/spi-builder-workspace/Sources/IDKit/Generated/idkit_core.swift:276:39: error: cannot find type 'RustCallStatus' in scope
274 | private func rustCallWithError<T, E: Swift.Error>(
275 | _ errorHandler: @escaping (RustBuffer) throws -> E,
276 | _ callback: (UnsafeMutablePointer<RustCallStatus>) -> T) throws -> T {
| `- error: cannot find type 'RustCallStatus' in scope
277 | try makeRustCall(callback, errorHandler: errorHandler)
278 | }
/host/spi-builder-workspace/Sources/IDKit/Generated/idkit_core.swift:281:39: error: cannot find type 'RustCallStatus' in scope
279 |
280 | private func makeRustCall<T, E: Swift.Error>(
281 | _ callback: (UnsafeMutablePointer<RustCallStatus>) -> T,
| `- error: cannot find type 'RustCallStatus' in scope
282 | errorHandler: ((RustBuffer) throws -> E)?
283 | ) throws -> T {
/host/spi-builder-workspace/Sources/IDKit/Generated/idkit_core.swift:282:21: error: cannot find type 'RustBuffer' in scope
280 | private func makeRustCall<T, E: Swift.Error>(
281 | _ callback: (UnsafeMutablePointer<RustCallStatus>) -> T,
282 | errorHandler: ((RustBuffer) throws -> E)?
| `- error: cannot find type 'RustBuffer' in scope
283 | ) throws -> T {
284 | uniffiEnsureIdkitInitialized()
/host/spi-builder-workspace/Sources/IDKit/Generated/idkit_core.swift:292:17: error: cannot find type 'RustCallStatus' in scope
290 |
291 | private func uniffiCheckCallStatus<E: Swift.Error>(
292 | callStatus: RustCallStatus,
| `- error: cannot find type 'RustCallStatus' in scope
293 | errorHandler: ((RustBuffer) throws -> E)?
294 | ) throws {
/host/spi-builder-workspace/Sources/IDKit/Generated/idkit_core.swift:293:21: error: cannot find type 'RustBuffer' in scope
291 | private func uniffiCheckCallStatus<E: Swift.Error>(
292 | callStatus: RustCallStatus,
293 | errorHandler: ((RustBuffer) throws -> E)?
| `- error: cannot find type 'RustBuffer' in scope
294 | ) throws {
295 | switch callStatus.code {
/host/spi-builder-workspace/Sources/IDKit/Generated/idkit_core.swift:327:38: error: cannot find type 'RustCallStatus' in scope
325 |
326 | private func uniffiTraitInterfaceCall<T>(
327 | callStatus: UnsafeMutablePointer<RustCallStatus>,
| `- error: cannot find type 'RustCallStatus' in scope
328 | makeCall: () throws -> T,
329 | writeReturn: (T) -> ()
/host/spi-builder-workspace/Sources/IDKit/Generated/idkit_core.swift:340:38: error: cannot find type 'RustCallStatus' in scope
338 |
339 | private func uniffiTraitInterfaceCallWithError<T, E>(
340 | callStatus: UnsafeMutablePointer<RustCallStatus>,
| `- error: cannot find type 'RustCallStatus' in scope
341 | makeCall: () throws -> T,
342 | writeReturn: (T) -> (),
/host/spi-builder-workspace/Sources/IDKit/Generated/idkit_core.swift:343:24: error: cannot find type 'RustBuffer' in scope
341 | makeCall: () throws -> T,
342 | writeReturn: (T) -> (),
343 | lowerError: (E) -> RustBuffer
| `- error: cannot find type 'RustBuffer' in scope
344 | ) {
345 | do {
/host/spi-builder-workspace/Sources/IDKit/Generated/idkit_core.swift:480:25: error: cannot find type 'RustBuffer' in scope
478 | fileprivate struct FfiConverterString: FfiConverter {
479 | typealias SwiftType = String
480 | typealias FfiType = RustBuffer
| `- error: cannot find type 'RustBuffer' in scope
481 |
482 | public static func lift(_ value: RustBuffer) throws -> String {
/host/spi-builder-workspace/Sources/IDKit/Generated/idkit_core.swift:482:38: error: cannot find type 'RustBuffer' in scope
480 | typealias FfiType = RustBuffer
481 |
482 | public static func lift(_ value: RustBuffer) throws -> String {
| `- error: cannot find type 'RustBuffer' in scope
483 | defer {
484 | value.deallocate()
/host/spi-builder-workspace/Sources/IDKit/Generated/idkit_core.swift:493:50: error: cannot find type 'RustBuffer' in scope
491 | }
492 |
493 | public static func lower(_ value: String) -> RustBuffer {
| `- error: cannot find type 'RustBuffer' in scope
494 | return value.utf8CString.withUnsafeBufferPointer { ptr in
495 | // The swift string gives us int8_t, we want uint8_t.
/host/spi-builder-workspace/Sources/IDKit/Generated/idkit_core.swift:478:20: error: type 'FfiConverterString' does not conform to protocol 'FfiConverter'
158 | // analogous to the Rust trait of the same name.
159 | fileprivate protocol FfiConverter {
160 | associatedtype FfiType
| `- note: protocol requires nested type 'FfiType'
161 | associatedtype SwiftType
162 |
:
476 | @_documentation(visibility: private)
477 | #endif
478 | fileprivate struct FfiConverterString: FfiConverter {
| |- error: type 'FfiConverterString' does not conform to protocol 'FfiConverter'
| `- note: add stubs for conformance
479 | typealias SwiftType = String
480 | typealias FfiType = RustBuffer
/host/spi-builder-workspace/Sources/IDKit/Generated/idkit_core.swift:519:20: error: type 'FfiConverterData' does not conform to protocol 'FfiConverter'
158 | // analogous to the Rust trait of the same name.
159 | fileprivate protocol FfiConverter {
160 | associatedtype FfiType
| `- note: protocol requires nested type 'FfiType'
161 | associatedtype SwiftType
162 |
:
517 | @_documentation(visibility: private)
518 | #endif
519 | fileprivate struct FfiConverterData: FfiConverterRustBuffer {
| |- error: type 'FfiConverterData' does not conform to protocol 'FfiConverter'
| `- note: add stubs for conformance
520 | typealias SwiftType = Data
521 |
/host/spi-builder-workspace/Sources/IDKit/Generated/idkit_core.swift:2381:15: error: type 'FfiConverterTypeBridgeRequestPayloadWrapper' does not conform to protocol 'FfiConverter'
158 | // analogous to the Rust trait of the same name.
159 | fileprivate protocol FfiConverter {
160 | associatedtype FfiType
| `- note: protocol requires nested type 'FfiType'
161 | associatedtype SwiftType
| `- note: protocol requires nested type 'SwiftType'
162 |
163 | static func lift(_ value: FfiType) throws -> SwiftType
:
2379 | @_documentation(visibility: private)
2380 | #endif
2381 | public struct FfiConverterTypeBridgeRequestPayloadWrapper: FfiConverterRustBuffer {
| |- error: type 'FfiConverterTypeBridgeRequestPayloadWrapper' does not conform to protocol 'FfiConverter'
| `- note: add stubs for conformance
2382 | public static func read(from buf: inout (data: Data, offset: Data.Index)) throws -> BridgeRequestPayloadWrapper {
2383 | return
/host/spi-builder-workspace/Sources/IDKit/Generated/idkit_core.swift:2424:69: error: cannot find type 'RustBuffer' in scope
2422 | @_documentation(visibility: private)
2423 | #endif
2424 | public func FfiConverterTypeBridgeRequestPayloadWrapper_lift(_ buf: RustBuffer) throws -> BridgeRequestPayloadWrapper {
| `- error: cannot find type 'RustBuffer' in scope
2425 | return try FfiConverterTypeBridgeRequestPayloadWrapper.lift(buf)
2426 | }
/host/spi-builder-workspace/Sources/IDKit/Generated/idkit_core.swift:2431:104: error: cannot find type 'RustBuffer' in scope
2429 | @_documentation(visibility: private)
2430 | #endif
2431 | public func FfiConverterTypeBridgeRequestPayloadWrapper_lower(_ value: BridgeRequestPayloadWrapper) -> RustBuffer {
| `- error: cannot find type 'RustBuffer' in scope
2432 | return FfiConverterTypeBridgeRequestPayloadWrapper.lower(value)
2433 | }
/host/spi-builder-workspace/Sources/IDKit/Generated/idkit_core.swift:2490:15: error: type 'FfiConverterTypeBridgeResponseV1' does not conform to protocol 'FfiConverter'
158 | // analogous to the Rust trait of the same name.
159 | fileprivate protocol FfiConverter {
160 | associatedtype FfiType
| `- note: protocol requires nested type 'FfiType'
161 | associatedtype SwiftType
| `- note: protocol requires nested type 'SwiftType'
162 |
163 | static func lift(_ value: FfiType) throws -> SwiftType
:
2488 | @_documentation(visibility: private)
2489 | #endif
2490 | public struct FfiConverterTypeBridgeResponseV1: FfiConverterRustBuffer {
| |- error: type 'FfiConverterTypeBridgeResponseV1' does not conform to protocol 'FfiConverter'
| `- note: add stubs for conformance
2491 | public static func read(from buf: inout (data: Data, offset: Data.Index)) throws -> BridgeResponseV1 {
2492 | return
/host/spi-builder-workspace/Sources/IDKit/Generated/idkit_core.swift:2513:58: error: cannot find type 'RustBuffer' in scope
2511 | @_documentation(visibility: private)
2512 | #endif
2513 | public func FfiConverterTypeBridgeResponseV1_lift(_ buf: RustBuffer) throws -> BridgeResponseV1 {
| `- error: cannot find type 'RustBuffer' in scope
2514 | return try FfiConverterTypeBridgeResponseV1.lift(buf)
2515 | }
/host/spi-builder-workspace/Sources/IDKit/Generated/idkit_core.swift:2520:82: error: cannot find type 'RustBuffer' in scope
2518 | @_documentation(visibility: private)
2519 | #endif
2520 | public func FfiConverterTypeBridgeResponseV1_lower(_ value: BridgeResponseV1) -> RustBuffer {
| `- error: cannot find type 'RustBuffer' in scope
2521 | return FfiConverterTypeBridgeResponseV1.lower(value)
2522 | }
/host/spi-builder-workspace/Sources/IDKit/Generated/idkit_core.swift:2590:15: error: type 'FfiConverterTypeCredentialRequestWrapper' does not conform to protocol 'FfiConverter'
158 | // analogous to the Rust trait of the same name.
159 | fileprivate protocol FfiConverter {
160 | associatedtype FfiType
| `- note: protocol requires nested type 'FfiType'
161 | associatedtype SwiftType
| `- note: protocol requires nested type 'SwiftType'
162 |
163 | static func lift(_ value: FfiType) throws -> SwiftType
:
2588 | @_documentation(visibility: private)
2589 | #endif
2590 | public struct FfiConverterTypeCredentialRequestWrapper: FfiConverterRustBuffer {
| |- error: type 'FfiConverterTypeCredentialRequestWrapper' does not conform to protocol 'FfiConverter'
| `- note: add stubs for conformance
2591 | public static func read(from buf: inout (data: Data, offset: Data.Index)) throws -> CredentialRequestWrapper {
2592 | return
/host/spi-builder-workspace/Sources/IDKit/Generated/idkit_core.swift:2615:66: error: cannot find type 'RustBuffer' in scope
2613 | @_documentation(visibility: private)
2614 | #endif
2615 | public func FfiConverterTypeCredentialRequestWrapper_lift(_ buf: RustBuffer) throws -> CredentialRequestWrapper {
| `- error: cannot find type 'RustBuffer' in scope
2616 | return try FfiConverterTypeCredentialRequestWrapper.lift(buf)
2617 | }
/host/spi-builder-workspace/Sources/IDKit/Generated/idkit_core.swift:2622:98: error: cannot find type 'RustBuffer' in scope
2620 | @_documentation(visibility: private)
2621 | #endif
2622 | public func FfiConverterTypeCredentialRequestWrapper_lower(_ value: CredentialRequestWrapper) -> RustBuffer {
| `- error: cannot find type 'RustBuffer' in scope
2623 | return FfiConverterTypeCredentialRequestWrapper.lower(value)
2624 | }
/host/spi-builder-workspace/Sources/IDKit/Generated/idkit_core.swift:2757:15: error: type 'FfiConverterTypeIDKitRequestConfig' does not conform to protocol 'FfiConverter'
158 | // analogous to the Rust trait of the same name.
159 | fileprivate protocol FfiConverter {
160 | associatedtype FfiType
| `- note: protocol requires nested type 'FfiType'
161 | associatedtype SwiftType
| `- note: protocol requires nested type 'SwiftType'
162 |
163 | static func lift(_ value: FfiType) throws -> SwiftType
:
2755 | @_documentation(visibility: private)
2756 | #endif
2757 | public struct FfiConverterTypeIDKitRequestConfig: FfiConverterRustBuffer {
| |- error: type 'FfiConverterTypeIDKitRequestConfig' does not conform to protocol 'FfiConverter'
| `- note: add stubs for conformance
2758 | public static func read(from buf: inout (data: Data, offset: Data.Index)) throws -> IdKitRequestConfig {
2759 | return
/host/spi-builder-workspace/Sources/IDKit/Generated/idkit_core.swift:2798:60: error: cannot find type 'RustBuffer' in scope
2796 | @_documentation(visibility: private)
2797 | #endif
2798 | public func FfiConverterTypeIDKitRequestConfig_lift(_ buf: RustBuffer) throws -> IdKitRequestConfig {
| `- error: cannot find type 'RustBuffer' in scope
2799 | return try FfiConverterTypeIDKitRequestConfig.lift(buf)
2800 | }
/host/spi-builder-workspace/Sources/IDKit/Generated/idkit_core.swift:2805:86: error: cannot find type 'RustBuffer' in scope
2803 | @_documentation(visibility: private)
2804 | #endif
2805 | public func FfiConverterTypeIDKitRequestConfig_lower(_ value: IdKitRequestConfig) -> RustBuffer {
| `- error: cannot find type 'RustBuffer' in scope
2806 | return FfiConverterTypeIDKitRequestConfig.lower(value)
2807 | }
/host/spi-builder-workspace/Sources/IDKit/Generated/idkit_core.swift:2920:15: error: type 'FfiConverterTypeIDKitResult' does not conform to protocol 'FfiConverter'
158 | // analogous to the Rust trait of the same name.
159 | fileprivate protocol FfiConverter {
160 | associatedtype FfiType
| `- note: protocol requires nested type 'FfiType'
161 | associatedtype SwiftType
| `- note: protocol requires nested type 'SwiftType'
162 |
163 | static func lift(_ value: FfiType) throws -> SwiftType
:
2918 | @_documentation(visibility: private)
2919 | #endif
2920 | public struct FfiConverterTypeIDKitResult: FfiConverterRustBuffer {
| |- error: type 'FfiConverterTypeIDKitResult' does not conform to protocol 'FfiConverter'
| `- note: add stubs for conformance
2921 | public static func read(from buf: inout (data: Data, offset: Data.Index)) throws -> IdKitResult {
2922 | return
/host/spi-builder-workspace/Sources/IDKit/Generated/idkit_core.swift:2955:53: error: cannot find type 'RustBuffer' in scope
2953 | @_documentation(visibility: private)
2954 | #endif
2955 | public func FfiConverterTypeIDKitResult_lift(_ buf: RustBuffer) throws -> IdKitResult {
| `- error: cannot find type 'RustBuffer' in scope
2956 | return try FfiConverterTypeIDKitResult.lift(buf)
2957 | }
/host/spi-builder-workspace/Sources/IDKit/Generated/idkit_core.swift:2962:72: error: cannot find type 'RustBuffer' in scope
2960 | @_documentation(visibility: private)
2961 | #endif
2962 | public func FfiConverterTypeIDKitResult_lower(_ value: IdKitResult) -> RustBuffer {
| `- error: cannot find type 'RustBuffer' in scope
2963 | return FfiConverterTypeIDKitResult.lower(value)
2964 | }
/host/spi-builder-workspace/Sources/IDKit/Generated/idkit_core.swift:3071:15: error: type 'FfiConverterTypeIDKitSessionConfig' does not conform to protocol 'FfiConverter'
158 | // analogous to the Rust trait of the same name.
159 | fileprivate protocol FfiConverter {
160 | associatedtype FfiType
| `- note: protocol requires nested type 'FfiType'
161 | associatedtype SwiftType
| `- note: protocol requires nested type 'SwiftType'
162 |
163 | static func lift(_ value: FfiType) throws -> SwiftType
:
3069 | @_documentation(visibility: private)
3070 | #endif
3071 | public struct FfiConverterTypeIDKitSessionConfig: FfiConverterRustBuffer {
| |- error: type 'FfiConverterTypeIDKitSessionConfig' does not conform to protocol 'FfiConverter'
| `- note: add stubs for conformance
3072 | public static func read(from buf: inout (data: Data, offset: Data.Index)) throws -> IdKitSessionConfig {
3073 | return
/host/spi-builder-workspace/Sources/IDKit/Generated/idkit_core.swift:3106:60: error: cannot find type 'RustBuffer' in scope
3104 | @_documentation(visibility: private)
3105 | #endif
3106 | public func FfiConverterTypeIDKitSessionConfig_lift(_ buf: RustBuffer) throws -> IdKitSessionConfig {
| `- error: cannot find type 'RustBuffer' in scope
3107 | return try FfiConverterTypeIDKitSessionConfig.lift(buf)
3108 | }
/host/spi-builder-workspace/Sources/IDKit/Generated/idkit_core.swift:3113:86: error: cannot find type 'RustBuffer' in scope
3111 | @_documentation(visibility: private)
3112 | #endif
3113 | public func FfiConverterTypeIDKitSessionConfig_lower(_ value: IdKitSessionConfig) -> RustBuffer {
| `- error: cannot find type 'RustBuffer' in scope
3114 | return FfiConverterTypeIDKitSessionConfig.lower(value)
3115 | }
/host/spi-builder-workspace/Sources/IDKit/Generated/idkit_core.swift:3180:15: error: type 'FfiConverterTypeIntegrityBundle' does not conform to protocol 'FfiConverter'
158 | // analogous to the Rust trait of the same name.
159 | fileprivate protocol FfiConverter {
160 | associatedtype FfiType
| `- note: protocol requires nested type 'FfiType'
161 | associatedtype SwiftType
| `- note: protocol requires nested type 'SwiftType'
162 |
163 | static func lift(_ value: FfiType) throws -> SwiftType
:
3178 | @_documentation(visibility: private)
3179 | #endif
3180 | public struct FfiConverterTypeIntegrityBundle: FfiConverterRustBuffer {
| |- error: type 'FfiConverterTypeIntegrityBundle' does not conform to protocol 'FfiConverter'
| `- note: add stubs for conformance
3181 | public static func read(from buf: inout (data: Data, offset: Data.Index)) throws -> IntegrityBundle {
3182 | return
/host/spi-builder-workspace/Sources/IDKit/Generated/idkit_core.swift:3205:57: error: cannot find type 'RustBuffer' in scope
3203 | @_documentation(visibility: private)
3204 | #endif
3205 | public func FfiConverterTypeIntegrityBundle_lift(_ buf: RustBuffer) throws -> IntegrityBundle {
| `- error: cannot find type 'RustBuffer' in scope
3206 | return try FfiConverterTypeIntegrityBundle.lift(buf)
3207 | }
/host/spi-builder-workspace/Sources/IDKit/Generated/idkit_core.swift:3212:80: error: cannot find type 'RustBuffer' in scope
3210 | @_documentation(visibility: private)
3211 | #endif
3212 | public func FfiConverterTypeIntegrityBundle_lower(_ value: IntegrityBundle) -> RustBuffer {
| `- error: cannot find type 'RustBuffer' in scope
3213 | return FfiConverterTypeIntegrityBundle.lower(value)
3214 | }
/host/spi-builder-workspace/Sources/IDKit/Generated/idkit_core.swift:3266:15: error: type 'FfiConverterTypeProofRequestWrapper' does not conform to protocol 'FfiConverter'
158 | // analogous to the Rust trait of the same name.
159 | fileprivate protocol FfiConverter {
160 | associatedtype FfiType
| `- note: protocol requires nested type 'FfiType'
161 | associatedtype SwiftType
| `- note: protocol requires nested type 'SwiftType'
162 |
163 | static func lift(_ value: FfiType) throws -> SwiftType
:
3264 | @_documentation(visibility: private)
3265 | #endif
3266 | public struct FfiConverterTypeProofRequestWrapper: FfiConverterRustBuffer {
| |- error: type 'FfiConverterTypeProofRequestWrapper' does not conform to protocol 'FfiConverter'
| `- note: add stubs for conformance
3267 | public static func read(from buf: inout (data: Data, offset: Data.Index)) throws -> ProofRequestWrapper {
3268 | return
/host/spi-builder-workspace/Sources/IDKit/Generated/idkit_core.swift:3307:61: error: cannot find type 'RustBuffer' in scope
3305 | @_documentation(visibility: private)
3306 | #endif
3307 | public func FfiConverterTypeProofRequestWrapper_lift(_ buf: RustBuffer) throws -> ProofRequestWrapper {
| `- error: cannot find type 'RustBuffer' in scope
3308 | return try FfiConverterTypeProofRequestWrapper.lift(buf)
3309 | }
/host/spi-builder-workspace/Sources/IDKit/Generated/idkit_core.swift:3314:88: error: cannot find type 'RustBuffer' in scope
3312 | @_documentation(visibility: private)
3313 | #endif
3314 | public func FfiConverterTypeProofRequestWrapper_lower(_ value: ProofRequestWrapper) -> RustBuffer {
| `- error: cannot find type 'RustBuffer' in scope
3315 | return FfiConverterTypeProofRequestWrapper.lower(value)
3316 | }
/host/spi-builder-workspace/Sources/IDKit/Generated/idkit_core.swift:3445:15: error: type 'FfiConverterTypeAppError' does not conform to protocol 'FfiConverter'
158 | // analogous to the Rust trait of the same name.
159 | fileprivate protocol FfiConverter {
160 | associatedtype FfiType
| `- note: protocol requires nested type 'FfiType'
161 | associatedtype SwiftType
162 |
:
3443 | @_documentation(visibility: private)
3444 | #endif
3445 | public struct FfiConverterTypeAppError: FfiConverterRustBuffer {
| |- error: type 'FfiConverterTypeAppError' does not conform to protocol 'FfiConverter'
| `- note: add stubs for conformance
3446 | typealias SwiftType = AppError
3447 |
/host/spi-builder-workspace/Sources/IDKit/Generated/idkit_core.swift:3623:50: error: cannot find type 'RustBuffer' in scope
3621 | @_documentation(visibility: private)
3622 | #endif
3623 | public func FfiConverterTypeAppError_lift(_ buf: RustBuffer) throws -> AppError {
| `- error: cannot find type 'RustBuffer' in scope
3624 | return try FfiConverterTypeAppError.lift(buf)
3625 | }
/host/spi-builder-workspace/Sources/IDKit/Generated/idkit_core.swift:3630:66: error: cannot find type 'RustBuffer' in scope
3628 | @_documentation(visibility: private)
3629 | #endif
3630 | public func FfiConverterTypeAppError_lower(_ value: AppError) -> RustBuffer {
| `- error: cannot find type 'RustBuffer' in scope
3631 | return FfiConverterTypeAppError.lower(value)
3632 | }
/host/spi-builder-workspace/Sources/IDKit/Generated/idkit_core.swift:3665:15: error: type 'FfiConverterTypeConnectUrlMode' does not conform to protocol 'FfiConverter'
158 | // analogous to the Rust trait of the same name.
159 | fileprivate protocol FfiConverter {
160 | associatedtype FfiType
| `- note: protocol requires nested type 'FfiType'
161 | associatedtype SwiftType
162 |
:
3663 | @_documentation(visibility: private)
3664 | #endif
3665 | public struct FfiConverterTypeConnectUrlMode: FfiConverterRustBuffer {
| |- error: type 'FfiConverterTypeConnectUrlMode' does not conform to protocol 'FfiConverter'
| `- note: add stubs for conformance
3666 | typealias SwiftType = ConnectUrlMode
3667 |
/host/spi-builder-workspace/Sources/IDKit/Generated/idkit_core.swift:3699:56: error: cannot find type 'RustBuffer' in scope
3697 | @_documentation(visibility: private)
3698 | #endif
3699 | public func FfiConverterTypeConnectUrlMode_lift(_ buf: RustBuffer) throws -> ConnectUrlMode {
| `- error: cannot find type 'RustBuffer' in scope
3700 | return try FfiConverterTypeConnectUrlMode.lift(buf)
3701 | }
/host/spi-builder-workspace/Sources/IDKit/Generated/idkit_core.swift:3706:78: error: cannot find type 'RustBuffer' in scope
3704 | @_documentation(visibility: private)
3705 | #endif
3706 | public func FfiConverterTypeConnectUrlMode_lower(_ value: ConnectUrlMode) -> RustBuffer {
| `- error: cannot find type 'RustBuffer' in scope
3707 | return FfiConverterTypeConnectUrlMode.lower(value)
3708 | }
/host/spi-builder-workspace/Sources/IDKit/Generated/idkit_core.swift:3737:15: error: type 'FfiConverterTypeConstraintKindWrapper' does not conform to protocol 'FfiConverter'
158 | // analogous to the Rust trait of the same name.
159 | fileprivate protocol FfiConverter {
160 | associatedtype FfiType
| `- note: protocol requires nested type 'FfiType'
161 | associatedtype SwiftType
162 |
:
3735 | @_documentation(visibility: private)
3736 | #endif
3737 | public struct FfiConverterTypeConstraintKindWrapper: FfiConverterRustBuffer {
| |- error: type 'FfiConverterTypeConstraintKindWrapper' does not conform to protocol 'FfiConverter'
| `- note: add stubs for conformance
3738 | typealias SwiftType = ConstraintKindWrapper
3739 |
/host/spi-builder-workspace/Sources/IDKit/Generated/idkit_core.swift:3783:63: error: cannot find type 'RustBuffer' in scope
3781 | @_documentation(visibility: private)
3782 | #endif
3783 | public func FfiConverterTypeConstraintKindWrapper_lift(_ buf: RustBuffer) throws -> ConstraintKindWrapper {
| `- error: cannot find type 'RustBuffer' in scope
3784 | return try FfiConverterTypeConstraintKindWrapper.lift(buf)
3785 | }
/host/spi-builder-workspace/Sources/IDKit/Generated/idkit_core.swift:3790:92: error: cannot find type 'RustBuffer' in scope
3788 | @_documentation(visibility: private)
3789 | #endif
3790 | public func FfiConverterTypeConstraintKindWrapper_lower(_ value: ConstraintKindWrapper) -> RustBuffer {
| `- error: cannot find type 'RustBuffer' in scope
3791 | return FfiConverterTypeConstraintKindWrapper.lower(value)
3792 | }
/host/spi-builder-workspace/Sources/IDKit/Generated/idkit_core.swift:3833:15: error: type 'FfiConverterTypeCredentialType' does not conform to protocol 'FfiConverter'
158 | // analogous to the Rust trait of the same name.
159 | fileprivate protocol FfiConverter {
160 | associatedtype FfiType
| `- note: protocol requires nested type 'FfiType'
161 | associatedtype SwiftType
162 |
:
3831 | @_documentation(visibility: private)
3832 | #endif
3833 | public struct FfiConverterTypeCredentialType: FfiConverterRustBuffer {
| |- error: type 'FfiConverterTypeCredentialType' does not conform to protocol 'FfiConverter'
| `- note: add stubs for conformance
3834 | typealias SwiftType = CredentialType
3835 |
/host/spi-builder-workspace/Sources/IDKit/Generated/idkit_core.swift:3879:56: error: cannot find type 'RustBuffer' in scope
3877 | @_documentation(visibility: private)
3878 | #endif
3879 | public func FfiConverterTypeCredentialType_lift(_ buf: RustBuffer) throws -> CredentialType {
| `- error: cannot find type 'RustBuffer' in scope
3880 | return try FfiConverterTypeCredentialType.lift(buf)
3881 | }
/host/spi-builder-workspace/Sources/IDKit/Generated/idkit_core.swift:3886:78: error: cannot find type 'RustBuffer' in scope
3884 | @_documentation(visibility: private)
3885 | #endif
3886 | public func FfiConverterTypeCredentialType_lower(_ value: CredentialType) -> RustBuffer {
| `- error: cannot find type 'RustBuffer' in scope
3887 | return FfiConverterTypeCredentialType.lower(value)
3888 | }
/host/spi-builder-workspace/Sources/IDKit/Generated/idkit_core.swift:3925:15: error: type 'FfiConverterTypeDocumentType' does not conform to protocol 'FfiConverter'
158 | // analogous to the Rust trait of the same name.
159 | fileprivate protocol FfiConverter {
160 | associatedtype FfiType
| `- note: protocol requires nested type 'FfiType'
161 | associatedtype SwiftType
162 |
:
3923 | @_documentation(visibility: private)
3924 | #endif
3925 | public struct FfiConverterTypeDocumentType: FfiConverterRustBuffer {
| |- error: type 'FfiConverterTypeDocumentType' does not conform to protocol 'FfiConverter'
| `- note: add stubs for conformance
3926 | typealias SwiftType = DocumentType
3927 |
/host/spi-builder-workspace/Sources/IDKit/Generated/idkit_core.swift:3965:54: error: cannot find type 'RustBuffer' in scope
3963 | @_documentation(visibility: private)
3964 | #endif
3965 | public func FfiConverterTypeDocumentType_lift(_ buf: RustBuffer) throws -> DocumentType {
| `- error: cannot find type 'RustBuffer' in scope
3966 | return try FfiConverterTypeDocumentType.lift(buf)
3967 | }
/host/spi-builder-workspace/Sources/IDKit/Generated/idkit_core.swift:3972:74: error: cannot find type 'RustBuffer' in scope
3970 | @_documentation(visibility: private)
3971 | #endif
3972 | public func FfiConverterTypeDocumentType_lower(_ value: DocumentType) -> RustBuffer {
| `- error: cannot find type 'RustBuffer' in scope
3973 | return FfiConverterTypeDocumentType.lower(value)
3974 | }
/host/spi-builder-workspace/Sources/IDKit/Generated/idkit_core.swift:4002:15: error: type 'FfiConverterTypeEnvironment' does not conform to protocol 'FfiConverter'
158 | // analogous to the Rust trait of the same name.
159 | fileprivate protocol FfiConverter {
160 | associatedtype FfiType
| `- note: protocol requires nested type 'FfiType'
161 | associatedtype SwiftType
162 |
:
4000 | @_documentation(visibility: private)
4001 | #endif
4002 | public struct FfiConverterTypeEnvironment: FfiConverterRustBuffer {
| |- error: type 'FfiConverterTypeEnvironment' does not conform to protocol 'FfiConverter'
| `- note: add stubs for conformance
4003 | typealias SwiftType = Environment
4004 |
/host/spi-builder-workspace/Sources/IDKit/Generated/idkit_core.swift:4042:53: error: cannot find type 'RustBuffer' in scope
4040 | @_documentation(visibility: private)
4041 | #endif
4042 | public func FfiConverterTypeEnvironment_lift(_ buf: RustBuffer) throws -> Environment {
| `- error: cannot find type 'RustBuffer' in scope
4043 | return try FfiConverterTypeEnvironment.lift(buf)
4044 | }
/host/spi-builder-workspace/Sources/IDKit/Generated/idkit_core.swift:4049:72: error: cannot find type 'RustBuffer' in scope
4047 | @_documentation(visibility: private)
4048 | #endif
4049 | public func FfiConverterTypeEnvironment_lower(_ value: Environment) -> RustBuffer {
| `- error: cannot find type 'RustBuffer' in scope
4050 | return FfiConverterTypeEnvironment.lower(value)
4051 | }
/host/spi-builder-workspace/Sources/IDKit/Generated/idkit_core.swift:4112:15: error: type 'FfiConverterTypeIdentityAttribute' does not conform to protocol 'FfiConverter'
158 | // analogous to the Rust trait of the same name.
159 | fileprivate protocol FfiConverter {
160 | associatedtype FfiType
| `- note: protocol requires nested type 'FfiType'
161 | associatedtype SwiftType
162 |
:
4110 | @_documentation(visibility: private)
4111 | #endif
4112 | public struct FfiConverterTypeIdentityAttribute: FfiConverterRustBuffer {
| |- error: type 'FfiConverterTypeIdentityAttribute' does not conform to protocol 'FfiConverter'
| `- note: add stubs for conformance
4113 | typealias SwiftType = IdentityAttribute
4114 |
/host/spi-builder-workspace/Sources/IDKit/Generated/idkit_core.swift:4182:59: error: cannot find type 'RustBuffer' in scope
4180 | @_documentation(visibility: private)
4181 | #endif
4182 | public func FfiConverterTypeIdentityAttribute_lift(_ buf: RustBuffer) throws -> IdentityAttribute {
| `- error: cannot find type 'RustBuffer' in scope
4183 | return try FfiConverterTypeIdentityAttribute.lift(buf)
4184 | }
/host/spi-builder-workspace/Sources/IDKit/Generated/idkit_core.swift:4189:84: error: cannot find type 'RustBuffer' in scope
4187 | @_documentation(visibility: private)
4188 | #endif
4189 | public func FfiConverterTypeIdentityAttribute_lower(_ value: IdentityAttribute) -> RustBuffer {
| `- error: cannot find type 'RustBuffer' in scope
4190 | return FfiConverterTypeIdentityAttribute.lower(value)
4191 | }
/host/spi-builder-workspace/Sources/IDKit/Generated/idkit_core.swift:4270:15: error: type 'FfiConverterTypeIdkitError' does not conform to protocol 'FfiConverter'
158 | // analogous to the Rust trait of the same name.
159 | fileprivate protocol FfiConverter {
160 | associatedtype FfiType
| `- note: protocol requires nested type 'FfiType'
161 | associatedtype SwiftType
162 |
:
4268 | @_documentation(visibility: private)
4269 | #endif
4270 | public struct FfiConverterTypeIdkitError: FfiConverterRustBuffer {
| |- error: type 'FfiConverterTypeIdkitError' does not conform to protocol 'FfiConverter'
| `- note: add stubs for conformance
4271 | typealias SwiftType = IdkitError
4272 |
/host/spi-builder-workspace/Sources/IDKit/Generated/idkit_core.swift:4378:52: error: cannot find type 'RustBuffer' in scope
4376 | @_documentation(visibility: private)
4377 | #endif
4378 | public func FfiConverterTypeIdkitError_lift(_ buf: RustBuffer) throws -> IdkitError {
| `- error: cannot find type 'RustBuffer' in scope
4379 | return try FfiConverterTypeIdkitError.lift(buf)
4380 | }
/host/spi-builder-workspace/Sources/IDKit/Generated/idkit_core.swift:4385:70: error: cannot find type 'RustBuffer' in scope
4383 | @_documentation(visibility: private)
4384 | #endif
4385 | public func FfiConverterTypeIdkitError_lower(_ value: IdkitError) -> RustBuffer {
| `- error: cannot find type 'RustBuffer' in scope
4386 | return FfiConverterTypeIdkitError.lower(value)
4387 | }
/host/spi-builder-workspace/Sources/IDKit/Generated/idkit_core.swift:4419:15: error: type 'FfiConverterTypeIntegritySignatureFormat' does not conform to protocol 'FfiConverter'
158 | // analogous to the Rust trait of the same name.
159 | fileprivate protocol FfiConverter {
160 | associatedtype FfiType
| `- note: protocol requires nested type 'FfiType'
161 | associatedtype SwiftType
162 |
:
4417 | @_documentation(visibility: private)
4418 | #endif
4419 | public struct FfiConverterTypeIntegritySignatureFormat: FfiConverterRustBuffer {
| |- error: type 'FfiConverterTypeIntegritySignatureFormat' does not conform to protocol 'FfiConverter'
| `- note: add stubs for conformance
4420 | typealias SwiftType = IntegritySignatureFormat
4421 |
/host/spi-builder-workspace/Sources/IDKit/Generated/idkit_core.swift:4453:66: error: cannot find type 'RustBuffer' in scope
4451 | @_documentation(visibility: private)
4452 | #endif
4453 | public func FfiConverterTypeIntegritySignatureFormat_lift(_ buf: RustBuffer) throws -> IntegritySignatureFormat {
| `- error: cannot find type 'RustBuffer' in scope
4454 | return try FfiConverterTypeIntegritySignatureFormat.lift(buf)
4455 | }
/host/spi-builder-workspace/Sources/IDKit/Generated/idkit_core.swift:4460:98: error: cannot find type 'RustBuffer' in scope
4458 | @_documentation(visibility: private)
4459 | #endif
4460 | public func FfiConverterTypeIntegritySignatureFormat_lower(_ value: IntegritySignatureFormat) -> RustBuffer {
| `- error: cannot find type 'RustBuffer' in scope
4461 | return FfiConverterTypeIntegritySignatureFormat.lower(value)
4462 | }
/host/spi-builder-workspace/Sources/IDKit/Generated/idkit_core.swift:4626:15: error: type 'FfiConverterTypePreset' does not conform to protocol 'FfiConverter'
158 | // analogous to the Rust trait of the same name.
159 | fileprivate protocol FfiConverter {
160 | associatedtype FfiType
| `- note: protocol requires nested type 'FfiType'
161 | associatedtype SwiftType
162 |
:
4624 | @_documentation(visibility: private)
4625 | #endif
4626 | public struct FfiConverterTypePreset: FfiConverterRustBuffer {
| |- error: type 'FfiConverterTypePreset' does not conform to protocol 'FfiConverter'
| `- note: add stubs for conformance
4627 | typealias SwiftType = Preset
4628 |
/host/spi-builder-workspace/Sources/IDKit/Generated/idkit_core.swift:4729:48: error: cannot find type 'RustBuffer' in scope
4727 | @_documentation(visibility: private)
4728 | #endif
4729 | public func FfiConverterTypePreset_lift(_ buf: RustBuffer) throws -> Preset {
| `- error: cannot find type 'RustBuffer' in scope
4730 | return try FfiConverterTypePreset.lift(buf)
4731 | }
/host/spi-builder-workspace/Sources/IDKit/Generated/idkit_core.swift:4736:62: error: cannot find type 'RustBuffer' in scope
4734 | @_documentation(visibility: private)
4735 | #endif
4736 | public func FfiConverterTypePreset_lower(_ value: Preset) -> RustBuffer {
| `- error: cannot find type 'RustBuffer' in scope
4737 | return FfiConverterTypePreset.lower(value)
4738 | }
/host/spi-builder-workspace/Sources/IDKit/Generated/idkit_core.swift:4898:15: error: type 'FfiConverterTypeResponseItem' does not conform to protocol 'FfiConverter'
158 | // analogous to the Rust trait of the same name.
159 | fileprivate protocol FfiConverter {
160 | associatedtype FfiType
| `- note: protocol requires nested type 'FfiType'
161 | associatedtype SwiftType
162 |
:
4896 | @_documentation(visibility: private)
4897 | #endif
4898 | public struct FfiConverterTypeResponseItem: FfiConverterRustBuffer {
| |- error: type 'FfiConverterTypeResponseItem' does not conform to protocol 'FfiConverter'
| `- note: add stubs for conformance
4899 | typealias SwiftType = ResponseItem
4900 |
/host/spi-builder-workspace/Sources/IDKit/Generated/idkit_core.swift:4986:54: error: cannot find type 'RustBuffer' in scope
4984 | @_documentation(visibility: private)
4985 | #endif
4986 | public func FfiConverterTypeResponseItem_lift(_ buf: RustBuffer) throws -> ResponseItem {
| `- error: cannot find type 'RustBuffer' in scope
4987 | return try FfiConverterTypeResponseItem.lift(buf)
4988 | }
/host/spi-builder-workspace/Sources/IDKit/Generated/idkit_core.swift:4993:74: error: cannot find type 'RustBuffer' in scope
4991 | @_documentation(visibility: private)
4992 | #endif
4993 | public func FfiConverterTypeResponseItem_lower(_ value: ResponseItem) -> RustBuffer {
| `- error: cannot find type 'RustBuffer' in scope
4994 | return FfiConverterTypeResponseItem.lower(value)
4995 | }
/host/spi-builder-workspace/Sources/IDKit/Generated/idkit_core.swift:5041:15: error: type 'FfiConverterTypeStatusWrapper' does not conform to protocol 'FfiConverter'
158 | // analogous to the Rust trait of the same name.
159 | fileprivate protocol FfiConverter {
160 | associatedtype FfiType
| `- note: protocol requires nested type 'FfiType'
161 | associatedtype SwiftType
162 |
:
5039 | @_documentation(visibility: private)
5040 | #endif
5041 | public struct FfiConverterTypeStatusWrapper: FfiConverterRustBuffer {
| |- error: type 'FfiConverterTypeStatusWrapper' does not conform to protocol 'FfiConverter'
| `- note: add stubs for conformance
5042 | typealias SwiftType = StatusWrapper
5043 |
/host/spi-builder-workspace/Sources/IDKit/Generated/idkit_core.swift:5099:55: error: cannot find type 'RustBuffer' in scope
5097 | @_documentation(visibility: private)
5098 | #endif
5099 | public func FfiConverterTypeStatusWrapper_lift(_ buf: RustBuffer) throws -> StatusWrapper {
| `- error: cannot find type 'RustBuffer' in scope
5100 | return try FfiConverterTypeStatusWrapper.lift(buf)
5101 | }
/host/spi-builder-workspace/Sources/IDKit/Generated/idkit_core.swift:5106:76: error: cannot find type 'RustBuffer' in scope
5104 | @_documentation(visibility: private)
5105 | #endif
5106 | public func FfiConverterTypeStatusWrapper_lower(_ value: StatusWrapper) -> RustBuffer {
| `- error: cannot find type 'RustBuffer' in scope
5107 | return FfiConverterTypeStatusWrapper.lower(value)
5108 | }
/host/spi-builder-workspace/Sources/IDKit/Generated/idkit_core.swift:5153:15: error: type 'FfiConverterTypeVerificationLevel' does not conform to protocol 'FfiConverter'
158 | // analogous to the Rust trait of the same name.
159 | fileprivate protocol FfiConverter {
160 | associatedtype FfiType
| `- note: protocol requires nested type 'FfiType'
161 | associatedtype SwiftType
162 |
:
5151 | @_documentation(visibility: private)
5152 | #endif
5153 | public struct FfiConverterTypeVerificationLevel: FfiConverterRustBuffer {
| |- error: type 'FfiConverterTypeVerificationLevel' does not conform to protocol 'FfiConverter'
| `- note: add stubs for conformance
5154 | typealias SwiftType = VerificationLevel
5155 |
/host/spi-builder-workspace/Sources/IDKit/Generated/idkit_core.swift:5205:59: error: cannot find type 'RustBuffer' in scope
5203 | @_documentation(visibility: private)
5204 | #endif
5205 | public func FfiConverterTypeVerificationLevel_lift(_ buf: RustBuffer) throws -> VerificationLevel {
| `- error: cannot find type 'RustBuffer' in scope
5206 | return try FfiConverterTypeVerificationLevel.lift(buf)
5207 | }
/host/spi-builder-workspace/Sources/IDKit/Generated/idkit_core.swift:5212:84: error: cannot find type 'RustBuffer' in scope
5210 | @_documentation(visibility: private)
5211 | #endif
5212 | public func FfiConverterTypeVerificationLevel_lower(_ value: VerificationLevel) -> RustBuffer {
| `- error: cannot find type 'RustBuffer' in scope
5213 | return FfiConverterTypeVerificationLevel.lower(value)
5214 | }
/host/spi-builder-workspace/Sources/IDKit/Generated/idkit_core.swift:5220:20: error: type 'FfiConverterOptionUInt64' does not conform to protocol 'FfiConverter'
158 | // analogous to the Rust trait of the same name.
159 | fileprivate protocol FfiConverter {
160 | associatedtype FfiType
| `- note: protocol requires nested type 'FfiType'
161 | associatedtype SwiftType
162 |
:
5218 | @_documentation(visibility: private)
5219 | #endif
5220 | fileprivate struct FfiConverterOptionUInt64: FfiConverterRustBuffer {
| |- error: type 'FfiConverterOptionUInt64' does not conform to protocol 'FfiConverter'
| `- note: add stubs for conformance
5221 | typealias SwiftType = UInt64?
5222 |
/host/spi-builder-workspace/Sources/IDKit/Generated/idkit_core.swift:5244:20: error: type 'FfiConverterOptionBool' does not conform to protocol 'FfiConverter'
158 | // analogous to the Rust trait of the same name.
159 | fileprivate protocol FfiConverter {
160 | associatedtype FfiType
| `- note: protocol requires nested type 'FfiType'
161 | associatedtype SwiftType
162 |
:
5242 | @_documentation(visibility: private)
5243 | #endif
5244 | fileprivate struct FfiConverterOptionBool: FfiConverterRustBuffer {
| |- error: type 'FfiConverterOptionBool' does not conform to protocol 'FfiConverter'
| `- note: add stubs for conformance
5245 | typealias SwiftType = Bool?
5246 |
/host/spi-builder-workspace/Sources/IDKit/Generated/idkit_core.swift:5268:20: error: type 'FfiConverterOptionString' does not conform to protocol 'FfiConverter'
158 | // analogous to the Rust trait of the same name.
159 | fileprivate protocol FfiConverter {
160 | associatedtype FfiType
| `- note: protocol requires nested type 'FfiType'
161 | associatedtype SwiftType
162 |
:
5266 | @_documentation(visibility: private)
5267 | #endif
5268 | fileprivate struct FfiConverterOptionString: FfiConverterRustBuffer {
| |- error: type 'FfiConverterOptionString' does not conform to protocol 'FfiConverter'
| `- note: add stubs for conformance
5269 | typealias SwiftType = String?
5270 |
/host/spi-builder-workspace/Sources/IDKit/Generated/idkit_core.swift:5292:20: error: type 'FfiConverterOptionData' does not conform to protocol 'FfiConverter'
158 | // analogous to the Rust trait of the same name.
159 | fileprivate protocol FfiConverter {
160 | associatedtype FfiType
| `- note: protocol requires nested type 'FfiType'
161 | associatedtype SwiftType
162 |
:
5290 | @_documentation(visibility: private)
5291 | #endif
5292 | fileprivate struct FfiConverterOptionData: FfiConverterRustBuffer {
| |- error: type 'FfiConverterOptionData' does not conform to protocol 'FfiConverter'
| `- note: add stubs for conformance
5293 | typealias SwiftType = Data?
5294 |
/host/spi-builder-workspace/Sources/IDKit/Generated/idkit_core.swift:5316:20: error: type 'FfiConverterOptionTypeConstraintNodeWrapper' does not conform to protocol 'FfiConverter'
158 | // analogous to the Rust trait of the same name.
159 | fileprivate protocol FfiConverter {
160 | associatedtype FfiType
| `- note: protocol requires nested type 'FfiType'
161 | associatedtype SwiftType
162 |
:
5314 | @_documentation(visibility: private)
5315 | #endif
5316 | fileprivate struct FfiConverterOptionTypeConstraintNodeWrapper: FfiConverterRustBuffer {
| |- error: type 'FfiConverterOptionTypeConstraintNodeWrapper' does not conform to protocol 'FfiConverter'
| `- note: add stubs for conformance
5317 | typealias SwiftType = ConstraintNodeWrapper?
5318 |
/host/spi-builder-workspace/Sources/IDKit/Generated/idkit_core.swift:5340:20: error: type 'FfiConverterOptionTypeSignal' does not conform to protocol 'FfiConverter'
158 | // analogous to the Rust trait of the same name.
159 | fileprivate protocol FfiConverter {
160 | associatedtype FfiType
| `- note: protocol requires nested type 'FfiType'
161 | associatedtype SwiftType
162 |
:
5338 | @_documentation(visibility: private)
5339 | #endif
5340 | fileprivate struct FfiConverterOptionTypeSignal: FfiConverterRustBuffer {
| |- error: type 'FfiConverterOptionTypeSignal' does not conform to protocol 'FfiConverter'
| `- note: add stubs for conformance
5341 | typealias SwiftType = Signal?
5342 |
/host/spi-builder-workspace/Sources/IDKit/Generated/idkit_core.swift:5364:20: error: type 'FfiConverterOptionTypeIntegrityBundle' does not conform to protocol 'FfiConverter'
158 | // analogous to the Rust trait of the same name.
159 | fileprivate protocol FfiConverter {
160 | associatedtype FfiType
| `- note: protocol requires nested type 'FfiType'
161 | associatedtype SwiftType
162 |
:
5362 | @_documentation(visibility: private)
5363 | #endif
5364 | fileprivate struct FfiConverterOptionTypeIntegrityBundle: FfiConverterRustBuffer {
| |- error: type 'FfiConverterOptionTypeIntegrityBundle' does not conform to protocol 'FfiConverter'
| `- note: add stubs for conformance
5365 | typealias SwiftType = IntegrityBundle?
5366 |
/host/spi-builder-workspace/Sources/IDKit/Generated/idkit_core.swift:5388:20: error: type 'FfiConverterOptionTypeProofRequestWrapper' does not conform to protocol 'FfiConverter'
158 | // analogous to the Rust trait of the same name.
159 | fileprivate protocol FfiConverter {
160 | associatedtype FfiType
| `- note: protocol requires nested type 'FfiType'
161 | associatedtype SwiftType
162 |
:
5386 | @_documentation(visibility: private)
5387 | #endif
5388 | fileprivate struct FfiConverterOptionTypeProofRequestWrapper: FfiConverterRustBuffer {
| |- error: type 'FfiConverterOptionTypeProofRequestWrapper' does not conform to protocol 'FfiConverter'
| `- note: add stubs for conformance
5389 | typealias SwiftType = ProofRequestWrapper?
5390 |
/host/spi-builder-workspace/Sources/IDKit/Generated/idkit_core.swift:5412:20: error: type 'FfiConverterOptionTypeConnectUrlMode' does not conform to protocol 'FfiConverter'
158 | // analogous to the Rust trait of the same name.
159 | fileprivate protocol FfiConverter {
160 | associatedtype FfiType
| `- note: protocol requires nested type 'FfiType'
161 | associatedtype SwiftType
162 |
:
5410 | @_documentation(visibility: private)
5411 | #endif
5412 | fileprivate struct FfiConverterOptionTypeConnectUrlMode: FfiConverterRustBuffer {
| |- error: type 'FfiConverterOptionTypeConnectUrlMode' does not conform to protocol 'FfiConverter'
| `- note: add stubs for conformance
5413 | typealias SwiftType = ConnectUrlMode?
5414 |
/host/spi-builder-workspace/Sources/IDKit/Generated/idkit_core.swift:5436:20: error: type 'FfiConverterOptionTypeEnvironment' does not conform to protocol 'FfiConverter'
158 | // analogous to the Rust trait of the same name.
159 | fileprivate protocol FfiConverter {
160 | associatedtype FfiType
| `- note: protocol requires nested type 'FfiType'
161 | associatedtype SwiftType
162 |
:
5434 | @_documentation(visibility: private)
5435 | #endif
5436 | fileprivate struct FfiConverterOptionTypeEnvironment: FfiConverterRustBuffer {
| |- error: type 'FfiConverterOptionTypeEnvironment' does not conform to protocol 'FfiConverter'
| `- note: add stubs for conformance
5437 | typealias SwiftType = Environment?
5438 |
/host/spi-builder-workspace/Sources/IDKit/Generated/idkit_core.swift:5460:20: error: type 'FfiConverterOptionSequenceTypeIdentityAttribute' does not conform to protocol 'FfiConverter'
158 | // analogous to the Rust trait of the same name.
159 | fileprivate protocol FfiConverter {
160 | associatedtype FfiType
| `- note: protocol requires nested type 'FfiType'
161 | associatedtype SwiftType
162 |
:
5458 | @_documentation(visibility: private)
5459 | #endif
5460 | fileprivate struct FfiConverterOptionSequenceTypeIdentityAttribute: FfiConverterRustBuffer {
| |- error: type 'FfiConverterOptionSequenceTypeIdentityAttribute' does not conform to protocol 'FfiConverter'
| `- note: add stubs for conformance
5461 | typealias SwiftType = [IdentityAttribute]?
5462 |
/host/spi-builder-workspace/Sources/IDKit/Generated/idkit_core.swift:5484:20: error: type 'FfiConverterSequenceString' does not conform to protocol 'FfiConverter'
158 | // analogous to the Rust trait of the same name.
159 | fileprivate protocol FfiConverter {
160 | associatedtype FfiType
| `- note: protocol requires nested type 'FfiType'
161 | associatedtype SwiftType
162 |
:
5482 | @_documentation(visibility: private)
5483 | #endif
5484 | fileprivate struct FfiConverterSequenceString: FfiConverterRustBuffer {
| |- error: type 'FfiConverterSequenceString' does not conform to protocol 'FfiConverter'
| `- note: add stubs for conformance
5485 | typealias SwiftType = [String]
5486 |
/host/spi-builder-workspace/Sources/IDKit/Generated/idkit_core.swift:5509:20: error: type 'FfiConverterSequenceTypeConstraintNode' does not conform to protocol 'FfiConverter'
158 | // analogous to the Rust trait of the same name.
159 | fileprivate protocol FfiConverter {
160 | associatedtype FfiType
| `- note: protocol requires nested type 'FfiType'
161 | associatedtype SwiftType
162 |
:
5507 | @_documentation(visibility: private)
5508 | #endif
5509 | fileprivate struct FfiConverterSequenceTypeConstraintNode: FfiConverterRustBuffer {
| |- error: type 'FfiConverterSequenceTypeConstraintNode' does not conform to protocol 'FfiConverter'
| `- note: add stubs for conformance
5510 | typealias SwiftType = [ConstraintNode]
5511 |
/host/spi-builder-workspace/Sources/IDKit/Generated/idkit_core.swift:5534:20: error: type 'FfiConverterSequenceTypeConstraintNodeWrapper' does not conform to protocol 'FfiConverter'
158 | // analogous to the Rust trait of the same name.
159 | fileprivate protocol FfiConverter {
160 | associatedtype FfiType
| `- note: protocol requires nested type 'FfiType'
161 | associatedtype SwiftType
162 |
:
5532 | @_documentation(visibility: private)
5533 | #endif
5534 | fileprivate struct FfiConverterSequenceTypeConstraintNodeWrapper: FfiConverterRustBuffer {
| |- error: type 'FfiConverterSequenceTypeConstraintNodeWrapper' does not conform to protocol 'FfiConverter'
| `- note: add stubs for conformance
5535 | typealias SwiftType = [ConstraintNodeWrapper]
5536 |
/host/spi-builder-workspace/Sources/IDKit/Generated/idkit_core.swift:5559:20: error: type 'FfiConverterSequenceTypeCredentialRequestWrapper' does not conform to protocol 'FfiConverter'
158 | // analogous to the Rust trait of the same name.
159 | fileprivate protocol FfiConverter {
160 | associatedtype FfiType
| `- note: protocol requires nested type 'FfiType'
161 | associatedtype SwiftType
162 |
:
5557 | @_documentation(visibility: private)
5558 | #endif
5559 | fileprivate struct FfiConverterSequenceTypeCredentialRequestWrapper: FfiConverterRustBuffer {
| |- error: type 'FfiConverterSequenceTypeCredentialRequestWrapper' does not conform to protocol 'FfiConverter'
| `- note: add stubs for conformance
5560 | typealias SwiftType = [CredentialRequestWrapper]
5561 |
/host/spi-builder-workspace/Sources/IDKit/Generated/idkit_core.swift:5584:20: error: type 'FfiConverterSequenceTypeIdentityAttribute' does not conform to protocol 'FfiConverter'
158 | // analogous to the Rust trait of the same name.
159 | fileprivate protocol FfiConverter {
160 | associatedtype FfiType
| `- note: protocol requires nested type 'FfiType'
161 | associatedtype SwiftType
162 |
:
5582 | @_documentation(visibility: private)
5583 | #endif
5584 | fileprivate struct FfiConverterSequenceTypeIdentityAttribute: FfiConverterRustBuffer {
| |- error: type 'FfiConverterSequenceTypeIdentityAttribute' does not conform to protocol 'FfiConverter'
| `- note: add stubs for conformance
5585 | typealias SwiftType = [IdentityAttribute]
5586 |
/host/spi-builder-workspace/Sources/IDKit/Generated/idkit_core.swift:5609:20: error: type 'FfiConverterSequenceTypeResponseItem' does not conform to protocol 'FfiConverter'
158 | // analogous to the Rust trait of the same name.
159 | fileprivate protocol FfiConverter {
160 | associatedtype FfiType
| `- note: protocol requires nested type 'FfiType'
161 | associatedtype SwiftType
162 |
:
5607 | @_documentation(visibility: private)
5608 | #endif
5609 | fileprivate struct FfiConverterSequenceTypeResponseItem: FfiConverterRustBuffer {
| |- error: type 'FfiConverterSequenceTypeResponseItem' does not conform to protocol 'FfiConverter'
| `- note: add stubs for conformance
5610 | typealias SwiftType = [ResponseItem]
5611 |
/host/spi-builder-workspace/Sources/IDKit/Generated/idkit_core.swift:5735:40: error: cannot find 'ffi_idkit_uniffi_contract_version' in scope
5733 | let bindings_contract_version = 30
5734 | // Get the scaffolding contract version by calling the into the dylib
5735 | let scaffolding_contract_version = ffi_idkit_uniffi_contract_version()
| `- error: cannot find 'ffi_idkit_uniffi_contract_version' in scope
5736 | if bindings_contract_version != scaffolding_contract_version {
5737 | return InitializationResult.contractVersionMismatch
/host/spi-builder-workspace/Sources/IDKit/Generated/idkit_core.swift:5739:9: error: cannot find 'uniffi_idkit_checksum_func_create_session' in scope
5737 | return InitializationResult.contractVersionMismatch
5738 | }
5739 | if (uniffi_idkit_checksum_func_create_session() != 41742) {
| `- error: cannot find 'uniffi_idkit_checksum_func_create_session' in scope
5740 | return InitializationResult.apiChecksumMismatch
5741 | }
/host/spi-builder-workspace/Sources/IDKit/Generated/idkit_core.swift:5742:9: error: cannot find 'uniffi_idkit_checksum_func_prove_session' in scope
5740 | return InitializationResult.apiChecksumMismatch
5741 | }
5742 | if (uniffi_idkit_checksum_func_prove_session() != 33058) {
| `- error: cannot find 'uniffi_idkit_checksum_func_prove_session' in scope
5743 | return InitializationResult.apiChecksumMismatch
5744 | }
/host/spi-builder-workspace/Sources/IDKit/Generated/idkit_core.swift:5745:9: error: cannot find 'uniffi_idkit_checksum_func_request' in scope
5743 | return InitializationResult.apiChecksumMismatch
5744 | }
5745 | if (uniffi_idkit_checksum_func_request() != 18209) {
| `- error: cannot find 'uniffi_idkit_checksum_func_request' in scope
5746 | return InitializationResult.apiChecksumMismatch
5747 | }
/host/spi-builder-workspace/Sources/IDKit/Generated/idkit_core.swift:5748:9: error: cannot find 'uniffi_idkit_checksum_func_hash_signal_ffi' in scope
5746 | return InitializationResult.apiChecksumMismatch
5747 | }
5748 | if (uniffi_idkit_checksum_func_hash_signal_ffi() != 38001) {
| `- error: cannot find 'uniffi_idkit_checksum_func_hash_signal_ffi' in scope
5749 | return InitializationResult.apiChecksumMismatch
5750 | }
/host/spi-builder-workspace/Sources/IDKit/Generated/idkit_core.swift:5751:9: error: cannot find 'uniffi_idkit_checksum_func_hash_to_field_ffi' in scope
5749 | return InitializationResult.apiChecksumMismatch
5750 | }
5751 | if (uniffi_idkit_checksum_func_hash_to_field_ffi() != 2656) {
| `- error: cannot find 'uniffi_idkit_checksum_func_hash_to_field_ffi' in scope
5752 | return InitializationResult.apiChecksumMismatch
5753 | }
/host/spi-builder-workspace/Sources/IDKit/Generated/idkit_core.swift:5754:9: error: cannot find 'uniffi_idkit_checksum_func_credential_to_string' in scope
5752 | return InitializationResult.apiChecksumMismatch
5753 | }
5754 | if (uniffi_idkit_checksum_func_credential_to_string() != 54584) {
| `- error: cannot find 'uniffi_idkit_checksum_func_credential_to_string' in scope
5755 | return InitializationResult.apiChecksumMismatch
5756 | }
/host/spi-builder-workspace/Sources/IDKit/Generated/idkit_core.swift:5757:9: error: cannot find 'uniffi_idkit_checksum_func_idkit_result_from_json' in scope
5755 | return InitializationResult.apiChecksumMismatch
5756 | }
5757 | if (uniffi_idkit_checksum_func_idkit_result_from_json() != 43144) {
| `- error: cannot find 'uniffi_idkit_checksum_func_idkit_result_from_json' in scope
5758 | return InitializationResult.apiChecksumMismatch
5759 | }
/host/spi-builder-workspace/Sources/IDKit/Generated/idkit_core.swift:5760:9: error: cannot find 'uniffi_idkit_checksum_func_idkit_result_to_json' in scope
5758 | return InitializationResult.apiChecksumMismatch
5759 | }
5760 | if (uniffi_idkit_checksum_func_idkit_result_to_json() != 50658) {
| `- error: cannot find 'uniffi_idkit_checksum_func_idkit_result_to_json' in scope
5761 | return InitializationResult.apiChecksumMismatch
5762 | }
/host/spi-builder-workspace/Sources/IDKit/Generated/idkit_core.swift:5763:9: error: cannot find 'uniffi_idkit_checksum_method_constraintnodewrapper_children' in scope
5761 | return InitializationResult.apiChecksumMismatch
5762 | }
5763 | if (uniffi_idkit_checksum_method_constraintnodewrapper_children() != 14326) {
| `- error: cannot find 'uniffi_idkit_checksum_method_constraintnodewrapper_children' in scope
5764 | return InitializationResult.apiChecksumMismatch
5765 | }
/host/spi-builder-workspace/Sources/IDKit/Generated/idkit_core.swift:5766:9: error: cannot find 'uniffi_idkit_checksum_method_constraintnodewrapper_identifier' in scope
5764 | return InitializationResult.apiChecksumMismatch
5765 | }
5766 | if (uniffi_idkit_checksum_method_constraintnodewrapper_identifier() != 48137) {
| `- error: cannot find 'uniffi_idkit_checksum_method_constraintnodewrapper_identifier' in scope
5767 | return InitializationResult.apiChecksumMismatch
5768 | }
/host/spi-builder-workspace/Sources/IDKit/Generated/idkit_core.swift:5769:9: error: cannot find 'uniffi_idkit_checksum_method_constraintnodewrapper_kind' in scope
5767 | return InitializationResult.apiChecksumMismatch
5768 | }
5769 | if (uniffi_idkit_checksum_method_constraintnodewrapper_kind() != 10625) {
| `- error: cannot find 'uniffi_idkit_checksum_method_constraintnodewrapper_kind' in scope
5770 | return InitializationResult.apiChecksumMismatch
5771 | }
/host/spi-builder-workspace/Sources/IDKit/Generated/idkit_core.swift:5772:9: error: cannot find 'uniffi_idkit_checksum_method_idkitbuilder_bridge_request_payload' in scope
5770 | return InitializationResult.apiChecksumMismatch
5771 | }
5772 | if (uniffi_idkit_checksum_method_idkitbuilder_bridge_request_payload() != 16632) {
| `- error: cannot find 'uniffi_idkit_checksum_method_idkitbuilder_bridge_request_payload' in scope
5773 | return InitializationResult.apiChecksumMismatch
5774 | }
/host/spi-builder-workspace/Sources/IDKit/Generated/idkit_core.swift:5775:9: error: cannot find 'uniffi_idkit_checksum_method_idkitbuilder_bridge_request_payload_from_preset' in scope
5773 | return InitializationResult.apiChecksumMismatch
5774 | }
5775 | if (uniffi_idkit_checksum_method_idkitbuilder_bridge_request_payload_from_preset() != 51704) {
| `- error: cannot find 'uniffi_idkit_checksum_method_idkitbuilder_bridge_request_payload_from_preset' in scope
5776 | return InitializationResult.apiChecksumMismatch
5777 | }
/host/spi-builder-workspace/Sources/IDKit/Generated/idkit_core.swift:5778:9: error: cannot find 'uniffi_idkit_checksum_method_idkitbuilder_bridge_request_payload_json' in scope
5776 | return InitializationResult.apiChecksumMismatch
5777 | }
5778 | if (uniffi_idkit_checksum_method_idkitbuilder_bridge_request_payload_json() != 64927) {
| `- error: cannot find 'uniffi_idkit_checksum_method_idkitbuilder_bridge_request_payload_json' in scope
5779 | return InitializationResult.apiChecksumMismatch
5780 | }
/host/spi-builder-workspace/Sources/IDKit/Generated/idkit_core.swift:5781:9: error: cannot find 'uniffi_idkit_checksum_method_idkitbuilder_bridge_request_payload_json_from_preset' in scope
5779 | return InitializationResult.apiChecksumMismatch
5780 | }
5781 | if (uniffi_idkit_checksum_method_idkitbuilder_bridge_request_payload_json_from_preset() != 5605) {
| `- error: cannot find 'uniffi_idkit_checksum_method_idkitbuilder_bridge_request_payload_json_from_preset' in scope
5782 | return InitializationResult.apiChecksumMismatch
5783 | }
/host/spi-builder-workspace/Sources/IDKit/Generated/idkit_core.swift:5784:9: error: cannot find 'uniffi_idkit_checksum_method_idkitbuilder_constraints' in scope
5782 | return InitializationResult.apiChecksumMismatch
5783 | }
5784 | if (uniffi_idkit_checksum_method_idkitbuilder_constraints() != 40135) {
| `- error: cannot find 'uniffi_idkit_checksum_method_idkitbuilder_constraints' in scope
5785 | return InitializationResult.apiChecksumMismatch
5786 | }
/host/spi-builder-workspace/Sources/IDKit/Generated/idkit_core.swift:5787:9: error: cannot find 'uniffi_idkit_checksum_method_idkitbuilder_constraints_with_invite_code' in scope
5785 | return InitializationResult.apiChecksumMismatch
5786 | }
5787 | if (uniffi_idkit_checksum_method_idkitbuilder_constraints_with_invite_code() != 44206) {
| `- error: cannot find 'uniffi_idkit_checksum_method_idkitbuilder_constraints_with_invite_code' in scope
5788 | return InitializationResult.apiChecksumMismatch
5789 | }
/host/spi-builder-workspace/Sources/IDKit/Generated/idkit_core.swift:5790:9: error: cannot find 'uniffi_idkit_checksum_method_idkitbuilder_preset' in scope
5788 | return InitializationResult.apiChecksumMismatch
5789 | }
5790 | if (uniffi_idkit_checksum_method_idkitbuilder_preset() != 32095) {
| `- error: cannot find 'uniffi_idkit_checksum_method_idkitbuilder_preset' in scope
5791 | return InitializationResult.apiChecksumMismatch
5792 | }
/host/spi-builder-workspace/Sources/IDKit/Generated/idkit_core.swift:5793:9: error: cannot find 'uniffi_idkit_checksum_method_idkitbuilder_preset_with_invite_code' in scope
5791 | return InitializationResult.apiChecksumMismatch
5792 | }
5793 | if (uniffi_idkit_checksum_method_idkitbuilder_preset_with_invite_code() != 58047) {
| `- error: cannot find 'uniffi_idkit_checksum_method_idkitbuilder_preset_with_invite_code' in scope
5794 | return InitializationResult.apiChecksumMismatch
5795 | }
/host/spi-builder-workspace/Sources/IDKit/Generated/idkit_core.swift:5796:9: error: cannot find 'uniffi_idkit_checksum_method_idkitinvitecoderequest_connect_url' in scope
5794 | return InitializationResult.apiChecksumMismatch
5795 | }
5796 | if (uniffi_idkit_checksum_method_idkitinvitecoderequest_connect_url() != 63104) {
| `- error: cannot find 'uniffi_idkit_checksum_method_idkitinvitecoderequest_connect_url' in scope
5797 | return InitializationResult.apiChecksumMismatch
5798 | }
/host/spi-builder-workspace/Sources/IDKit/Generated/idkit_core.swift:5799:9: error: cannot find 'uniffi_idkit_checksum_method_idkitinvitecoderequest_expires_at' in scope
5797 | return InitializationResult.apiChecksumMismatch
5798 | }
5799 | if (uniffi_idkit_checksum_method_idkitinvitecoderequest_expires_at() != 11454) {
| `- error: cannot find 'uniffi_idkit_checksum_method_idkitinvitecoderequest_expires_at' in scope
5800 | return InitializationResult.apiChecksumMismatch
5801 | }
/host/spi-builder-workspace/Sources/IDKit/Generated/idkit_core.swift:5802:9: error: cannot find 'uniffi_idkit_checksum_method_idkitinvitecoderequest_poll_status' in scope
5800 | return InitializationResult.apiChecksumMismatch
5801 | }
5802 | if (uniffi_idkit_checksum_method_idkitinvitecoderequest_poll_status() != 55045) {
| `- error: cannot find 'uniffi_idkit_checksum_method_idkitinvitecoderequest_poll_status' in scope
5803 | return InitializationResult.apiChecksumMismatch
5804 | }
/host/spi-builder-workspace/Sources/IDKit/Generated/idkit_core.swift:5805:9: error: cannot find 'uniffi_idkit_checksum_method_idkitinvitecoderequest_poll_status_once' in scope
5803 | return InitializationResult.apiChecksumMismatch
5804 | }
5805 | if (uniffi_idkit_checksum_method_idkitinvitecoderequest_poll_status_once() != 63178) {
| `- error: cannot find 'uniffi_idkit_checksum_method_idkitinvitecoderequest_poll_status_once' in scope
5806 | return InitializationResult.apiChecksumMismatch
5807 | }
/host/spi-builder-workspace/Sources/IDKit/Generated/idkit_core.swift:5808:9: error: cannot find 'uniffi_idkit_checksum_method_idkitinvitecoderequest_request_id' in scope
5806 | return InitializationResult.apiChecksumMismatch
5807 | }
5808 | if (uniffi_idkit_checksum_method_idkitinvitecoderequest_request_id() != 13406) {
| `- error: cannot find 'uniffi_idkit_checksum_method_idkitinvitecoderequest_request_id' in scope
5809 | return InitializationResult.apiChecksumMismatch
5810 | }
/host/spi-builder-workspace/Sources/IDKit/Generated/idkit_core.swift:5811:9: error: cannot find 'uniffi_idkit_checksum_method_idkitrequestwrapper_connect_url' in scope
5809 | return InitializationResult.apiChecksumMismatch
5810 | }
5811 | if (uniffi_idkit_checksum_method_idkitrequestwrapper_connect_url() != 63910) {
| `- error: cannot find 'uniffi_idkit_checksum_method_idkitrequestwrapper_connect_url' in scope
5812 | return InitializationResult.apiChecksumMismatch
5813 | }
/host/spi-builder-workspace/Sources/IDKit/Generated/idkit_core.swift:5814:9: error: cannot find 'uniffi_idkit_checksum_method_idkitrequestwrapper_poll_status' in scope
5812 | return InitializationResult.apiChecksumMismatch
5813 | }
5814 | if (uniffi_idkit_checksum_method_idkitrequestwrapper_poll_status() != 57495) {
| `- error: cannot find 'uniffi_idkit_checksum_method_idkitrequestwrapper_poll_status' in scope
5815 | return InitializationResult.apiChecksumMismatch
5816 | }
/host/spi-builder-workspace/Sources/IDKit/Generated/idkit_core.swift:5817:9: error: cannot find 'uniffi_idkit_checksum_method_idkitrequestwrapper_poll_status_once' in scope
5815 | return InitializationResult.apiChecksumMismatch
5816 | }
5817 | if (uniffi_idkit_checksum_method_idkitrequestwrapper_poll_status_once() != 36674) {
| `- error: cannot find 'uniffi_idkit_checksum_method_idkitrequestwrapper_poll_status_once' in scope
5818 | return InitializationResult.apiChecksumMismatch
5819 | }
/host/spi-builder-workspace/Sources/IDKit/Generated/idkit_core.swift:5820:9: error: cannot find 'uniffi_idkit_checksum_method_idkitrequestwrapper_request_id' in scope
5818 | return InitializationResult.apiChecksumMismatch
5819 | }
5820 | if (uniffi_idkit_checksum_method_idkitrequestwrapper_request_id() != 5044) {
| `- error: cannot find 'uniffi_idkit_checksum_method_idkitrequestwrapper_request_id' in scope
5821 | return InitializationResult.apiChecksumMismatch
5822 | }
/host/spi-builder-workspace/Sources/IDKit/Generated/idkit_core.swift:5823:9: error: cannot find 'uniffi_idkit_checksum_method_constraintnode_to_json' in scope
5821 | return InitializationResult.apiChecksumMismatch
5822 | }
5823 | if (uniffi_idkit_checksum_method_constraintnode_to_json() != 43140) {
| `- error: cannot find 'uniffi_idkit_checksum_method_constraintnode_to_json' in scope
5824 | return InitializationResult.apiChecksumMismatch
5825 | }
/host/spi-builder-workspace/Sources/IDKit/Generated/idkit_core.swift:5826:9: error: cannot find 'uniffi_idkit_checksum_method_credentialrequest_credential_type' in scope
5824 | return InitializationResult.apiChecksumMismatch
5825 | }
5826 | if (uniffi_idkit_checksum_method_credentialrequest_credential_type() != 47553) {
| `- error: cannot find 'uniffi_idkit_checksum_method_credentialrequest_credential_type' in scope
5827 | return InitializationResult.apiChecksumMismatch
5828 | }
/host/spi-builder-workspace/Sources/IDKit/Generated/idkit_core.swift:5829:9: error: cannot find 'uniffi_idkit_checksum_method_credentialrequest_expires_at_min' in scope
5827 | return InitializationResult.apiChecksumMismatch
5828 | }
5829 | if (uniffi_idkit_checksum_method_credentialrequest_expires_at_min() != 5381) {
| `- error: cannot find 'uniffi_idkit_checksum_method_credentialrequest_expires_at_min' in scope
5830 | return InitializationResult.apiChecksumMismatch
5831 | }
/host/spi-builder-workspace/Sources/IDKit/Generated/idkit_core.swift:5832:9: error: cannot find 'uniffi_idkit_checksum_method_credentialrequest_genesis_issued_at_min' in scope
5830 | return InitializationResult.apiChecksumMismatch
5831 | }
5832 | if (uniffi_idkit_checksum_method_credentialrequest_genesis_issued_at_min() != 36208) {
| `- error: cannot find 'uniffi_idkit_checksum_method_credentialrequest_genesis_issued_at_min' in scope
5833 | return InitializationResult.apiChecksumMismatch
5834 | }
/host/spi-builder-workspace/Sources/IDKit/Generated/idkit_core.swift:5835:9: error: cannot find 'uniffi_idkit_checksum_method_credentialrequest_get_signal_bytes' in scope
5833 | return InitializationResult.apiChecksumMismatch
5834 | }
5835 | if (uniffi_idkit_checksum_method_credentialrequest_get_signal_bytes() != 61828) {
| `- error: cannot find 'uniffi_idkit_checksum_method_credentialrequest_get_signal_bytes' in scope
5836 | return InitializationResult.apiChecksumMismatch
5837 | }
/host/spi-builder-workspace/Sources/IDKit/Generated/idkit_core.swift:5838:9: error: cannot find 'uniffi_idkit_checksum_method_credentialrequest_to_json' in scope
5836 | return InitializationResult.apiChecksumMismatch
5837 | }
5838 | if (uniffi_idkit_checksum_method_credentialrequest_to_json() != 26417) {
| `- error: cannot find 'uniffi_idkit_checksum_method_credentialrequest_to_json' in scope
5839 | return InitializationResult.apiChecksumMismatch
5840 | }
/host/spi-builder-workspace/Sources/IDKit/Generated/idkit_core.swift:5841:9: error: cannot find 'uniffi_idkit_checksum_method_rpcontext_created_at' in scope
5839 | return InitializationResult.apiChecksumMismatch
5840 | }
5841 | if (uniffi_idkit_checksum_method_rpcontext_created_at() != 4737) {
| `- error: cannot find 'uniffi_idkit_checksum_method_rpcontext_created_at' in scope
5842 | return InitializationResult.apiChecksumMismatch
5843 | }
/host/spi-builder-workspace/Sources/IDKit/Generated/idkit_core.swift:5844:9: error: cannot find 'uniffi_idkit_checksum_method_rpcontext_expires_at' in scope
5842 | return InitializationResult.apiChecksumMismatch
5843 | }
5844 | if (uniffi_idkit_checksum_method_rpcontext_expires_at() != 32540) {
| `- error: cannot find 'uniffi_idkit_checksum_method_rpcontext_expires_at' in scope
5845 | return InitializationResult.apiChecksumMismatch
5846 | }
/host/spi-builder-workspace/Sources/IDKit/Generated/idkit_core.swift:5847:9: error: cannot find 'uniffi_idkit_checksum_method_rpcontext_nonce' in scope
5845 | return InitializationResult.apiChecksumMismatch
5846 | }
5847 | if (uniffi_idkit_checksum_method_rpcontext_nonce() != 30306) {
| `- error: cannot find 'uniffi_idkit_checksum_method_rpcontext_nonce' in scope
5848 | return InitializationResult.apiChecksumMismatch
5849 | }
/host/spi-builder-workspace/Sources/IDKit/Generated/idkit_core.swift:5850:9: error: cannot find 'uniffi_idkit_checksum_method_rpcontext_rp_id' in scope
5848 | return InitializationResult.apiChecksumMismatch
5849 | }
5850 | if (uniffi_idkit_checksum_method_rpcontext_rp_id() != 29093) {
| `- error: cannot find 'uniffi_idkit_checksum_method_rpcontext_rp_id' in scope
5851 | return InitializationResult.apiChecksumMismatch
5852 | }
/host/spi-builder-workspace/Sources/IDKit/Generated/idkit_core.swift:5853:9: error: cannot find 'uniffi_idkit_checksum_method_rpcontext_signature' in scope
5851 | return InitializationResult.apiChecksumMismatch
5852 | }
5853 | if (uniffi_idkit_checksum_method_rpcontext_signature() != 42950) {
| `- error: cannot find 'uniffi_idkit_checksum_method_rpcontext_signature' in scope
5854 | return InitializationResult.apiChecksumMismatch
5855 | }
/host/spi-builder-workspace/Sources/IDKit/Generated/idkit_core.swift:5856:9: error: cannot find 'uniffi_idkit_checksum_method_signal_as_bytes' in scope
5854 | return InitializationResult.apiChecksumMismatch
5855 | }
5856 | if (uniffi_idkit_checksum_method_signal_as_bytes() != 31228) {
| `- error: cannot find 'uniffi_idkit_checksum_method_signal_as_bytes' in scope
5857 | return InitializationResult.apiChecksumMismatch
5858 | }
/host/spi-builder-workspace/Sources/IDKit/Generated/idkit_core.swift:5859:9: error: cannot find 'uniffi_idkit_checksum_method_signal_as_string' in scope
5857 | return InitializationResult.apiChecksumMismatch
5858 | }
5859 | if (uniffi_idkit_checksum_method_signal_as_string() != 46231) {
| `- error: cannot find 'uniffi_idkit_checksum_method_signal_as_string' in scope
5860 | return InitializationResult.apiChecksumMismatch
5861 | }
/host/spi-builder-workspace/Sources/IDKit/Generated/idkit_core.swift:5862:9: error: cannot find 'uniffi_idkit_checksum_constructor_idkitbuilder_from_create_session' in scope
5860 | return InitializationResult.apiChecksumMismatch
5861 | }
5862 | if (uniffi_idkit_checksum_constructor_idkitbuilder_from_create_session() != 32636) {
| `- error: cannot find 'uniffi_idkit_checksum_constructor_idkitbuilder_from_create_session' in scope
5863 | return InitializationResult.apiChecksumMismatch
5864 | }
/host/spi-builder-workspace/Sources/IDKit/Generated/idkit_core.swift:5865:9: error: cannot find 'uniffi_idkit_checksum_constructor_idkitbuilder_from_prove_session' in scope
5863 | return InitializationResult.apiChecksumMismatch
5864 | }
5865 | if (uniffi_idkit_checksum_constructor_idkitbuilder_from_prove_session() != 57446) {
| `- error: cannot find 'uniffi_idkit_checksum_constructor_idkitbuilder_from_prove_session' in scope
5866 | return InitializationResult.apiChecksumMismatch
5867 | }
/host/spi-builder-workspace/Sources/IDKit/Generated/idkit_core.swift:5868:9: error: cannot find 'uniffi_idkit_checksum_constructor_idkitbuilder_from_request' in scope
5866 | return InitializationResult.apiChecksumMismatch
5867 | }
5868 | if (uniffi_idkit_checksum_constructor_idkitbuilder_from_request() != 6073) {
| `- error: cannot find 'uniffi_idkit_checksum_constructor_idkitbuilder_from_request' in scope
5869 | return InitializationResult.apiChecksumMismatch
5870 | }
/host/spi-builder-workspace/Sources/IDKit/Generated/idkit_core.swift:5871:9: error: cannot find 'uniffi_idkit_checksum_constructor_constraintnode_all' in scope
5869 | return InitializationResult.apiChecksumMismatch
5870 | }
5871 | if (uniffi_idkit_checksum_constructor_constraintnode_all() != 23041) {
| `- error: cannot find 'uniffi_idkit_checksum_constructor_constraintnode_all' in scope
5872 | return InitializationResult.apiChecksumMismatch
5873 | }
/host/spi-builder-workspace/Sources/IDKit/Generated/idkit_core.swift:5874:9: error: cannot find 'uniffi_idkit_checksum_constructor_constraintnode_any' in scope
5872 | return InitializationResult.apiChecksumMismatch
5873 | }
5874 | if (uniffi_idkit_checksum_constructor_constraintnode_any() != 40310) {
| `- error: cannot find 'uniffi_idkit_checksum_constructor_constraintnode_any' in scope
5875 | return InitializationResult.apiChecksumMismatch
5876 | }
/host/spi-builder-workspace/Sources/IDKit/Generated/idkit_core.swift:5877:9: error: cannot find 'uniffi_idkit_checksum_constructor_constraintnode_enumerate' in scope
5875 | return InitializationResult.apiChecksumMismatch
5876 | }
5877 | if (uniffi_idkit_checksum_constructor_constraintnode_enumerate() != 39643) {
| `- error: cannot find 'uniffi_idkit_checksum_constructor_constraintnode_enumerate' in scope
5878 | return InitializationResult.apiChecksumMismatch
5879 | }
/host/spi-builder-workspace/Sources/IDKit/Generated/idkit_core.swift:5880:9: error: cannot find 'uniffi_idkit_checksum_constructor_constraintnode_from_json' in scope
5878 | return InitializationResult.apiChecksumMismatch
5879 | }
5880 | if (uniffi_idkit_checksum_constructor_constraintnode_from_json() != 45455) {
| `- error: cannot find 'uniffi_idkit_checksum_constructor_constraintnode_from_json' in scope
5881 | return InitializationResult.apiChecksumMismatch
5882 | }
/host/spi-builder-workspace/Sources/IDKit/Generated/idkit_core.swift:5883:9: error: cannot find 'uniffi_idkit_checksum_constructor_constraintnode_item' in scope
5881 | return InitializationResult.apiChecksumMismatch
5882 | }
5883 | if (uniffi_idkit_checksum_constructor_constraintnode_item() != 25862) {
| `- error: cannot find 'uniffi_idkit_checksum_constructor_constraintnode_item' in scope
5884 | return InitializationResult.apiChecksumMismatch
5885 | }
/host/spi-builder-workspace/Sources/IDKit/Generated/idkit_core.swift:5886:9: error: cannot find 'uniffi_idkit_checksum_constructor_credentialrequest_from_json' in scope
5884 | return InitializationResult.apiChecksumMismatch
5885 | }
5886 | if (uniffi_idkit_checksum_constructor_credentialrequest_from_json() != 36059) {
| `- error: cannot find 'uniffi_idkit_checksum_constructor_credentialrequest_from_json' in scope
5887 | return InitializationResult.apiChecksumMismatch
5888 | }
/host/spi-builder-workspace/Sources/IDKit/Generated/idkit_core.swift:5889:9: error: cannot find 'uniffi_idkit_checksum_constructor_credentialrequest_new' in scope
5887 | return InitializationResult.apiChecksumMismatch
5888 | }
5889 | if (uniffi_idkit_checksum_constructor_credentialrequest_new() != 8593) {
| `- error: cannot find 'uniffi_idkit_checksum_constructor_credentialrequest_new' in scope
5890 | return InitializationResult.apiChecksumMismatch
5891 | }
/host/spi-builder-workspace/Sources/IDKit/Generated/idkit_core.swift:5892:9: error: cannot find 'uniffi_idkit_checksum_constructor_credentialrequest_with_expires_at_min' in scope
5890 | return InitializationResult.apiChecksumMismatch
5891 | }
5892 | if (uniffi_idkit_checksum_constructor_credentialrequest_with_expires_at_min() != 10650) {
| `- error: cannot find 'uniffi_idkit_checksum_constructor_credentialrequest_with_expires_at_min' in scope
5893 | return InitializationResult.apiChecksumMismatch
5894 | }
/host/spi-builder-workspace/Sources/IDKit/Generated/idkit_core.swift:5895:9: error: cannot find 'uniffi_idkit_checksum_constructor_credentialrequest_with_genesis_min' in scope
5893 | return InitializationResult.apiChecksumMismatch
5894 | }
5895 | if (uniffi_idkit_checksum_constructor_credentialrequest_with_genesis_min() != 42472) {
| `- error: cannot find 'uniffi_idkit_checksum_constructor_credentialrequest_with_genesis_min' in scope
5896 | return InitializationResult.apiChecksumMismatch
5897 | }
/host/spi-builder-workspace/Sources/IDKit/Generated/idkit_core.swift:5898:9: error: cannot find 'uniffi_idkit_checksum_constructor_credentialrequest_with_string_signal' in scope
5896 | return InitializationResult.apiChecksumMismatch
5897 | }
5898 | if (uniffi_idkit_checksum_constructor_credentialrequest_with_string_signal() != 54223) {
| `- error: cannot find 'uniffi_idkit_checksum_constructor_credentialrequest_with_string_signal' in scope
5899 | return InitializationResult.apiChecksumMismatch
5900 | }
/host/spi-builder-workspace/Sources/IDKit/Generated/idkit_core.swift:5901:9: error: cannot find 'uniffi_idkit_checksum_constructor_rpcontext_new' in scope
5899 | return InitializationResult.apiChecksumMismatch
5900 | }
5901 | if (uniffi_idkit_checksum_constructor_rpcontext_new() != 44760) {
| `- error: cannot find 'uniffi_idkit_checksum_constructor_rpcontext_new' in scope
5902 | return InitializationResult.apiChecksumMismatch
5903 | }
/host/spi-builder-workspace/Sources/IDKit/Generated/idkit_core.swift:5904:9: error: cannot find 'uniffi_idkit_checksum_constructor_signal_from_bytes' in scope
5902 | return InitializationResult.apiChecksumMismatch
5903 | }
5904 | if (uniffi_idkit_checksum_constructor_signal_from_bytes() != 59816) {
| `- error: cannot find 'uniffi_idkit_checksum_constructor_signal_from_bytes' in scope
5905 | return InitializationResult.apiChecksumMismatch
5906 | }
/host/spi-builder-workspace/Sources/IDKit/Generated/idkit_core.swift:5907:9: error: cannot find 'uniffi_idkit_checksum_constructor_signal_from_string' in scope
5905 | return InitializationResult.apiChecksumMismatch
5906 | }
5907 | if (uniffi_idkit_checksum_constructor_signal_from_string() != 6500) {
| `- error: cannot find 'uniffi_idkit_checksum_constructor_signal_from_string' in scope
5908 | return InitializationResult.apiChecksumMismatch
5909 | }
/host/spi-builder-workspace/Sources/IDKit/Generated/idkit_core.swift:197:41: error: no exact matches in call to initializer
195 | #endif
196 | public static func lift(_ buf: RustBuffer) throws -> SwiftType {
197 | var reader = createReader(data: Data(rustBuffer: buf))
| `- error: no exact matches in call to initializer
198 | let value = try read(from: &reader)
199 | if hasRemaining(reader) {
FoundationEssentials.Data.init:2:19: note: incorrect labels for candidate (have: '(rustBuffer:)', expected: '(_:)')
1 | struct Data {
2 | @inlinable public init<S>(_ elements: S) where S : Sequence, S.Element == UInt8}
| `- note: incorrect labels for candidate (have: '(rustBuffer:)', expected: '(_:)')
3 |
Swift.RangeReplaceableCollection.init:2:19: note: incorrect labels for candidate (have: '(rustBuffer:)', expected: '(_:)')
1 | protocol RangeReplaceableCollection {
2 | @inlinable public init<S>(_ elements: S) where S : Sequence, Self.Element == S.Element}
| `- note: incorrect labels for candidate (have: '(rustBuffer:)', expected: '(_:)')
3 |
/host/spi-builder-workspace/Sources/IDKit/Generated/idkit_core.swift:212:18: error: cannot find 'RustBuffer' in scope
210 | var writer = createWriter()
211 | write(value, into: &writer)
212 | return RustBuffer(bytes: writer)
| `- error: cannot find 'RustBuffer' in scope
213 | }
214 | }
/host/spi-builder-workspace/Sources/IDKit/Generated/idkit_core.swift:270:23: error: cannot find type 'RustBuffer' in scope
268 |
269 | private func rustCall<T>(_ callback: (UnsafeMutablePointer<RustCallStatus>) -> T) throws -> T {
270 | let neverThrow: ((RustBuffer) throws -> Never)? = nil
| `- error: cannot find type 'RustBuffer' in scope
271 | return try makeRustCall(callback, errorHandler: neverThrow)
272 | }
/host/spi-builder-workspace/Sources/IDKit/Generated/idkit_core.swift:285:22: error: cannot find 'RustCallStatus' in scope
283 | ) throws -> T {
284 | uniffiEnsureIdkitInitialized()
285 | var callStatus = RustCallStatus.init()
| `- error: cannot find 'RustCallStatus' in scope
286 | let returnedVal = callback(&callStatus)
287 | try uniffiCheckCallStatus(callStatus: callStatus, errorHandler: errorHandler)
/host/spi-builder-workspace/Sources/IDKit/Generated/idkit_core.swift:499:24: error: cannot find 'RustBuffer' in scope
497 | // The swift string gives us a trailing null byte, we don't want it.
498 | let buf = UnsafeBufferPointer(rebasing: ptr.prefix(upTo: ptr.count - 1))
499 | return RustBuffer.from(buf)
| `- error: cannot find 'RustBuffer' in scope
500 | }
501 | }
/host/spi-builder-workspace/Sources/IDKit/Generated/idkit_core.swift:592:32: error: cannot find 'uniffi_idkit_fn_clone_constraintnode' in scope
590 | #endif
591 | public func uniffiCloneHandle() -> UInt64 {
592 | return try! rustCall { uniffi_idkit_fn_clone_constraintnode(self.handle, $0) }
| `- error: cannot find 'uniffi_idkit_fn_clone_constraintnode' in scope
593 | }
594 | // No primary constructor declared for this class.
/host/spi-builder-workspace/Sources/IDKit/Generated/idkit_core.swift:602:25: error: cannot find 'uniffi_idkit_fn_free_constraintnode' in scope
600 | }
601 |
602 | try! rustCall { uniffi_idkit_fn_free_constraintnode(handle, $0) }
| `- error: cannot find 'uniffi_idkit_fn_free_constraintnode' in scope
603 | }
604 |
/host/spi-builder-workspace/Sources/IDKit/Generated/idkit_core.swift:611:5: error: cannot find 'uniffi_idkit_fn_constructor_constraintnode_all' in scope
609 | public static func all(nodes: [ConstraintNode]) -> ConstraintNode {
610 | return try! FfiConverterTypeConstraintNode_lift(try! rustCall() {
611 | uniffi_idkit_fn_constructor_constraintnode_all(
| `- error: cannot find 'uniffi_idkit_fn_constructor_constraintnode_all' in scope
612 | FfiConverterSequenceTypeConstraintNode.lower(nodes),$0
613 | )
/host/spi-builder-workspace/Sources/IDKit/Generated/idkit_core.swift:622:5: error: cannot find 'uniffi_idkit_fn_constructor_constraintnode_any' in scope
620 | public static func any(nodes: [ConstraintNode]) -> ConstraintNode {
621 | return try! FfiConverterTypeConstraintNode_lift(try! rustCall() {
622 | uniffi_idkit_fn_constructor_constraintnode_any(
| `- error: cannot find 'uniffi_idkit_fn_constructor_constraintnode_any' in scope
623 | FfiConverterSequenceTypeConstraintNode.lower(nodes),$0
624 | )
/host/spi-builder-workspace/Sources/IDKit/Generated/idkit_core.swift:633:5: error: cannot find 'uniffi_idkit_fn_constructor_constraintnode_enumerate' in scope
631 | public static func enumerate(nodes: [ConstraintNode]) -> ConstraintNode {
632 | return try! FfiConverterTypeConstraintNode_lift(try! rustCall() {
633 | uniffi_idkit_fn_constructor_constraintnode_enumerate(
| `- error: cannot find 'uniffi_idkit_fn_constructor_constraintnode_enumerate' in scope
634 | FfiConverterSequenceTypeConstraintNode.lower(nodes),$0
635 | )
/host/spi-builder-workspace/Sources/IDKit/Generated/idkit_core.swift:648:5: error: cannot find 'uniffi_idkit_fn_constructor_constraintnode_from_json' in scope
646 | public static func fromJson(json: String)throws -> ConstraintNode {
647 | return try FfiConverterTypeConstraintNode_lift(try rustCallWithError(FfiConverterTypeIdkitError_lift) {
648 | uniffi_idkit_fn_constructor_constraintnode_from_json(
| `- error: cannot find 'uniffi_idkit_fn_constructor_constraintnode_from_json' in scope
649 | FfiConverterString.lower(json),$0
650 | )
/host/spi-builder-workspace/Sources/IDKit/Generated/idkit_core.swift:659:5: error: cannot find 'uniffi_idkit_fn_constructor_constraintnode_item' in scope
657 | public static func item(request: CredentialRequest) -> ConstraintNode {
658 | return try! FfiConverterTypeConstraintNode_lift(try! rustCall() {
659 | uniffi_idkit_fn_constructor_constraintnode_item(
| `- error: cannot find 'uniffi_idkit_fn_constructor_constraintnode_item' in scope
660 | FfiConverterTypeCredentialRequest_lower(request),$0
661 | )
/host/spi-builder-workspace/Sources/IDKit/Generated/idkit_core.swift:676:5: error: cannot find 'uniffi_idkit_fn_method_constraintnode_to_json' in scope
674 | open func toJson()throws -> String {
675 | return try FfiConverterString.lift(try rustCallWithError(FfiConverterTypeIdkitError_lift) {
676 | uniffi_idkit_fn_method_constraintnode_to_json(
| `- error: cannot find 'uniffi_idkit_fn_method_constraintnode_to_json' in scope
677 | self.uniffiCloneHandle(),$0
678 | )
/host/spi-builder-workspace/Sources/IDKit/Generated/idkit_core.swift:790:32: error: cannot find 'uniffi_idkit_fn_clone_constraintnodewrapper' in scope
788 | #endif
789 | public func uniffiCloneHandle() -> UInt64 {
790 | return try! rustCall { uniffi_idkit_fn_clone_constraintnodewrapper(self.handle, $0) }
| `- error: cannot find 'uniffi_idkit_fn_clone_constraintnodewrapper' in scope
791 | }
792 | // No primary constructor declared for this class.
/host/spi-builder-workspace/Sources/IDKit/Generated/idkit_core.swift:800:25: error: cannot find 'uniffi_idkit_fn_free_constraintnodewrapper' in scope
798 | }
799 |
800 | try! rustCall { uniffi_idkit_fn_free_constraintnodewrapper(handle, $0) }
| `- error: cannot find 'uniffi_idkit_fn_free_constraintnodewrapper' in scope
801 | }
802 |
/host/spi-builder-workspace/Sources/IDKit/Generated/idkit_core.swift:808:5: error: cannot find 'uniffi_idkit_fn_method_constraintnodewrapper_children' in scope
806 | open func children() -> [ConstraintNodeWrapper] {
807 | return try! FfiConverterSequenceTypeConstraintNodeWrapper.lift(try! rustCall() {
808 | uniffi_idkit_fn_method_constraintnodewrapper_children(
| `- error: cannot find 'uniffi_idkit_fn_method_constraintnodewrapper_children' in scope
809 | self.uniffiCloneHandle(),$0
810 | )
/host/spi-builder-workspace/Sources/IDKit/Generated/idkit_core.swift:816:5: error: cannot find 'uniffi_idkit_fn_method_constraintnodewrapper_identifier' in scope
814 | open func identifier() -> String? {
815 | return try! FfiConverterOptionString.lift(try! rustCall() {
816 | uniffi_idkit_fn_method_constraintnodewrapper_identifier(
| `- error: cannot find 'uniffi_idkit_fn_method_constraintnodewrapper_identifier' in scope
817 | self.uniffiCloneHandle(),$0
818 | )
/host/spi-builder-workspace/Sources/IDKit/Generated/idkit_core.swift:824:5: error: cannot find 'uniffi_idkit_fn_method_constraintnodewrapper_kind' in scope
822 | open func kind() -> ConstraintKindWrapper {
823 | return try! FfiConverterTypeConstraintKindWrapper_lift(try! rustCall() {
824 | uniffi_idkit_fn_method_constraintnodewrapper_kind(
| `- error: cannot find 'uniffi_idkit_fn_method_constraintnodewrapper_kind' in scope
825 | self.uniffiCloneHandle(),$0
826 | )
/host/spi-builder-workspace/Sources/IDKit/Generated/idkit_core.swift:961:32: error: cannot find 'uniffi_idkit_fn_clone_credentialrequest' in scope
959 | #endif
960 | public func uniffiCloneHandle() -> UInt64 {
961 | return try! rustCall { uniffi_idkit_fn_clone_credentialrequest(self.handle, $0) }
| `- error: cannot find 'uniffi_idkit_fn_clone_credentialrequest' in scope
962 | }
963 | /**
/host/spi-builder-workspace/Sources/IDKit/Generated/idkit_core.swift:969:5: error: cannot find 'uniffi_idkit_fn_constructor_credentialrequest_new' in scope
967 | let handle =
968 | try! rustCall() {
969 | uniffi_idkit_fn_constructor_credentialrequest_new(
| `- error: cannot find 'uniffi_idkit_fn_constructor_credentialrequest_new' in scope
970 | FfiConverterTypeCredentialType_lower(credentialType),
971 | FfiConverterOptionTypeSignal.lower(signal),$0
/host/spi-builder-workspace/Sources/IDKit/Generated/idkit_core.swift:983:25: error: cannot find 'uniffi_idkit_fn_free_credentialrequest' in scope
981 | }
982 |
983 | try! rustCall { uniffi_idkit_fn_free_credentialrequest(handle, $0) }
| `- error: cannot find 'uniffi_idkit_fn_free_credentialrequest' in scope
984 | }
985 |
/host/spi-builder-workspace/Sources/IDKit/Generated/idkit_core.swift:996:5: error: cannot find 'uniffi_idkit_fn_constructor_credentialrequest_from_json' in scope
994 | public static func fromJson(json: String)throws -> CredentialRequest {
995 | return try FfiConverterTypeCredentialRequest_lift(try rustCallWithError(FfiConverterTypeIdkitError_lift) {
996 | uniffi_idkit_fn_constructor_credentialrequest_from_json(
| `- error: cannot find 'uniffi_idkit_fn_constructor_credentialrequest_from_json' in scope
997 | FfiConverterString.lower(json),$0
998 | )
/host/spi-builder-workspace/Sources/IDKit/Generated/idkit_core.swift:1007:5: error: cannot find 'uniffi_idkit_fn_constructor_credentialrequest_with_expires_at_min' in scope
1005 | public static func withExpiresAtMin(credentialType: CredentialType, signal: Signal?, expiresAtMin: UInt64) -> CredentialRequest {
1006 | return try! FfiConverterTypeCredentialRequest_lift(try! rustCall() {
1007 | uniffi_idkit_fn_constructor_credentialrequest_with_expires_at_min(
| `- error: cannot find 'uniffi_idkit_fn_constructor_credentialrequest_with_expires_at_min' in scope
1008 | FfiConverterTypeCredentialType_lower(credentialType),
1009 | FfiConverterOptionTypeSignal.lower(signal),
/host/spi-builder-workspace/Sources/IDKit/Generated/idkit_core.swift:1020:5: error: cannot find 'uniffi_idkit_fn_constructor_credentialrequest_with_genesis_min' in scope
1018 | public static func withGenesisMin(credentialType: CredentialType, signal: Signal?, genesisMin: UInt64) -> CredentialRequest {
1019 | return try! FfiConverterTypeCredentialRequest_lift(try! rustCall() {
1020 | uniffi_idkit_fn_constructor_credentialrequest_with_genesis_min(
| `- error: cannot find 'uniffi_idkit_fn_constructor_credentialrequest_with_genesis_min' in scope
1021 | FfiConverterTypeCredentialType_lower(credentialType),
1022 | FfiConverterOptionTypeSignal.lower(signal),
/host/spi-builder-workspace/Sources/IDKit/Generated/idkit_core.swift:1036:5: error: cannot find 'uniffi_idkit_fn_constructor_credentialrequest_with_string_signal' in scope
1034 | public static func withStringSignal(credentialType: CredentialType, signal: String?) -> CredentialRequest {
1035 | return try! FfiConverterTypeCredentialRequest_lift(try! rustCall() {
1036 | uniffi_idkit_fn_constructor_credentialrequest_with_string_signal(
| `- error: cannot find 'uniffi_idkit_fn_constructor_credentialrequest_with_string_signal' in scope
1037 | FfiConverterTypeCredentialType_lower(credentialType),
1038 | FfiConverterOptionString.lower(signal),$0
/host/spi-builder-workspace/Sources/IDKit/Generated/idkit_core.swift:1050:5: error: cannot find 'uniffi_idkit_fn_method_credentialrequest_credential_type' in scope
1048 | open func credentialType() -> CredentialType {
1049 | return try! FfiConverterTypeCredentialType_lift(try! rustCall() {
1050 | uniffi_idkit_fn_method_credentialrequest_credential_type(
| `- error: cannot find 'uniffi_idkit_fn_method_credentialrequest_credential_type' in scope
1051 | self.uniffiCloneHandle(),$0
1052 | )
/host/spi-builder-workspace/Sources/IDKit/Generated/idkit_core.swift:1061:5: error: cannot find 'uniffi_idkit_fn_method_credentialrequest_expires_at_min' in scope
1059 | open func expiresAtMin() -> UInt64? {
1060 | return try! FfiConverterOptionUInt64.lift(try! rustCall() {
1061 | uniffi_idkit_fn_method_credentialrequest_expires_at_min(
| `- error: cannot find 'uniffi_idkit_fn_method_credentialrequest_expires_at_min' in scope
1062 | self.uniffiCloneHandle(),$0
1063 | )
/host/spi-builder-workspace/Sources/IDKit/Generated/idkit_core.swift:1072:5: error: cannot find 'uniffi_idkit_fn_method_credentialrequest_genesis_issued_at_min' in scope
1070 | open func genesisIssuedAtMin() -> UInt64? {
1071 | return try! FfiConverterOptionUInt64.lift(try! rustCall() {
1072 | uniffi_idkit_fn_method_credentialrequest_genesis_issued_at_min(
| `- error: cannot find 'uniffi_idkit_fn_method_credentialrequest_genesis_issued_at_min' in scope
1073 | self.uniffiCloneHandle(),$0
1074 | )
/host/spi-builder-workspace/Sources/IDKit/Generated/idkit_core.swift:1083:5: error: cannot find 'uniffi_idkit_fn_method_credentialrequest_get_signal_bytes' in scope
1081 | open func getSignalBytes() -> Data? {
1082 | return try! FfiConverterOptionData.lift(try! rustCall() {
1083 | uniffi_idkit_fn_method_credentialrequest_get_signal_bytes(
| `- error: cannot find 'uniffi_idkit_fn_method_credentialrequest_get_signal_bytes' in scope
1084 | self.uniffiCloneHandle(),$0
1085 | )
/host/spi-builder-workspace/Sources/IDKit/Generated/idkit_core.swift:1098:5: error: cannot find 'uniffi_idkit_fn_method_credentialrequest_to_json' in scope
1096 | open func toJson()throws -> String {
1097 | return try FfiConverterString.lift(try rustCallWithError(FfiConverterTypeIdkitError_lift) {
1098 | uniffi_idkit_fn_method_credentialrequest_to_json(
| `- error: cannot find 'uniffi_idkit_fn_method_credentialrequest_to_json' in scope
1099 | self.uniffiCloneHandle(),$0
1100 | )
/host/spi-builder-workspace/Sources/IDKit/Generated/idkit_core.swift:1284:32: error: cannot find 'uniffi_idkit_fn_clone_idkitbuilder' in scope
1282 | #endif
1283 | public func uniffiCloneHandle() -> UInt64 {
1284 | return try! rustCall { uniffi_idkit_fn_clone_idkitbuilder(self.handle, $0) }
| `- error: cannot find 'uniffi_idkit_fn_clone_idkitbuilder' in scope
1285 | }
1286 | // No primary constructor declared for this class.
/host/spi-builder-workspace/Sources/IDKit/Generated/idkit_core.swift:1294:25: error: cannot find 'uniffi_idkit_fn_free_idkitbuilder' in scope
1292 | }
1293 |
1294 | try! rustCall { uniffi_idkit_fn_free_idkitbuilder(handle, $0) }
| `- error: cannot find 'uniffi_idkit_fn_free_idkitbuilder' in scope
1295 | }
1296 |
/host/spi-builder-workspace/Sources/IDKit/Generated/idkit_core.swift:1303:5: error: cannot find 'uniffi_idkit_fn_constructor_idkitbuilder_from_create_session' in scope
1301 | public static func fromCreateSession(config: IdKitSessionConfig) -> IdKitBuilder {
1302 | return try! FfiConverterTypeIDKitBuilder_lift(try! rustCall() {
1303 | uniffi_idkit_fn_constructor_idkitbuilder_from_create_session(
| `- error: cannot find 'uniffi_idkit_fn_constructor_idkitbuilder_from_create_session' in scope
1304 | FfiConverterTypeIDKitSessionConfig_lower(config),$0
1305 | )
/host/spi-builder-workspace/Sources/IDKit/Generated/idkit_core.swift:1314:5: error: cannot find 'uniffi_idkit_fn_constructor_idkitbuilder_from_prove_session' in scope
1312 | public static func fromProveSession(sessionId: String, config: IdKitSessionConfig) -> IdKitBuilder {
1313 | return try! FfiConverterTypeIDKitBuilder_lift(try! rustCall() {
1314 | uniffi_idkit_fn_constructor_idkitbuilder_from_prove_session(
| `- error: cannot find 'uniffi_idkit_fn_constructor_idkitbuilder_from_prove_session' in scope
1315 | FfiConverterString.lower(sessionId),
1316 | FfiConverterTypeIDKitSessionConfig_lower(config),$0
/host/spi-builder-workspace/Sources/IDKit/Generated/idkit_core.swift:1326:5: error: cannot find 'uniffi_idkit_fn_constructor_idkitbuilder_from_request' in scope
1324 | public static func fromRequest(config: IdKitRequestConfig) -> IdKitBuilder {
1325 | return try! FfiConverterTypeIDKitBuilder_lift(try! rustCall() {
1326 | uniffi_idkit_fn_constructor_idkitbuilder_from_request(
| `- error: cannot find 'uniffi_idkit_fn_constructor_idkitbuilder_from_request' in scope
1327 | FfiConverterTypeIDKitRequestConfig_lower(config),$0
1328 | )
/host/spi-builder-workspace/Sources/IDKit/Generated/idkit_core.swift:1344:5: error: cannot find 'uniffi_idkit_fn_method_idkitbuilder_bridge_request_payload' in scope
1342 | open func bridgeRequestPayload(constraints: ConstraintNode)throws -> BridgeRequestPayloadWrapper {
1343 | return try FfiConverterTypeBridgeRequestPayloadWrapper_lift(try rustCallWithError(FfiConverterTypeIdkitError_lift) {
1344 | uniffi_idkit_fn_method_idkitbuilder_bridge_request_payload(
| `- error: cannot find 'uniffi_idkit_fn_method_idkitbuilder_bridge_request_payload' in scope
1345 | self.uniffiCloneHandle(),
1346 | FfiConverterTypeConstraintNode_lower(constraints),$0
/host/spi-builder-workspace/Sources/IDKit/Generated/idkit_core.swift:1361:5: error: cannot find 'uniffi_idkit_fn_method_idkitbuilder_bridge_request_payload_from_preset' in scope
1359 | open func bridgeRequestPayloadFromPreset(preset: Preset)throws -> BridgeRequestPayloadWrapper {
1360 | return try FfiConverterTypeBridgeRequestPayloadWrapper_lift(try rustCallWithError(FfiConverterTypeIdkitError_lift) {
1361 | uniffi_idkit_fn_method_idkitbuilder_bridge_request_payload_from_preset(
| `- error: cannot find 'uniffi_idkit_fn_method_idkitbuilder_bridge_request_payload_from_preset' in scope
1362 | self.uniffiCloneHandle(),
1363 | FfiConverterTypePreset_lower(preset),$0
/host/spi-builder-workspace/Sources/IDKit/Generated/idkit_core.swift:1378:5: error: cannot find 'uniffi_idkit_fn_method_idkitbuilder_bridge_request_payload_json' in scope
1376 | open func bridgeRequestPayloadJson(constraints: ConstraintNode)throws -> String {
1377 | return try FfiConverterString.lift(try rustCallWithError(FfiConverterTypeIdkitError_lift) {
1378 | uniffi_idkit_fn_method_idkitbuilder_bridge_request_payload_json(
| `- error: cannot find 'uniffi_idkit_fn_method_idkitbuilder_bridge_request_payload_json' in scope
1379 | self.uniffiCloneHandle(),
1380 | FfiConverterTypeConstraintNode_lower(constraints),$0
/host/spi-builder-workspace/Sources/IDKit/Generated/idkit_core.swift:1395:5: error: cannot find 'uniffi_idkit_fn_method_idkitbuilder_bridge_request_payload_json_from_preset' in scope
1393 | open func bridgeRequestPayloadJsonFromPreset(preset: Preset)throws -> String {
1394 | return try FfiConverterString.lift(try rustCallWithError(FfiConverterTypeIdkitError_lift) {
1395 | uniffi_idkit_fn_method_idkitbuilder_bridge_request_payload_json_from_preset(
| `- error: cannot find 'uniffi_idkit_fn_method_idkitbuilder_bridge_request_payload_json_from_preset' in scope
1396 | self.uniffiCloneHandle(),
1397 | FfiConverterTypePreset_lower(preset),$0
/host/spi-builder-workspace/Sources/IDKit/Generated/idkit_core.swift:1411:5: error: cannot find 'uniffi_idkit_fn_method_idkitbuilder_constraints' in scope
1409 | open func constraints(constraints: ConstraintNode)throws -> IdKitRequestWrapper {
1410 | return try FfiConverterTypeIDKitRequestWrapper_lift(try rustCallWithError(FfiConverterTypeIdkitError_lift) {
1411 | uniffi_idkit_fn_method_idkitbuilder_constraints(
| `- error: cannot find 'uniffi_idkit_fn_method_idkitbuilder_constraints' in scope
1412 | self.uniffiCloneHandle(),
1413 | FfiConverterTypeConstraintNode_lower(constraints),$0
/host/spi-builder-workspace/Sources/IDKit/Generated/idkit_core.swift:1431:5: error: cannot find 'uniffi_idkit_fn_method_idkitbuilder_constraints_with_invite_code' in scope
1429 | open func constraintsWithInviteCode(constraints: ConstraintNode)throws -> IdKitInviteCodeRequest {
1430 | return try FfiConverterTypeIDKitInviteCodeRequest_lift(try rustCallWithError(FfiConverterTypeIdkitError_lift) {
1431 | uniffi_idkit_fn_method_idkitbuilder_constraints_with_invite_code(
| `- error: cannot find 'uniffi_idkit_fn_method_idkitbuilder_constraints_with_invite_code' in scope
1432 | self.uniffiCloneHandle(),
1433 | FfiConverterTypeConstraintNode_lower(constraints),$0
/host/spi-builder-workspace/Sources/IDKit/Generated/idkit_core.swift:1450:5: error: cannot find 'uniffi_idkit_fn_method_idkitbuilder_preset' in scope
1448 | open func preset(preset: Preset)throws -> IdKitRequestWrapper {
1449 | return try FfiConverterTypeIDKitRequestWrapper_lift(try rustCallWithError(FfiConverterTypeIdkitError_lift) {
1450 | uniffi_idkit_fn_method_idkitbuilder_preset(
| `- error: cannot find 'uniffi_idkit_fn_method_idkitbuilder_preset' in scope
1451 | self.uniffiCloneHandle(),
1452 | FfiConverterTypePreset_lower(preset),$0
/host/spi-builder-workspace/Sources/IDKit/Generated/idkit_core.swift:1467:5: error: cannot find 'uniffi_idkit_fn_method_idkitbuilder_preset_with_invite_code' in scope
1465 | open func presetWithInviteCode(preset: Preset)throws -> IdKitInviteCodeRequest {
1466 | return try FfiConverterTypeIDKitInviteCodeRequest_lift(try rustCallWithError(FfiConverterTypeIdkitError_lift) {
1467 | uniffi_idkit_fn_method_idkitbuilder_preset_with_invite_code(
| `- error: cannot find 'uniffi_idkit_fn_method_idkitbuilder_preset_with_invite_code' in scope
1468 | self.uniffiCloneHandle(),
1469 | FfiConverterTypePreset_lower(preset),$0
/host/spi-builder-workspace/Sources/IDKit/Generated/idkit_core.swift:1616:32: error: cannot find 'uniffi_idkit_fn_clone_idkitinvitecoderequest' in scope
1614 | #endif
1615 | public func uniffiCloneHandle() -> UInt64 {
1616 | return try! rustCall { uniffi_idkit_fn_clone_idkitinvitecoderequest(self.handle, $0) }
| `- error: cannot find 'uniffi_idkit_fn_clone_idkitinvitecoderequest' in scope
1617 | }
1618 | // No primary constructor declared for this class.
/host/spi-builder-workspace/Sources/IDKit/Generated/idkit_core.swift:1626:25: error: cannot find 'uniffi_idkit_fn_free_idkitinvitecoderequest' in scope
1624 | }
1625 |
1626 | try! rustCall { uniffi_idkit_fn_free_idkitinvitecoderequest(handle, $0) }
| `- error: cannot find 'uniffi_idkit_fn_free_idkitinvitecoderequest' in scope
1627 | }
1628 |
/host/spi-builder-workspace/Sources/IDKit/Generated/idkit_core.swift:1641:5: error: cannot find 'uniffi_idkit_fn_method_idkitinvitecoderequest_connect_url' in scope
1639 | open func connectUrl() -> String {
1640 | return try! FfiConverterString.lift(try! rustCall() {
1641 | uniffi_idkit_fn_method_idkitinvitecoderequest_connect_url(
| `- error: cannot find 'uniffi_idkit_fn_method_idkitinvitecoderequest_connect_url' in scope
1642 | self.uniffiCloneHandle(),$0
1643 | )
/host/spi-builder-workspace/Sources/IDKit/Generated/idkit_core.swift:1656:5: error: cannot find 'uniffi_idkit_fn_method_idkitinvitecoderequest_expires_at' in scope
1654 | open func expiresAt() -> UInt64 {
1655 | return try! FfiConverterUInt64.lift(try! rustCall() {
1656 | uniffi_idkit_fn_method_idkitinvitecoderequest_expires_at(
| `- error: cannot find 'uniffi_idkit_fn_method_idkitinvitecoderequest_expires_at' in scope
1657 | self.uniffiCloneHandle(),$0
1658 | )
/host/spi-builder-workspace/Sources/IDKit/Generated/idkit_core.swift:1670:5: error: cannot find 'uniffi_idkit_fn_method_idkitinvitecoderequest_poll_status' in scope
1668 | open func pollStatus(pollIntervalMs: UInt64?, timeoutMs: UInt64?) -> StatusWrapper {
1669 | return try! FfiConverterTypeStatusWrapper_lift(try! rustCall() {
1670 | uniffi_idkit_fn_method_idkitinvitecoderequest_poll_status(
| `- error: cannot find 'uniffi_idkit_fn_method_idkitinvitecoderequest_poll_status' in scope
1671 | self.uniffiCloneHandle(),
1672 | FfiConverterOptionUInt64.lower(pollIntervalMs),
/host/spi-builder-workspace/Sources/IDKit/Generated/idkit_core.swift:1683:5: error: cannot find 'uniffi_idkit_fn_method_idkitinvitecoderequest_poll_status_once' in scope
1681 | open func pollStatusOnce() -> StatusWrapper {
1682 | return try! FfiConverterTypeStatusWrapper_lift(try! rustCall() {
1683 | uniffi_idkit_fn_method_idkitinvitecoderequest_poll_status_once(
| `- error: cannot find 'uniffi_idkit_fn_method_idkitinvitecoderequest_poll_status_once' in scope
1684 | self.uniffiCloneHandle(),$0
1685 | )
/host/spi-builder-workspace/Sources/IDKit/Generated/idkit_core.swift:1694:5: error: cannot find 'uniffi_idkit_fn_method_idkitinvitecoderequest_request_id' in scope
1692 | open func requestId() -> String {
1693 | return try! FfiConverterString.lift(try! rustCall() {
1694 | uniffi_idkit_fn_method_idkitinvitecoderequest_request_id(
| `- error: cannot find 'uniffi_idkit_fn_method_idkitinvitecoderequest_request_id' in scope
1695 | self.uniffiCloneHandle(),$0
1696 | )
/host/spi-builder-workspace/Sources/IDKit/Generated/idkit_core.swift:1813:32: error: cannot find 'uniffi_idkit_fn_clone_idkitrequestwrapper' in scope
1811 | #endif
1812 | public func uniffiCloneHandle() -> UInt64 {
1813 | return try! rustCall { uniffi_idkit_fn_clone_idkitrequestwrapper(self.handle, $0) }
| `- error: cannot find 'uniffi_idkit_fn_clone_idkitrequestwrapper' in scope
1814 | }
1815 | // No primary constructor declared for this class.
/host/spi-builder-workspace/Sources/IDKit/Generated/idkit_core.swift:1823:25: error: cannot find 'uniffi_idkit_fn_free_idkitrequestwrapper' in scope
1821 | }
1822 |
1823 | try! rustCall { uniffi_idkit_fn_free_idkitrequestwrapper(handle, $0) }
| `- error: cannot find 'uniffi_idkit_fn_free_idkitrequestwrapper' in scope
1824 | }
1825 |
/host/spi-builder-workspace/Sources/IDKit/Generated/idkit_core.swift:1834:5: error: cannot find 'uniffi_idkit_fn_method_idkitrequestwrapper_connect_url' in scope
1832 | open func connectUrl() -> String {
1833 | return try! FfiConverterString.lift(try! rustCall() {
1834 | uniffi_idkit_fn_method_idkitrequestwrapper_connect_url(
| `- error: cannot find 'uniffi_idkit_fn_method_idkitrequestwrapper_connect_url' in scope
1835 | self.uniffiCloneHandle(),$0
1836 | )
/host/spi-builder-workspace/Sources/IDKit/Generated/idkit_core.swift:1848:5: error: cannot find 'uniffi_idkit_fn_method_idkitrequestwrapper_poll_status' in scope
1846 | open func pollStatus(pollIntervalMs: UInt64?, timeoutMs: UInt64?) -> StatusWrapper {
1847 | return try! FfiConverterTypeStatusWrapper_lift(try! rustCall() {
1848 | uniffi_idkit_fn_method_idkitrequestwrapper_poll_status(
| `- error: cannot find 'uniffi_idkit_fn_method_idkitrequestwrapper_poll_status' in scope
1849 | self.uniffiCloneHandle(),
1850 | FfiConverterOptionUInt64.lower(pollIntervalMs),
/host/spi-builder-workspace/Sources/IDKit/Generated/idkit_core.swift:1861:5: error: cannot find 'uniffi_idkit_fn_method_idkitrequestwrapper_poll_status_once' in scope
1859 | open func pollStatusOnce() -> StatusWrapper {
1860 | return try! FfiConverterTypeStatusWrapper_lift(try! rustCall() {
1861 | uniffi_idkit_fn_method_idkitrequestwrapper_poll_status_once(
| `- error: cannot find 'uniffi_idkit_fn_method_idkitrequestwrapper_poll_status_once' in scope
1862 | self.uniffiCloneHandle(),$0
1863 | )
/host/spi-builder-workspace/Sources/IDKit/Generated/idkit_core.swift:1872:5: error: cannot find 'uniffi_idkit_fn_method_idkitrequestwrapper_request_id' in scope
1870 | open func requestId() -> String {
1871 | return try! FfiConverterString.lift(try! rustCall() {
1872 | uniffi_idkit_fn_method_idkitrequestwrapper_request_id(
| `- error: cannot find 'uniffi_idkit_fn_method_idkitrequestwrapper_request_id' in scope
1873 | self.uniffiCloneHandle(),$0
1874 | )
/host/spi-builder-workspace/Sources/IDKit/Generated/idkit_core.swift:2005:32: error: cannot find 'uniffi_idkit_fn_clone_rpcontext' in scope
2003 | #endif
2004 | public func uniffiCloneHandle() -> UInt64 {
2005 | return try! rustCall { uniffi_idkit_fn_clone_rpcontext(self.handle, $0) }
| `- error: cannot find 'uniffi_idkit_fn_clone_rpcontext' in scope
2006 | }
2007 | /**
/host/spi-builder-workspace/Sources/IDKit/Generated/idkit_core.swift:2017:5: error: cannot find 'uniffi_idkit_fn_constructor_rpcontext_new' in scope
2015 | let handle =
2016 | try rustCallWithError(FfiConverterTypeIdkitError_lift) {
2017 | uniffi_idkit_fn_constructor_rpcontext_new(
| `- error: cannot find 'uniffi_idkit_fn_constructor_rpcontext_new' in scope
2018 | FfiConverterString.lower(rpId),
2019 | FfiConverterString.lower(nonce),
/host/spi-builder-workspace/Sources/IDKit/Generated/idkit_core.swift:2034:25: error: cannot find 'uniffi_idkit_fn_free_rpcontext' in scope
2032 | }
2033 |
2034 | try! rustCall { uniffi_idkit_fn_free_rpcontext(handle, $0) }
| `- error: cannot find 'uniffi_idkit_fn_free_rpcontext' in scope
2035 | }
2036 |
/host/spi-builder-workspace/Sources/IDKit/Generated/idkit_core.swift:2045:5: error: cannot find 'uniffi_idkit_fn_method_rpcontext_created_at' in scope
2043 | open func createdAt() -> UInt64 {
2044 | return try! FfiConverterUInt64.lift(try! rustCall() {
2045 | uniffi_idkit_fn_method_rpcontext_created_at(
| `- error: cannot find 'uniffi_idkit_fn_method_rpcontext_created_at' in scope
2046 | self.uniffiCloneHandle(),$0
2047 | )
/host/spi-builder-workspace/Sources/IDKit/Generated/idkit_core.swift:2056:5: error: cannot find 'uniffi_idkit_fn_method_rpcontext_expires_at' in scope
2054 | open func expiresAt() -> UInt64 {
2055 | return try! FfiConverterUInt64.lift(try! rustCall() {
2056 | uniffi_idkit_fn_method_rpcontext_expires_at(
| `- error: cannot find 'uniffi_idkit_fn_method_rpcontext_expires_at' in scope
2057 | self.uniffiCloneHandle(),$0
2058 | )
/host/spi-builder-workspace/Sources/IDKit/Generated/idkit_core.swift:2067:5: error: cannot find 'uniffi_idkit_fn_method_rpcontext_nonce' in scope
2065 | open func nonce() -> String {
2066 | return try! FfiConverterString.lift(try! rustCall() {
2067 | uniffi_idkit_fn_method_rpcontext_nonce(
| `- error: cannot find 'uniffi_idkit_fn_method_rpcontext_nonce' in scope
2068 | self.uniffiCloneHandle(),$0
2069 | )
/host/spi-builder-workspace/Sources/IDKit/Generated/idkit_core.swift:2078:5: error: cannot find 'uniffi_idkit_fn_method_rpcontext_rp_id' in scope
2076 | open func rpId() -> String {
2077 | return try! FfiConverterString.lift(try! rustCall() {
2078 | uniffi_idkit_fn_method_rpcontext_rp_id(
| `- error: cannot find 'uniffi_idkit_fn_method_rpcontext_rp_id' in scope
2079 | self.uniffiCloneHandle(),$0
2080 | )
/host/spi-builder-workspace/Sources/IDKit/Generated/idkit_core.swift:2089:5: error: cannot find 'uniffi_idkit_fn_method_rpcontext_signature' in scope
2087 | open func signature() -> String {
2088 | return try! FfiConverterString.lift(try! rustCall() {
2089 | uniffi_idkit_fn_method_rpcontext_signature(
| `- error: cannot find 'uniffi_idkit_fn_method_rpcontext_signature' in scope
2090 | self.uniffiCloneHandle(),$0
2091 | )
/host/spi-builder-workspace/Sources/IDKit/Generated/idkit_core.swift:2209:32: error: cannot find 'uniffi_idkit_fn_clone_signal' in scope
2207 | #endif
2208 | public func uniffiCloneHandle() -> UInt64 {
2209 | return try! rustCall { uniffi_idkit_fn_clone_signal(self.handle, $0) }
| `- error: cannot find 'uniffi_idkit_fn_clone_signal' in scope
2210 | }
2211 | // No primary constructor declared for this class.
/host/spi-builder-workspace/Sources/IDKit/Generated/idkit_core.swift:2219:25: error: cannot find 'uniffi_idkit_fn_free_signal' in scope
2217 | }
2218 |
2219 | try! rustCall { uniffi_idkit_fn_free_signal(handle, $0) }
| `- error: cannot find 'uniffi_idkit_fn_free_signal' in scope
2220 | }
2221 |
/host/spi-builder-workspace/Sources/IDKit/Generated/idkit_core.swift:2228:5: error: cannot find 'uniffi_idkit_fn_constructor_signal_from_bytes' in scope
2226 | public static func fromBytes(bytes: Data) -> Signal {
2227 | return try! FfiConverterTypeSignal_lift(try! rustCall() {
2228 | uniffi_idkit_fn_constructor_signal_from_bytes(
| `- error: cannot find 'uniffi_idkit_fn_constructor_signal_from_bytes' in scope
2229 | FfiConverterData.lower(bytes),$0
2230 | )
/host/spi-builder-workspace/Sources/IDKit/Generated/idkit_core.swift:2239:5: error: cannot find 'uniffi_idkit_fn_constructor_signal_from_string' in scope
2237 | public static func fromString(s: String) -> Signal {
2238 | return try! FfiConverterTypeSignal_lift(try! rustCall() {
2239 | uniffi_idkit_fn_constructor_signal_from_string(
| `- error: cannot find 'uniffi_idkit_fn_constructor_signal_from_string' in scope
2240 | FfiConverterString.lower(s),$0
2241 | )
/host/spi-builder-workspace/Sources/IDKit/Generated/idkit_core.swift:2252:5: error: cannot find 'uniffi_idkit_fn_method_signal_as_bytes' in scope
2250 | open func asBytes() -> Data {
2251 | return try! FfiConverterData.lift(try! rustCall() {
2252 | uniffi_idkit_fn_method_signal_as_bytes(
| `- error: cannot find 'uniffi_idkit_fn_method_signal_as_bytes' in scope
2253 | self.uniffiCloneHandle(),$0
2254 | )
/host/spi-builder-workspace/Sources/IDKit/Generated/idkit_core.swift:2263:5: error: cannot find 'uniffi_idkit_fn_method_signal_as_string' in scope
2261 | open func asString() -> String? {
2262 | return try! FfiConverterOptionString.lift(try! rustCall() {
2263 | uniffi_idkit_fn_method_signal_as_string(
| `- error: cannot find 'uniffi_idkit_fn_method_signal_as_string' in scope
2264 | self.uniffiCloneHandle(),$0
2265 | )
/host/spi-builder-workspace/Sources/IDKit/Generated/idkit_core.swift:5635:5: error: cannot find 'uniffi_idkit_fn_func_create_session' in scope
5633 | public func createSession(config: IdKitSessionConfig) -> IdKitBuilder {
5634 | return try! FfiConverterTypeIDKitBuilder_lift(try! rustCall() {
5635 | uniffi_idkit_fn_func_create_session(
| `- error: cannot find 'uniffi_idkit_fn_func_create_session' in scope
5636 | FfiConverterTypeIDKitSessionConfig_lower(config),$0
5637 | )
/host/spi-builder-workspace/Sources/IDKit/Generated/idkit_core.swift:5645:5: error: cannot find 'uniffi_idkit_fn_func_prove_session' in scope
5643 | public func proveSession(sessionId: String, config: IdKitSessionConfig) -> IdKitBuilder {
5644 | return try! FfiConverterTypeIDKitBuilder_lift(try! rustCall() {
5645 | uniffi_idkit_fn_func_prove_session(
| `- error: cannot find 'uniffi_idkit_fn_func_prove_session' in scope
5646 | FfiConverterString.lower(sessionId),
5647 | FfiConverterTypeIDKitSessionConfig_lower(config),$0
/host/spi-builder-workspace/Sources/IDKit/Generated/idkit_core.swift:5656:5: error: cannot find 'uniffi_idkit_fn_func_request' in scope
5654 | public func request(config: IdKitRequestConfig) -> IdKitBuilder {
5655 | return try! FfiConverterTypeIDKitBuilder_lift(try! rustCall() {
5656 | uniffi_idkit_fn_func_request(
| `- error: cannot find 'uniffi_idkit_fn_func_request' in scope
5657 | FfiConverterTypeIDKitRequestConfig_lower(config),$0
5658 | )
/host/spi-builder-workspace/Sources/IDKit/Generated/idkit_core.swift:5668:5: error: cannot find 'uniffi_idkit_fn_func_hash_signal_ffi' in scope
5666 | public func hashSignalFfi(signal: Signal) -> String {
5667 | return try! FfiConverterString.lift(try! rustCall() {
5668 | uniffi_idkit_fn_func_hash_signal_ffi(
| `- error: cannot find 'uniffi_idkit_fn_func_hash_signal_ffi' in scope
5669 | FfiConverterTypeSignal_lower(signal),$0
5670 | )
/host/spi-builder-workspace/Sources/IDKit/Generated/idkit_core.swift:5680:5: error: cannot find 'uniffi_idkit_fn_func_hash_to_field_ffi' in scope
5678 | public func hashToFieldFfi(input: Data) -> Data {
5679 | return try! FfiConverterData.lift(try! rustCall() {
5680 | uniffi_idkit_fn_func_hash_to_field_ffi(
| `- error: cannot find 'uniffi_idkit_fn_func_hash_to_field_ffi' in scope
5681 | FfiConverterData.lower(input),$0
5682 | )
/host/spi-builder-workspace/Sources/IDKit/Generated/idkit_core.swift:5690:5: error: cannot find 'uniffi_idkit_fn_func_credential_to_string' in scope
5688 | public func credentialToString(credential: CredentialType) -> String {
5689 | return try! FfiConverterString.lift(try! rustCall() {
5690 | uniffi_idkit_fn_func_credential_to_string(
| `- error: cannot find 'uniffi_idkit_fn_func_credential_to_string' in scope
5691 | FfiConverterTypeCredentialType_lower(credential),$0
5692 | )
/host/spi-builder-workspace/Sources/IDKit/Generated/idkit_core.swift:5704:5: error: cannot find 'uniffi_idkit_fn_func_idkit_result_from_json' in scope
5702 | public func idkitResultFromJson(json: String)throws -> IdKitResult {
5703 | return try FfiConverterTypeIDKitResult_lift(try rustCallWithError(FfiConverterTypeIdkitError_lift) {
5704 | uniffi_idkit_fn_func_idkit_result_from_json(
| `- error: cannot find 'uniffi_idkit_fn_func_idkit_result_from_json' in scope
5705 | FfiConverterString.lower(json),$0
5706 | )
/host/spi-builder-workspace/Sources/IDKit/Generated/idkit_core.swift:5718:5: error: cannot find 'uniffi_idkit_fn_func_idkit_result_to_json' in scope
5716 | public func idkitResultToJson(result: IdKitResult)throws -> String {
5717 | return try FfiConverterString.lift(try rustCallWithError(FfiConverterTypeIdkitError_lift) {
5718 | uniffi_idkit_fn_func_idkit_result_to_json(
| `- error: cannot find 'uniffi_idkit_fn_func_idkit_result_to_json' in scope
5719 | FfiConverterTypeIDKitResult_lower(result),$0
5720 | )
/host/spi-builder-workspace/Sources/IDKit/Generated/idkit_core.swift:23:28: error: cannot find type 'RustBuffer' in scope
21 | }
22 |
23 | static func empty() -> RustBuffer {
| `- error: cannot find type 'RustBuffer' in scope
24 | RustBuffer(capacity: 0, len:0, data: nil)
25 | }
/host/spi-builder-workspace/Sources/IDKit/Generated/idkit_core.swift:27:60: error: cannot find type 'RustBuffer' in scope
25 | }
26 |
27 | static func from(_ ptr: UnsafeBufferPointer<UInt8>) -> RustBuffer {
| `- error: cannot find type 'RustBuffer' in scope
28 | try! rustCall { ffi_idkit_rustbuffer_from_bytes(ForeignBytes(bufferPointer: ptr), $0) }
29 | }
[5/5] Compiling IDKit IDKit.swift
BUILD FAILURE 6.3 android