Build Information
Failed to build SwiftTestKit, reference main (231803), with Swift 6.4 for watchOS using Xcode 27.0 on 25 Sep 2026 04:43:42 UTC.
Build Command
env DEVELOPER_DIR=/Applications/Xcode-27.0.0-Release.Candidate.app xcrun xcodebuild -IDEClonedSourcePackagesDirPathOverride=$PWD/.dependencies -skipMacroValidation -skipPackagePluginValidation -derivedDataPath $PWD/.derivedData build -scheme SwiftTestKit-Package -destination generic/platform=watchOSBuild Log
"XCTKAssertionMacros.swift"
],
"target_dependencies" : [
"TestKitMacroCore"
],
"type" : "macro"
},
{
"c99name" : "TestKitMacroCore",
"module_type" : "SwiftTarget",
"name" : "TestKitMacroCore",
"path" : "Sources/TestKitMacroCore",
"product_dependencies" : [
"SwiftSyntax",
"SwiftSyntaxMacros"
],
"product_memberships" : [
"SwiftTestKit",
"XCTestKit",
"TestKitMacros"
],
"sources" : [
"Arbitrary/ArbitraryMacro.swift",
"Arbitrary/TypeSyntaxWalker.swift",
"Assertions/AssertionMacro.swift",
"Assertions/BooleanExprWalker.swift",
"Stateful/StatefulMacro.swift",
"Stateful/WeightMacro.swift",
"Support/Enum+Macro.swift",
"Support/EnumCase.swift",
"Support/Extensions/DeclGroupSyntax+AccessLevel.swift",
"Support/Extensions/DeclGroupSyntax+EnumCases.swift",
"Support/Extensions/DeclGroupSyntax+StoredProperties.swift",
"Support/Extensions/ExprSyntax+Contains.swift",
"Support/Extensions/ExprSyntax+Literal.swift",
"Support/Extensions/ExprSyntax+LogicalOperator.swift",
"Support/Extensions/LabeledExprListSyntax+Arg.swift",
"Support/StoredProperties.swift"
],
"target_dependencies" : [
"TestKitCore"
],
"type" : "library"
},
{
"c99name" : "TestKitCore",
"module_type" : "SwiftTarget",
"name" : "TestKitCore",
"path" : "Sources/TestKitCore",
"product_dependencies" : [
"Reasync"
],
"product_memberships" : [
"SwiftTestKit",
"XCTestKit",
"TestKitMacros"
],
"sources" : [
"Assertions/AssertionCore.swift",
"Assertions/FunctionAssertions.swift",
"Assertions/MacroAssertions.swift",
"Assertions/Support/AssertionKind+Fail.swift",
"Assertions/Support/AssertionKind+MakeFailure.swift",
"Assertions/Support/AssertionKind.swift",
"Assertions/Support/BooleanExpr.swift",
"Assertions/Support/ExprCaptureKind.swift",
"Assertions/Support/PredicateIteration.swift",
"Assertions/Support/PredicateTypes.swift",
"Assertions/Support/UnwrapError.swift",
"Atomic/Atomic.swift",
"Atomic/AtomicInterceptor.swift",
"Atomic/AtomicResult+Fail.swift",
"Atomic/AtomicResult.swift",
"Atomic/AtomicRunner.swift",
"Diff/Comparator.swift",
"Diff/ComparatorContext.swift",
"Diff/CustomDiffRepresentable.swift",
"Diff/CustomDiffStringConvertible.swift",
"Diff/DiffNode.swift",
"Diff/DiffValue.swift",
"Diff/StringComparator.swift",
"Formatting/Formatter+AddLines.swift",
"Formatting/Formatter.swift",
"Formatting/FormatterContext.swift",
"Options/DiffOptions.swift",
"Options/FormatOptions.swift",
"Options/PerformanceOptions.swift",
"Options/PropertyOptions.swift",
"Options/TemporalOptions.swift",
"Options/TestConfiguration.swift",
"Options/TestOptions.swift",
"Performance/ByteCount.swift",
"Performance/Performance.swift",
"Performance/PerformanceInterceptor.swift",
"Performance/PerformanceResult+Fail.swift",
"Performance/PerformanceResult.swift",
"Performance/PerformanceRunner.swift",
"Property/Arbitrary/Arbitrary.swift",
"Property/Arbitrary/Conformance/Array+Arbitrary.swift",
"Property/Arbitrary/Conformance/Bool+Arbitrary.swift",
"Property/Arbitrary/Conformance/Character+Arbitrary.swift",
"Property/Arbitrary/Conformance/ClosedRange+Arbitrary.swift",
"Property/Arbitrary/Conformance/CollectionOfOne+Arbitrary.swift",
"Property/Arbitrary/Conformance/Data+Arbitrary.swift",
"Property/Arbitrary/Conformance/Date+Arbitrary.swift",
"Property/Arbitrary/Conformance/Decimal+Arbitrary.swift",
"Property/Arbitrary/Conformance/Dictionary+Arbitrary.swift",
"Property/Arbitrary/Conformance/Floating+Arbitrary.swift",
"Property/Arbitrary/Conformance/Integer+Arbitrary.swift",
"Property/Arbitrary/Conformance/Optional+Arbitrary.swift",
"Property/Arbitrary/Conformance/Range+Arbitrary.swift",
"Property/Arbitrary/Conformance/Result+Arbitrary.swift",
"Property/Arbitrary/Conformance/Set+Arbitrary.swift",
"Property/Arbitrary/Conformance/String+Arbitrary.swift",
"Property/Arbitrary/Conformance/Substring+Arbitrary.swift",
"Property/Arbitrary/Conformance/UUID+Arbitrary.swift",
"Property/Arbitrary/Conformance/UnicodeScalar+Arbitrary.swift",
"Property/Classification.swift",
"Property/Evaluation/Counterexample.swift",
"Property/Evaluation/DiscardError.swift",
"Property/Evaluation/PropertyInterceptor.swift",
"Property/Evaluation/PropertyResult+Fail.swift",
"Property/Evaluation/PropertyResult.swift",
"Property/Evaluation/PropertyRunner.swift",
"Property/Evaluation/TargetPool.swift",
"Property/Evaluation/UnmetCoverage.swift",
"Property/ForAll.swift",
"Property/Generation/Convenience/Generator+Arbitrary.swift",
"Property/Generation/Convenience/Generator+Array.swift",
"Property/Generation/Convenience/Generator+Character.swift",
"Property/Generation/Convenience/Generator+Data.swift",
"Property/Generation/Convenience/Generator+Date.swift",
"Property/Generation/Convenience/Generator+Dictionary.swift",
"Property/Generation/Convenience/Generator+Floating.swift",
"Property/Generation/Convenience/Generator+Integer.swift",
"Property/Generation/Convenience/Generator+Optional.swift",
"Property/Generation/Convenience/Generator+Sample.swift",
"Property/Generation/Convenience/Generator+Set.swift",
"Property/Generation/Convenience/Generator+String.swift",
"Property/Generation/GenerationContext.swift",
"Property/Generation/Generator+Combinators.swift",
"Property/Generation/Generator.swift",
"Property/Generation/Pack/AnyMutator.swift",
"Property/Generation/Pack/AnyShrinker.swift",
"Property/Generation/Pack/PackIndex.swift",
"Property/Generation/SeededRNG.swift",
"Property/Stateful/Stateful.swift",
"Property/Stateful/StatefulResult.swift",
"Property/Stateful/StatefulRunner.swift",
"Property/TKStateful.swift",
"Support/Extensions/Array+Any.swift",
"Support/Extensions/Array+DiffNode.swift",
"Support/Extensions/BidirectionalCollection+Diff.swift",
"Support/Extensions/Collection+IsOrdered.swift",
"Support/Extensions/Comparable+Clamped.swift",
"Support/Extensions/ContinuousClockInstant+Elapsed.swift",
"Support/Extensions/Duration+Nanoseconds.swift",
"Support/Extensions/Duration+Readable.swift",
"Support/Extensions/Numeric+Equals.swift",
"Support/Extensions/String+CollapseLines.swift",
"Support/Extensions/String+Escaped.swift",
"Support/Extensions/UInt64+ReadableBytes.swift",
"Support/FailureContext.swift",
"Support/FailureInterceptor.swift",
"Support/FrameworkKind.swift",
"Support/quote.swift",
"Temporal/Temporal.swift",
"Temporal/TemporalInterceptor.swift",
"Temporal/TemporalResult+Fail.swift",
"Temporal/TemporalResult.swift",
"Temporal/TemporalRunner.swift"
],
"type" : "library"
},
{
"c99name" : "SwiftTestKit",
"module_type" : "SwiftTarget",
"name" : "SwiftTestKit",
"path" : "Sources/SwiftTestKit",
"product_dependencies" : [
"Reasync"
],
"product_memberships" : [
"SwiftTestKit"
],
"sources" : [
"Assertions/FunctionAssertions.swift",
"Assertions/MacroAssertionDeclarations.swift",
"Assertions/MacroAssertions.swift",
"Atomic.swift",
"CoreTypeAliases.swift",
"Performance.swift",
"Property/ArbitraryMacroDeclaration.swift",
"Property/Classification.swift",
"Property/ForAll.swift",
"Property/Stateful.swift",
"Property/StatefulMacroDeclaration.swift",
"Property/WeightMacroDeclaration.swift",
"STKFailureContext.swift",
"Temporal.swift"
],
"target_dependencies" : [
"TestKitCore",
"TestKitMacros"
],
"type" : "library"
}
],
"tools_version" : "6.3"
}
{
"workspace" : {
"name" : "SwiftTestKit",
"schemes" : [
"SwiftTestKit",
"SwiftTestKit-Package",
"XCTestKit"
]
}
}
2026-09-25 00:43:23.089 xcodebuild[1941:11021] [MT] IDERunDestination: Supported platforms for the buildables in the current scheme is empty.
2026-09-25 00:43:23.198 xcodebuild[1941:11021] [MT] IDERunDestination: Supported platforms for the buildables in the current scheme is empty.
Running build ...
env DEVELOPER_DIR=/Applications/Xcode-27.0.0-Release.Candidate.app xcrun xcodebuild -IDEClonedSourcePackagesDirPathOverride=$PWD/.dependencies -skipMacroValidation -skipPackagePluginValidation -derivedDataPath $PWD/.derivedData build -scheme SwiftTestKit-Package -destination generic/platform=watchOS
Command line invocation:
/Applications/Xcode-27.0.0-Release.Candidate.app/Contents/Developer/usr/bin/xcodebuild -IDEClonedSourcePackagesDirPathOverride=/Users/admin/builder/spi-builder-workspace/.dependencies -skipMacroValidation -skipPackagePluginValidation -derivedDataPath /Users/admin/builder/spi-builder-workspace/.derivedData build -scheme SwiftTestKit-Package -destination generic/platform=watchOS
Resolve Package Graph
Resolved source packages:
SwiftDocCPlugin: https://github.com/swiftlang/swift-docc-plugin @ main (647c708)
SymbolKit: https://github.com/swiftlang/swift-docc-symbolkit @ 1.0.0
SwiftReasync: https://github.com/swift-developer-tools/swift-reasync @ main (861a64f)
SwiftTestKit: /Users/admin/builder/spi-builder-workspace
swift-syntax: https://github.com/swiftlang/swift-syntax @ 603.0.2
ComputePackagePrebuildTargetDependencyGraph
Prepare packages
CreateBuildRequest
SendProjectDescription
CreateBuildOperation
ComputeTargetDependencyGraph
note: Building targets in dependency order
note: Target dependency graph (36 targets)
Target 'XCTestKit-product' in project 'SwiftTestKit'
➜ Explicit dependency on target 'XCTestKit' in project 'SwiftTestKit'
➜ Explicit dependency on target 'TestKitCore' in project 'SwiftTestKit'
➜ Explicit dependency on target 'TestKitMacros' in project 'SwiftTestKit'
➜ Explicit dependency on target 'Reasync-product' in project 'SwiftReasync'
Target 'XCTestKit' in project 'SwiftTestKit'
➜ Explicit dependency on target 'TestKitCore' in project 'SwiftTestKit'
➜ Explicit dependency on target 'TestKitMacros' in project 'SwiftTestKit'
➜ Explicit dependency on target 'Reasync-product' in project 'SwiftReasync'
Target 'SwiftTestKit-product' in project 'SwiftTestKit'
➜ Explicit dependency on target 'SwiftTestKit' in project 'SwiftTestKit'
➜ Explicit dependency on target 'TestKitCore' in project 'SwiftTestKit'
➜ Explicit dependency on target 'TestKitMacros' in project 'SwiftTestKit'
➜ Explicit dependency on target 'Reasync-product' in project 'SwiftReasync'
Target 'SwiftTestKit' in project 'SwiftTestKit'
➜ Explicit dependency on target 'TestKitCore' in project 'SwiftTestKit'
➜ Explicit dependency on target 'TestKitMacros' in project 'SwiftTestKit'
➜ Explicit dependency on target 'Reasync-product' in project 'SwiftReasync'
Target 'TestKitMacros' in project 'SwiftTestKit'
➜ Explicit dependency on target 'TestKitCore' in project 'SwiftTestKit'
➜ Explicit dependency on target 'TestKitMacroCore' in project 'SwiftTestKit'
➜ Explicit dependency on target 'Reasync-product' in project 'SwiftReasync'
➜ Explicit dependency on target 'SwiftSyntax-product' in project 'swift-syntax'
➜ Explicit dependency on target 'SwiftSyntaxMacros-product' in project 'swift-syntax'
➜ Explicit dependency on target 'SwiftCompilerPlugin-product' in project 'swift-syntax'
Target 'TestKitMacroCore' in project 'SwiftTestKit'
➜ Explicit dependency on target 'TestKitCore' in project 'SwiftTestKit'
➜ Explicit dependency on target 'Reasync-product' in project 'SwiftReasync'
➜ Explicit dependency on target 'SwiftSyntax-product' in project 'swift-syntax'
➜ Explicit dependency on target 'SwiftSyntaxMacros-product' in project 'swift-syntax'
Target 'TestKitCore' in project 'SwiftTestKit'
➜ Explicit dependency on target 'Reasync-product' in project 'SwiftReasync'
Target 'Reasync-product' in project 'SwiftReasync'
➜ Explicit dependency on target 'Reasync' in project 'SwiftReasync'
➜ Explicit dependency on target 'ReasyncMacro' in project 'SwiftReasync'
Target 'Reasync' in project 'SwiftReasync'
➜ Explicit dependency on target 'ReasyncMacro' in project 'SwiftReasync'
Target 'TestKitCore' in project 'SwiftTestKit'
➜ Explicit dependency on target 'Reasync-product' in project 'SwiftReasync'
Target 'Reasync-product' in project 'SwiftReasync'
➜ Explicit dependency on target 'Reasync' in project 'SwiftReasync'
➜ Explicit dependency on target 'ReasyncMacro' in project 'SwiftReasync'
Target 'Reasync' in project 'SwiftReasync'
➜ Explicit dependency on target 'ReasyncMacro' in project 'SwiftReasync'
Target 'ReasyncMacro' in project 'SwiftReasync'
➜ Explicit dependency on target 'ReasyncMacroCore' in project 'SwiftReasync'
➜ Explicit dependency on target 'SwiftSyntax-product' in project 'swift-syntax'
➜ Explicit dependency on target 'SwiftSyntaxMacros-product' in project 'swift-syntax'
➜ Explicit dependency on target 'SwiftCompilerPlugin-product' in project 'swift-syntax'
Target 'SwiftCompilerPlugin-product' in project 'swift-syntax'
➜ Explicit dependency on target 'SwiftCompilerPlugin' in project 'swift-syntax'
➜ Explicit dependency on target '_SwiftSyntaxCShims' in project 'swift-syntax'
➜ Explicit dependency on target 'SwiftSyntax509' in project 'swift-syntax'
➜ Explicit dependency on target 'SwiftSyntax510' in project 'swift-syntax'
➜ Explicit dependency on target 'SwiftSyntax600' in project 'swift-syntax'
➜ Explicit dependency on target 'SwiftSyntax601' in project 'swift-syntax'
➜ Explicit dependency on target 'SwiftSyntax602' in project 'swift-syntax'
➜ Explicit dependency on target 'SwiftSyntax603' in project 'swift-syntax'
➜ Explicit dependency on target 'SwiftSyntax' in project 'swift-syntax'
➜ Explicit dependency on target 'SwiftDiagnostics' in project 'swift-syntax'
➜ Explicit dependency on target 'SwiftParser' in project 'swift-syntax'
➜ Explicit dependency on target 'SwiftOperators' in project 'swift-syntax'
➜ Explicit dependency on target 'SwiftBasicFormat' in project 'swift-syntax'
➜ Explicit dependency on target 'SwiftParserDiagnostics' in project 'swift-syntax'
➜ Explicit dependency on target 'SwiftSyntaxBuilder' in project 'swift-syntax'
➜ Explicit dependency on target 'SwiftIfConfig' in project 'swift-syntax'
➜ Explicit dependency on target 'SwiftSyntaxMacros' in project 'swift-syntax'
➜ Explicit dependency on target 'SwiftSyntaxMacroExpansion' in project 'swift-syntax'
➜ Explicit dependency on target 'SwiftCompilerPluginMessageHandling' in project 'swift-syntax'
Target 'SwiftCompilerPlugin' in project 'swift-syntax'
➜ Explicit dependency on target '_SwiftSyntaxCShims' in project 'swift-syntax'
➜ Explicit dependency on target 'SwiftSyntax509' in project 'swift-syntax'
➜ Explicit dependency on target 'SwiftSyntax510' in project 'swift-syntax'
➜ Explicit dependency on target 'SwiftSyntax600' in project 'swift-syntax'
➜ Explicit dependency on target 'SwiftSyntax601' in project 'swift-syntax'
➜ Explicit dependency on target 'SwiftSyntax602' in project 'swift-syntax'
➜ Explicit dependency on target 'SwiftSyntax603' in project 'swift-syntax'
➜ Explicit dependency on target 'SwiftSyntax' in project 'swift-syntax'
➜ Explicit dependency on target 'SwiftDiagnostics' in project 'swift-syntax'
➜ Explicit dependency on target 'SwiftParser' in project 'swift-syntax'
➜ Explicit dependency on target 'SwiftOperators' in project 'swift-syntax'
➜ Explicit dependency on target 'SwiftBasicFormat' in project 'swift-syntax'
➜ Explicit dependency on target 'SwiftParserDiagnostics' in project 'swift-syntax'
➜ Explicit dependency on target 'SwiftSyntaxBuilder' in project 'swift-syntax'
➜ Explicit dependency on target 'SwiftIfConfig' in project 'swift-syntax'
➜ Explicit dependency on target 'SwiftSyntaxMacros' in project 'swift-syntax'
➜ Explicit dependency on target 'SwiftSyntaxMacroExpansion' in project 'swift-syntax'
➜ Explicit dependency on target 'SwiftCompilerPluginMessageHandling' in project 'swift-syntax'
Target 'SwiftCompilerPluginMessageHandling' in project 'swift-syntax'
➜ Explicit dependency on target '_SwiftSyntaxCShims' in project 'swift-syntax'
➜ Explicit dependency on target 'SwiftSyntax509' in project 'swift-syntax'
➜ Explicit dependency on target 'SwiftSyntax510' in project 'swift-syntax'
➜ Explicit dependency on target 'SwiftSyntax600' in project 'swift-syntax'
➜ Explicit dependency on target 'SwiftSyntax601' in project 'swift-syntax'
➜ Explicit dependency on target 'SwiftSyntax602' in project 'swift-syntax'
➜ Explicit dependency on target 'SwiftSyntax603' in project 'swift-syntax'
➜ Explicit dependency on target 'SwiftSyntax' in project 'swift-syntax'
➜ Explicit dependency on target 'SwiftDiagnostics' in project 'swift-syntax'
➜ Explicit dependency on target 'SwiftParser' in project 'swift-syntax'
➜ Explicit dependency on target 'SwiftOperators' in project 'swift-syntax'
➜ Explicit dependency on target 'SwiftBasicFormat' in project 'swift-syntax'
➜ Explicit dependency on target 'SwiftParserDiagnostics' in project 'swift-syntax'
➜ Explicit dependency on target 'SwiftSyntaxBuilder' in project 'swift-syntax'
➜ Explicit dependency on target 'SwiftIfConfig' in project 'swift-syntax'
➜ Explicit dependency on target 'SwiftSyntaxMacros' in project 'swift-syntax'
➜ Explicit dependency on target 'SwiftSyntaxMacroExpansion' in project 'swift-syntax'
Target 'SwiftSyntaxMacroExpansion' in project 'swift-syntax'
➜ Explicit dependency on target '_SwiftSyntaxCShims' in project 'swift-syntax'
➜ Explicit dependency on target 'SwiftSyntax509' in project 'swift-syntax'
➜ Explicit dependency on target 'SwiftSyntax510' in project 'swift-syntax'
➜ Explicit dependency on target 'SwiftSyntax600' in project 'swift-syntax'
➜ Explicit dependency on target 'SwiftSyntax601' in project 'swift-syntax'
➜ Explicit dependency on target 'SwiftSyntax602' in project 'swift-syntax'
➜ Explicit dependency on target 'SwiftSyntax603' in project 'swift-syntax'
➜ Explicit dependency on target 'SwiftSyntax' in project 'swift-syntax'
➜ Explicit dependency on target 'SwiftBasicFormat' in project 'swift-syntax'
➜ Explicit dependency on target 'SwiftParser' in project 'swift-syntax'
➜ Explicit dependency on target 'SwiftDiagnostics' in project 'swift-syntax'
➜ Explicit dependency on target 'SwiftParserDiagnostics' in project 'swift-syntax'
➜ Explicit dependency on target 'SwiftSyntaxBuilder' in project 'swift-syntax'
➜ Explicit dependency on target 'SwiftOperators' in project 'swift-syntax'
➜ Explicit dependency on target 'SwiftIfConfig' in project 'swift-syntax'
➜ Explicit dependency on target 'SwiftSyntaxMacros' in project 'swift-syntax'
Target 'ReasyncMacroCore' in project 'SwiftReasync'
➜ Explicit dependency on target 'SwiftSyntax-product' in project 'swift-syntax'
➜ Explicit dependency on target 'SwiftSyntaxMacros-product' in project 'swift-syntax'
Target 'SwiftSyntaxMacros-product' in project 'swift-syntax'
➜ Explicit dependency on target 'SwiftSyntaxMacros' in project 'swift-syntax'
➜ Explicit dependency on target '_SwiftSyntaxCShims' in project 'swift-syntax'
➜ Explicit dependency on target 'SwiftSyntax509' in project 'swift-syntax'
➜ Explicit dependency on target 'SwiftSyntax510' in project 'swift-syntax'
➜ Explicit dependency on target 'SwiftSyntax600' in project 'swift-syntax'
➜ Explicit dependency on target 'SwiftSyntax601' in project 'swift-syntax'
➜ Explicit dependency on target 'SwiftSyntax602' in project 'swift-syntax'
➜ Explicit dependency on target 'SwiftSyntax603' in project 'swift-syntax'
➜ Explicit dependency on target 'SwiftSyntax' in project 'swift-syntax'
➜ Explicit dependency on target 'SwiftDiagnostics' in project 'swift-syntax'
➜ Explicit dependency on target 'SwiftBasicFormat' in project 'swift-syntax'
➜ Explicit dependency on target 'SwiftParser' in project 'swift-syntax'
➜ Explicit dependency on target 'SwiftParserDiagnostics' in project 'swift-syntax'
➜ Explicit dependency on target 'SwiftSyntaxBuilder' in project 'swift-syntax'
➜ Explicit dependency on target 'SwiftOperators' in project 'swift-syntax'
➜ Explicit dependency on target 'SwiftIfConfig' in project 'swift-syntax'
Target 'SwiftSyntaxMacros' in project 'swift-syntax'
➜ Explicit dependency on target '_SwiftSyntaxCShims' in project 'swift-syntax'
➜ Explicit dependency on target 'SwiftSyntax509' in project 'swift-syntax'
➜ Explicit dependency on target 'SwiftSyntax510' in project 'swift-syntax'
➜ Explicit dependency on target 'SwiftSyntax600' in project 'swift-syntax'
➜ Explicit dependency on target 'SwiftSyntax601' in project 'swift-syntax'
➜ Explicit dependency on target 'SwiftSyntax602' in project 'swift-syntax'
➜ Explicit dependency on target 'SwiftSyntax603' in project 'swift-syntax'
➜ Explicit dependency on target 'SwiftSyntax' in project 'swift-syntax'
➜ Explicit dependency on target 'SwiftDiagnostics' in project 'swift-syntax'
➜ Explicit dependency on target 'SwiftBasicFormat' in project 'swift-syntax'
➜ Explicit dependency on target 'SwiftParser' in project 'swift-syntax'
➜ Explicit dependency on target 'SwiftParserDiagnostics' in project 'swift-syntax'
➜ Explicit dependency on target 'SwiftSyntaxBuilder' in project 'swift-syntax'
➜ Explicit dependency on target 'SwiftOperators' in project 'swift-syntax'
➜ Explicit dependency on target 'SwiftIfConfig' in project 'swift-syntax'
Target 'SwiftIfConfig' in project 'swift-syntax'
➜ Explicit dependency on target '_SwiftSyntaxCShims' in project 'swift-syntax'
➜ Explicit dependency on target 'SwiftSyntax509' in project 'swift-syntax'
➜ Explicit dependency on target 'SwiftSyntax510' in project 'swift-syntax'
➜ Explicit dependency on target 'SwiftSyntax600' in project 'swift-syntax'
➜ Explicit dependency on target 'SwiftSyntax601' in project 'swift-syntax'
➜ Explicit dependency on target 'SwiftSyntax602' in project 'swift-syntax'
➜ Explicit dependency on target 'SwiftSyntax603' in project 'swift-syntax'
➜ Explicit dependency on target 'SwiftSyntax' in project 'swift-syntax'
➜ Explicit dependency on target 'SwiftBasicFormat' in project 'swift-syntax'
➜ Explicit dependency on target 'SwiftParser' in project 'swift-syntax'
➜ Explicit dependency on target 'SwiftDiagnostics' in project 'swift-syntax'
➜ Explicit dependency on target 'SwiftParserDiagnostics' in project 'swift-syntax'
➜ Explicit dependency on target 'SwiftSyntaxBuilder' in project 'swift-syntax'
➜ Explicit dependency on target 'SwiftOperators' in project 'swift-syntax'
Target 'SwiftOperators' in project 'swift-syntax'
➜ Explicit dependency on target '_SwiftSyntaxCShims' in project 'swift-syntax'
➜ Explicit dependency on target 'SwiftSyntax509' in project 'swift-syntax'
➜ Explicit dependency on target 'SwiftSyntax510' in project 'swift-syntax'
➜ Explicit dependency on target 'SwiftSyntax600' in project 'swift-syntax'
➜ Explicit dependency on target 'SwiftSyntax601' in project 'swift-syntax'
➜ Explicit dependency on target 'SwiftSyntax602' in project 'swift-syntax'
➜ Explicit dependency on target 'SwiftSyntax603' in project 'swift-syntax'
➜ Explicit dependency on target 'SwiftSyntax' in project 'swift-syntax'
➜ Explicit dependency on target 'SwiftDiagnostics' in project 'swift-syntax'
➜ Explicit dependency on target 'SwiftParser' in project 'swift-syntax'
Target 'SwiftSyntaxBuilder' in project 'swift-syntax'
➜ Explicit dependency on target '_SwiftSyntaxCShims' in project 'swift-syntax'
➜ Explicit dependency on target 'SwiftSyntax509' in project 'swift-syntax'
➜ Explicit dependency on target 'SwiftSyntax510' in project 'swift-syntax'
➜ Explicit dependency on target 'SwiftSyntax600' in project 'swift-syntax'
➜ Explicit dependency on target 'SwiftSyntax601' in project 'swift-syntax'
➜ Explicit dependency on target 'SwiftSyntax602' in project 'swift-syntax'
➜ Explicit dependency on target 'SwiftSyntax603' in project 'swift-syntax'
➜ Explicit dependency on target 'SwiftSyntax' in project 'swift-syntax'
➜ Explicit dependency on target 'SwiftBasicFormat' in project 'swift-syntax'
➜ Explicit dependency on target 'SwiftParser' in project 'swift-syntax'
➜ Explicit dependency on target 'SwiftDiagnostics' in project 'swift-syntax'
➜ Explicit dependency on target 'SwiftParserDiagnostics' in project 'swift-syntax'
Target 'SwiftParserDiagnostics' in project 'swift-syntax'
➜ Explicit dependency on target '_SwiftSyntaxCShims' in project 'swift-syntax'
➜ Explicit dependency on target 'SwiftSyntax509' in project 'swift-syntax'
➜ Explicit dependency on target 'SwiftSyntax510' in project 'swift-syntax'
➜ Explicit dependency on target 'SwiftSyntax600' in project 'swift-syntax'
➜ Explicit dependency on target 'SwiftSyntax601' in project 'swift-syntax'
➜ Explicit dependency on target 'SwiftSyntax602' in project 'swift-syntax'
➜ Explicit dependency on target 'SwiftSyntax603' in project 'swift-syntax'
➜ Explicit dependency on target 'SwiftSyntax' in project 'swift-syntax'
➜ Explicit dependency on target 'SwiftBasicFormat' in project 'swift-syntax'
➜ Explicit dependency on target 'SwiftDiagnostics' in project 'swift-syntax'
➜ Explicit dependency on target 'SwiftParser' in project 'swift-syntax'
Target 'SwiftParser' in project 'swift-syntax'
➜ Explicit dependency on target '_SwiftSyntaxCShims' in project 'swift-syntax'
➜ Explicit dependency on target 'SwiftSyntax509' in project 'swift-syntax'
➜ Explicit dependency on target 'SwiftSyntax510' in project 'swift-syntax'
➜ Explicit dependency on target 'SwiftSyntax600' in project 'swift-syntax'
➜ Explicit dependency on target 'SwiftSyntax601' in project 'swift-syntax'
➜ Explicit dependency on target 'SwiftSyntax602' in project 'swift-syntax'
➜ Explicit dependency on target 'SwiftSyntax603' in project 'swift-syntax'
➜ Explicit dependency on target 'SwiftSyntax' in project 'swift-syntax'
Target 'SwiftBasicFormat' in project 'swift-syntax'
➜ Explicit dependency on target '_SwiftSyntaxCShims' in project 'swift-syntax'
➜ Explicit dependency on target 'SwiftSyntax509' in project 'swift-syntax'
➜ Explicit dependency on target 'SwiftSyntax510' in project 'swift-syntax'
➜ Explicit dependency on target 'SwiftSyntax600' in project 'swift-syntax'
➜ Explicit dependency on target 'SwiftSyntax601' in project 'swift-syntax'
➜ Explicit dependency on target 'SwiftSyntax602' in project 'swift-syntax'
➜ Explicit dependency on target 'SwiftSyntax603' in project 'swift-syntax'
➜ Explicit dependency on target 'SwiftSyntax' in project 'swift-syntax'
Target 'SwiftDiagnostics' in project 'swift-syntax'
➜ Explicit dependency on target '_SwiftSyntaxCShims' in project 'swift-syntax'
➜ Explicit dependency on target 'SwiftSyntax509' in project 'swift-syntax'
➜ Explicit dependency on target 'SwiftSyntax510' in project 'swift-syntax'
➜ Explicit dependency on target 'SwiftSyntax600' in project 'swift-syntax'
➜ Explicit dependency on target 'SwiftSyntax601' in project 'swift-syntax'
➜ Explicit dependency on target 'SwiftSyntax602' in project 'swift-syntax'
➜ Explicit dependency on target 'SwiftSyntax603' in project 'swift-syntax'
➜ Explicit dependency on target 'SwiftSyntax' in project 'swift-syntax'
Target 'SwiftSyntax-product' in project 'swift-syntax'
➜ Explicit dependency on target 'SwiftSyntax' in project 'swift-syntax'
➜ Explicit dependency on target '_SwiftSyntaxCShims' in project 'swift-syntax'
➜ Explicit dependency on target 'SwiftSyntax509' in project 'swift-syntax'
➜ Explicit dependency on target 'SwiftSyntax510' in project 'swift-syntax'
➜ Explicit dependency on target 'SwiftSyntax600' in project 'swift-syntax'
➜ Explicit dependency on target 'SwiftSyntax601' in project 'swift-syntax'
➜ Explicit dependency on target 'SwiftSyntax602' in project 'swift-syntax'
➜ Explicit dependency on target 'SwiftSyntax603' in project 'swift-syntax'
Target 'SwiftSyntax' in project 'swift-syntax'
➜ Explicit dependency on target '_SwiftSyntaxCShims' in project 'swift-syntax'
➜ Explicit dependency on target 'SwiftSyntax509' in project 'swift-syntax'
➜ Explicit dependency on target 'SwiftSyntax510' in project 'swift-syntax'
➜ Explicit dependency on target 'SwiftSyntax600' in project 'swift-syntax'
➜ Explicit dependency on target 'SwiftSyntax601' in project 'swift-syntax'
➜ Explicit dependency on target 'SwiftSyntax602' in project 'swift-syntax'
➜ Explicit dependency on target 'SwiftSyntax603' in project 'swift-syntax'
Target 'SwiftSyntax603' in project 'swift-syntax' (no dependencies)
Target 'SwiftSyntax602' in project 'swift-syntax' (no dependencies)
Target 'SwiftSyntax601' in project 'swift-syntax' (no dependencies)
Target 'SwiftSyntax600' in project 'swift-syntax' (no dependencies)
Target 'SwiftSyntax510' in project 'swift-syntax' (no dependencies)
Target 'SwiftSyntax509' in project 'swift-syntax' (no dependencies)
Target '_SwiftSyntaxCShims' in project 'swift-syntax' (no dependencies)
GatherProvisioningInputs
CreateBuildDescription
ClangStatCache /Applications/Xcode-27.0.0-Release.Candidate.app/Contents/Developer/Toolchains/XcodeDefault.xctoolchain/usr/bin/clang-stat-cache /Applications/Xcode-27.0.0-Release.Candidate.app/Contents/Developer/Platforms/WatchOS.platform/Developer/SDKs/WatchOS27.0.sdk /Users/admin/builder/spi-builder-workspace/.derivedData/SDKStatCaches.noindex/watchos27.0-24R360-e829b21a6f8c9b70876ba0858053c04477534ef55a1706bf4c1112bbb242f0a2.sdkstatcache
cd /Users/admin/builder/spi-builder-workspace/.swiftpm/xcode
/Applications/Xcode-27.0.0-Release.Candidate.app/Contents/Developer/Toolchains/XcodeDefault.xctoolchain/usr/bin/clang-stat-cache /Applications/Xcode-27.0.0-Release.Candidate.app/Contents/Developer/Platforms/WatchOS.platform/Developer/SDKs/WatchOS27.0.sdk -o /Users/admin/builder/spi-builder-workspace/.derivedData/SDKStatCaches.noindex/watchos27.0-24R360-e829b21a6f8c9b70876ba0858053c04477534ef55a1706bf4c1112bbb242f0a2.sdkstatcache
ClangStatCache /Applications/Xcode-27.0.0-Release.Candidate.app/Contents/Developer/Toolchains/XcodeDefault.xctoolchain/usr/bin/clang-stat-cache /Applications/Xcode-27.0.0-Release.Candidate.app/Contents/Developer/Platforms/MacOSX.platform/Developer/SDKs/MacOSX27.0.sdk /Users/admin/builder/spi-builder-workspace/.derivedData/SDKStatCaches.noindex/macosx27.0-26A425-e829b21a6f8c9b70876ba0858053c0446a22442a12e9d48fe1a705f55a1adfc4.sdkstatcache
cd /Users/admin/builder/spi-builder-workspace/.swiftpm/xcode
/Applications/Xcode-27.0.0-Release.Candidate.app/Contents/Developer/Toolchains/XcodeDefault.xctoolchain/usr/bin/clang-stat-cache /Applications/Xcode-27.0.0-Release.Candidate.app/Contents/Developer/Platforms/MacOSX.platform/Developer/SDKs/MacOSX27.0.sdk -o /Users/admin/builder/spi-builder-workspace/.derivedData/SDKStatCaches.noindex/macosx27.0-26A425-e829b21a6f8c9b70876ba0858053c0446a22442a12e9d48fe1a705f55a1adfc4.sdkstatcache
SwiftDriver TestKitCore normal arm64_32 com.apple.xcode.tools.swift.compiler (in target 'TestKitCore' from project 'SwiftTestKit')
cd /Users/admin/builder/spi-builder-workspace/.swiftpm/xcode
builtin-SwiftDriver -- /Applications/Xcode-27.0.0-Release.Candidate.app/Contents/Developer/Toolchains/XcodeDefault.xctoolchain/usr/bin/swiftc -parse-as-library -module-name TestKitCore -Onone @/Users/admin/builder/spi-builder-workspace/.derivedData/Build/Intermediates.noindex/SwiftTestKit.build/Debug-watchos/TestKitCore-t.build/Objects-normal/arm64_32/TestKitCore.SwiftFileList -DSWIFT_PACKAGE -DDEBUG -DSWIFT_MODULE_RESOURCE_BUNDLE_UNAVAILABLE -DXcode -plugin-path /Applications/Xcode-27.0.0-Release.Candidate.app/Contents/Developer/Toolchains/XcodeDefault.xctoolchain/usr/lib/swift/host/plugins/testing -enable-experimental-feature DebugDescriptionMacro -sdk /Applications/Xcode-27.0.0-Release.Candidate.app/Contents/Developer/Platforms/WatchOS.platform/Developer/SDKs/WatchOS27.0.sdk -target arm64_32-apple-watchos11.0 -g -module-cache-path /Users/admin/builder/spi-builder-workspace/.derivedData/ModuleCache.noindex -Xfrontend -serialize-debugging-options -profile-coverage-mapping -profile-generate -enable-testing -index-store-path /Users/admin/builder/spi-builder-workspace/.derivedData/Index.noindex/DataStore -Xcc -D_LIBCPP_HARDENING_MODE\=_LIBCPP_HARDENING_MODE_DEBUG -swift-version 6 -I /Users/admin/builder/spi-builder-workspace/.derivedData/Build/Products/Debug-watchos -Isystem /Applications/Xcode-27.0.0-Release.Candidate.app/Contents/Developer/Platforms/WatchOS.platform/Developer/usr/lib -F /Users/admin/builder/spi-builder-workspace/.derivedData/Build/Products/Debug-watchos/PackageFrameworks -F /Users/admin/builder/spi-builder-workspace/.derivedData/Build/Products/Debug-watchos -F /Applications/Xcode-27.0.0-Release.Candidate.app/Contents/Developer/Platforms/WatchOS.platform/Developer/Library/Frameworks -F /Applications/Xcode-27.0.0-Release.Candidate.app/Contents/Developer/Platforms/WatchOS.platform/Developer/SDKs/WatchOS27.0.sdk/Developer/Library/Frameworks -Xfrontend -load-plugin-executable -Xfrontend /Users/admin/builder/spi-builder-workspace/.derivedData/Build/Products/Debug/ReasyncMacro\#ReasyncMacro -c -j10 -enable-batch-mode -incremental -Xcc -ivfsstatcache -Xcc /Users/admin/builder/spi-builder-workspace/.derivedData/SDKStatCaches.noindex/watchos27.0-24R360-e829b21a6f8c9b70876ba0858053c04477534ef55a1706bf4c1112bbb242f0a2.sdkstatcache -output-file-map /Users/admin/builder/spi-builder-workspace/.derivedData/Build/Intermediates.noindex/SwiftTestKit.build/Debug-watchos/TestKitCore-t.build/Objects-normal/arm64_32/TestKitCore-OutputFileMap.json -save-temps -no-color-diagnostics -explicit-module-build -module-cache-path /Users/admin/builder/spi-builder-workspace/.derivedData/Build/Intermediates.noindex/SwiftExplicitPrecompiledModules -clang-scanner-module-cache-path /Users/admin/builder/spi-builder-workspace/.derivedData/ModuleCache.noindex -sdk-module-cache-path /Users/admin/builder/spi-builder-workspace/.derivedData/SDKExplicitPrecompiledModules -emit-dependencies -emit-module -emit-module-path /Users/admin/builder/spi-builder-workspace/.derivedData/Build/Intermediates.noindex/SwiftTestKit.build/Debug-watchos/TestKitCore-t.build/Objects-normal/arm64_32/TestKitCore.swiftmodule -serialize-diagnostics -dependency-scan-serialize-diagnostics-path /Users/admin/builder/spi-builder-workspace/.derivedData/Build/Intermediates.noindex/SwiftTestKit.build/Debug-watchos/TestKitCore-t.build/Objects-normal/arm64_32/TestKitCore-dependency-scan.dia -validate-clang-modules-once -clang-build-session-file /Users/admin/builder/spi-builder-workspace/.derivedData/ModuleCache.noindex/Session.modulevalidation -Xcc -fmodules-prune-interval\=86400 -Xcc -fmodules-prune-after\=345600 -package-name spi_builder_workspace -emit-const-values -const-gather-protocols-list /Users/admin/builder/spi-builder-workspace/.derivedData/Build/Intermediates.noindex/SwiftTestKit.build/Debug-watchos/TestKitCore-t.build/Objects-normal/arm64_32/TestKitCore_const_extract_protocols.json -Xcc -I/Users/admin/builder/spi-builder-workspace/.derivedData/Build/Products/Debug-watchos/include -Xcc -I/Users/admin/builder/spi-builder-workspace/.derivedData/Build/Intermediates.noindex/SwiftTestKit.build/Debug-watchos/TestKitCore-t.build/DerivedSources-normal/arm64_32 -Xcc -I/Users/admin/builder/spi-builder-workspace/.derivedData/Build/Intermediates.noindex/SwiftTestKit.build/Debug-watchos/TestKitCore-t.build/DerivedSources/arm64_32 -Xcc -I/Users/admin/builder/spi-builder-workspace/.derivedData/Build/Intermediates.noindex/SwiftTestKit.build/Debug-watchos/TestKitCore-t.build/DerivedSources -Xcc -DSWIFT_PACKAGE -Xcc -DDEBUG\=1 -emit-objc-header -emit-objc-header-path /Users/admin/builder/spi-builder-workspace/.derivedData/Build/Intermediates.noindex/SwiftTestKit.build/Debug-watchos/TestKitCore-t.build/Objects-normal/arm64_32/TestKitCore-Swift.h -working-directory /Users/admin/builder/spi-builder-workspace/.swiftpm/xcode -experimental-emit-module-separately -disable-cmo
SwiftDriver TestKitCore normal arm64 com.apple.xcode.tools.swift.compiler (in target 'TestKitCore' from project 'SwiftTestKit')
cd /Users/admin/builder/spi-builder-workspace/.swiftpm/xcode
builtin-SwiftDriver -- /Applications/Xcode-27.0.0-Release.Candidate.app/Contents/Developer/Toolchains/XcodeDefault.xctoolchain/usr/bin/swiftc -parse-as-library -module-name TestKitCore -Onone @/Users/admin/builder/spi-builder-workspace/.derivedData/Build/Intermediates.noindex/SwiftTestKit.build/Debug-watchos/TestKitCore-t.build/Objects-normal/arm64/TestKitCore.SwiftFileList -DSWIFT_PACKAGE -DDEBUG -DSWIFT_MODULE_RESOURCE_BUNDLE_UNAVAILABLE -DXcode -plugin-path /Applications/Xcode-27.0.0-Release.Candidate.app/Contents/Developer/Toolchains/XcodeDefault.xctoolchain/usr/lib/swift/host/plugins/testing -enable-experimental-feature DebugDescriptionMacro -sdk /Applications/Xcode-27.0.0-Release.Candidate.app/Contents/Developer/Platforms/WatchOS.platform/Developer/SDKs/WatchOS27.0.sdk -target arm64-apple-watchos11.0 -g -module-cache-path /Users/admin/builder/spi-builder-workspace/.derivedData/ModuleCache.noindex -Xfrontend -serialize-debugging-options -profile-coverage-mapping -profile-generate -enable-testing -index-store-path /Users/admin/builder/spi-builder-workspace/.derivedData/Index.noindex/DataStore -Xcc -D_LIBCPP_HARDENING_MODE\=_LIBCPP_HARDENING_MODE_DEBUG -swift-version 6 -I /Users/admin/builder/spi-builder-workspace/.derivedData/Build/Products/Debug-watchos -Isystem /Applications/Xcode-27.0.0-Release.Candidate.app/Contents/Developer/Platforms/WatchOS.platform/Developer/usr/lib -F /Users/admin/builder/spi-builder-workspace/.derivedData/Build/Products/Debug-watchos/PackageFrameworks -F /Users/admin/builder/spi-builder-workspace/.derivedData/Build/Products/Debug-watchos -F /Applications/Xcode-27.0.0-Release.Candidate.app/Contents/Developer/Platforms/WatchOS.platform/Developer/Library/Frameworks -F /Applications/Xcode-27.0.0-Release.Candidate.app/Contents/Developer/Platforms/WatchOS.platform/Developer/SDKs/WatchOS27.0.sdk/Developer/Library/Frameworks -Xfrontend -load-plugin-executable -Xfrontend /Users/admin/builder/spi-builder-workspace/.derivedData/Build/Products/Debug/ReasyncMacro\#ReasyncMacro -c -j10 -enable-batch-mode -incremental -Xcc -ivfsstatcache -Xcc /Users/admin/builder/spi-builder-workspace/.derivedData/SDKStatCaches.noindex/watchos27.0-24R360-e829b21a6f8c9b70876ba0858053c04477534ef55a1706bf4c1112bbb242f0a2.sdkstatcache -output-file-map /Users/admin/builder/spi-builder-workspace/.derivedData/Build/Intermediates.noindex/SwiftTestKit.build/Debug-watchos/TestKitCore-t.build/Objects-normal/arm64/TestKitCore-OutputFileMap.json -save-temps -no-color-diagnostics -explicit-module-build -module-cache-path /Users/admin/builder/spi-builder-workspace/.derivedData/Build/Intermediates.noindex/SwiftExplicitPrecompiledModules -clang-scanner-module-cache-path /Users/admin/builder/spi-builder-workspace/.derivedData/ModuleCache.noindex -sdk-module-cache-path /Users/admin/builder/spi-builder-workspace/.derivedData/SDKExplicitPrecompiledModules -emit-dependencies -emit-module -emit-module-path /Users/admin/builder/spi-builder-workspace/.derivedData/Build/Intermediates.noindex/SwiftTestKit.build/Debug-watchos/TestKitCore-t.build/Objects-normal/arm64/TestKitCore.swiftmodule -serialize-diagnostics -dependency-scan-serialize-diagnostics-path /Users/admin/builder/spi-builder-workspace/.derivedData/Build/Intermediates.noindex/SwiftTestKit.build/Debug-watchos/TestKitCore-t.build/Objects-normal/arm64/TestKitCore-dependency-scan.dia -validate-clang-modules-once -clang-build-session-file /Users/admin/builder/spi-builder-workspace/.derivedData/ModuleCache.noindex/Session.modulevalidation -Xcc -fmodules-prune-interval\=86400 -Xcc -fmodules-prune-after\=345600 -package-name spi_builder_workspace -emit-const-values -const-gather-protocols-list /Users/admin/builder/spi-builder-workspace/.derivedData/Build/Intermediates.noindex/SwiftTestKit.build/Debug-watchos/TestKitCore-t.build/Objects-normal/arm64/TestKitCore_const_extract_protocols.json -Xcc -I/Users/admin/builder/spi-builder-workspace/.derivedData/Build/Products/Debug-watchos/include -Xcc -I/Users/admin/builder/spi-builder-workspace/.derivedData/Build/Intermediates.noindex/SwiftTestKit.build/Debug-watchos/TestKitCore-t.build/DerivedSources-normal/arm64 -Xcc -I/Users/admin/builder/spi-builder-workspace/.derivedData/Build/Intermediates.noindex/SwiftTestKit.build/Debug-watchos/TestKitCore-t.build/DerivedSources/arm64 -Xcc -I/Users/admin/builder/spi-builder-workspace/.derivedData/Build/Intermediates.noindex/SwiftTestKit.build/Debug-watchos/TestKitCore-t.build/DerivedSources -Xcc -DSWIFT_PACKAGE -Xcc -DDEBUG\=1 -emit-objc-header -emit-objc-header-path /Users/admin/builder/spi-builder-workspace/.derivedData/Build/Intermediates.noindex/SwiftTestKit.build/Debug-watchos/TestKitCore-t.build/Objects-normal/arm64/TestKitCore-Swift.h -working-directory /Users/admin/builder/spi-builder-workspace/.swiftpm/xcode -experimental-emit-module-separately -disable-cmo
SwiftDriver TestKitCore normal arm64 com.apple.xcode.tools.swift.compiler (in target 'TestKitCore' from project 'SwiftTestKit')
cd /Users/admin/builder/spi-builder-workspace/.swiftpm/xcode
builtin-SwiftDriver -- /Applications/Xcode-27.0.0-Release.Candidate.app/Contents/Developer/Toolchains/XcodeDefault.xctoolchain/usr/bin/swiftc -parse-as-library -module-name TestKitCore -Onone @/Users/admin/builder/spi-builder-workspace/.derivedData/Build/Intermediates.noindex/SwiftTestKit.build/Debug/TestKitCore-t.build/Objects-normal/arm64/TestKitCore.SwiftFileList -DSWIFT_PACKAGE -DDEBUG -DSWIFT_MODULE_RESOURCE_BUNDLE_UNAVAILABLE -DXcode -plugin-path /Applications/Xcode-27.0.0-Release.Candidate.app/Contents/Developer/Toolchains/XcodeDefault.xctoolchain/usr/lib/swift/host/plugins/testing -enable-experimental-feature DebugDescriptionMacro -sdk /Applications/Xcode-27.0.0-Release.Candidate.app/Contents/Developer/Platforms/MacOSX.platform/Developer/SDKs/MacOSX27.0.sdk -target arm64-apple-macos15.0 -g -module-cache-path /Users/admin/builder/spi-builder-workspace/.derivedData/ModuleCache.noindex -Xfrontend -serialize-debugging-options -profile-coverage-mapping -profile-generate -enable-testing -index-store-path /Users/admin/builder/spi-builder-workspace/.derivedData/Index.noindex/DataStore -Xcc -D_LIBCPP_HARDENING_MODE\=_LIBCPP_HARDENING_MODE_DEBUG -swift-version 6 -I /Users/admin/builder/spi-builder-workspace/.derivedData/Build/Products/Debug -Isystem /Applications/Xcode-27.0.0-Release.Candidate.app/Contents/Developer/Platforms/MacOSX.platform/Developer/usr/lib -F /Users/admin/builder/spi-builder-workspace/.derivedData/Build/Products/Debug/PackageFrameworks -F /Users/admin/builder/spi-builder-workspace/.derivedData/Build/Products/Debug -F /Applications/Xcode-27.0.0-Release.Candidate.app/Contents/Developer/Platforms/MacOSX.platform/Developer/Library/Frameworks -Xfrontend -load-plugin-executable -Xfrontend /Users/admin/builder/spi-builder-workspace/.derivedData/Build/Products/Debug/ReasyncMacro\#ReasyncMacro -c -j10 -enable-batch-mode -incremental -Xcc -ivfsstatcache -Xcc /Users/admin/builder/spi-builder-workspace/.derivedData/SDKStatCaches.noindex/macosx27.0-26A425-e829b21a6f8c9b70876ba0858053c0446a22442a12e9d48fe1a705f55a1adfc4.sdkstatcache -output-file-map /Users/admin/builder/spi-builder-workspace/.derivedData/Build/Intermediates.noindex/SwiftTestKit.build/Debug/TestKitCore-t.build/Objects-normal/arm64/TestKitCore-OutputFileMap.json -save-temps -no-color-diagnostics -explicit-module-build -module-cache-path /Users/admin/builder/spi-builder-workspace/.derivedData/Build/Intermediates.noindex/SwiftExplicitPrecompiledModules -clang-scanner-module-cache-path /Users/admin/builder/spi-builder-workspace/.derivedData/ModuleCache.noindex -sdk-module-cache-path /Users/admin/builder/spi-builder-workspace/.derivedData/SDKExplicitPrecompiledModules -emit-dependencies -emit-module -emit-module-path /Users/admin/builder/spi-builder-workspace/.derivedData/Build/Intermediates.noindex/SwiftTestKit.build/Debug/TestKitCore-t.build/Objects-normal/arm64/TestKitCore.swiftmodule -serialize-diagnostics -dependency-scan-serialize-diagnostics-path /Users/admin/builder/spi-builder-workspace/.derivedData/Build/Intermediates.noindex/SwiftTestKit.build/Debug/TestKitCore-t.build/Objects-normal/arm64/TestKitCore-dependency-scan.dia -validate-clang-modules-once -clang-build-session-file /Users/admin/builder/spi-builder-workspace/.derivedData/ModuleCache.noindex/Session.modulevalidation -Xcc -fmodules-prune-interval\=86400 -Xcc -fmodules-prune-after\=345600 -package-name spi_builder_workspace -emit-const-values -const-gather-protocols-list /Users/admin/builder/spi-builder-workspace/.derivedData/Build/Intermediates.noindex/SwiftTestKit.build/Debug/TestKitCore-t.build/Objects-normal/arm64/TestKitCore_const_extract_protocols.json -Xcc -I/Users/admin/builder/spi-builder-workspace/.derivedData/Build/Products/Debug/include -Xcc -I/Users/admin/builder/spi-builder-workspace/.derivedData/Build/Intermediates.noindex/SwiftTestKit.build/Debug/TestKitCore-t.build/DerivedSources-normal/arm64 -Xcc -I/Users/admin/builder/spi-builder-workspace/.derivedData/Build/Intermediates.noindex/SwiftTestKit.build/Debug/TestKitCore-t.build/DerivedSources/arm64 -Xcc -I/Users/admin/builder/spi-builder-workspace/.derivedData/Build/Intermediates.noindex/SwiftTestKit.build/Debug/TestKitCore-t.build/DerivedSources -Xcc -DSWIFT_PACKAGE -Xcc -DDEBUG\=1 -emit-objc-header -emit-objc-header-path /Users/admin/builder/spi-builder-workspace/.derivedData/Build/Intermediates.noindex/SwiftTestKit.build/Debug/TestKitCore-t.build/Objects-normal/arm64/TestKitCore-Swift.h -working-directory /Users/admin/builder/spi-builder-workspace/.swiftpm/xcode -experimental-emit-module-separately -disable-cmo
SwiftDriver TestKitCore normal x86_64 com.apple.xcode.tools.swift.compiler (in target 'TestKitCore' from project 'SwiftTestKit')
cd /Users/admin/builder/spi-builder-workspace/.swiftpm/xcode
builtin-SwiftDriver -- /Applications/Xcode-27.0.0-Release.Candidate.app/Contents/Developer/Toolchains/XcodeDefault.xctoolchain/usr/bin/swiftc -parse-as-library -module-name TestKitCore -Onone @/Users/admin/builder/spi-builder-workspace/.derivedData/Build/Intermediates.noindex/SwiftTestKit.build/Debug/TestKitCore-t.build/Objects-normal/x86_64/TestKitCore.SwiftFileList -DSWIFT_PACKAGE -DDEBUG -DSWIFT_MODULE_RESOURCE_BUNDLE_UNAVAILABLE -DXcode -plugin-path /Applications/Xcode-27.0.0-Release.Candidate.app/Contents/Developer/Toolchains/XcodeDefault.xctoolchain/usr/lib/swift/host/plugins/testing -enable-experimental-feature DebugDescriptionMacro -sdk /Applications/Xcode-27.0.0-Release.Candidate.app/Contents/Developer/Platforms/MacOSX.platform/Developer/SDKs/MacOSX27.0.sdk -target x86_64-apple-macos15.0 -g -module-cache-path /Users/admin/builder/spi-builder-workspace/.derivedData/ModuleCache.noindex -Xfrontend -serialize-debugging-options -profile-coverage-mapping -profile-generate -enable-testing -index-store-path /Users/admin/builder/spi-builder-workspace/.derivedData/Index.noindex/DataStore -Xcc -D_LIBCPP_HARDENING_MODE\=_LIBCPP_HARDENING_MODE_DEBUG -swift-version 6 -I /Users/admin/builder/spi-builder-workspace/.derivedData/Build/Products/Debug -Isystem /Applications/Xcode-27.0.0-Release.Candidate.app/Contents/Developer/Platforms/MacOSX.platform/Developer/usr/lib -F /Users/admin/builder/spi-builder-workspace/.derivedData/Build/Products/Debug/PackageFrameworks -F /Users/admin/builder/spi-builder-workspace/.derivedData/Build/Products/Debug -F /Applications/Xcode-27.0.0-Release.Candidate.app/Contents/Developer/Platforms/MacOSX.platform/Developer/Library/Frameworks -Xfrontend -load-plugin-executable -Xfrontend /Users/admin/builder/spi-builder-workspace/.derivedData/Build/Products/Debug/ReasyncMacro\#ReasyncMacro -c -j10 -enable-batch-mode -incremental -Xcc -ivfsstatcache -Xcc /Users/admin/builder/spi-builder-workspace/.derivedData/SDKStatCaches.noindex/macosx27.0-26A425-e829b21a6f8c9b70876ba0858053c0446a22442a12e9d48fe1a705f55a1adfc4.sdkstatcache -output-file-map /Users/admin/builder/spi-builder-workspace/.derivedData/Build/Intermediates.noindex/SwiftTestKit.build/Debug/TestKitCore-t.build/Objects-normal/x86_64/TestKitCore-OutputFileMap.json -save-temps -no-color-diagnostics -explicit-module-build -module-cache-path /Users/admin/builder/spi-builder-workspace/.derivedData/Build/Intermediates.noindex/SwiftExplicitPrecompiledModules -clang-scanner-module-cache-path /Users/admin/builder/spi-builder-workspace/.derivedData/ModuleCache.noindex -sdk-module-cache-path /Users/admin/builder/spi-builder-workspace/.derivedData/SDKExplicitPrecompiledModules -emit-dependencies -emit-module -emit-module-path /Users/admin/builder/spi-builder-workspace/.derivedData/Build/Intermediates.noindex/SwiftTestKit.build/Debug/TestKitCore-t.build/Objects-normal/x86_64/TestKitCore.swiftmodule -serialize-diagnostics -dependency-scan-serialize-diagnostics-path /Users/admin/builder/spi-builder-workspace/.derivedData/Build/Intermediates.noindex/SwiftTestKit.build/Debug/TestKitCore-t.build/Objects-normal/x86_64/TestKitCore-dependency-scan.dia -validate-clang-modules-once -clang-build-session-file /Users/admin/builder/spi-builder-workspace/.derivedData/ModuleCache.noindex/Session.modulevalidation -Xcc -fmodules-prune-interval\=86400 -Xcc -fmodules-prune-after\=345600 -package-name spi_builder_workspace -emit-const-values -const-gather-protocols-list /Users/admin/builder/spi-builder-workspace/.derivedData/Build/Intermediates.noindex/SwiftTestKit.build/Debug/TestKitCore-t.build/Objects-normal/x86_64/TestKitCore_const_extract_protocols.json -Xcc -I/Users/admin/builder/spi-builder-workspace/.derivedData/Build/Products/Debug/include -Xcc -I/Users/admin/builder/spi-builder-workspace/.derivedData/Build/Intermediates.noindex/SwiftTestKit.build/Debug/TestKitCore-t.build/DerivedSources-normal/x86_64 -Xcc -I/Users/admin/builder/spi-builder-workspace/.derivedData/Build/Intermediates.noindex/SwiftTestKit.build/Debug/TestKitCore-t.build/DerivedSources/x86_64 -Xcc -I/Users/admin/builder/spi-builder-workspace/.derivedData/Build/Intermediates.noindex/SwiftTestKit.build/Debug/TestKitCore-t.build/DerivedSources -Xcc -DSWIFT_PACKAGE -Xcc -DDEBUG\=1 -emit-objc-header -emit-objc-header-path /Users/admin/builder/spi-builder-workspace/.derivedData/Build/Intermediates.noindex/SwiftTestKit.build/Debug/TestKitCore-t.build/Objects-normal/x86_64/TestKitCore-Swift.h -working-directory /Users/admin/builder/spi-builder-workspace/.swiftpm/xcode -experimental-emit-module-separately -disable-cmo
SwiftEmitModule normal arm64_32 Emitting\ module\ for\ TestKitCore (in target 'TestKitCore' from project 'SwiftTestKit')
SwiftCompile normal arm64_32 (in target 'TestKitCore' from project 'SwiftTestKit')
cd /Users/admin/builder/spi-builder-workspace/.swiftpm/xcode
SwiftCompile normal arm64_32 Compiling\ AtomicInterceptor.swift,\ AtomicResult+Fail.swift,\ AtomicResult.swift,\ AtomicRunner.swift,\ Comparator.swift,\ ComparatorContext.swift,\ CustomDiffRepresentable.swift,\ CustomDiffStringConvertible.swift,\ DiffNode.swift,\ DiffValue.swift,\ StringComparator.swift,\ Formatter+AddLines.swift /Users/admin/builder/spi-builder-workspace/Sources/TestKitCore/Atomic/AtomicInterceptor.swift /Users/admin/builder/spi-builder-workspace/Sources/TestKitCore/Atomic/AtomicResult+Fail.swift /Users/admin/builder/spi-builder-workspace/Sources/TestKitCore/Atomic/AtomicResult.swift /Users/admin/builder/spi-builder-workspace/Sources/TestKitCore/Atomic/AtomicRunner.swift /Users/admin/builder/spi-builder-workspace/Sources/TestKitCore/Diff/Comparator.swift /Users/admin/builder/spi-builder-workspace/Sources/TestKitCore/Diff/ComparatorContext.swift /Users/admin/builder/spi-builder-workspace/Sources/TestKitCore/Diff/CustomDiffRepresentable.swift /Users/admin/builder/spi-builder-workspace/Sources/TestKitCore/Diff/CustomDiffStringConvertible.swift /Users/admin/builder/spi-builder-workspace/Sources/TestKitCore/Diff/DiffNode.swift /Users/admin/builder/spi-builder-workspace/Sources/TestKitCore/Diff/DiffValue.swift /Users/admin/builder/spi-builder-workspace/Sources/TestKitCore/Diff/StringComparator.swift /Users/admin/builder/spi-builder-workspace/Sources/TestKitCore/Formatting/Formatter+AddLines.swift (in target 'TestKitCore' from project 'SwiftTestKit')
SwiftCompile normal arm64_32 /Users/admin/builder/spi-builder-workspace/Sources/TestKitCore/Atomic/AtomicInterceptor.swift (in target 'TestKitCore' from project 'SwiftTestKit')
cd /Users/admin/builder/spi-builder-workspace/.swiftpm/xcode
builtin-SwiftPerFileCompile AtomicInterceptor.swift
SwiftCompile normal arm64_32 /Users/admin/builder/spi-builder-workspace/Sources/TestKitCore/Atomic/AtomicResult+Fail.swift (in target 'TestKitCore' from project 'SwiftTestKit')
cd /Users/admin/builder/spi-builder-workspace/.swiftpm/xcode
builtin-SwiftPerFileCompile AtomicResult+Fail.swift
SwiftCompile normal arm64_32 /Users/admin/builder/spi-builder-workspace/Sources/TestKitCore/Atomic/AtomicResult.swift (in target 'TestKitCore' from project 'SwiftTestKit')
cd /Users/admin/builder/spi-builder-workspace/.swiftpm/xcode
builtin-SwiftPerFileCompile AtomicResult.swift
SwiftCompile normal arm64_32 /Users/admin/builder/spi-builder-workspace/Sources/TestKitCore/Atomic/AtomicRunner.swift (in target 'TestKitCore' from project 'SwiftTestKit')
cd /Users/admin/builder/spi-builder-workspace/.swiftpm/xcode
builtin-SwiftPerFileCompile AtomicRunner.swift
SwiftCompile normal arm64_32 /Users/admin/builder/spi-builder-workspace/Sources/TestKitCore/Diff/Comparator.swift (in target 'TestKitCore' from project 'SwiftTestKit')
cd /Users/admin/builder/spi-builder-workspace/.swiftpm/xcode
builtin-SwiftPerFileCompile Comparator.swift
SwiftCompile normal arm64_32 /Users/admin/builder/spi-builder-workspace/Sources/TestKitCore/Diff/ComparatorContext.swift (in target 'TestKitCore' from project 'SwiftTestKit')
cd /Users/admin/builder/spi-builder-workspace/.swiftpm/xcode
builtin-SwiftPerFileCompile ComparatorContext.swift
SwiftCompile normal arm64_32 /Users/admin/builder/spi-builder-workspace/Sources/TestKitCore/Diff/CustomDiffRepresentable.swift (in target 'TestKitCore' from project 'SwiftTestKit')
cd /Users/admin/builder/spi-builder-workspace/.swiftpm/xcode
builtin-SwiftPerFileCompile CustomDiffRepresentable.swift
SwiftCompile normal arm64_32 /Users/admin/builder/spi-builder-workspace/Sources/TestKitCore/Diff/CustomDiffStringConvertible.swift (in target 'TestKitCore' from project 'SwiftTestKit')
cd /Users/admin/builder/spi-builder-workspace/.swiftpm/xcode
builtin-SwiftPerFileCompile CustomDiffStringConvertible.swift
SwiftCompile normal arm64_32 /Users/admin/builder/spi-builder-workspace/Sources/TestKitCore/Diff/DiffNode.swift (in target 'TestKitCore' from project 'SwiftTestKit')
cd /Users/admin/builder/spi-builder-workspace/.swiftpm/xcode
builtin-SwiftPerFileCompile DiffNode.swift
SwiftCompile normal arm64_32 /Users/admin/builder/spi-builder-workspace/Sources/TestKitCore/Diff/DiffValue.swift (in target 'TestKitCore' from project 'SwiftTestKit')
cd /Users/admin/builder/spi-builder-workspace/.swiftpm/xcode
builtin-SwiftPerFileCompile DiffValue.swift
SwiftCompile normal arm64_32 /Users/admin/builder/spi-builder-workspace/Sources/TestKitCore/Diff/StringComparator.swift (in target 'TestKitCore' from project 'SwiftTestKit')
cd /Users/admin/builder/spi-builder-workspace/.swiftpm/xcode
builtin-SwiftPerFileCompile StringComparator.swift
SwiftCompile normal arm64_32 /Users/admin/builder/spi-builder-workspace/Sources/TestKitCore/Formatting/Formatter+AddLines.swift (in target 'TestKitCore' from project 'SwiftTestKit')
cd /Users/admin/builder/spi-builder-workspace/.swiftpm/xcode
builtin-SwiftPerFileCompile Formatter+AddLines.swift
SwiftCompile normal arm64_32 Compiling\ AssertionCore.swift,\ FunctionAssertions.swift,\ MacroAssertions.swift,\ AssertionKind+Fail.swift,\ AssertionKind+MakeFailure.swift,\ AssertionKind.swift,\ BooleanExpr.swift,\ ExprCaptureKind.swift,\ PredicateIteration.swift,\ PredicateTypes.swift,\ UnwrapError.swift,\ Atomic.swift /Users/admin/builder/spi-builder-workspace/Sources/TestKitCore/Assertions/AssertionCore.swift /Users/admin/builder/spi-builder-workspace/Sources/TestKitCore/Assertions/FunctionAssertions.swift /Users/admin/builder/spi-builder-workspace/Sources/TestKitCore/Assertions/MacroAssertions.swift /Users/admin/builder/spi-builder-workspace/Sources/TestKitCore/Assertions/Support/AssertionKind+Fail.swift /Users/admin/builder/spi-builder-workspace/Sources/TestKitCore/Assertions/Support/AssertionKind+MakeFailure.swift /Users/admin/builder/spi-builder-workspace/Sources/TestKitCore/Assertions/Support/AssertionKind.swift /Users/admin/builder/spi-builder-workspace/Sources/TestKitCore/Assertions/Support/BooleanExpr.swift /Users/admin/builder/spi-builder-workspace/Sources/TestKitCore/Assertions/Support/ExprCaptureKind.swift /Users/admin/builder/spi-builder-workspace/Sources/TestKitCore/Assertions/Support/PredicateIteration.swift /Users/admin/builder/spi-builder-workspace/Sources/TestKitCore/Assertions/Support/PredicateTypes.swift /Users/admin/builder/spi-builder-workspace/Sources/TestKitCore/Assertions/Support/UnwrapError.swift /Users/admin/builder/spi-builder-workspace/Sources/TestKitCore/Atomic/Atomic.swift (in target 'TestKitCore' from project 'SwiftTestKit')
SwiftCompile normal arm64_32 /Users/admin/builder/spi-builder-workspace/Sources/TestKitCore/Assertions/AssertionCore.swift (in target 'TestKitCore' from project 'SwiftTestKit')
cd /Users/admin/builder/spi-builder-workspace/.swiftpm/xcode
builtin-SwiftPerFileCompile AssertionCore.swift
SwiftCompile normal arm64_32 /Users/admin/builder/spi-builder-workspace/Sources/TestKitCore/Assertions/FunctionAssertions.swift (in target 'TestKitCore' from project 'SwiftTestKit')
cd /Users/admin/builder/spi-builder-workspace/.swiftpm/xcode
builtin-SwiftPerFileCompile FunctionAssertions.swift
SwiftCompile normal arm64_32 /Users/admin/builder/spi-builder-workspace/Sources/TestKitCore/Assertions/MacroAssertions.swift (in target 'TestKitCore' from project 'SwiftTestKit')
cd /Users/admin/builder/spi-builder-workspace/.swiftpm/xcode
builtin-SwiftPerFileCompile MacroAssertions.swift
SwiftCompile normal arm64_32 /Users/admin/builder/spi-builder-workspace/Sources/TestKitCore/Assertions/Support/AssertionKind+Fail.swift (in target 'TestKitCore' from project 'SwiftTestKit')
cd /Users/admin/builder/spi-builder-workspace/.swiftpm/xcode
builtin-SwiftPerFileCompile AssertionKind+Fail.swift
SwiftCompile normal arm64_32 /Users/admin/builder/spi-builder-workspace/Sources/TestKitCore/Assertions/Support/AssertionKind+MakeFailure.swift (in target 'TestKitCore' from project 'SwiftTestKit')
cd /Users/admin/builder/spi-builder-workspace/.swiftpm/xcode
builtin-SwiftPerFileCompile AssertionKind+MakeFailure.swift
SwiftCompile normal arm64_32 /Users/admin/builder/spi-builder-workspace/Sources/TestKitCore/Assertions/Support/AssertionKind.swift (in target 'TestKitCore' from project 'SwiftTestKit')
cd /Users/admin/builder/spi-builder-workspace/.swiftpm/xcode
builtin-SwiftPerFileCompile AssertionKind.swift
SwiftCompile normal arm64_32 /Users/admin/builder/spi-builder-workspace/Sources/TestKitCore/Assertions/Support/BooleanExpr.swift (in target 'TestKitCore' from project 'SwiftTestKit')
cd /Users/admin/builder/spi-builder-workspace/.swiftpm/xcode
builtin-SwiftPerFileCompile BooleanExpr.swift
SwiftCompile normal arm64_32 /Users/admin/builder/spi-builder-workspace/Sources/TestKitCore/Assertions/Support/ExprCaptureKind.swift (in target 'TestKitCore' from project 'SwiftTestKit')
cd /Users/admin/builder/spi-builder-workspace/.swiftpm/xcode
builtin-SwiftPerFileCompile ExprCaptureKind.swift
SwiftCompile normal arm64_32 /Users/admin/builder/spi-builder-workspace/Sources/TestKitCore/Assertions/Support/PredicateIteration.swift (in target 'TestKitCore' from project 'SwiftTestKit')
cd /Users/admin/builder/spi-builder-workspace/.swiftpm/xcode
builtin-SwiftPerFileCompile PredicateIteration.swift
SwiftCompile normal arm64_32 /Users/admin/builder/spi-builder-workspace/Sources/TestKitCore/Assertions/Support/PredicateTypes.swift (in target 'TestKitCore' from project 'SwiftTestKit')
cd /Users/admin/builder/spi-builder-workspace/.swiftpm/xcode
builtin-SwiftPerFileCompile PredicateTypes.swift
SwiftCompile normal arm64_32 /Users/admin/builder/spi-builder-workspace/Sources/TestKitCore/Assertions/Support/UnwrapError.swift (in target 'TestKitCore' from project 'SwiftTestKit')
cd /Users/admin/builder/spi-builder-workspace/.swiftpm/xcode
builtin-SwiftPerFileCompile UnwrapError.swift
SwiftCompile normal arm64_32 /Users/admin/builder/spi-builder-workspace/Sources/TestKitCore/Atomic/Atomic.swift (in target 'TestKitCore' from project 'SwiftTestKit')
cd /Users/admin/builder/spi-builder-workspace/.swiftpm/xcode
builtin-SwiftPerFileCompile Atomic.swift
SwiftCompile normal arm64_32 Compiling\ Decimal+Arbitrary.swift,\ Dictionary+Arbitrary.swift,\ Floating+Arbitrary.swift,\ Integer+Arbitrary.swift,\ Optional+Arbitrary.swift,\ Range+Arbitrary.swift,\ Result+Arbitrary.swift,\ Set+Arbitrary.swift,\ String+Arbitrary.swift,\ Substring+Arbitrary.swift,\ UUID+Arbitrary.swift /Users/admin/builder/spi-builder-workspace/Sources/TestKitCore/Property/Arbitrary/Conformance/Decimal+Arbitrary.swift /Users/admin/builder/spi-builder-workspace/Sources/TestKitCore/Property/Arbitrary/Conformance/Dictionary+Arbitrary.swift /Users/admin/builder/spi-builder-workspace/Sources/TestKitCore/Property/Arbitrary/Conformance/Floating+Arbitrary.swift /Users/admin/builder/spi-builder-workspace/Sources/TestKitCore/Property/Arbitrary/Conformance/Integer+Arbitrary.swift /Users/admin/builder/spi-builder-workspace/Sources/TestKitCore/Property/Arbitrary/Conformance/Optional+Arbitrary.swift /Users/admin/builder/spi-builder-workspace/Sources/TestKitCore/Property/Arbitrary/Conformance/Range+Arbitrary.swift /Users/admin/builder/spi-builder-workspace/Sources/TestKitCore/Property/Arbitrary/Conformance/Result+Arbitrary.swift /Users/admin/builder/spi-builder-workspace/Sources/TestKitCore/Property/Arbitrary/Conformance/Set+Arbitrary.swift /Users/admin/builder/spi-builder-workspace/Sources/TestKitCore/Property/Arbitrary/Conformance/String+Arbitrary.swift /Users/admin/builder/spi-builder-workspace/Sources/TestKitCore/Property/Arbitrary/Conformance/Substring+Arbitrary.swift /Users/admin/builder/spi-builder-workspace/Sources/TestKitCore/Property/Arbitrary/Conformance/UUID+Arbitrary.swift (in target 'TestKitCore' from project 'SwiftTestKit')
SwiftCompile normal arm64_32 /Users/admin/builder/spi-builder-workspace/Sources/TestKitCore/Property/Arbitrary/Conformance/Decimal+Arbitrary.swift (in target 'TestKitCore' from project 'SwiftTestKit')
cd /Users/admin/builder/spi-builder-workspace/.swiftpm/xcode
builtin-SwiftPerFileCompile Decimal+Arbitrary.swift
SwiftCompile normal arm64_32 /Users/admin/builder/spi-builder-workspace/Sources/TestKitCore/Property/Arbitrary/Conformance/Dictionary+Arbitrary.swift (in target 'TestKitCore' from project 'SwiftTestKit')
cd /Users/admin/builder/spi-builder-workspace/.swiftpm/xcode
builtin-SwiftPerFileCompile Dictionary+Arbitrary.swift
SwiftCompile normal arm64_32 /Users/admin/builder/spi-builder-workspace/Sources/TestKitCore/Property/Arbitrary/Conformance/Floating+Arbitrary.swift (in target 'TestKitCore' from project 'SwiftTestKit')
cd /Users/admin/builder/spi-builder-workspace/.swiftpm/xcode
builtin-SwiftPerFileCompile Floating+Arbitrary.swift
SwiftCompile normal arm64_32 /Users/admin/builder/spi-builder-workspace/Sources/TestKitCore/Property/Arbitrary/Conformance/Integer+Arbitrary.swift (in target 'TestKitCore' from project 'SwiftTestKit')
cd /Users/admin/builder/spi-builder-workspace/.swiftpm/xcode
builtin-SwiftPerFileCompile Integer+Arbitrary.swift
SwiftCompile normal arm64_32 /Users/admin/builder/spi-builder-workspace/Sources/TestKitCore/Property/Arbitrary/Conformance/Optional+Arbitrary.swift (in target 'TestKitCore' from project 'SwiftTestKit')
cd /Users/admin/builder/spi-builder-workspace/.swiftpm/xcode
builtin-SwiftPerFileCompile Optional+Arbitrary.swift
SwiftCompile normal arm64_32 /Users/admin/builder/spi-builder-workspace/Sources/TestKitCore/Property/Arbitrary/Conformance/Range+Arbitrary.swift (in target 'TestKitCore' from project 'SwiftTestKit')
cd /Users/admin/builder/spi-builder-workspace/.swiftpm/xcode
builtin-SwiftPerFileCompile Range+Arbitrary.swift
SwiftCompile normal arm64_32 /Users/admin/builder/spi-builder-workspace/Sources/TestKitCore/Property/Arbitrary/Conformance/Result+Arbitrary.swift (in target 'TestKitCore' from project 'SwiftTestKit')
cd /Users/admin/builder/spi-builder-workspace/.swiftpm/xcode
builtin-SwiftPerFileCompile Result+Arbitrary.swift
SwiftCompile normal arm64_32 /Users/admin/builder/spi-builder-workspace/Sources/TestKitCore/Property/Arbitrary/Conformance/Set+Arbitrary.swift (in target 'TestKitCore' from project 'SwiftTestKit')
cd /Users/admin/builder/spi-builder-workspace/.swiftpm/xcode
builtin-SwiftPerFileCompile Set+Arbitrary.swift
SwiftCompile normal arm64_32 /Users/admin/builder/spi-builder-workspace/Sources/TestKitCore/Property/Arbitrary/Conformance/String+Arbitrary.swift (in target 'TestKitCore' from project 'SwiftTestKit')
cd /Users/admin/builder/spi-builder-workspace/.swiftpm/xcode
builtin-SwiftPerFileCompile String+Arbitrary.swift
SwiftCompile normal arm64_32 /Users/admin/builder/spi-builder-workspace/Sources/TestKitCore/Property/Arbitrary/Conformance/Substring+Arbitrary.swift (in target 'TestKitCore' from project 'SwiftTestKit')
cd /Users/admin/builder/spi-builder-workspace/.swiftpm/xcode
builtin-SwiftPerFileCompile Substring+Arbitrary.swift
SwiftCompile normal arm64_32 /Users/admin/builder/spi-builder-workspace/Sources/TestKitCore/Property/Arbitrary/Conformance/UUID+Arbitrary.swift (in target 'TestKitCore' from project 'SwiftTestKit')
cd /Users/admin/builder/spi-builder-workspace/.swiftpm/xcode
builtin-SwiftPerFileCompile UUID+Arbitrary.swift
SwiftCompile normal arm64_32 Compiling\ UnicodeScalar+Arbitrary.swift,\ Classification.swift,\ Counterexample.swift,\ DiscardError.swift,\ PropertyInterceptor.swift,\ PropertyResult+Fail.swift,\ PropertyResult.swift,\ PropertyRunner.swift,\ TargetPool.swift,\ UnmetCoverage.swift,\ ForAll.swift /Users/admin/builder/spi-builder-workspace/Sources/TestKitCore/Property/Arbitrary/Conformance/UnicodeScalar+Arbitrary.swift /Users/admin/builder/spi-builder-workspace/Sources/TestKitCore/Property/Classification.swift /Users/admin/builder/spi-builder-workspace/Sources/TestKitCore/Property/Evaluation/Counterexample.swift /Users/admin/builder/spi-builder-workspace/Sources/TestKitCore/Property/Evaluation/DiscardError.swift /Users/admin/builder/spi-builder-workspace/Sources/TestKitCore/Property/Evaluation/PropertyInterceptor.swift /Users/admin/builder/spi-builder-workspace/Sources/TestKitCore/Property/Evaluation/PropertyResult+Fail.swift /Users/admin/builder/spi-builder-workspace/Sources/TestKitCore/Property/Evaluation/PropertyResult.swift /Users/admin/builder/spi-builder-workspace/Sources/TestKitCore/Property/Evaluation/PropertyRunner.swift /Users/admin/builder/spi-builder-workspace/Sources/TestKitCore/Property/Evaluation/TargetPool.swift /Users/admin/builder/spi-builder-workspace/Sources/TestKitCore/Property/Evaluation/UnmetCoverage.swift /Users/admin/builder/spi-builder-workspace/Sources/TestKitCore/Property/ForAll.swift (in target 'TestKitCore' from project 'SwiftTestKit')
SwiftCompile normal arm64_32 /Users/admin/builder/spi-builder-workspace/Sources/TestKitCore/Property/Arbitrary/Conformance/UnicodeScalar+Arbitrary.swift (in target 'TestKitCore' from project 'SwiftTestKit')
cd /Users/admin/builder/spi-builder-workspace/.swiftpm/xcode
builtin-SwiftPerFileCompile UnicodeScalar+Arbitrary.swift
SwiftCompile normal arm64_32 /Users/admin/builder/spi-builder-workspace/Sources/TestKitCore/Property/Classification.swift (in target 'TestKitCore' from project 'SwiftTestKit')
cd /Users/admin/builder/spi-builder-workspace/.swiftpm/xcode
builtin-SwiftPerFileCompile Classification.swift
SwiftCompile normal arm64_32 /Users/admin/builder/spi-builder-workspace/Sources/TestKitCore/Property/Evaluation/Counterexample.swift (in target 'TestKitCore' from project 'SwiftTestKit')
cd /Users/admin/builder/spi-builder-workspace/.swiftpm/xcode
builtin-SwiftPerFileCompile Counterexample.swift
SwiftCompile normal arm64_32 /Users/admin/builder/spi-builder-workspace/Sources/TestKitCore/Property/Evaluation/DiscardError.swift (in target 'TestKitCore' from project 'SwiftTestKit')
cd /Users/admin/builder/spi-builder-workspace/.swiftpm/xcode
builtin-SwiftPerFileCompile DiscardError.swift
SwiftCompile normal arm64_32 /Users/admin/builder/spi-builder-workspace/Sources/TestKitCore/Property/Evaluation/PropertyInterceptor.swift (in target 'TestKitCore' from project 'SwiftTestKit')
cd /Users/admin/builder/spi-builder-workspace/.swiftpm/xcode
builtin-SwiftPerFileCompile PropertyInterceptor.swift
SwiftCompile normal arm64_32 /Users/admin/builder/spi-builder-workspace/Sources/TestKitCore/Property/Evaluation/PropertyResult+Fail.swift (in target 'TestKitCore' from project 'SwiftTestKit')
cd /Users/admin/builder/spi-builder-workspace/.swiftpm/xcode
builtin-SwiftPerFileCompile PropertyResult+Fail.swift
SwiftCompile normal arm64_32 /Users/admin/builder/spi-builder-workspace/Sources/TestKitCore/Property/Evaluation/PropertyResult.swift (in target 'TestKitCore' from project 'SwiftTestKit')
cd /Users/admin/builder/spi-builder-workspace/.swiftpm/xcode
builtin-SwiftPerFileCompile PropertyResult.swift
SwiftCompile normal arm64_32 /Users/admin/builder/spi-builder-workspace/Sources/TestKitCore/Property/Evaluation/PropertyRunner.swift (in target 'TestKitCore' from project 'SwiftTestKit')
cd /Users/admin/builder/spi-builder-workspace/.swiftpm/xcode
builtin-SwiftPerFileCompile PropertyRunner.swift
SwiftCompile normal arm64_32 /Users/admin/builder/spi-builder-workspace/Sources/TestKitCore/Property/Evaluation/TargetPool.swift (in target 'TestKitCore' from project 'SwiftTestKit')
cd /Users/admin/builder/spi-builder-workspace/.swiftpm/xcode
builtin-SwiftPerFileCompile TargetPool.swift
SwiftCompile normal arm64_32 /Users/admin/builder/spi-builder-workspace/Sources/TestKitCore/Property/Evaluation/UnmetCoverage.swift (in target 'TestKitCore' from project 'SwiftTestKit')
cd /Users/admin/builder/spi-builder-workspace/.swiftpm/xcode
builtin-SwiftPerFileCompile UnmetCoverage.swift
SwiftCompile normal arm64_32 /Users/admin/builder/spi-builder-workspace/Sources/TestKitCore/Property/ForAll.swift (in target 'TestKitCore' from project 'SwiftTestKit')
cd /Users/admin/builder/spi-builder-workspace/.swiftpm/xcode
builtin-SwiftPerFileCompile ForAll.swift
SwiftCompile normal arm64_32 Compiling\ PerformanceResult+Fail.swift,\ PerformanceResult.swift,\ PerformanceRunner.swift,\ Arbitrary.swift,\ Array+Arbitrary.swift,\ Bool+Arbitrary.swift,\ Character+Arbitrary.swift,\ ClosedRange+Arbitrary.swift,\ CollectionOfOne+Arbitrary.swift,\ Data+Arbitrary.swift,\ Date+Arbitrary.swift /Users/admin/builder/spi-builder-workspace/Sources/TestKitCore/Performance/PerformanceResult+Fail.swift /Users/admin/builder/spi-builder-workspace/Sources/TestKitCore/Performance/PerformanceResult.swift /Users/admin/builder/spi-builder-workspace/Sources/TestKitCore/Performance/PerformanceRunner.swift /Users/admin/builder/spi-builder-workspace/Sources/TestKitCore/Property/Arbitrary/Arbitrary.swift /Users/admin/builder/spi-builder-workspace/Sources/TestKitCore/Property/Arbitrary/Conformance/Array+Arbitrary.swift /Users/admin/builder/spi-builder-workspace/Sources/TestKitCore/Property/Arbitrary/Conformance/Bool+Arbitrary.swift /Users/admin/builder/spi-builder-workspace/Sources/TestKitCore/Property/Arbitrary/Conformance/Character+Arbitrary.swift /Users/admin/builder/spi-builder-workspace/Sources/TestKitCore/Property/Arbitrary/Conformance/ClosedRange+Arbitrary.swift /Users/admin/builder/spi-builder-workspace/Sources/TestKitCore/Property/Arbitrary/Conformance/CollectionOfOne+Arbitrary.swift /Users/admin/builder/spi-builder-workspace/Sources/TestKitCore/Property/Arbitrary/Conformance/Data+Arbitrary.swift /Users/admin/builder/spi-builder-workspace/Sources/TestKitCore/Property/Arbitrary/Conformance/Date+Arbitrary.swift (in target 'TestKitCore' from project 'SwiftTestKit')
SwiftCompile normal arm64_32 /Users/admin/builder/spi-builder-workspace/Sources/TestKitCore/Performance/PerformanceResult+Fail.swift (in target 'TestKitCore' from project 'SwiftTestKit')
cd /Users/admin/builder/spi-builder-workspace/.swiftpm/xcode
builtin-SwiftPerFileCompile PerformanceResult+Fail.swift
SwiftCompile normal arm64_32 /Users/admin/builder/spi-builder-workspace/Sources/TestKitCore/Performance/PerformanceResult.swift (in target 'TestKitCore' from project 'SwiftTestKit')
cd /Users/admin/builder/spi-builder-workspace/.swiftpm/xcode
builtin-SwiftPerFileCompile PerformanceResult.swift
SwiftCompile normal arm64_32 /Users/admin/builder/spi-builder-workspace/Sources/TestKitCore/Performance/PerformanceRunner.swift (in target 'TestKitCore' from project 'SwiftTestKit')
cd /Users/admin/builder/spi-builder-workspace/.swiftpm/xcode
builtin-SwiftPerFileCompile PerformanceRunner.swift
SwiftCompile normal arm64_32 /Users/admin/builder/spi-builder-workspace/Sources/TestKitCore/Property/Arbitrary/Arbitrary.swift (in target 'TestKitCore' from project 'SwiftTestKit')
cd /Users/admin/builder/spi-builder-workspace/.swiftpm/xcode
builtin-SwiftPerFileCompile Arbitrary.swift
SwiftCompile normal arm64_32 /Users/admin/builder/spi-builder-workspace/Sources/TestKitCore/Property/Arbitrary/Conformance/Array+Arbitrary.swift (in target 'TestKitCore' from project 'SwiftTestKit')
cd /Users/admin/builder/spi-builder-workspace/.swiftpm/xcode
builtin-SwiftPerFileCompile Array+Arbitrary.swift
SwiftCompile normal arm64_32 /Users/admin/builder/spi-builder-workspace/Sources/TestKitCore/Property/Arbitrary/Conformance/Bool+Arbitrary.swift (in target 'TestKitCore' from project 'SwiftTestKit')
cd /Users/admin/builder/spi-builder-workspace/.swiftpm/xcode
builtin-SwiftPerFileCompile Bool+Arbitrary.swift
SwiftCompile normal arm64_32 /Users/admin/builder/spi-builder-workspace/Sources/TestKitCore/Property/Arbitrary/Conformance/Character+Arbitrary.swift (in target 'TestKitCore' from project 'SwiftTestKit')
cd /Users/admin/builder/spi-builder-workspace/.swiftpm/xcode
builtin-SwiftPerFileCompile Character+Arbitrary.swift
SwiftCompile normal arm64_32 /Users/admin/builder/spi-builder-workspace/Sources/TestKitCore/Property/Arbitrary/Conformance/ClosedRange+Arbitrary.swift (in target 'TestKitCore' from project 'SwiftTestKit')
cd /Users/admin/builder/spi-builder-workspace/.swiftpm/xcode
builtin-SwiftPerFileCompile ClosedRange+Arbitrary.swift
SwiftCompile normal arm64_32 /Users/admin/builder/spi-builder-workspace/Sources/TestKitCore/Property/Arbitrary/Conformance/CollectionOfOne+Arbitrary.swift (in target 'TestKitCore' from project 'SwiftTestKit')
cd /Users/admin/builder/spi-builder-workspace/.swiftpm/xcode
builtin-SwiftPerFileCompile CollectionOfOne+Arbitrary.swift
SwiftCompile normal arm64_32 /Users/admin/builder/spi-builder-workspace/Sources/TestKitCore/Property/Arbitrary/Conformance/Data+Arbitrary.swift (in target 'TestKitCore' from project 'SwiftTestKit')
cd /Users/admin/builder/spi-builder-workspace/.swiftpm/xcode
builtin-SwiftPerFileCompile Data+Arbitrary.swift
SwiftCompile normal arm64_32 /Users/admin/builder/spi-builder-workspace/Sources/TestKitCore/Property/Arbitrary/Conformance/Date+Arbitrary.swift (in target 'TestKitCore' from project 'SwiftTestKit')
cd /Users/admin/builder/spi-builder-workspace/.swiftpm/xcode
builtin-SwiftPerFileCompile Date+Arbitrary.swift
SwiftCompile normal arm64_32 Compiling\ Generator+String.swift,\ GenerationContext.swift,\ Generator+Combinators.swift,\ Generator.swift,\ AnyMutator.swift,\ AnyShrinker.swift,\ PackIndex.swift,\ SeededRNG.swift,\ Stateful.swift,\ StatefulResult.swift,\ StatefulRunner.swift /Users/admin/builder/spi-builder-workspace/Sources/TestKitCore/Property/Generation/Convenience/Generator+String.swift /Users/admin/builder/spi-builder-workspace/Sources/TestKitCore/Property/Generation/GenerationContext.swift /Users/admin/builder/spi-builder-workspace/Sources/TestKitCore/Property/Generation/Generator+Combinators.swift /Users/admin/builder/spi-builder-workspace/Sources/TestKitCore/Property/Generation/Generator.swift /Users/admin/builder/spi-builder-workspace/Sources/TestKitCore/Property/Generation/Pack/AnyMutator.swift /Users/admin/builder/spi-builder-workspace/Sources/TestKitCore/Property/Generation/Pack/AnyShrinker.swift /Users/admin/builder/spi-builder-workspace/Sources/TestKitCore/Property/Generation/Pack/PackIndex.swift /Users/admin/builder/spi-builder-workspace/Sources/TestKitCore/Property/Generation/SeededRNG.swift /Users/admin/builder/spi-builder-workspace/Sources/TestKitCore/Property/Stateful/Stateful.swift /Users/admin/builder/spi-builder-workspace/Sources/TestKitCore/Property/Stateful/StatefulResult.swift /Users/admin/builder/spi-builder-workspace/Sources/TestKitCore/Property/Stateful/StatefulRunner.swift (in target 'TestKitCore' from project 'SwiftTestKit')
SwiftCompile normal arm64_32 /Users/admin/builder/spi-builder-workspace/Sources/TestKitCore/Property/Generation/Convenience/Generator+String.swift (in target 'TestKitCore' from project 'SwiftTestKit')
cd /Users/admin/builder/spi-builder-workspace/.swiftpm/xcode
builtin-SwiftPerFileCompile Generator+String.swift
SwiftCompile normal arm64_32 /Users/admin/builder/spi-builder-workspace/Sources/TestKitCore/Property/Generation/GenerationContext.swift (in target 'TestKitCore' from project 'SwiftTestKit')
cd /Users/admin/builder/spi-builder-workspace/.swiftpm/xcode
builtin-SwiftPerFileCompile GenerationContext.swift
SwiftCompile normal arm64_32 /Users/admin/builder/spi-builder-workspace/Sources/TestKitCore/Property/Generation/Generator+Combinators.swift (in target 'TestKitCore' from project 'SwiftTestKit')
cd /Users/admin/builder/spi-builder-workspace/.swiftpm/xcode
builtin-SwiftPerFileCompile Generator+Combinators.swift
SwiftCompile normal arm64_32 /Users/admin/builder/spi-builder-workspace/Sources/TestKitCore/Property/Generation/Generator.swift (in target 'TestKitCore' from project 'SwiftTestKit')
cd /Users/admin/builder/spi-builder-workspace/.swiftpm/xcode
builtin-SwiftPerFileCompile Generator.swift
SwiftCompile normal arm64_32 /Users/admin/builder/spi-builder-workspace/Sources/TestKitCore/Property/Generation/Pack/AnyMutator.swift (in target 'TestKitCore' from project 'SwiftTestKit')
cd /Users/admin/builder/spi-builder-workspace/.swiftpm/xcode
builtin-SwiftPerFileCompile AnyMutator.swift
SwiftCompile normal arm64_32 /Users/admin/builder/spi-builder-workspace/Sources/TestKitCore/Property/Generation/Pack/AnyShrinker.swift (in target 'TestKitCore' from project 'SwiftTestKit')
cd /Users/admin/builder/spi-builder-workspace/.swiftpm/xcode
builtin-SwiftPerFileCompile AnyShrinker.swift
SwiftCompile normal arm64_32 /Users/admin/builder/spi-builder-workspace/Sources/TestKitCore/Property/Generation/Pack/PackIndex.swift (in target 'TestKitCore' from project 'SwiftTestKit')
cd /Users/admin/builder/spi-builder-workspace/.swiftpm/xcode
builtin-SwiftPerFileCompile PackIndex.swift
SwiftCompile normal arm64_32 /Users/admin/builder/spi-builder-workspace/Sources/TestKitCore/Property/Generation/SeededRNG.swift (in target 'TestKitCore' from project 'SwiftTestKit')
cd /Users/admin/builder/spi-builder-workspace/.swiftpm/xcode
builtin-SwiftPerFileCompile SeededRNG.swift
SwiftCompile normal arm64_32 /Users/admin/builder/spi-builder-workspace/Sources/TestKitCore/Property/Stateful/Stateful.swift (in target 'TestKitCore' from project 'SwiftTestKit')
cd /Users/admin/builder/spi-builder-workspace/.swiftpm/xcode
builtin-SwiftPerFileCompile Stateful.swift
SwiftCompile normal arm64_32 /Users/admin/builder/spi-builder-workspace/Sources/TestKitCore/Property/Stateful/StatefulResult.swift (in target 'TestKitCore' from project 'SwiftTestKit')
cd /Users/admin/builder/spi-builder-workspace/.swiftpm/xcode
builtin-SwiftPerFileCompile StatefulResult.swift
SwiftCompile normal arm64_32 /Users/admin/builder/spi-builder-workspace/Sources/TestKitCore/Property/Stateful/StatefulRunner.swift (in target 'TestKitCore' from project 'SwiftTestKit')
cd /Users/admin/builder/spi-builder-workspace/.swiftpm/xcode
builtin-SwiftPerFileCompile StatefulRunner.swift
SwiftEmitModule normal arm64 Emitting\ module\ for\ TestKitCore (in target 'TestKitCore' from project 'SwiftTestKit')
SwiftCompile normal arm64 (in target 'TestKitCore' from project 'SwiftTestKit')
cd /Users/admin/builder/spi-builder-workspace/.swiftpm/xcode
SwiftCompile normal arm64 Compiling\ AssertionCore.swift,\ FunctionAssertions.swift,\ MacroAssertions.swift,\ AssertionKind+Fail.swift,\ AssertionKind+MakeFailure.swift,\ AssertionKind.swift,\ BooleanExpr.swift,\ ExprCaptureKind.swift,\ PredicateIteration.swift,\ PredicateTypes.swift,\ UnwrapError.swift,\ Atomic.swift /Users/admin/builder/spi-builder-workspace/Sources/TestKitCore/Assertions/AssertionCore.swift /Users/admin/builder/spi-builder-workspace/Sources/TestKitCore/Assertions/FunctionAssertions.swift /Users/admin/builder/spi-builder-workspace/Sources/TestKitCore/Assertions/MacroAssertions.swift /Users/admin/builder/spi-builder-workspace/Sources/TestKitCore/Assertions/Support/AssertionKind+Fail.swift /Users/admin/builder/spi-builder-workspace/Sources/TestKitCore/Assertions/Support/AssertionKind+MakeFailure.swift /Users/admin/builder/spi-builder-workspace/Sources/TestKitCore/Assertions/Support/AssertionKind.swift /Users/admin/builder/spi-builder-workspace/Sources/TestKitCore/Assertions/Support/BooleanExpr.swift /Users/admin/builder/spi-builder-workspace/Sources/TestKitCore/Assertions/Support/ExprCaptureKind.swift /Users/admin/builder/spi-builder-workspace/Sources/TestKitCore/Assertions/Support/PredicateIteration.swift /Users/admin/builder/spi-builder-workspace/Sources/TestKitCore/Assertions/Support/PredicateTypes.swift /Users/admin/builder/spi-builder-workspace/Sources/TestKitCore/Assertions/Support/UnwrapError.swift /Users/admin/builder/spi-builder-workspace/Sources/TestKitCore/Atomic/Atomic.swift (in target 'TestKitCore' from project 'SwiftTestKit')
SwiftCompile normal arm64 /Users/admin/builder/spi-builder-workspace/Sources/TestKitCore/Assertions/AssertionCore.swift (in target 'TestKitCore' from project 'SwiftTestKit')
cd /Users/admin/builder/spi-builder-workspace/.swiftpm/xcode
builtin-SwiftPerFileCompile AssertionCore.swift
SwiftCompile normal arm64 /Users/admin/builder/spi-builder-workspace/Sources/TestKitCore/Assertions/FunctionAssertions.swift (in target 'TestKitCore' from project 'SwiftTestKit')
cd /Users/admin/builder/spi-builder-workspace/.swiftpm/xcode
builtin-SwiftPerFileCompile FunctionAssertions.swift
SwiftCompile normal arm64 /Users/admin/builder/spi-builder-workspace/Sources/TestKitCore/Assertions/MacroAssertions.swift (in target 'TestKitCore' from project 'SwiftTestKit')
cd /Users/admin/builder/spi-builder-workspace/.swiftpm/xcode
builtin-SwiftPerFileCompile MacroAssertions.swift
SwiftCompile normal arm64 /Users/admin/builder/spi-builder-workspace/Sources/TestKitCore/Assertions/Support/AssertionKind+Fail.swift (in target 'TestKitCore' from project 'SwiftTestKit')
cd /Users/admin/builder/spi-builder-workspace/.swiftpm/xcode
builtin-SwiftPerFileCompile AssertionKind+Fail.swift
SwiftCompile normal arm64 /Users/admin/builder/spi-builder-workspace/Sources/TestKitCore/Assertions/Support/AssertionKind+MakeFailure.swift (in target 'TestKitCore' from project 'SwiftTestKit')
cd /Users/admin/builder/spi-builder-workspace/.swiftpm/xcode
builtin-SwiftPerFileCompile AssertionKind+MakeFailure.swift
SwiftCompile normal arm64 /Users/admin/builder/spi-builder-workspace/Sources/TestKitCore/Assertions/Support/AssertionKind.swift (in target 'TestKitCore' from project 'SwiftTestKit')
cd /Users/admin/builder/spi-builder-workspace/.swiftpm/xcode
builtin-SwiftPerFileCompile AssertionKind.swift
SwiftCompile normal arm64 /Users/admin/builder/spi-builder-workspace/Sources/TestKitCore/Assertions/Support/BooleanExpr.swift (in target 'TestKitCore' from project 'SwiftTestKit')
cd /Users/admin/builder/spi-builder-workspace/.swiftpm/xcode
builtin-SwiftPerFileCompile BooleanExpr.swift
SwiftCompile normal arm64 /Users/admin/builder/spi-builder-workspace/Sources/TestKitCore/Assertions/Support/ExprCaptureKind.swift (in target 'TestKitCore' from project 'SwiftTestKit')
cd /Users/admin/builder/spi-builder-workspace/.swiftpm/xcode
builtin-SwiftPerFileCompile ExprCaptureKind.swift
SwiftCompile normal arm64 /Users/admin/builder/spi-builder-workspace/Sources/TestKitCore/Assertions/Support/PredicateIteration.swift (in target 'TestKitCore' from project 'SwiftTestKit')
cd /Users/admin/builder/spi-builder-workspace/.swiftpm/xcode
builtin-SwiftPerFileCompile PredicateIteration.swift
SwiftCompile normal arm64 /Users/admin/builder/spi-builder-workspace/Sources/TestKitCore/Assertions/Support/PredicateTypes.swift (in target 'TestKitCore' from project 'SwiftTestKit')
cd /Users/admin/builder/spi-builder-workspace/.swiftpm/xcode
builtin-SwiftPerFileCompile PredicateTypes.swift
SwiftCompile normal arm64 /Users/admin/builder/spi-builder-workspace/Sources/TestKitCore/Assertions/Support/UnwrapError.swift (in target 'TestKitCore' from project 'SwiftTestKit')
cd /Users/admin/builder/spi-builder-workspace/.swiftpm/xcode
builtin-SwiftPerFileCompile UnwrapError.swift
SwiftCompile normal arm64 /Users/admin/builder/spi-builder-workspace/Sources/TestKitCore/Atomic/Atomic.swift (in target 'TestKitCore' from project 'SwiftTestKit')
cd /Users/admin/builder/spi-builder-workspace/.swiftpm/xcode
builtin-SwiftPerFileCompile Atomic.swift
SwiftCompile normal arm64 Compiling\ Generator+Arbitrary.swift,\ Generator+Array.swift,\ Generator+Character.swift,\ Generator+Data.swift,\ Generator+Date.swift,\ Generator+Dictionary.swift,\ Generator+Floating.swift,\ Generator+Integer.swift,\ Generator+Optional.swift,\ Generator+Sample.swift,\ Generator+Set.swift /Users/admin/builder/spi-builder-workspace/Sources/TestKitCore/Property/Generation/Convenience/Generator+Arbitrary.swift /Users/admin/builder/spi-builder-workspace/Sources/TestKitCore/Property/Generation/Convenience/Generator+Array.swift /Users/admin/builder/spi-builder-workspace/Sources/TestKitCore/Property/Generation/Convenience/Generator+Character.swift /Users/admin/builder/spi-builder-workspace/Sources/TestKitCore/Property/Generation/Convenience/Generator+Data.swift /Users/admin/builder/spi-builder-workspace/Sources/TestKitCore/Property/Generation/Convenience/Generator+Date.swift /Users/admin/builder/spi-builder-workspace/Sources/TestKitCore/Property/Generation/Convenience/Generator+Dictionary.swift /Users/admin/builder/spi-builder-workspace/Sources/TestKitCore/Property/Generation/Convenience/Generator+Floating.swift /Users/admin/builder/spi-builder-workspace/Sources/TestKitCore/Property/Generation/Convenience/Generator+Integer.swift /Users/admin/builder/spi-builder-workspace/Sources/TestKitCore/Property/Generation/Convenience/Generator+Optional.swift /Users/admin/builder/spi-builder-workspace/Sources/TestKitCore/Property/Generation/Convenience/Generator+Sample.swift /Users/admin/builder/spi-builder-workspace/Sources/TestKitCore/Property/Generation/Convenience/Generator+Set.swift (in target 'TestKitCore' from project 'SwiftTestKit')
SwiftCompile normal arm64 /Users/admin/builder/spi-builder-workspace/Sources/TestKitCore/Property/Generation/Convenience/Generator+Arbitrary.swift (in target 'TestKitCore' from project 'SwiftTestKit')
cd /Users/admin/builder/spi-builder-workspace/.swiftpm/xcode
builtin-SwiftPerFileCompile Generator+Arbitrary.swift
SwiftCompile normal arm64 /Users/admin/builder/spi-builder-workspace/Sources/TestKitCore/Property/Generation/Convenience/Generator+Array.swift (in target 'TestKitCore' from project 'SwiftTestKit')
cd /Users/admin/builder/spi-builder-workspace/.swiftpm/xcode
builtin-SwiftPerFileCompile Generator+Array.swift
SwiftCompile normal arm64 /Users/admin/builder/spi-builder-workspace/Sources/TestKitCore/Property/Generation/Convenience/Generator+Character.swift (in target 'TestKitCore' from project 'SwiftTestKit')
cd /Users/admin/builder/spi-builder-workspace/.swiftpm/xcode
builtin-SwiftPerFileCompile Generator+Character.swift
SwiftCompile normal arm64 /Users/admin/builder/spi-builder-workspace/Sources/TestKitCore/Property/Generation/Convenience/Generator+Data.swift (in target 'TestKitCore' from project 'SwiftTestKit')
cd /Users/admin/builder/spi-builder-workspace/.swiftpm/xcode
builtin-SwiftPerFileCompile Generator+Data.swift
SwiftCompile normal arm64 /Users/admin/builder/spi-builder-workspace/Sources/TestKitCore/Property/Generation/Convenience/Generator+Date.swift (in target 'TestKitCore' from project 'SwiftTestKit')
cd /Users/admin/builder/spi-builder-workspace/.swiftpm/xcode
builtin-SwiftPerFileCompile Generator+Date.swift
SwiftCompile normal arm64 /Users/admin/builder/spi-builder-workspace/Sources/TestKitCore/Property/Generation/Convenience/Generator+Dictionary.swift (in target 'TestKitCore' from project 'SwiftTestKit')
cd /Users/admin/builder/spi-builder-workspace/.swiftpm/xcode
builtin-SwiftPerFileCompile Generator+Dictionary.swift
SwiftCompile normal arm64 /Users/admin/builder/spi-builder-workspace/Sources/TestKitCore/Property/Generation/Convenience/Generator+Floating.swift (in target 'TestKitCore' from project 'SwiftTestKit')
cd /Users/admin/builder/spi-builder-workspace/.swiftpm/xcode
builtin-SwiftPerFileCompile Generator+Floating.swift
SwiftCompile normal arm64 /Users/admin/builder/spi-builder-workspace/Sources/TestKitCore/Property/Generation/Convenience/Generator+Integer.swift (in target 'TestKitCore' from project 'SwiftTestKit')
cd /Users/admin/builder/spi-builder-workspace/.swiftpm/xcode
builtin-SwiftPerFileCompile Generator+Integer.swift
SwiftCompile normal arm64 /Users/admin/builder/spi-builder-workspace/Sources/TestKitCore/Property/Generation/Convenience/Generator+Optional.swift (in target 'TestKitCore' from project 'SwiftTestKit')
cd /Users/admin/builder/spi-builder-workspace/.swiftpm/xcode
builtin-SwiftPerFileCompile Generator+Optional.swift
SwiftCompile normal arm64 /Users/admin/builder/spi-builder-workspace/Sources/TestKitCore/Property/Generation/Convenience/Generator+Sample.swift (in target 'TestKitCore' from project 'SwiftTestKit')
cd /Users/admin/builder/spi-builder-workspace/.swiftpm/xcode
builtin-SwiftPerFileCompile Generator+Sample.swift
SwiftCompile normal arm64 /Users/admin/builder/spi-builder-workspace/Sources/TestKitCore/Property/Generation/Convenience/Generator+Set.swift (in target 'TestKitCore' from project 'SwiftTestKit')
cd /Users/admin/builder/spi-builder-workspace/.swiftpm/xcode
builtin-SwiftPerFileCompile Generator+Set.swift
SwiftEmitModule normal arm64 Emitting\ module\ for\ TestKitCore (in target 'TestKitCore' from project 'SwiftTestKit')
SwiftCompile normal arm64 (in target 'TestKitCore' from project 'SwiftTestKit')
cd /Users/admin/builder/spi-builder-workspace/.swiftpm/xcode
SwiftDriverJobDiscovery normal arm64_32 Compiling AtomicInterceptor.swift, AtomicResult+Fail.swift, AtomicResult.swift, AtomicRunner.swift, Comparator.swift, ComparatorContext.swift, CustomDiffRepresentable.swift, CustomDiffStringConvertible.swift, DiffNode.swift, DiffValue.swift, StringComparator.swift, Formatter+AddLines.swift (in target 'TestKitCore' from project 'SwiftTestKit')
SwiftEmitModule normal x86_64 Emitting\ module\ for\ TestKitCore (in target 'TestKitCore' from project 'SwiftTestKit')
/Users/admin/builder/spi-builder-workspace/Sources/TestKitCore/Property/Arbitrary/Conformance/Floating+Arbitrary.swift:113:10: error: 'Float16' is unavailable in macOS
111 | public static func arbitrary(
112 | using context: GenerationContext
113 | ) -> Float16
| `- error: 'Float16' is unavailable in macOS
114 | {
115 | return Self.makeArbitrary(using: context)
Swift.Float16:4:23: note: 'Float16' has been explicitly marked unavailable here
2 | @available(macOS, unavailable)
3 | @available(macCatalyst, unavailable)
4 | @frozen public struct Float16 {
| `- note: 'Float16' has been explicitly marked unavailable here
5 | public init()
6 | }
/Users/admin/builder/spi-builder-workspace/Sources/TestKitCore/Property/Arbitrary/Conformance/Floating+Arbitrary.swift:128:30: error: 'Float16' is unavailable in macOS
126 | /// - Returns: An array of smaller candidate values, or an empty array
127 | /// to indicate that no shrinking should occur.
128 | public func shrink() -> [Float16]
| `- error: 'Float16' is unavailable in macOS
129 | {
130 | return self.shrinkTowardZero()
Swift.Float16:4:23: note: 'Float16' has been explicitly marked unavailable here
2 | @available(macOS, unavailable)
3 | @available(macCatalyst, unavailable)
4 | @frozen public struct Float16 {
| `- note: 'Float16' has been explicitly marked unavailable here
5 | public init()
6 | }
/Users/admin/builder/spi-builder-workspace/Sources/TestKitCore/Property/Arbitrary/Conformance/Floating+Arbitrary.swift:140:10: error: 'Float16' is unavailable in macOS
138 | public func mutate(
139 | using context: GenerationContext
140 | ) -> Float16
| `- error: 'Float16' is unavailable in macOS
141 | {
142 | return mutateValue(using: context)
Swift.Float16:4:23: note: 'Float16' has been explicitly marked unavailable here
2 | @available(macOS, unavailable)
3 | @available(macCatalyst, unavailable)
4 | @frozen public struct Float16 {
| `- note: 'Float16' has been explicitly marked unavailable here
5 | public init()
6 | }
/Users/admin/builder/spi-builder-workspace/Sources/TestKitCore/Property/Arbitrary/Conformance/Floating+Arbitrary.swift:104:11: error: 'Float16' is unavailable in macOS
102 | // MARK: - Float16
103 |
104 | extension Float16: Arbitrary
| `- error: 'Float16' is unavailable in macOS
105 | {
106 | /// Generates an arbitrary value using the given generation context.
Swift.Float16:4:23: note: 'Float16' has been explicitly marked unavailable here
2 | @available(macOS, unavailable)
3 | @available(macCatalyst, unavailable)
4 | @frozen public struct Float16 {
| `- note: 'Float16' has been explicitly marked unavailable here
5 | public init()
6 | }
Failed frontend command:
/Applications/Xcode-27.0.0-Release.Candidate.app/Contents/Developer/Toolchains/XcodeDefault.xctoolchain/usr/bin/swift-frontend -frontend -emit-module -experimental-skip-non-inlinable-function-bodies-without-types /Users/admin/builder/spi-builder-workspace/Sources/TestKitCore/Assertions/AssertionCore.swift /Users/admin/builder/spi-builder-workspace/Sources/TestKitCore/Assertions/FunctionAssertions.swift /Users/admin/builder/spi-builder-workspace/Sources/TestKitCore/Assertions/MacroAssertions.swift /Users/admin/builder/spi-builder-workspace/Sources/TestKitCore/Assertions/Support/AssertionKind+Fail.swift /Users/admin/builder/spi-builder-workspace/Sources/TestKitCore/Assertions/Support/AssertionKind+MakeFailure.swift /Users/admin/builder/spi-builder-workspace/Sources/TestKitCore/Assertions/Support/AssertionKind.swift /Users/admin/builder/spi-builder-workspace/Sources/TestKitCore/Assertions/Support/BooleanExpr.swift /Users/admin/builder/spi-builder-workspace/Sources/TestKitCore/Assertions/Support/ExprCaptureKind.swift /Users/admin/builder/spi-builder-workspace/Sources/TestKitCore/Assertions/Support/PredicateIteration.swift /Users/admin/builder/spi-builder-workspace/Sources/TestKitCore/Assertions/Support/PredicateTypes.swift /Users/admin/builder/spi-builder-workspace/Sources/TestKitCore/Assertions/Support/UnwrapError.swift /Users/admin/builder/spi-builder-workspace/Sources/TestKitCore/Atomic/Atomic.swift /Users/admin/builder/spi-builder-workspace/Sources/TestKitCore/Atomic/AtomicInterceptor.swift /Users/admin/builder/spi-builder-workspace/Sources/TestKitCore/Atomic/AtomicResult+Fail.swift /Users/admin/builder/spi-builder-workspace/Sources/TestKitCore/Atomic/AtomicResult.swift /Users/admin/builder/spi-builder-workspace/Sources/TestKitCore/Atomic/AtomicRunner.swift /Users/admin/builder/spi-builder-workspace/Sources/TestKitCore/Diff/Comparator.swift /Users/admin/builder/spi-builder-workspace/Sources/TestKitCore/Diff/ComparatorContext.swift /Users/admin/builder/spi-builder-workspace/Sources/TestKitCore/Diff/CustomDiffRepresentable.swift /Users/admin/builder/spi-builder-workspace/Sources/TestKitCore/Diff/CustomDiffStringConvertible.swift /Users/admin/builder/spi-builder-workspace/Sources/TestKitCore/Diff/DiffNode.swift /Users/admin/builder/spi-builder-workspace/Sources/TestKitCore/Diff/DiffValue.swift /Users/admin/builder/spi-builder-workspace/Sources/TestKitCore/Diff/StringComparator.swift /Users/admin/builder/spi-builder-workspace/Sources/TestKitCore/Formatting/Formatter+AddLines.swift /Users/admin/builder/spi-builder-workspace/Sources/TestKitCore/Formatting/Formatter.swift /Users/admin/builder/spi-builder-workspace/Sources/TestKitCore/Formatting/FormatterContext.swift /Users/admin/builder/spi-builder-workspace/Sources/TestKitCore/Options/DiffOptions.swift /Users/admin/builder/spi-builder-workspace/Sources/TestKitCore/Options/FormatOptions.swift /Users/admin/builder/spi-builder-workspace/Sources/TestKitCore/Options/PerformanceOptions.swift /Users/admin/builder/spi-builder-workspace/Sources/TestKitCore/Options/PropertyOptions.swift /Users/admin/builder/spi-builder-workspace/Sources/TestKitCore/Options/TemporalOptions.swift /Users/admin/builder/spi-builder-workspace/Sources/TestKitCore/Options/TestConfiguration.swift /Users/admin/builder/spi-builder-workspace/Sources/TestKitCore/Options/TestOptions.swift /Users/admin/builder/spi-builder-workspace/Sources/TestKitCore/Performance/ByteCount.swift /Users/admin/builder/spi-builder-workspace/Sources/TestKitCore/Performance/Performance.swift /Users/admin/builder/spi-builder-workspace/Sources/TestKitCore/Performance/PerformanceInterceptor.swift /Users/admin/builder/spi-builder-workspace/Sources/TestKitCore/Performance/PerformanceResult+Fail.swift /Users/admin/builder/spi-builder-workspace/Sources/TestKitCore/Performance/PerformanceResult.swift /Users/admin/builder/spi-builder-workspace/Sources/TestKitCore/Performance/PerformanceRunner.swift /Users/admin/builder/spi-builder-workspace/Sources/TestKitCore/Property/Arbitrary/Arbitrary.swift /Users/admin/builder/spi-builder-workspace/Sources/TestKitCore/Property/Arbitrary/Conformance/Array+Arbitrary.swift /Users/admin/builder/spi-builder-workspace/Sources/TestKitCore/Property/Arbitrary/Conformance/Bool+Arbitrary.swift /Users/admin/builder/spi-builder-workspace/Sources/TestKitCore/Property/Arbitrary/Conformance/Character+Arbitrary.swift /Users/admin/builder/spi-builder-workspace/Sources/TestKitCore/Property/Arbitrary/Conformance/ClosedRange+Arbitrary.swift /Users/admin/builder/spi-builder-workspace/Sources/TestKitCore/Property/Arbitrary/Conformance/CollectionOfOne+Arbitrary.swift /Users/admin/builder/spi-builder-workspace/Sources/TestKitCore/Property/Arbitrary/Conformance/Data+Arbitrary.swift /Users/admin/builder/spi-builder-workspace/Sources/TestKitCore/Property/Arbitrary/Conformance/Date+Arbitrary.swift /Users/admin/builder/spi-builder-workspace/Sources/TestKitCore/Property/Arbitrary/Conformance/Decimal+Arbitrary.swift /Users/admin/builder/spi-builder-workspace/Sources/TestKitCore/Property/Arbitrary/Conformance/Dictionary+Arbitrary.swift /Users/admin/builder/spi-builder-workspace/Sources/TestKitCore/Property/Arbitrary/Conformance/Floating+Arbitrary.swift /Users/admin/builder/spi-builder-workspace/Sources/TestKitCore/Property/Arbitrary/Conformance/Integer+Arbitrary.swift /Users/admin/builder/spi-builder-workspace/Sources/TestKitCore/Property/Arbitrary/Conformance/Optional+Arbitrary.swift /Users/admin/builder/spi-builder-workspace/Sources/TestKitCore/Property/Arbitrary/Conformance/Range+Arbitrary.swift /Users/admin/builder/spi-builder-workspace/Sources/TestKitCore/Property/Arbitrary/Conformance/Result+Arbitrary.swift /Users/admin/builder/spi-builder-workspace/Sources/TestKitCore/Property/Arbitrary/Conformance/Set+Arbitrary.swift /Users/admin/builder/spi-builder-workspace/Sources/TestKitCore/Property/Arbitrary/Conformance/String+Arbitrary.swift /Users/admin/builder/spi-builder-workspace/Sources/TestKitCore/Property/Arbitrary/Conformance/Substring+Arbitrary.swift /Users/admin/builder/spi-builder-workspace/Sources/TestKitCore/Property/Arbitrary/Conformance/UUID+Arbitrary.swift /Users/admin/builder/spi-builder-workspace/Sources/TestKitCore/Property/Arbitrary/Conformance/UnicodeScalar+Arbitrary.swift /Users/admin/builder/spi-builder-workspace/Sources/TestKitCore/Property/Classification.swift /Users/admin/builder/spi-builder-workspace/Sources/TestKitCore/Property/Evaluation/Counterexample.swift /Users/admin/builder/spi-builder-workspace/Sources/TestKitCore/Property/Evaluation/DiscardError.swift /Users/admin/builder/spi-builder-workspace/Sources/TestKitCore/Property/Evaluation/PropertyInterceptor.swift /Users/admin/builder/spi-builder-workspace/Sources/TestKitCore/Property/Evaluation/PropertyResult+Fail.swift /Users/admin/builder/spi-builder-workspace/Sources/TestKitCore/Property/Evaluation/PropertyResult.swift /Users/admin/builder/spi-builder-workspace/Sources/TestKitCore/Property/Evaluation/PropertyRunner.swift /Users/admin/builder/spi-builder-workspace/Sources/TestKitCore/Property/Evaluation/TargetPool.swift /Users/admin/builder/spi-builder-workspace/Sources/TestKitCore/Property/Evaluation/UnmetCoverage.swift /Users/admin/builder/spi-builder-workspace/Sources/TestKitCore/Property/ForAll.swift /Users/admin/builder/spi-builder-workspace/Sources/TestKitCore/Property/Generation/Convenience/Generator+Arbitrary.swift /Users/admin/builder/spi-builder-workspace/Sources/TestKitCore/Property/Generation/Convenience/Generator+Array.swift /Users/admin/builder/spi-builder-workspace/Sources/TestKitCore/Property/Generation/Convenience/Generator+Character.swift /Users/admin/builder/spi-builder-workspace/Sources/TestKitCore/Property/Generation/Convenience/Generator+Data.swift /Users/admin/builder/spi-builder-workspace/Sources/TestKitCore/Property/Generation/Convenience/Generator+Date.swift /Users/admin/builder/spi-builder-workspace/Sources/TestKitCore/Property/Generation/Convenience/Generator+Dictionary.swift /Users/admin/builder/spi-builder-workspace/Sources/TestKitCore/Property/Generation/Convenience/Generator+Floating.swift /Users/admin/builder/spi-builder-workspace/Sources/TestKitCore/Property/Generation/Convenience/Generator+Integer.swift /Users/admin/builder/spi-builder-workspace/Sources/TestKitCore/Property/Generation/Convenience/Generator+Optional.swift /Users/admin/builder/spi-builder-workspace/Sources/TestKitCore/Property/Generation/Convenience/Generator+Sample.swift /Users/admin/builder/spi-builder-workspace/Sources/TestKitCore/Property/Generation/Convenience/Generator+Set.swift /Users/admin/builder/spi-builder-workspace/Sources/TestKitCore/Property/Generation/Convenience/Generator+String.swift /Users/admin/builder/spi-builder-workspace/Sources/TestKitCore/Property/Generation/GenerationContext.swift /Users/admin/builder/spi-builder-workspace/Sources/TestKitCore/Property/Generation/Generator+Combinators.swift /Users/admin/builder/spi-builder-workspace/Sources/TestKitCore/Property/Generation/Generator.swift /Users/admin/builder/spi-builder-workspace/Sources/TestKitCore/Property/Generation/Pack/AnyMutator.swift /Users/admin/builder/spi-builder-workspace/Sources/TestKitCore/Property/Generation/Pack/AnyShrinker.swift /Users/admin/builder/spi-builder-workspace/Sources/TestKitCore/Property/Generation/Pack/PackIndex.swift /Users/admin/builder/spi-builder-workspace/Sources/TestKitCore/Property/Generation/SeededRNG.swift /Users/admin/builder/spi-builder-workspace/Sources/TestKitCore/Property/Stateful/Stateful.swift /Users/admin/builder/spi-builder-workspace/Sources/TestKitCore/Property/Stateful/StatefulResult.swift /Users/admin/builder/spi-builder-workspace/Sources/TestKitCore/Property/Stateful/StatefulRunner.swift /Users/admin/builder/spi-builder-workspace/Sources/TestKitCore/Property/TKStateful.swift /Users/admin/builder/spi-builder-workspace/Sources/TestKitCore/Support/Extensions/Array+Any.swift /Users/admin/builder/spi-builder-workspace/Sources/TestKitCore/Support/Extensions/Array+DiffNode.swift /Users/admin/builder/spi-builder-workspace/Sources/TestKitCore/Support/Extensions/BidirectionalCollection+Diff.swift /Users/admin/builder/spi-builder-workspace/Sources/TestKitCore/Support/Extensions/Collection+IsOrdered.swift /Users/admin/builder/spi-builder-workspace/Sources/TestKitCore/Support/Extensions/Comparable+Clamped.swift /Users/admin/builder/spi-builder-workspace/Sources/TestKitCore/Support/Extensions/ContinuousClockInstant+Elapsed.swift /Users/admin/builder/spi-builder-workspace/Sources/TestKitCore/Support/Extensions/Duration+Nanoseconds.swift /Users/admin/builder/spi-builder-workspace/Sources/TestKitCore/Support/Extensions/Duration+Readable.swift /Users/admin/builder/spi-builder-workspace/Sources/TestKitCore/Support/Extensions/Numeric+Equals.swift /Users/admin/builder/spi-builder-workspace/Sources/TestKitCore/Support/Extensions/String+CollapseLines.swift /Users/admin/builder/spi-builder-workspace/Sources/TestKitCore/Support/Extensions/String+Escaped.swift /Users/admin/builder/spi-builder-workspace/Sources/TestKitCore/Support/Extensions/UInt64+ReadableBytes.swift /Users/admin/builder/spi-builder-workspace/Sources/TestKitCore/Support/FailureContext.swift /Users/admin/builder/spi-builder-workspace/Sources/TestKitCore/Support/FailureInterceptor.swift /Users/admin/builder/spi-builder-workspace/Sources/TestKitCore/Support/FrameworkKind.swift /Users/admin/builder/spi-builder-workspace/Sources/TestKitCore/Support/quote.swift /Users/admin/builder/spi-builder-workspace/Sources/TestKitCore/Temporal/Temporal.swift /Users/admin/builder/spi-builder-workspace/Sources/TestKitCore/Temporal/TemporalInterceptor.swift /Users/admin/builder/spi-builder-workspace/Sources/TestKitCore/Temporal/TemporalResult+Fail.swift /Users/admin/builder/spi-builder-workspace/Sources/TestKitCore/Temporal/TemporalResult.swift /Users/admin/builder/spi-builder-workspace/Sources/TestKitCore/Temporal/TemporalRunner.swift -target x86_64-apple-macos15.0 -disable-cross-import-overlay-search -swift-module-cross-import Darwin /Applications/Xcode-27.0.0-Release.Candidate.app/Contents/Developer/Platforms/MacOSX.platform/Developer/SDKs/MacOSX.sdk/usr/include/Darwin.swiftcrossimport/xlocale.swiftoverlay -load-resolved-plugin /Applications/Xcode-27.0.0-Release.Candidate.app/Contents/Developer/Platforms/MacOSX.platform/Developer/usr/lib/swift/host/plugins/libFoundationMacros.dylib\#/Applications/Xcode-27.0.0-Release.Candidate.app/Contents/Developer/Platforms/MacOSX.platform/Developer/usr/bin/swift-plugin-server\#FoundationMacros -load-resolved-plugin /Applications/Xcode-27.0.0-Release.Candidate.app/Contents/Developer/Platforms/MacOSX.platform/Developer/usr/lib/swift/host/plugins/libObservationMacros.dylib\#/Applications/Xcode-27.0.0-Release.Candidate.app/Contents/Developer/Platforms/MacOSX.platform/Developer/usr/bin/swift-plugin-server\#ObservationMacros -load-resolved-plugin /Applications/Xcode-27.0.0-Release.Candidate.app/Contents/Developer/Platforms/MacOSX.platform/Developer/usr/lib/swift/host/plugins/libPreviewsMacros.dylib\#/Applications/Xcode-27.0.0-Release.Candidate.app/Contents/Developer/Platforms/MacOSX.platform/Developer/usr/bin/swift-plugin-server\#PreviewsMacros -load-resolved-plugin \#/Users/admin/builder/spi-builder-workspace/.derivedData/Build/Products/Debug/ReasyncMacro\#ReasyncMacro -load-resolved-plugin /Applications/Xcode-27.0.0-Release.Candidate.app/Contents/Developer/Platforms/MacOSX.platform/Developer/usr/lib/swift/host/plugins/libSwiftMacros.dylib\#/Applications/Xcode-27.0.0-Release.Candidate.app/Contents/Developer/Platforms/MacOSX.platform/Developer/usr/bin/swift-plugin-server\#SwiftMacros -load-resolved-plugin /Applications/Xcode-27.0.0-Release.Candidate.app/Contents/Developer/Platforms/MacOSX.platform/Developer/usr/lib/swift/host/plugins/libSwiftUIMacros.dylib\#/Applications/Xcode-27.0.0-Release.Candidate.app/Contents/Developer/Platforms/MacOSX.platform/Developer/usr/bin/swift-plugin-server\#SwiftUIMacros -disable-implicit-swift-modules -Xcc -fno-implicit-modules -Xcc -fno-implicit-module-maps -explicit-swift-module-map-file /Users/admin/builder/spi-builder-workspace/.derivedData/Build/Intermediates.noindex/SwiftTestKit.build/Debug/TestKitCore-t.build/Objects-normal/x86_64/TestKitCore-dependencies-4.json -enable-objc-interop -stack-check -sdk /Applications/Xcode-27.0.0-Release.Candidate.app/Contents/Developer/Platforms/MacOSX.platform/Developer/SDKs/MacOSX27.0.sdk -I /Users/admin/builder/spi-builder-workspace/.derivedData/Build/Products/Debug -Isystem /Applications/Xcode-27.0.0-Release.Candidate.app/Contents/Developer/Platforms/MacOSX.platform/Developer/usr/lib -F /Users/admin/builder/spi-builder-workspace/.derivedData/Build/Products/Debug/PackageFrameworks -F /Users/admin/builder/spi-builder-workspace/.derivedData/Build/Products/Debug -F /Applications/Xcode-27.0.0-Release.Candidate.app/Contents/Developer/Platforms/MacOSX.platform/Developer/Library/Frameworks -module-cache-path /Users/admin/builder/spi-builder-workspace/.derivedData/Build/Intermediates.noindex/SwiftExplicitPrecompiledModules -no-color-diagnostics -Xcc -fno-color-diagnostics -enable-testing -g -debug-info-format\=dwarf -dwarf-version\=5 -profile-generate -profile-coverage-mapping -swift-version 6 -Onone -D SWIFT_PACKAGE -D DEBUG -D SWIFT_MODULE_RESOURCE_BUNDLE_UNAVAILABLE -D Xcode -serialize-debugging-options -load-plugin-executable /Users/admin/builder/spi-builder-workspace/.derivedData/Build/Products/Debug/ReasyncMacro\#ReasyncMacro -enable-experimental-feature DebugDescriptionMacro -empty-abi-descriptor -validate-clang-modules-once -clang-build-session-file /Users/admin/builder/spi-builder-workspace/.derivedData/ModuleCache.noindex/Session.modulevalidation -Xcc -working-directory -Xcc /Users/admin/builder/spi-builder-workspace/.swiftpm/xcode -enable-anonymous-context-mangled-names -file-compilation-dir /Users/admin/builder/spi-builder-workspace/.swiftpm/xcode -Xcc -D_LIBCPP_HARDENING_MODE\=_LIBCPP_HARDENING_MODE_DEBUG -Xcc -ivfsstatcache -Xcc /Users/admin/builder/spi-builder-workspace/.derivedData/SDKStatCaches.noindex/macosx27.0-26A425-e829b21a6f8c9b70876ba0858053c0446a22442a12e9d48fe1a705f55a1adfc4.sdkstatcache -Xcc -fmodules-prune-interval\=86400 -Xcc -fmodules-prune-after\=345600 -Xcc -I/Users/admin/builder/spi-builder-workspace/.derivedData/Build/Products/Debug/include -Xcc -I/Users/admin/builder/spi-builder-workspace/.derivedData/Build/Intermediates.noindex/SwiftTestKit.build/Debug/TestKitCore-t.build/DerivedSources-normal/x86_64 -Xcc -I/Users/admin/builder/spi-builder-workspace/.derivedData/Build/Intermediates.noindex/SwiftTestKit.build/Debug/TestKitCore-t.build/DerivedSources/x86_64 -Xcc -I/Users/admin/builder/spi-builder-workspace/.derivedData/Build/Intermediates.noindex/SwiftTestKit.build/Debug/TestKitCore-t.build/DerivedSources -Xcc -DSWIFT_PACKAGE -Xcc -DDEBUG\=1 -no-auto-bridging-header-chaining -module-name TestKitCore -package-name spi_builder_workspace -const-gather-protocols-file /Users/admin/builder/spi-builder-workspace/.derivedData/Build/Intermediates.noindex/SwiftTestKit.build/Debug/TestKitCore-t.build/Objects-normal/x86_64/TestKitCore_const_extract_protocols.json -disable-clang-spi -clang-target x86_64-apple-macos27.0 -target-sdk-version 27.0 -target-sdk-name macosx27.0 -in-process-plugin-server-path /Applications/Xcode-27.0.0-Release.Candidate.app/Contents/Developer/Toolchains/XcodeDefault.xctoolchain/usr/lib/swift/host/libSwiftInProcPluginServer.dylib -emit-module-doc-path /Users/admin/builder/spi-builder-workspace/.derivedData/Build/Intermediates.noindex/SwiftTestKit.build/Debug/TestKitCore-t.build/Objects-normal/x86_64/TestKitCore.swiftdoc -emit-module-source-info-path /Users/admin/builder/spi-builder-workspace/.derivedData/Build/Intermediates.noindex/SwiftTestKit.build/Debug/TestKitCore-t.build/Objects-normal/x86_64/TestKitCore.swiftsourceinfo -emit-objc-header-path /Users/admin/builder/spi-builder-workspace/.derivedData/Build/Intermediates.noindex/SwiftTestKit.build/Debug/TestKitCore-t.build/Objects-normal/x86_64/TestKitCore-Swift.h -serialize-diagnostics-path /Users/admin/builder/spi-builder-workspace/.derivedData/Build/Intermediates.noindex/SwiftTestKit.build/Debug/TestKitCore-t.build/Objects-normal/x86_64/TestKitCore-primary-emit-module.dia -emit-dependencies-path /Users/admin/builder/spi-builder-workspace/.derivedData/Build/Intermediates.noindex/SwiftTestKit.build/Debug/TestKitCore-t.build/Objects-normal/x86_64/TestKitCore-primary-emit-module.d -parse-as-library -o /Users/admin/builder/spi-builder-workspace/.derivedData/Build/Intermediates.noindex/SwiftTestKit.build/Debug/TestKitCore-t.build/Objects-normal/x86_64/TestKitCore.swiftmodule -emit-abi-descriptor-path /Users/admin/builder/spi-builder-workspace/.derivedData/Build/Intermediates.noindex/SwiftTestKit.build/Debug/TestKitCore-t.build/Objects-normal/x86_64/TestKitCore.abi.json
SwiftCompile normal x86_64 (in target 'TestKitCore' from project 'SwiftTestKit')
cd /Users/admin/builder/spi-builder-workspace/.swiftpm/xcode
SwiftDriverJobDiscovery normal arm64 Emitting module for TestKitCore (in target 'TestKitCore' from project 'SwiftTestKit')
SwiftDriver\ Compilation\ Requirements TestKitCore normal arm64 com.apple.xcode.tools.swift.compiler (in target 'TestKitCore' from project 'SwiftTestKit')
cd /Users/admin/builder/spi-builder-workspace/.swiftpm/xcode
builtin-Swift-Compilation-Requirements -- /Applications/Xcode-27.0.0-Release.Candidate.app/Contents/Developer/Toolchains/XcodeDefault.xctoolchain/usr/bin/swiftc -parse-as-library -module-name TestKitCore -Onone @/Users/admin/builder/spi-builder-workspace/.derivedData/Build/Intermediates.noindex/SwiftTestKit.build/Debug-watchos/TestKitCore-t.build/Objects-normal/arm64/TestKitCore.SwiftFileList -DSWIFT_PACKAGE -DDEBUG -DSWIFT_MODULE_RESOURCE_BUNDLE_UNAVAILABLE -DXcode -plugin-path /Applications/Xcode-27.0.0-Release.Candidate.app/Contents/Developer/Toolchains/XcodeDefault.xctoolchain/usr/lib/swift/host/plugins/testing -enable-experimental-feature DebugDescriptionMacro -sdk /Applications/Xcode-27.0.0-Release.Candidate.app/Contents/Developer/Platforms/WatchOS.platform/Developer/SDKs/WatchOS27.0.sdk -target arm64-apple-watchos11.0 -g -module-cache-path /Users/admin/builder/spi-builder-workspace/.derivedData/ModuleCache.noindex -Xfrontend -serialize-debugging-options -profile-coverage-mapping -profile-generate -enable-testing -index-store-path /Users/admin/builder/spi-builder-workspace/.derivedData/Index.noindex/DataStore -Xcc -D_LIBCPP_HARDENING_MODE\=_LIBCPP_HARDENING_MODE_DEBUG -swift-version 6 -I /Users/admin/builder/spi-builder-workspace/.derivedData/Build/Products/Debug-watchos -Isystem /Applications/Xcode-27.0.0-Release.Candidate.app/Contents/Developer/Platforms/WatchOS.platform/Developer/usr/lib -F /Users/admin/builder/spi-builder-workspace/.derivedData/Build/Products/Debug-watchos/PackageFrameworks -F /Users/admin/builder/spi-builder-workspace/.derivedData/Build/Products/Debug-watchos -F /Applications/Xcode-27.0.0-Release.Candidate.app/Contents/Developer/Platforms/WatchOS.platform/Developer/Library/Frameworks -F /Applications/Xcode-27.0.0-Release.Candidate.app/Contents/Developer/Platforms/WatchOS.platform/Developer/SDKs/WatchOS27.0.sdk/Developer/Library/Frameworks -Xfrontend -load-plugin-executable -Xfrontend /Users/admin/builder/spi-builder-workspace/.derivedData/Build/Products/Debug/ReasyncMacro\#ReasyncMacro -c -j10 -enable-batch-mode -incremental -Xcc -ivfsstatcache -Xcc /Users/admin/builder/spi-builder-workspace/.derivedData/SDKStatCaches.noindex/watchos27.0-24R360-e829b21a6f8c9b70876ba0858053c04477534ef55a1706bf4c1112bbb242f0a2.sdkstatcache -output-file-map /Users/admin/builder/spi-builder-workspace/.derivedData/Build/Intermediates.noindex/SwiftTestKit.build/Debug-watchos/TestKitCore-t.build/Objects-normal/arm64/TestKitCore-OutputFileMap.json -save-temps -no-color-diagnostics -explicit-module-build -module-cache-path /Users/admin/builder/spi-builder-workspace/.derivedData/Build/Intermediates.noindex/SwiftExplicitPrecompiledModules -clang-scanner-module-cache-path /Users/admin/builder/spi-builder-workspace/.derivedData/ModuleCache.noindex -sdk-module-cache-path /Users/admin/builder/spi-builder-workspace/.derivedData/SDKExplicitPrecompiledModules -emit-dependencies -emit-module -emit-module-path /Users/admin/builder/spi-builder-workspace/.derivedData/Build/Intermediates.noindex/SwiftTestKit.build/Debug-watchos/TestKitCore-t.build/Objects-normal/arm64/TestKitCore.swiftmodule -serialize-diagnostics -dependency-scan-serialize-diagnostics-path /Users/admin/builder/spi-builder-workspace/.derivedData/Build/Intermediates.noindex/SwiftTestKit.build/Debug-watchos/TestKitCore-t.build/Objects-normal/arm64/TestKitCore-dependency-scan.dia -validate-clang-modules-once -clang-build-session-file /Users/admin/builder/spi-builder-workspace/.derivedData/ModuleCache.noindex/Session.modulevalidation -Xcc -fmodules-prune-interval\=86400 -Xcc -fmodules-prune-after\=345600 -package-name spi_builder_workspace -emit-const-values -const-gather-protocols-list /Users/admin/builder/spi-builder-workspace/.derivedData/Build/Intermediates.noindex/SwiftTestKit.build/Debug-watchos/TestKitCore-t.build/Objects-normal/arm64/TestKitCore_const_extract_protocols.json -Xcc -I/Users/admin/builder/spi-builder-workspace/.derivedData/Build/Products/Debug-watchos/include -Xcc -I/Users/admin/builder/spi-builder-workspace/.derivedData/Build/Intermediates.noindex/SwiftTestKit.build/Debug-watchos/TestKitCore-t.build/DerivedSources-normal/arm64 -Xcc -I/Users/admin/builder/spi-builder-workspace/.derivedData/Build/Intermediates.noindex/SwiftTestKit.build/Debug-watchos/TestKitCore-t.build/DerivedSources/arm64 -Xcc -I/Users/admin/builder/spi-builder-workspace/.derivedData/Build/Intermediates.noindex/SwiftTestKit.build/Debug-watchos/TestKitCore-t.build/DerivedSources -Xcc -DSWIFT_PACKAGE -Xcc -DDEBUG\=1 -emit-objc-header -emit-objc-header-path /Users/admin/builder/spi-builder-workspace/.derivedData/Build/Intermediates.noindex/SwiftTestKit.build/Debug-watchos/TestKitCore-t.build/Objects-normal/arm64/TestKitCore-Swift.h -working-directory /Users/admin/builder/spi-builder-workspace/.swiftpm/xcode -experimental-emit-module-separately -disable-cmo
SwiftDriverJobDiscovery normal arm64_32 Emitting module for TestKitCore (in target 'TestKitCore' from project 'SwiftTestKit')
SwiftDriver\ Compilation\ Requirements TestKitCore normal arm64_32 com.apple.xcode.tools.swift.compiler (in target 'TestKitCore' from project 'SwiftTestKit')
cd /Users/admin/builder/spi-builder-workspace/.swiftpm/xcode
builtin-Swift-Compilation-Requirements -- /Applications/Xcode-27.0.0-Release.Candidate.app/Contents/Developer/Toolchains/XcodeDefault.xctoolchain/usr/bin/swiftc -parse-as-library -module-name TestKitCore -Onone @/Users/admin/builder/spi-builder-workspace/.derivedData/Build/Intermediates.noindex/SwiftTestKit.build/Debug-watchos/TestKitCore-t.build/Objects-normal/arm64_32/TestKitCore.SwiftFileList -DSWIFT_PACKAGE -DDEBUG -DSWIFT_MODULE_RESOURCE_BUNDLE_UNAVAILABLE -DXcode -plugin-path /Applications/Xcode-27.0.0-Release.Candidate.app/Contents/Developer/Toolchains/XcodeDefault.xctoolchain/usr/lib/swift/host/plugins/testing -enable-experimental-feature DebugDescriptionMacro -sdk /Applications/Xcode-27.0.0-Release.Candidate.app/Contents/Developer/Platforms/WatchOS.platform/Developer/SDKs/WatchOS27.0.sdk -target arm64_32-apple-watchos11.0 -g -module-cache-path /Users/admin/builder/spi-builder-workspace/.derivedData/ModuleCache.noindex -Xfrontend -serialize-debugging-options -profile-coverage-mapping -profile-generate -enable-testing -index-store-path /Users/admin/builder/spi-builder-workspace/.derivedData/Index.noindex/DataStore -Xcc -D_LIBCPP_HARDENING_MODE\=_LIBCPP_HARDENING_MODE_DEBUG -swift-version 6 -I /Users/admin/builder/spi-builder-workspace/.derivedData/Build/Products/Debug-watchos -Isystem /Applications/Xcode-27.0.0-Release.Candidate.app/Contents/Developer/Platforms/WatchOS.platform/Developer/usr/lib -F /Users/admin/builder/spi-builder-workspace/.derivedData/Build/Products/Debug-watchos/PackageFrameworks -F /Users/admin/builder/spi-builder-workspace/.derivedData/Build/Products/Debug-watchos -F /Applications/Xcode-27.0.0-Release.Candidate.app/Contents/Developer/Platforms/WatchOS.platform/Developer/Library/Frameworks -F /Applications/Xcode-27.0.0-Release.Candidate.app/Contents/Developer/Platforms/WatchOS.platform/Developer/SDKs/WatchOS27.0.sdk/Developer/Library/Frameworks -Xfrontend -load-plugin-executable -Xfrontend /Users/admin/builder/spi-builder-workspace/.derivedData/Build/Products/Debug/ReasyncMacro\#ReasyncMacro -c -j10 -enable-batch-mode -incremental -Xcc -ivfsstatcache -Xcc /Users/admin/builder/spi-builder-workspace/.derivedData/SDKStatCaches.noindex/watchos27.0-24R360-e829b21a6f8c9b70876ba0858053c04477534ef55a1706bf4c1112bbb242f0a2.sdkstatcache -output-file-map /Users/admin/builder/spi-builder-workspace/.derivedData/Build/Intermediates.noindex/SwiftTestKit.build/Debug-watchos/TestKitCore-t.build/Objects-normal/arm64_32/TestKitCore-OutputFileMap.json -save-temps -no-color-diagnostics -explicit-module-build -module-cache-path /Users/admin/builder/spi-builder-workspace/.derivedData/Build/Intermediates.noindex/SwiftExplicitPrecompiledModules -clang-scanner-module-cache-path /Users/admin/builder/spi-builder-workspace/.derivedData/ModuleCache.noindex -sdk-module-cache-path /Users/admin/builder/spi-builder-workspace/.derivedData/SDKExplicitPrecompiledModules -emit-dependencies -emit-module -emit-module-path /Users/admin/builder/spi-builder-workspace/.derivedData/Build/Intermediates.noindex/SwiftTestKit.build/Debug-watchos/TestKitCore-t.build/Objects-normal/arm64_32/TestKitCore.swiftmodule -serialize-diagnostics -dependency-scan-serialize-diagnostics-path /Users/admin/builder/spi-builder-workspace/.derivedData/Build/Intermediates.noindex/SwiftTestKit.build/Debug-watchos/TestKitCore-t.build/Objects-normal/arm64_32/TestKitCore-dependency-scan.dia -validate-clang-modules-once -clang-build-session-file /Users/admin/builder/spi-builder-workspace/.derivedData/ModuleCache.noindex/Session.modulevalidation -Xcc -fmodules-prune-interval\=86400 -Xcc -fmodules-prune-after\=345600 -package-name spi_builder_workspace -emit-const-values -const-gather-protocols-list /Users/admin/builder/spi-builder-workspace/.derivedData/Build/Intermediates.noindex/SwiftTestKit.build/Debug-watchos/TestKitCore-t.build/Objects-normal/arm64_32/TestKitCore_const_extract_protocols.json -Xcc -I/Users/admin/builder/spi-builder-workspace/.derivedData/Build/Products/Debug-watchos/include -Xcc -I/Users/admin/builder/spi-builder-workspace/.derivedData/Build/Intermediates.noindex/SwiftTestKit.build/Debug-watchos/TestKitCore-t.build/DerivedSources-normal/arm64_32 -Xcc -I/Users/admin/builder/spi-builder-workspace/.derivedData/Build/Intermediates.noindex/SwiftTestKit.build/Debug-watchos/TestKitCore-t.build/DerivedSources/arm64_32 -Xcc -I/Users/admin/builder/spi-builder-workspace/.derivedData/Build/Intermediates.noindex/SwiftTestKit.build/Debug-watchos/TestKitCore-t.build/DerivedSources -Xcc -DSWIFT_PACKAGE -Xcc -DDEBUG\=1 -emit-objc-header -emit-objc-header-path /Users/admin/builder/spi-builder-workspace/.derivedData/Build/Intermediates.noindex/SwiftTestKit.build/Debug-watchos/TestKitCore-t.build/Objects-normal/arm64_32/TestKitCore-Swift.h -working-directory /Users/admin/builder/spi-builder-workspace/.swiftpm/xcode -experimental-emit-module-separately -disable-cmo
Copy /Users/admin/builder/spi-builder-workspace/.derivedData/Build/Products/Debug-watchos/TestKitCore.swiftmodule/arm64-apple-watchos.swiftmodule /Users/admin/builder/spi-builder-workspace/.derivedData/Build/Intermediates.noindex/SwiftTestKit.build/Debug-watchos/TestKitCore-t.build/Objects-normal/arm64/TestKitCore.swiftmodule (in target 'TestKitCore' from project 'SwiftTestKit')
cd /Users/admin/builder/spi-builder-workspace
builtin-copy -exclude .DS_Store -exclude CVS -exclude .svn -exclude .git -exclude .hg -resolve-src-symlinks -rename /Users/admin/builder/spi-builder-workspace/.derivedData/Build/Intermediates.noindex/SwiftTestKit.build/Debug-watchos/TestKitCore-t.build/Objects-normal/arm64/TestKitCore.swiftmodule /Users/admin/builder/spi-builder-workspace/.derivedData/Build/Products/Debug-watchos/TestKitCore.swiftmodule/arm64-apple-watchos.swiftmodule
SwiftMergeGeneratedHeaders /Users/admin/builder/spi-builder-workspace/.derivedData/Build/Intermediates.noindex/GeneratedModuleMaps-watchos/TestKitCore-Swift.h /Users/admin/builder/spi-builder-workspace/.derivedData/Build/Intermediates.noindex/SwiftTestKit.build/Debug-watchos/TestKitCore-t.build/Objects-normal/arm64/TestKitCore-Swift.h /Users/admin/builder/spi-builder-workspace/.derivedData/Build/Intermediates.noindex/SwiftTestKit.build/Debug-watchos/TestKitCore-t.build/Objects-normal/arm64_32/TestKitCore-Swift.h (in target 'TestKitCore' from project 'SwiftTestKit')
cd /Users/admin/builder/spi-builder-workspace
builtin-swiftHeaderTool -arch arm64 /Users/admin/builder/spi-builder-workspace/.derivedData/Build/Intermediates.noindex/SwiftTestKit.build/Debug-watchos/TestKitCore-t.build/Objects-normal/arm64/TestKitCore-Swift.h -arch arm64_32 /Users/admin/builder/spi-builder-workspace/.derivedData/Build/Intermediates.noindex/SwiftTestKit.build/Debug-watchos/TestKitCore-t.build/Objects-normal/arm64_32/TestKitCore-Swift.h -o /Users/admin/builder/spi-builder-workspace/.derivedData/Build/Intermediates.noindex/GeneratedModuleMaps-watchos/TestKitCore-Swift.h
Copy /Users/admin/builder/spi-builder-workspace/.derivedData/Build/Products/Debug-watchos/TestKitCore.swiftmodule/arm64_32-apple-watchos.swiftmodule /Users/admin/builder/spi-builder-workspace/.derivedData/Build/Intermediates.noindex/SwiftTestKit.build/Debug-watchos/TestKitCore-t.build/Objects-normal/arm64_32/TestKitCore.swiftmodule (in target 'TestKitCore' from project 'SwiftTestKit')
cd /Users/admin/builder/spi-builder-workspace
builtin-copy -exclude .DS_Store -exclude CVS -exclude .svn -exclude .git -exclude .hg -resolve-src-symlinks -rename /Users/admin/builder/spi-builder-workspace/.derivedData/Build/Intermediates.noindex/SwiftTestKit.build/Debug-watchos/TestKitCore-t.build/Objects-normal/arm64_32/TestKitCore.swiftmodule /Users/admin/builder/spi-builder-workspace/.derivedData/Build/Products/Debug-watchos/TestKitCore.swiftmodule/arm64_32-apple-watchos.swiftmodule
Copy /Users/admin/builder/spi-builder-workspace/.derivedData/Build/Products/Debug-watchos/TestKitCore.swiftmodule/arm64_32-apple-watchos.swiftdoc /Users/admin/builder/spi-builder-workspace/.derivedData/Build/Intermediates.noindex/SwiftTestKit.build/Debug-watchos/TestKitCore-t.build/Objects-normal/arm64_32/TestKitCore.swiftdoc (in target 'TestKitCore' from project 'SwiftTestKit')
cd /Users/admin/builder/spi-builder-workspace
builtin-copy -exclude .DS_Store -exclude CVS -exclude .svn -exclude .git -exclude .hg -resolve-src-symlinks -rename /Users/admin/builder/spi-builder-workspace/.derivedData/Build/Intermediates.noindex/SwiftTestKit.build/Debug-watchos/TestKitCore-t.build/Objects-normal/arm64_32/TestKitCore.swiftdoc /Users/admin/builder/spi-builder-workspace/.derivedData/Build/Products/Debug-watchos/TestKitCore.swiftmodule/arm64_32-apple-watchos.swiftdoc
Copy /Users/admin/builder/spi-builder-workspace/.derivedData/Build/Products/Debug-watchos/TestKitCore.swiftmodule/arm64_32-apple-watchos.abi.json /Users/admin/builder/spi-builder-workspace/.derivedData/Build/Intermediates.noindex/SwiftTestKit.build/Debug-watchos/TestKitCore-t.build/Objects-normal/arm64_32/TestKitCore.abi.json (in target 'TestKitCore' from project 'SwiftTestKit')
cd /Users/admin/builder/spi-builder-workspace
builtin-copy -exclude .DS_Store -exclude CVS -exclude .svn -exclude .git -exclude .hg -resolve-src-symlinks -rename /Users/admin/builder/spi-builder-workspace/.derivedData/Build/Intermediates.noindex/SwiftTestKit.build/Debug-watchos/TestKitCore-t.build/Objects-normal/arm64_32/TestKitCore.abi.json /Users/admin/builder/spi-builder-workspace/.derivedData/Build/Products/Debug-watchos/TestKitCore.swiftmodule/arm64_32-apple-watchos.abi.json
Copy /Users/admin/builder/spi-builder-workspace/.derivedData/Build/Products/Debug-watchos/TestKitCore.swiftmodule/arm64-apple-watchos.swiftdoc /Users/admin/builder/spi-builder-workspace/.derivedData/Build/Intermediates.noindex/SwiftTestKit.build/Debug-watchos/TestKitCore-t.build/Objects-normal/arm64/TestKitCore.swiftdoc (in target 'TestKitCore' from project 'SwiftTestKit')
cd /Users/admin/builder/spi-builder-workspace
builtin-copy -exclude .DS_Store -exclude CVS -exclude .svn -exclude .git -exclude .hg -resolve-src-symlinks -rename /Users/admin/builder/spi-builder-workspace/.derivedData/Build/Intermediates.noindex/SwiftTestKit.build/Debug-watchos/TestKitCore-t.build/Objects-normal/arm64/TestKitCore.swiftdoc /Users/admin/builder/spi-builder-workspace/.derivedData/Build/Products/Debug-watchos/TestKitCore.swiftmodule/arm64-apple-watchos.swiftdoc
Copy /Users/admin/builder/spi-builder-workspace/.derivedData/Build/Products/Debug-watchos/TestKitCore.swiftmodule/arm64-apple-watchos.abi.json /Users/admin/builder/spi-builder-workspace/.derivedData/Build/Intermediates.noindex/SwiftTestKit.build/Debug-watchos/TestKitCore-t.build/Objects-normal/arm64/TestKitCore.abi.json (in target 'TestKitCore' from project 'SwiftTestKit')
cd /Users/admin/builder/spi-builder-workspace
builtin-copy -exclude .DS_Store -exclude CVS -exclude .svn -exclude .git -exclude .hg -resolve-src-symlinks -rename /Users/admin/builder/spi-builder-workspace/.derivedData/Build/Intermediates.noindex/SwiftTestKit.build/Debug-watchos/TestKitCore-t.build/Objects-normal/arm64/TestKitCore.abi.json /Users/admin/builder/spi-builder-workspace/.derivedData/Build/Products/Debug-watchos/TestKitCore.swiftmodule/arm64-apple-watchos.abi.json
Copy /Users/admin/builder/spi-builder-workspace/.derivedData/Build/Products/Debug-watchos/TestKitCore.swiftmodule/Project/arm64_32-apple-watchos.swiftsourceinfo /Users/admin/builder/spi-builder-workspace/.derivedData/Build/Intermediates.noindex/SwiftTestKit.build/Debug-watchos/TestKitCore-t.build/Objects-normal/arm64_32/TestKitCore.swiftsourceinfo (in target 'TestKitCore' from project 'SwiftTestKit')
cd /Users/admin/builder/spi-builder-workspace
builtin-copy -exclude .DS_Store -exclude CVS -exclude .svn -exclude .git -exclude .hg -resolve-src-symlinks -rename /Users/admin/builder/spi-builder-workspace/.derivedData/Build/Intermediates.noindex/SwiftTestKit.build/Debug-watchos/TestKitCore-t.build/Objects-normal/arm64_32/TestKitCore.swiftsourceinfo /Users/admin/builder/spi-builder-workspace/.derivedData/Build/Products/Debug-watchos/TestKitCore.swiftmodule/Project/arm64_32-apple-watchos.swiftsourceinfo
Copy /Users/admin/builder/spi-builder-workspace/.derivedData/Build/Products/Debug-watchos/TestKitCore.swiftmodule/Project/arm64-apple-watchos.swiftsourceinfo /Users/admin/builder/spi-builder-workspace/.derivedData/Build/Intermediates.noindex/SwiftTestKit.build/Debug-watchos/TestKitCore-t.build/Objects-normal/arm64/TestKitCore.swiftsourceinfo (in target 'TestKitCore' from project 'SwiftTestKit')
cd /Users/admin/builder/spi-builder-workspace
builtin-copy -exclude .DS_Store -exclude CVS -exclude .svn -exclude .git -exclude .hg -resolve-src-symlinks -rename /Users/admin/builder/spi-builder-workspace/.derivedData/Build/Intermediates.noindex/SwiftTestKit.build/Debug-watchos/TestKitCore-t.build/Objects-normal/arm64/TestKitCore.swiftsourceinfo /Users/admin/builder/spi-builder-workspace/.derivedData/Build/Products/Debug-watchos/TestKitCore.swiftmodule/Project/arm64-apple-watchos.swiftsourceinfo
SwiftCompile normal arm64_32 Compiling\ String+Escaped.swift,\ UInt64+ReadableBytes.swift,\ FailureContext.swift,\ FailureInterceptor.swift,\ FrameworkKind.swift,\ quote.swift,\ Temporal.swift,\ TemporalInterceptor.swift,\ TemporalResult+Fail.swift,\ TemporalResult.swift,\ TemporalRunner.swift /Users/admin/builder/spi-builder-workspace/Sources/TestKitCore/Support/Extensions/String+Escaped.swift /Users/admin/builder/spi-builder-workspace/Sources/TestKitCore/Support/Extensions/UInt64+ReadableBytes.swift /Users/admin/builder/spi-builder-workspace/Sources/TestKitCore/Support/FailureContext.swift /Users/admin/builder/spi-builder-workspace/Sources/TestKitCore/Support/FailureInterceptor.swift /Users/admin/builder/spi-builder-workspace/Sources/TestKitCore/Support/FrameworkKind.swift /Users/admin/builder/spi-builder-workspace/Sources/TestKitCore/Support/quote.swift /Users/admin/builder/spi-builder-workspace/Sources/TestKitCore/Temporal/Temporal.swift /Users/admin/builder/spi-builder-workspace/Sources/TestKitCore/Temporal/TemporalInterceptor.swift /Users/admin/builder/spi-builder-workspace/Sources/TestKitCore/Temporal/TemporalResult+Fail.swift /Users/admin/builder/spi-builder-workspace/Sources/TestKitCore/Temporal/TemporalResult.swift /Users/admin/builder/spi-builder-workspace/Sources/TestKitCore/Temporal/TemporalRunner.swift (in target 'TestKitCore' from project 'SwiftTestKit')
SwiftCompile normal arm64_32 /Users/admin/builder/spi-builder-workspace/Sources/TestKitCore/Support/Extensions/String+Escaped.swift (in target 'TestKitCore' from project 'SwiftTestKit')
cd /Users/admin/builder/spi-builder-workspace/.swiftpm/xcode
builtin-SwiftPerFileCompile String+Escaped.swift
SwiftCompile normal arm64_32 /Users/admin/builder/spi-builder-workspace/Sources/TestKitCore/Support/Extensions/UInt64+ReadableBytes.swift (in target 'TestKitCore' from project 'SwiftTestKit')
cd /Users/admin/builder/spi-builder-workspace/.swiftpm/xcode
builtin-SwiftPerFileCompile UInt64+ReadableBytes.swift
SwiftCompile normal arm64_32 /Users/admin/builder/spi-builder-workspace/Sources/TestKitCore/Support/FailureContext.swift (in target 'TestKitCore' from project 'SwiftTestKit')
cd /Users/admin/builder/spi-builder-workspace/.swiftpm/xcode
builtin-SwiftPerFileCompile FailureContext.swift
SwiftCompile normal arm64_32 /Users/admin/builder/spi-builder-workspace/Sources/TestKitCore/Support/FailureInterceptor.swift (in target 'TestKitCore' from project 'SwiftTestKit')
cd /Users/admin/builder/spi-builder-workspace/.swiftpm/xcode
builtin-SwiftPerFileCompile FailureInterceptor.swift
SwiftCompile normal arm64_32 /Users/admin/builder/spi-builder-workspace/Sources/TestKitCore/Support/FrameworkKind.swift (in target 'TestKitCore' from project 'SwiftTestKit')
cd /Users/admin/builder/spi-builder-workspace/.swiftpm/xcode
builtin-SwiftPerFileCompile FrameworkKind.swift
SwiftCompile normal arm64_32 /Users/admin/builder/spi-builder-workspace/Sources/TestKitCore/Support/quote.swift (in target 'TestKitCore' from project 'SwiftTestKit')
cd /Users/admin/builder/spi-builder-workspace/.swiftpm/xcode
builtin-SwiftPerFileCompile quote.swift
SwiftCompile normal arm64_32 /Users/admin/builder/spi-builder-workspace/Sources/TestKitCore/Temporal/Temporal.swift (in target 'TestKitCore' from project 'SwiftTestKit')
cd /Users/admin/builder/spi-builder-workspace/.swiftpm/xcode
builtin-SwiftPerFileCompile Temporal.swift
SwiftCompile normal arm64_32 /Users/admin/builder/spi-builder-workspace/Sources/TestKitCore/Temporal/TemporalInterceptor.swift (in target 'TestKitCore' from project 'SwiftTestKit')
cd /Users/admin/builder/spi-builder-workspace/.swiftpm/xcode
builtin-SwiftPerFileCompile TemporalInterceptor.swift
SwiftCompile normal arm64_32 /Users/admin/builder/spi-builder-workspace/Sources/TestKitCore/Temporal/TemporalResult+Fail.swift (in target 'TestKitCore' from project 'SwiftTestKit')
cd /Users/admin/builder/spi-builder-workspace/.swiftpm/xcode
builtin-SwiftPerFileCompile TemporalResult+Fail.swift
SwiftCompile normal arm64_32 /Users/admin/builder/spi-builder-workspace/Sources/TestKitCore/Temporal/TemporalResult.swift (in target 'TestKitCore' from project 'SwiftTestKit')
cd /Users/admin/builder/spi-builder-workspace/.swiftpm/xcode
builtin-SwiftPerFileCompile TemporalResult.swift
SwiftCompile normal arm64_32 /Users/admin/builder/spi-builder-workspace/Sources/TestKitCore/Temporal/TemporalRunner.swift (in target 'TestKitCore' from project 'SwiftTestKit')
cd /Users/admin/builder/spi-builder-workspace/.swiftpm/xcode
builtin-SwiftPerFileCompile TemporalRunner.swift
SwiftCompile normal arm64 Compiling\ TKStateful.swift,\ Array+Any.swift,\ Array+DiffNode.swift,\ BidirectionalCollection+Diff.swift,\ Collection+IsOrdered.swift,\ Comparable+Clamped.swift,\ ContinuousClockInstant+Elapsed.swift,\ Duration+Nanoseconds.swift,\ Duration+Readable.swift,\ Numeric+Equals.swift,\ String+CollapseLines.swift /Users/admin/builder/spi-builder-workspace/Sources/TestKitCore/Property/TKStateful.swift /Users/admin/builder/spi-builder-workspace/Sources/TestKitCore/Support/Extensions/Array+Any.swift /Users/admin/builder/spi-builder-workspace/Sources/TestKitCore/Support/Extensions/Array+DiffNode.swift /Users/admin/builder/spi-builder-workspace/Sources/TestKitCore/Support/Extensions/BidirectionalCollection+Diff.swift /Users/admin/builder/spi-builder-workspace/Sources/TestKitCore/Support/Extensions/Collection+IsOrdered.swift /Users/admin/builder/spi-builder-workspace/Sources/TestKitCore/Support/Extensions/Comparable+Clamped.swift /Users/admin/builder/spi-builder-workspace/Sources/TestKitCore/Support/Extensions/ContinuousClockInstant+Elapsed.swift /Users/admin/builder/spi-builder-workspace/Sources/TestKitCore/Support/Extensions/Duration+Nanoseconds.swift /Users/admin/builder/spi-builder-workspace/Sources/TestKitCore/Support/Extensions/Duration+Readable.swift /Users/admin/builder/spi-builder-workspace/Sources/TestKitCore/Support/Extensions/Numeric+Equals.swift /Users/admin/builder/spi-builder-workspace/Sources/TestKitCore/Support/Extensions/String+CollapseLines.swift (in target 'TestKitCore' from project 'SwiftTestKit')
SwiftCompile normal arm64 /Users/admin/builder/spi-builder-workspace/Sources/TestKitCore/Property/TKStateful.swift (in target 'TestKitCore' from project 'SwiftTestKit')
cd /Users/admin/builder/spi-builder-workspace/.swiftpm/xcode
builtin-SwiftPerFileCompile TKStateful.swift
SwiftCompile normal arm64 /Users/admin/builder/spi-builder-workspace/Sources/TestKitCore/Support/Extensions/Array+Any.swift (in target 'TestKitCore' from project 'SwiftTestKit')
cd /Users/admin/builder/spi-builder-workspace/.swiftpm/xcode
builtin-SwiftPerFileCompile Array+Any.swift
SwiftCompile normal arm64 /Users/admin/builder/spi-builder-workspace/Sources/TestKitCore/Support/Extensions/Array+DiffNode.swift (in target 'TestKitCore' from project 'SwiftTestKit')
cd /Users/admin/builder/spi-builder-workspace/.swiftpm/xcode
builtin-SwiftPerFileCompile Array+DiffNode.swift
SwiftCompile normal arm64 /Users/admin/builder/spi-builder-workspace/Sources/TestKitCore/Support/Extensions/BidirectionalCollection+Diff.swift (in target 'TestKitCore' from project 'SwiftTestKit')
cd /Users/admin/builder/spi-builder-workspace/.swiftpm/xcode
builtin-SwiftPerFileCompile BidirectionalCollection+Diff.swift
SwiftCompile normal arm64 /Users/admin/builder/spi-builder-workspace/Sources/TestKitCore/Support/Extensions/Collection+IsOrdered.swift (in target 'TestKitCore' from project 'SwiftTestKit')
cd /Users/admin/builder/spi-builder-workspace/.swiftpm/xcode
builtin-SwiftPerFileCompile Collection+IsOrdered.swift
SwiftCompile normal arm64 /Users/admin/builder/spi-builder-workspace/Sources/TestKitCore/Support/Extensions/Comparable+Clamped.swift (in target 'TestKitCore' from project 'SwiftTestKit')
cd /Users/admin/builder/spi-builder-workspace/.swiftpm/xcode
builtin-SwiftPerFileCompile Comparable+Clamped.swift
SwiftCompile normal arm64 /Users/admin/builder/spi-builder-workspace/Sources/TestKitCore/Support/Extensions/ContinuousClockInstant+Elapsed.swift (in target 'TestKitCore' from project 'SwiftTestKit')
cd /Users/admin/builder/spi-builder-workspace/.swiftpm/xcode
builtin-SwiftPerFileCompile ContinuousClockInstant+Elapsed.swift
SwiftCompile normal arm64 /Users/admin/builder/spi-builder-workspace/Sources/TestKitCore/Support/Extensions/Duration+Nanoseconds.swift (in target 'TestKitCore' from project 'SwiftTestKit')
cd /Users/admin/builder/spi-builder-workspace/.swiftpm/xcode
builtin-SwiftPerFileCompile Duration+Nanoseconds.swift
SwiftCompile normal arm64 /Users/admin/builder/spi-builder-workspace/Sources/TestKitCore/Support/Extensions/Duration+Readable.swift (in target 'TestKitCore' from project 'SwiftTestKit')
cd /Users/admin/builder/spi-builder-workspace/.swiftpm/xcode
builtin-SwiftPerFileCompile Duration+Readable.swift
SwiftCompile normal arm64 /Users/admin/builder/spi-builder-workspace/Sources/TestKitCore/Support/Extensions/Numeric+Equals.swift (in target 'TestKitCore' from project 'SwiftTestKit')
cd /Users/admin/builder/spi-builder-workspace/.swiftpm/xcode
builtin-SwiftPerFileCompile Numeric+Equals.swift
SwiftCompile normal arm64 /Users/admin/builder/spi-builder-workspace/Sources/TestKitCore/Support/Extensions/String+CollapseLines.swift (in target 'TestKitCore' from project 'SwiftTestKit')
cd /Users/admin/builder/spi-builder-workspace/.swiftpm/xcode
builtin-SwiftPerFileCompile String+CollapseLines.swift
SwiftDriverJobDiscovery normal arm64_32 Compiling Decimal+Arbitrary.swift, Dictionary+Arbitrary.swift, Floating+Arbitrary.swift, Integer+Arbitrary.swift, Optional+Arbitrary.swift, Range+Arbitrary.swift, Result+Arbitrary.swift, Set+Arbitrary.swift, String+Arbitrary.swift, Substring+Arbitrary.swift, UUID+Arbitrary.swift (in target 'TestKitCore' from project 'SwiftTestKit')
SwiftCompile normal arm64_32 Compiling\ TKStateful.swift,\ Array+Any.swift,\ Array+DiffNode.swift,\ BidirectionalCollection+Diff.swift,\ Collection+IsOrdered.swift,\ Comparable+Clamped.swift,\ ContinuousClockInstant+Elapsed.swift,\ Duration+Nanoseconds.swift,\ Duration+Readable.swift,\ Numeric+Equals.swift,\ String+CollapseLines.swift /Users/admin/builder/spi-builder-workspace/Sources/TestKitCore/Property/TKStateful.swift /Users/admin/builder/spi-builder-workspace/Sources/TestKitCore/Support/Extensions/Array+Any.swift /Users/admin/builder/spi-builder-workspace/Sources/TestKitCore/Support/Extensions/Array+DiffNode.swift /Users/admin/builder/spi-builder-workspace/Sources/TestKitCore/Support/Extensions/BidirectionalCollection+Diff.swift /Users/admin/builder/spi-builder-workspace/Sources/TestKitCore/Support/Extensions/Collection+IsOrdered.swift /Users/admin/builder/spi-builder-workspace/Sources/TestKitCore/Support/Extensions/Comparable+Clamped.swift /Users/admin/builder/spi-builder-workspace/Sources/TestKitCore/Support/Extensions/ContinuousClockInstant+Elapsed.swift /Users/admin/builder/spi-builder-workspace/Sources/TestKitCore/Support/Extensions/Duration+Nanoseconds.swift /Users/admin/builder/spi-builder-workspace/Sources/TestKitCore/Support/Extensions/Duration+Readable.swift /Users/admin/builder/spi-builder-workspace/Sources/TestKitCore/Support/Extensions/Numeric+Equals.swift /Users/admin/builder/spi-builder-workspace/Sources/TestKitCore/Support/Extensions/String+CollapseLines.swift (in target 'TestKitCore' from project 'SwiftTestKit')
SwiftCompile normal arm64_32 /Users/admin/builder/spi-builder-workspace/Sources/TestKitCore/Property/TKStateful.swift (in target 'TestKitCore' from project 'SwiftTestKit')
cd /Users/admin/builder/spi-builder-workspace/.swiftpm/xcode
builtin-SwiftPerFileCompile TKStateful.swift
SwiftCompile normal arm64_32 /Users/admin/builder/spi-builder-workspace/Sources/TestKitCore/Support/Extensions/Array+Any.swift (in target 'TestKitCore' from project 'SwiftTestKit')
cd /Users/admin/builder/spi-builder-workspace/.swiftpm/xcode
builtin-SwiftPerFileCompile Array+Any.swift
SwiftCompile normal arm64_32 /Users/admin/builder/spi-builder-workspace/Sources/TestKitCore/Support/Extensions/Array+DiffNode.swift (in target 'TestKitCore' from project 'SwiftTestKit')
cd /Users/admin/builder/spi-builder-workspace/.swiftpm/xcode
builtin-SwiftPerFileCompile Array+DiffNode.swift
SwiftCompile normal arm64_32 /Users/admin/builder/spi-builder-workspace/Sources/TestKitCore/Support/Extensions/BidirectionalCollection+Diff.swift (in target 'TestKitCore' from project 'SwiftTestKit')
cd /Users/admin/builder/spi-builder-workspace/.swiftpm/xcode
builtin-SwiftPerFileCompile BidirectionalCollection+Diff.swift
SwiftCompile normal arm64_32 /Users/admin/builder/spi-builder-workspace/Sources/TestKitCore/Support/Extensions/Collection+IsOrdered.swift (in target 'TestKitCore' from project 'SwiftTestKit')
cd /Users/admin/builder/spi-builder-workspace/.swiftpm/xcode
builtin-SwiftPerFileCompile Collection+IsOrdered.swift
SwiftCompile normal arm64_32 /Users/admin/builder/spi-builder-workspace/Sources/TestKitCore/Support/Extensions/Comparable+Clamped.swift (in target 'TestKitCore' from project 'SwiftTestKit')
cd /Users/admin/builder/spi-builder-workspace/.swiftpm/xcode
builtin-SwiftPerFileCompile Comparable+Clamped.swift
SwiftCompile normal arm64_32 /Users/admin/builder/spi-builder-workspace/Sources/TestKitCore/Support/Extensions/ContinuousClockInstant+Elapsed.swift (in target 'TestKitCore' from project 'SwiftTestKit')
cd /Users/admin/builder/spi-builder-workspace/.swiftpm/xcode
builtin-SwiftPerFileCompile ContinuousClockInstant+Elapsed.swift
SwiftCompile normal arm64_32 /Users/admin/builder/spi-builder-workspace/Sources/TestKitCore/Support/Extensions/Duration+Nanoseconds.swift (in target 'TestKitCore' from project 'SwiftTestKit')
cd /Users/admin/builder/spi-builder-workspace/.swiftpm/xcode
builtin-SwiftPerFileCompile Duration+Nanoseconds.swift
SwiftCompile normal arm64_32 /Users/admin/builder/spi-builder-workspace/Sources/TestKitCore/Support/Extensions/Duration+Readable.swift (in target 'TestKitCore' from project 'SwiftTestKit')
cd /Users/admin/builder/spi-builder-workspace/.swiftpm/xcode
builtin-SwiftPerFileCompile Duration+Readable.swift
SwiftCompile normal arm64_32 /Users/admin/builder/spi-builder-workspace/Sources/TestKitCore/Support/Extensions/Numeric+Equals.swift (in target 'TestKitCore' from project 'SwiftTestKit')
cd /Users/admin/builder/spi-builder-workspace/.swiftpm/xcode
builtin-SwiftPerFileCompile Numeric+Equals.swift
SwiftCompile normal arm64_32 /Users/admin/builder/spi-builder-workspace/Sources/TestKitCore/Support/Extensions/String+CollapseLines.swift (in target 'TestKitCore' from project 'SwiftTestKit')
cd /Users/admin/builder/spi-builder-workspace/.swiftpm/xcode
builtin-SwiftPerFileCompile String+CollapseLines.swift
SwiftDriverJobDiscovery normal arm64_32 Compiling PerformanceResult+Fail.swift, PerformanceResult.swift, PerformanceRunner.swift, Arbitrary.swift, Array+Arbitrary.swift, Bool+Arbitrary.swift, Character+Arbitrary.swift, ClosedRange+Arbitrary.swift, CollectionOfOne+Arbitrary.swift, Data+Arbitrary.swift, Date+Arbitrary.swift (in target 'TestKitCore' from project 'SwiftTestKit')
SwiftCompile normal arm64 Compiling\ UnicodeScalar+Arbitrary.swift,\ Classification.swift,\ Counterexample.swift,\ DiscardError.swift,\ PropertyInterceptor.swift,\ PropertyResult+Fail.swift,\ PropertyResult.swift,\ PropertyRunner.swift,\ TargetPool.swift,\ UnmetCoverage.swift,\ ForAll.swift /Users/admin/builder/spi-builder-workspace/Sources/TestKitCore/Property/Arbitrary/Conformance/UnicodeScalar+Arbitrary.swift /Users/admin/builder/spi-builder-workspace/Sources/TestKitCore/Property/Classification.swift /Users/admin/builder/spi-builder-workspace/Sources/TestKitCore/Property/Evaluation/Counterexample.swift /Users/admin/builder/spi-builder-workspace/Sources/TestKitCore/Property/Evaluation/DiscardError.swift /Users/admin/builder/spi-builder-workspace/Sources/TestKitCore/Property/Evaluation/PropertyInterceptor.swift /Users/admin/builder/spi-builder-workspace/Sources/TestKitCore/Property/Evaluation/PropertyResult+Fail.swift /Users/admin/builder/spi-builder-workspace/Sources/TestKitCore/Property/Evaluation/PropertyResult.swift /Users/admin/builder/spi-builder-workspace/Sources/TestKitCore/Property/Evaluation/PropertyRunner.swift /Users/admin/builder/spi-builder-workspace/Sources/TestKitCore/Property/Evaluation/TargetPool.swift /Users/admin/builder/spi-builder-workspace/Sources/TestKitCore/Property/Evaluation/UnmetCoverage.swift /Users/admin/builder/spi-builder-workspace/Sources/TestKitCore/Property/ForAll.swift (in target 'TestKitCore' from project 'SwiftTestKit')
SwiftCompile normal arm64 /Users/admin/builder/spi-builder-workspace/Sources/TestKitCore/Property/Arbitrary/Conformance/UnicodeScalar+Arbitrary.swift (in target 'TestKitCore' from project 'SwiftTestKit')
cd /Users/admin/builder/spi-builder-workspace/.swiftpm/xcode
builtin-SwiftPerFileCompile UnicodeScalar+Arbitrary.swift
SwiftCompile normal arm64 /Users/admin/builder/spi-builder-workspace/Sources/TestKitCore/Property/Classification.swift (in target 'TestKitCore' from project 'SwiftTestKit')
cd /Users/admin/builder/spi-builder-workspace/.swiftpm/xcode
builtin-SwiftPerFileCompile Classification.swift
SwiftCompile normal arm64 /Users/admin/builder/spi-builder-workspace/Sources/TestKitCore/Property/Evaluation/Counterexample.swift (in target 'TestKitCore' from project 'SwiftTestKit')
cd /Users/admin/builder/spi-builder-workspace/.swiftpm/xcode
builtin-SwiftPerFileCompile Counterexample.swift
SwiftCompile normal arm64 /Users/admin/builder/spi-builder-workspace/Sources/TestKitCore/Property/Evaluation/DiscardError.swift (in target 'TestKitCore' from project 'SwiftTestKit')
cd /Users/admin/builder/spi-builder-workspace/.swiftpm/xcode
builtin-SwiftPerFileCompile DiscardError.swift
SwiftCompile normal arm64 /Users/admin/builder/spi-builder-workspace/Sources/TestKitCore/Property/Evaluation/PropertyInterceptor.swift (in target 'TestKitCore' from project 'SwiftTestKit')
cd /Users/admin/builder/spi-builder-workspace/.swiftpm/xcode
builtin-SwiftPerFileCompile PropertyInterceptor.swift
SwiftCompile normal arm64 /Users/admin/builder/spi-builder-workspace/Sources/TestKitCore/Property/Evaluation/PropertyResult+Fail.swift (in target 'TestKitCore' from project 'SwiftTestKit')
cd /Users/admin/builder/spi-builder-workspace/.swiftpm/xcode
builtin-SwiftPerFileCompile PropertyResult+Fail.swift
SwiftCompile normal arm64 /Users/admin/builder/spi-builder-workspace/Sources/TestKitCore/Property/Evaluation/PropertyResult.swift (in target 'TestKitCore' from project 'SwiftTestKit')
cd /Users/admin/builder/spi-builder-workspace/.swiftpm/xcode
builtin-SwiftPerFileCompile PropertyResult.swift
SwiftCompile normal arm64 /Users/admin/builder/spi-builder-workspace/Sources/TestKitCore/Property/Evaluation/PropertyRunner.swift (in target 'TestKitCore' from project 'SwiftTestKit')
cd /Users/admin/builder/spi-builder-workspace/.swiftpm/xcode
builtin-SwiftPerFileCompile PropertyRunner.swift
SwiftCompile normal arm64 /Users/admin/builder/spi-builder-workspace/Sources/TestKitCore/Property/Evaluation/TargetPool.swift (in target 'TestKitCore' from project 'SwiftTestKit')
cd /Users/admin/builder/spi-builder-workspace/.swiftpm/xcode
builtin-SwiftPerFileCompile TargetPool.swift
SwiftCompile normal arm64 /Users/admin/builder/spi-builder-workspace/Sources/TestKitCore/Property/Evaluation/UnmetCoverage.swift (in target 'TestKitCore' from project 'SwiftTestKit')
cd /Users/admin/builder/spi-builder-workspace/.swiftpm/xcode
builtin-SwiftPerFileCompile UnmetCoverage.swift
SwiftCompile normal arm64 /Users/admin/builder/spi-builder-workspace/Sources/TestKitCore/Property/ForAll.swift (in target 'TestKitCore' from project 'SwiftTestKit')
cd /Users/admin/builder/spi-builder-workspace/.swiftpm/xcode
builtin-SwiftPerFileCompile ForAll.swift
SwiftDriverJobDiscovery normal arm64 Compiling Generator+Arbitrary.swift, Generator+Array.swift, Generator+Character.swift, Generator+Data.swift, Generator+Date.swift, Generator+Dictionary.swift, Generator+Floating.swift, Generator+Integer.swift, Generator+Optional.swift, Generator+Sample.swift, Generator+Set.swift (in target 'TestKitCore' from project 'SwiftTestKit')
SwiftDriverJobDiscovery normal arm64_32 Compiling String+Escaped.swift, UInt64+ReadableBytes.swift, FailureContext.swift, FailureInterceptor.swift, FrameworkKind.swift, quote.swift, Temporal.swift, TemporalInterceptor.swift, TemporalResult+Fail.swift, TemporalResult.swift, TemporalRunner.swift (in target 'TestKitCore' from project 'SwiftTestKit')
SwiftCompile normal arm64 Compiling\ String+Escaped.swift,\ UInt64+ReadableBytes.swift,\ FailureContext.swift,\ FailureInterceptor.swift,\ FrameworkKind.swift,\ quote.swift,\ Temporal.swift,\ TemporalInterceptor.swift,\ TemporalResult+Fail.swift,\ TemporalResult.swift,\ TemporalRunner.swift /Users/admin/builder/spi-builder-workspace/Sources/TestKitCore/Support/Extensions/String+Escaped.swift /Users/admin/builder/spi-builder-workspace/Sources/TestKitCore/Support/Extensions/UInt64+ReadableBytes.swift /Users/admin/builder/spi-builder-workspace/Sources/TestKitCore/Support/FailureContext.swift /Users/admin/builder/spi-builder-workspace/Sources/TestKitCore/Support/FailureInterceptor.swift /Users/admin/builder/spi-builder-workspace/Sources/TestKitCore/Support/FrameworkKind.swift /Users/admin/builder/spi-builder-workspace/Sources/TestKitCore/Support/quote.swift /Users/admin/builder/spi-builder-workspace/Sources/TestKitCore/Temporal/Temporal.swift /Users/admin/builder/spi-builder-workspace/Sources/TestKitCore/Temporal/TemporalInterceptor.swift /Users/admin/builder/spi-builder-workspace/Sources/TestKitCore/Temporal/TemporalResult+Fail.swift /Users/admin/builder/spi-builder-workspace/Sources/TestKitCore/Temporal/TemporalResult.swift /Users/admin/builder/spi-builder-workspace/Sources/TestKitCore/Temporal/TemporalRunner.swift (in target 'TestKitCore' from project 'SwiftTestKit')
SwiftCompile normal arm64 /Users/admin/builder/spi-builder-workspace/Sources/TestKitCore/Support/Extensions/String+Escaped.swift (in target 'TestKitCore' from project 'SwiftTestKit')
cd /Users/admin/builder/spi-builder-workspace/.swiftpm/xcode
builtin-SwiftPerFileCompile String+Escaped.swift
SwiftCompile normal arm64 /Users/admin/builder/spi-builder-workspace/Sources/TestKitCore/Support/Extensions/UInt64+ReadableBytes.swift (in target 'TestKitCore' from project 'SwiftTestKit')
cd /Users/admin/builder/spi-builder-workspace/.swiftpm/xcode
builtin-SwiftPerFileCompile UInt64+ReadableBytes.swift
SwiftCompile normal arm64 /Users/admin/builder/spi-builder-workspace/Sources/TestKitCore/Support/FailureContext.swift (in target 'TestKitCore' from project 'SwiftTestKit')
cd /Users/admin/builder/spi-builder-workspace/.swiftpm/xcode
builtin-SwiftPerFileCompile FailureContext.swift
SwiftCompile normal arm64 /Users/admin/builder/spi-builder-workspace/Sources/TestKitCore/Support/FailureInterceptor.swift (in target 'TestKitCore' from project 'SwiftTestKit')
cd /Users/admin/builder/spi-builder-workspace/.swiftpm/xcode
builtin-SwiftPerFileCompile FailureInterceptor.swift
SwiftCompile normal arm64 /Users/admin/builder/spi-builder-workspace/Sources/TestKitCore/Support/FrameworkKind.swift (in target 'TestKitCore' from project 'SwiftTestKit')
cd /Users/admin/builder/spi-builder-workspace/.swiftpm/xcode
builtin-SwiftPerFileCompile FrameworkKind.swift
SwiftCompile normal arm64 /Users/admin/builder/spi-builder-workspace/Sources/TestKitCore/Support/quote.swift (in target 'TestKitCore' from project 'SwiftTestKit')
cd /Users/admin/builder/spi-builder-workspace/.swiftpm/xcode
builtin-SwiftPerFileCompile quote.swift
SwiftCompile normal arm64 /Users/admin/builder/spi-builder-workspace/Sources/TestKitCore/Temporal/Temporal.swift (in target 'TestKitCore' from project 'SwiftTestKit')
cd /Users/admin/builder/spi-builder-workspace/.swiftpm/xcode
builtin-SwiftPerFileCompile Temporal.swift
SwiftCompile normal arm64 /Users/admin/builder/spi-builder-workspace/Sources/TestKitCore/Temporal/TemporalInterceptor.swift (in target 'TestKitCore' from project 'SwiftTestKit')
cd /Users/admin/builder/spi-builder-workspace/.swiftpm/xcode
builtin-SwiftPerFileCompile TemporalInterceptor.swift
SwiftCompile normal arm64 /Users/admin/builder/spi-builder-workspace/Sources/TestKitCore/Temporal/TemporalResult+Fail.swift (in target 'TestKitCore' from project 'SwiftTestKit')
cd /Users/admin/builder/spi-builder-workspace/.swiftpm/xcode
builtin-SwiftPerFileCompile TemporalResult+Fail.swift
SwiftCompile normal arm64 /Users/admin/builder/spi-builder-workspace/Sources/TestKitCore/Temporal/TemporalResult.swift (in target 'TestKitCore' from project 'SwiftTestKit')
cd /Users/admin/builder/spi-builder-workspace/.swiftpm/xcode
builtin-SwiftPerFileCompile TemporalResult.swift
SwiftCompile normal arm64 /Users/admin/builder/spi-builder-workspace/Sources/TestKitCore/Temporal/TemporalRunner.swift (in target 'TestKitCore' from project 'SwiftTestKit')
cd /Users/admin/builder/spi-builder-workspace/.swiftpm/xcode
builtin-SwiftPerFileCompile TemporalRunner.swift
SwiftCompile normal arm64 Compiling\ AtomicInterceptor.swift,\ AtomicResult+Fail.swift,\ AtomicResult.swift,\ AtomicRunner.swift,\ Comparator.swift,\ ComparatorContext.swift,\ CustomDiffRepresentable.swift,\ CustomDiffStringConvertible.swift,\ DiffNode.swift,\ DiffValue.swift,\ StringComparator.swift,\ Formatter+AddLines.swift /Users/admin/builder/spi-builder-workspace/Sources/TestKitCore/Atomic/AtomicInterceptor.swift /Users/admin/builder/spi-builder-workspace/Sources/TestKitCore/Atomic/AtomicResult+Fail.swift /Users/admin/builder/spi-builder-workspace/Sources/TestKitCore/Atomic/AtomicResult.swift /Users/admin/builder/spi-builder-workspace/Sources/TestKitCore/Atomic/AtomicRunner.swift /Users/admin/builder/spi-builder-workspace/Sources/TestKitCore/Diff/Comparator.swift /Users/admin/builder/spi-builder-workspace/Sources/TestKitCore/Diff/ComparatorContext.swift /Users/admin/builder/spi-builder-workspace/Sources/TestKitCore/Diff/CustomDiffRepresentable.swift /Users/admin/builder/spi-builder-workspace/Sources/TestKitCore/Diff/CustomDiffStringConvertible.swift /Users/admin/builder/spi-builder-workspace/Sources/TestKitCore/Diff/DiffNode.swift /Users/admin/builder/spi-builder-workspace/Sources/TestKitCore/Diff/DiffValue.swift /Users/admin/builder/spi-builder-workspace/Sources/TestKitCore/Diff/StringComparator.swift /Users/admin/builder/spi-builder-workspace/Sources/TestKitCore/Formatting/Formatter+AddLines.swift (in target 'TestKitCore' from project 'SwiftTestKit')
SwiftCompile normal arm64 /Users/admin/builder/spi-builder-workspace/Sources/TestKitCore/Atomic/AtomicInterceptor.swift (in target 'TestKitCore' from project 'SwiftTestKit')
cd /Users/admin/builder/spi-builder-workspace/.swiftpm/xcode
builtin-SwiftPerFileCompile AtomicInterceptor.swift
SwiftCompile normal arm64 /Users/admin/builder/spi-builder-workspace/Sources/TestKitCore/Atomic/AtomicResult+Fail.swift (in target 'TestKitCore' from project 'SwiftTestKit')
cd /Users/admin/builder/spi-builder-workspace/.swiftpm/xcode
builtin-SwiftPerFileCompile AtomicResult+Fail.swift
SwiftCompile normal arm64 /Users/admin/builder/spi-builder-workspace/Sources/TestKitCore/Atomic/AtomicResult.swift (in target 'TestKitCore' from project 'SwiftTestKit')
cd /Users/admin/builder/spi-builder-workspace/.swiftpm/xcode
builtin-SwiftPerFileCompile AtomicResult.swift
SwiftCompile normal arm64 /Users/admin/builder/spi-builder-workspace/Sources/TestKitCore/Atomic/AtomicRunner.swift (in target 'TestKitCore' from project 'SwiftTestKit')
cd /Users/admin/builder/spi-builder-workspace/.swiftpm/xcode
builtin-SwiftPerFileCompile AtomicRunner.swift
SwiftCompile normal arm64 /Users/admin/builder/spi-builder-workspace/Sources/TestKitCore/Diff/Comparator.swift (in target 'TestKitCore' from project 'SwiftTestKit')
cd /Users/admin/builder/spi-builder-workspace/.swiftpm/xcode
builtin-SwiftPerFileCompile Comparator.swift
SwiftCompile normal arm64 /Users/admin/builder/spi-builder-workspace/Sources/TestKitCore/Diff/ComparatorContext.swift (in target 'TestKitCore' from project 'SwiftTestKit')
cd /Users/admin/builder/spi-builder-workspace/.swiftpm/xcode
builtin-SwiftPerFileCompile ComparatorContext.swift
SwiftCompile normal arm64 /Users/admin/builder/spi-builder-workspace/Sources/TestKitCore/Diff/CustomDiffRepresentable.swift (in target 'TestKitCore' from project 'SwiftTestKit')
cd /Users/admin/builder/spi-builder-workspace/.swiftpm/xcode
builtin-SwiftPerFileCompile CustomDiffRepresentable.swift
SwiftCompile normal arm64 /Users/admin/builder/spi-builder-workspace/Sources/TestKitCore/Diff/CustomDiffStringConvertible.swift (in target 'TestKitCore' from project 'SwiftTestKit')
cd /Users/admin/builder/spi-builder-workspace/.swiftpm/xcode
builtin-SwiftPerFileCompile CustomDiffStringConvertible.swift
SwiftCompile normal arm64 /Users/admin/builder/spi-builder-workspace/Sources/TestKitCore/Diff/DiffNode.swift (in target 'TestKitCore' from project 'SwiftTestKit')
cd /Users/admin/builder/spi-builder-workspace/.swiftpm/xcode
builtin-SwiftPerFileCompile DiffNode.swift
SwiftCompile normal arm64 /Users/admin/builder/spi-builder-workspace/Sources/TestKitCore/Diff/DiffValue.swift (in target 'TestKitCore' from project 'SwiftTestKit')
cd /Users/admin/builder/spi-builder-workspace/.swiftpm/xcode
builtin-SwiftPerFileCompile DiffValue.swift
SwiftCompile normal arm64 /Users/admin/builder/spi-builder-workspace/Sources/TestKitCore/Diff/StringComparator.swift (in target 'TestKitCore' from project 'SwiftTestKit')
cd /Users/admin/builder/spi-builder-workspace/.swiftpm/xcode
builtin-SwiftPerFileCompile StringComparator.swift
SwiftCompile normal arm64 /Users/admin/builder/spi-builder-workspace/Sources/TestKitCore/Formatting/Formatter+AddLines.swift (in target 'TestKitCore' from project 'SwiftTestKit')
cd /Users/admin/builder/spi-builder-workspace/.swiftpm/xcode
builtin-SwiftPerFileCompile Formatter+AddLines.swift
SwiftDriverJobDiscovery normal arm64_32 Compiling Generator+String.swift, GenerationContext.swift, Generator+Combinators.swift, Generator.swift, AnyMutator.swift, AnyShrinker.swift, PackIndex.swift, SeededRNG.swift, Stateful.swift, StatefulResult.swift, StatefulRunner.swift (in target 'TestKitCore' from project 'SwiftTestKit')
SwiftCompile normal arm64 Compiling\ Formatter.swift,\ FormatterContext.swift,\ DiffOptions.swift,\ FormatOptions.swift,\ PerformanceOptions.swift,\ PropertyOptions.swift,\ TemporalOptions.swift,\ TestConfiguration.swift,\ TestOptions.swift,\ ByteCount.swift,\ Performance.swift,\ PerformanceInterceptor.swift /Users/admin/builder/spi-builder-workspace/Sources/TestKitCore/Formatting/Formatter.swift /Users/admin/builder/spi-builder-workspace/Sources/TestKitCore/Formatting/FormatterContext.swift /Users/admin/builder/spi-builder-workspace/Sources/TestKitCore/Options/DiffOptions.swift /Users/admin/builder/spi-builder-workspace/Sources/TestKitCore/Options/FormatOptions.swift /Users/admin/builder/spi-builder-workspace/Sources/TestKitCore/Options/PerformanceOptions.swift /Users/admin/builder/spi-builder-workspace/Sources/TestKitCore/Options/PropertyOptions.swift /Users/admin/builder/spi-builder-workspace/Sources/TestKitCore/Options/TemporalOptions.swift /Users/admin/builder/spi-builder-workspace/Sources/TestKitCore/Options/TestConfiguration.swift /Users/admin/builder/spi-builder-workspace/Sources/TestKitCore/Options/TestOptions.swift /Users/admin/builder/spi-builder-workspace/Sources/TestKitCore/Performance/ByteCount.swift /Users/admin/builder/spi-builder-workspace/Sources/TestKitCore/Performance/Performance.swift /Users/admin/builder/spi-builder-workspace/Sources/TestKitCore/Performance/PerformanceInterceptor.swift (in target 'TestKitCore' from project 'SwiftTestKit')
SwiftCompile normal arm64 /Users/admin/builder/spi-builder-workspace/Sources/TestKitCore/Formatting/Formatter.swift (in target 'TestKitCore' from project 'SwiftTestKit')
cd /Users/admin/builder/spi-builder-workspace/.swiftpm/xcode
builtin-SwiftPerFileCompile Formatter.swift
SwiftCompile normal arm64 /Users/admin/builder/spi-builder-workspace/Sources/TestKitCore/Formatting/FormatterContext.swift (in target 'TestKitCore' from project 'SwiftTestKit')
cd /Users/admin/builder/spi-builder-workspace/.swiftpm/xcode
builtin-SwiftPerFileCompile FormatterContext.swift
SwiftCompile normal arm64 /Users/admin/builder/spi-builder-workspace/Sources/TestKitCore/Options/DiffOptions.swift (in target 'TestKitCore' from project 'SwiftTestKit')
cd /Users/admin/builder/spi-builder-workspace/.swiftpm/xcode
builtin-SwiftPerFileCompile DiffOptions.swift
SwiftCompile normal arm64 /Users/admin/builder/spi-builder-workspace/Sources/TestKitCore/Options/FormatOptions.swift (in target 'TestKitCore' from project 'SwiftTestKit')
cd /Users/admin/builder/spi-builder-workspace/.swiftpm/xcode
builtin-SwiftPerFileCompile FormatOptions.swift
SwiftCompile normal arm64 /Users/admin/builder/spi-builder-workspace/Sources/TestKitCore/Options/PerformanceOptions.swift (in target 'TestKitCore' from project 'SwiftTestKit')
cd /Users/admin/builder/spi-builder-workspace/.swiftpm/xcode
builtin-SwiftPerFileCompile PerformanceOptions.swift
SwiftCompile normal arm64 /Users/admin/builder/spi-builder-workspace/Sources/TestKitCore/Options/PropertyOptions.swift (in target 'TestKitCore' from project 'SwiftTestKit')
cd /Users/admin/builder/spi-builder-workspace/.swiftpm/xcode
builtin-SwiftPerFileCompile PropertyOptions.swift
SwiftCompile normal arm64 /Users/admin/builder/spi-builder-workspace/Sources/TestKitCore/Options/TemporalOptions.swift (in target 'TestKitCore' from project 'SwiftTestKit')
cd /Users/admin/builder/spi-builder-workspace/.swiftpm/xcode
builtin-SwiftPerFileCompile TemporalOptions.swift
SwiftCompile normal arm64 /Users/admin/builder/spi-builder-workspace/Sources/TestKitCore/Options/TestConfiguration.swift (in target 'TestKitCore' from project 'SwiftTestKit')
cd /Users/admin/builder/spi-builder-workspace/.swiftpm/xcode
builtin-SwiftPerFileCompile TestConfiguration.swift
SwiftCompile normal arm64 /Users/admin/builder/spi-builder-workspace/Sources/TestKitCore/Options/TestOptions.swift (in target 'TestKitCore' from project 'SwiftTestKit')
cd /Users/admin/builder/spi-builder-workspace/.swiftpm/xcode
builtin-SwiftPerFileCompile TestOptions.swift
SwiftCompile normal arm64 /Users/admin/builder/spi-builder-workspace/Sources/TestKitCore/Performance/ByteCount.swift (in target 'TestKitCore' from project 'SwiftTestKit')
cd /Users/admin/builder/spi-builder-workspace/.swiftpm/xcode
builtin-SwiftPerFileCompile ByteCount.swift
SwiftCompile normal arm64 /Users/admin/builder/spi-builder-workspace/Sources/TestKitCore/Performance/Performance.swift (in target 'TestKitCore' from project 'SwiftTestKit')
cd /Users/admin/builder/spi-builder-workspace/.swiftpm/xcode
builtin-SwiftPerFileCompile Performance.swift
SwiftCompile normal arm64 /Users/admin/builder/spi-builder-workspace/Sources/TestKitCore/Performance/PerformanceInterceptor.swift (in target 'TestKitCore' from project 'SwiftTestKit')
cd /Users/admin/builder/spi-builder-workspace/.swiftpm/xcode
builtin-SwiftPerFileCompile PerformanceInterceptor.swift
SwiftDriverJobDiscovery normal arm64 Emitting module for TestKitCore (in target 'TestKitCore' from project 'SwiftTestKit')
SwiftDriver\ Compilation\ Requirements TestKitCore normal arm64 com.apple.xcode.tools.swift.compiler (in target 'TestKitCore' from project 'SwiftTestKit')
cd /Users/admin/builder/spi-builder-workspace/.swiftpm/xcode
builtin-Swift-Compilation-Requirements -- /Applications/Xcode-27.0.0-Release.Candidate.app/Contents/Developer/Toolchains/XcodeDefault.xctoolchain/usr/bin/swiftc -parse-as-library -module-name TestKitCore -Onone @/Users/admin/builder/spi-builder-workspace/.derivedData/Build/Intermediates.noindex/SwiftTestKit.build/Debug/TestKitCore-t.build/Objects-normal/arm64/TestKitCore.SwiftFileList -DSWIFT_PACKAGE -DDEBUG -DSWIFT_MODULE_RESOURCE_BUNDLE_UNAVAILABLE -DXcode -plugin-path /Applications/Xcode-27.0.0-Release.Candidate.app/Contents/Developer/Toolchains/XcodeDefault.xctoolchain/usr/lib/swift/host/plugins/testing -enable-experimental-feature DebugDescriptionMacro -sdk /Applications/Xcode-27.0.0-Release.Candidate.app/Contents/Developer/Platforms/MacOSX.platform/Developer/SDKs/MacOSX27.0.sdk -target arm64-apple-macos15.0 -g -module-cache-path /Users/admin/builder/spi-builder-workspace/.derivedData/ModuleCache.noindex -Xfrontend -serialize-debugging-options -profile-coverage-mapping -profile-generate -enable-testing -index-store-path /Users/admin/builder/spi-builder-workspace/.derivedData/Index.noindex/DataStore -Xcc -D_LIBCPP_HARDENING_MODE\=_LIBCPP_HARDENING_MODE_DEBUG -swift-version 6 -I /Users/admin/builder/spi-builder-workspace/.derivedData/Build/Products/Debug -Isystem /Applications/Xcode-27.0.0-Release.Candidate.app/Contents/Developer/Platforms/MacOSX.platform/Developer/usr/lib -F /Users/admin/builder/spi-builder-workspace/.derivedData/Build/Products/Debug/PackageFrameworks -F /Users/admin/builder/spi-builder-workspace/.derivedData/Build/Products/Debug -F /Applications/Xcode-27.0.0-Release.Candidate.app/Contents/Developer/Platforms/MacOSX.platform/Developer/Library/Frameworks -Xfrontend -load-plugin-executable -Xfrontend /Users/admin/builder/spi-builder-workspace/.derivedData/Build/Products/Debug/ReasyncMacro\#ReasyncMacro -c -j10 -enable-batch-mode -incremental -Xcc -ivfsstatcache -Xcc /Users/admin/builder/spi-builder-workspace/.derivedData/SDKStatCaches.noindex/macosx27.0-26A425-e829b21a6f8c9b70876ba0858053c0446a22442a12e9d48fe1a705f55a1adfc4.sdkstatcache -output-file-map /Users/admin/builder/spi-builder-workspace/.derivedData/Build/Intermediates.noindex/SwiftTestKit.build/Debug/TestKitCore-t.build/Objects-normal/arm64/TestKitCore-OutputFileMap.json -save-temps -no-color-diagnostics -explicit-module-build -module-cache-path /Users/admin/builder/spi-builder-workspace/.derivedData/Build/Intermediates.noindex/SwiftExplicitPrecompiledModules -clang-scanner-module-cache-path /Users/admin/builder/spi-builder-workspace/.derivedData/ModuleCache.noindex -sdk-module-cache-path /Users/admin/builder/spi-builder-workspace/.derivedData/SDKExplicitPrecompiledModules -emit-dependencies -emit-module -emit-module-path /Users/admin/builder/spi-builder-workspace/.derivedData/Build/Intermediates.noindex/SwiftTestKit.build/Debug/TestKitCore-t.build/Objects-normal/arm64/TestKitCore.swiftmodule -serialize-diagnostics -dependency-scan-serialize-diagnostics-path /Users/admin/builder/spi-builder-workspace/.derivedData/Build/Intermediates.noindex/SwiftTestKit.build/Debug/TestKitCore-t.build/Objects-normal/arm64/TestKitCore-dependency-scan.dia -validate-clang-modules-once -clang-build-session-file /Users/admin/builder/spi-builder-workspace/.derivedData/ModuleCache.noindex/Session.modulevalidation -Xcc -fmodules-prune-interval\=86400 -Xcc -fmodules-prune-after\=345600 -package-name spi_builder_workspace -emit-const-values -const-gather-protocols-list /Users/admin/builder/spi-builder-workspace/.derivedData/Build/Intermediates.noindex/SwiftTestKit.build/Debug/TestKitCore-t.build/Objects-normal/arm64/TestKitCore_const_extract_protocols.json -Xcc -I/Users/admin/builder/spi-builder-workspace/.derivedData/Build/Products/Debug/include -Xcc -I/Users/admin/builder/spi-builder-workspace/.derivedData/Build/Intermediates.noindex/SwiftTestKit.build/Debug/TestKitCore-t.build/DerivedSources-normal/arm64 -Xcc -I/Users/admin/builder/spi-builder-workspace/.derivedData/Build/Intermediates.noindex/SwiftTestKit.build/Debug/TestKitCore-t.build/DerivedSources/arm64 -Xcc -I/Users/admin/builder/spi-builder-workspace/.derivedData/Build/Intermediates.noindex/SwiftTestKit.build/Debug/TestKitCore-t.build/DerivedSources -Xcc -DSWIFT_PACKAGE -Xcc -DDEBUG\=1 -emit-objc-header -emit-objc-header-path /Users/admin/builder/spi-builder-workspace/.derivedData/Build/Intermediates.noindex/SwiftTestKit.build/Debug/TestKitCore-t.build/Objects-normal/arm64/TestKitCore-Swift.h -working-directory /Users/admin/builder/spi-builder-workspace/.swiftpm/xcode -experimental-emit-module-separately -disable-cmo
SwiftDriverJobDiscovery normal arm64 Compiling TKStateful.swift, Array+Any.swift, Array+DiffNode.swift, BidirectionalCollection+Diff.swift, Collection+IsOrdered.swift, Comparable+Clamped.swift, ContinuousClockInstant+Elapsed.swift, Duration+Nanoseconds.swift, Duration+Readable.swift, Numeric+Equals.swift, String+CollapseLines.swift (in target 'TestKitCore' from project 'SwiftTestKit')
SwiftCompile normal arm64 Compiling\ Decimal+Arbitrary.swift,\ Dictionary+Arbitrary.swift,\ Floating+Arbitrary.swift,\ Integer+Arbitrary.swift,\ Optional+Arbitrary.swift,\ Range+Arbitrary.swift,\ Result+Arbitrary.swift,\ Set+Arbitrary.swift,\ String+Arbitrary.swift,\ Substring+Arbitrary.swift,\ UUID+Arbitrary.swift /Users/admin/builder/spi-builder-workspace/Sources/TestKitCore/Property/Arbitrary/Conformance/Decimal+Arbitrary.swift /Users/admin/builder/spi-builder-workspace/Sources/TestKitCore/Property/Arbitrary/Conformance/Dictionary+Arbitrary.swift /Users/admin/builder/spi-builder-workspace/Sources/TestKitCore/Property/Arbitrary/Conformance/Floating+Arbitrary.swift /Users/admin/builder/spi-builder-workspace/Sources/TestKitCore/Property/Arbitrary/Conformance/Integer+Arbitrary.swift /Users/admin/builder/spi-builder-workspace/Sources/TestKitCore/Property/Arbitrary/Conformance/Optional+Arbitrary.swift /Users/admin/builder/spi-builder-workspace/Sources/TestKitCore/Property/Arbitrary/Conformance/Range+Arbitrary.swift /Users/admin/builder/spi-builder-workspace/Sources/TestKitCore/Property/Arbitrary/Conformance/Result+Arbitrary.swift /Users/admin/builder/spi-builder-workspace/Sources/TestKitCore/Property/Arbitrary/Conformance/Set+Arbitrary.swift /Users/admin/builder/spi-builder-workspace/Sources/TestKitCore/Property/Arbitrary/Conformance/String+Arbitrary.swift /Users/admin/builder/spi-builder-workspace/Sources/TestKitCore/Property/Arbitrary/Conformance/Substring+Arbitrary.swift /Users/admin/builder/spi-builder-workspace/Sources/TestKitCore/Property/Arbitrary/Conformance/UUID+Arbitrary.swift (in target 'TestKitCore' from project 'SwiftTestKit')
SwiftCompile normal arm64 /Users/admin/builder/spi-builder-workspace/Sources/TestKitCore/Property/Arbitrary/Conformance/Decimal+Arbitrary.swift (in target 'TestKitCore' from project 'SwiftTestKit')
cd /Users/admin/builder/spi-builder-workspace/.swiftpm/xcode
builtin-SwiftPerFileCompile Decimal+Arbitrary.swift
SwiftCompile normal arm64 /Users/admin/builder/spi-builder-workspace/Sources/TestKitCore/Property/Arbitrary/Conformance/Dictionary+Arbitrary.swift (in target 'TestKitCore' from project 'SwiftTestKit')
cd /Users/admin/builder/spi-builder-workspace/.swiftpm/xcode
builtin-SwiftPerFileCompile Dictionary+Arbitrary.swift
SwiftCompile normal arm64 /Users/admin/builder/spi-builder-workspace/Sources/TestKitCore/Property/Arbitrary/Conformance/Floating+Arbitrary.swift (in target 'TestKitCore' from project 'SwiftTestKit')
cd /Users/admin/builder/spi-builder-workspace/.swiftpm/xcode
builtin-SwiftPerFileCompile Floating+Arbitrary.swift
SwiftCompile normal arm64 /Users/admin/builder/spi-builder-workspace/Sources/TestKitCore/Property/Arbitrary/Conformance/Integer+Arbitrary.swift (in target 'TestKitCore' from project 'SwiftTestKit')
cd /Users/admin/builder/spi-builder-workspace/.swiftpm/xcode
builtin-SwiftPerFileCompile Integer+Arbitrary.swift
SwiftCompile normal arm64 /Users/admin/builder/spi-builder-workspace/Sources/TestKitCore/Property/Arbitrary/Conformance/Optional+Arbitrary.swift (in target 'TestKitCore' from project 'SwiftTestKit')
cd /Users/admin/builder/spi-builder-workspace/.swiftpm/xcode
builtin-SwiftPerFileCompile Optional+Arbitrary.swift
SwiftCompile normal arm64 /Users/admin/builder/spi-builder-workspace/Sources/TestKitCore/Property/Arbitrary/Conformance/Range+Arbitrary.swift (in target 'TestKitCore' from project 'SwiftTestKit')
cd /Users/admin/builder/spi-builder-workspace/.swiftpm/xcode
builtin-SwiftPerFileCompile Range+Arbitrary.swift
SwiftCompile normal arm64 /Users/admin/builder/spi-builder-workspace/Sources/TestKitCore/Property/Arbitrary/Conformance/Result+Arbitrary.swift (in target 'TestKitCore' from project 'SwiftTestKit')
cd /Users/admin/builder/spi-builder-workspace/.swiftpm/xcode
builtin-SwiftPerFileCompile Result+Arbitrary.swift
SwiftCompile normal arm64 /Users/admin/builder/spi-builder-workspace/Sources/TestKitCore/Property/Arbitrary/Conformance/Set+Arbitrary.swift (in target 'TestKitCore' from project 'SwiftTestKit')
cd /Users/admin/builder/spi-builder-workspace/.swiftpm/xcode
builtin-SwiftPerFileCompile Set+Arbitrary.swift
SwiftCompile normal arm64 /Users/admin/builder/spi-builder-workspace/Sources/TestKitCore/Property/Arbitrary/Conformance/String+Arbitrary.swift (in target 'TestKitCore' from project 'SwiftTestKit')
cd /Users/admin/builder/spi-builder-workspace/.swiftpm/xcode
builtin-SwiftPerFileCompile String+Arbitrary.swift
SwiftCompile normal arm64 /Users/admin/builder/spi-builder-workspace/Sources/TestKitCore/Property/Arbitrary/Conformance/Substring+Arbitrary.swift (in target 'TestKitCore' from project 'SwiftTestKit')
cd /Users/admin/builder/spi-builder-workspace/.swiftpm/xcode
builtin-SwiftPerFileCompile Substring+Arbitrary.swift
SwiftCompile normal arm64 /Users/admin/builder/spi-builder-workspace/Sources/TestKitCore/Property/Arbitrary/Conformance/UUID+Arbitrary.swift (in target 'TestKitCore' from project 'SwiftTestKit')
cd /Users/admin/builder/spi-builder-workspace/.swiftpm/xcode
builtin-SwiftPerFileCompile UUID+Arbitrary.swift
SwiftCompile normal arm64_32 Compiling\ Formatter.swift,\ FormatterContext.swift,\ DiffOptions.swift,\ FormatOptions.swift,\ PerformanceOptions.swift,\ PropertyOptions.swift,\ TemporalOptions.swift,\ TestConfiguration.swift,\ TestOptions.swift,\ ByteCount.swift,\ Performance.swift,\ PerformanceInterceptor.swift /Users/admin/builder/spi-builder-workspace/Sources/TestKitCore/Formatting/Formatter.swift /Users/admin/builder/spi-builder-workspace/Sources/TestKitCore/Formatting/FormatterContext.swift /Users/admin/builder/spi-builder-workspace/Sources/TestKitCore/Options/DiffOptions.swift /Users/admin/builder/spi-builder-workspace/Sources/TestKitCore/Options/FormatOptions.swift /Users/admin/builder/spi-builder-workspace/Sources/TestKitCore/Options/PerformanceOptions.swift /Users/admin/builder/spi-builder-workspace/Sources/TestKitCore/Options/PropertyOptions.swift /Users/admin/builder/spi-builder-workspace/Sources/TestKitCore/Options/TemporalOptions.swift /Users/admin/builder/spi-builder-workspace/Sources/TestKitCore/Options/TestConfiguration.swift /Users/admin/builder/spi-builder-workspace/Sources/TestKitCore/Options/TestOptions.swift /Users/admin/builder/spi-builder-workspace/Sources/TestKitCore/Performance/ByteCount.swift /Users/admin/builder/spi-builder-workspace/Sources/TestKitCore/Performance/Performance.swift /Users/admin/builder/spi-builder-workspace/Sources/TestKitCore/Performance/PerformanceInterceptor.swift (in target 'TestKitCore' from project 'SwiftTestKit')
SwiftCompile normal arm64_32 /Users/admin/builder/spi-builder-workspace/Sources/TestKitCore/Formatting/Formatter.swift (in target 'TestKitCore' from project 'SwiftTestKit')
cd /Users/admin/builder/spi-builder-workspace/.swiftpm/xcode
builtin-SwiftPerFileCompile Formatter.swift
SwiftCompile normal arm64_32 /Users/admin/builder/spi-builder-workspace/Sources/TestKitCore/Formatting/FormatterContext.swift (in target 'TestKitCore' from project 'SwiftTestKit')
cd /Users/admin/builder/spi-builder-workspace/.swiftpm/xcode
builtin-SwiftPerFileCompile FormatterContext.swift
SwiftCompile normal arm64_32 /Users/admin/builder/spi-builder-workspace/Sources/TestKitCore/Options/DiffOptions.swift (in target 'TestKitCore' from project 'SwiftTestKit')
cd /Users/admin/builder/spi-builder-workspace/.swiftpm/xcode
builtin-SwiftPerFileCompile DiffOptions.swift
SwiftCompile normal arm64_32 /Users/admin/builder/spi-builder-workspace/Sources/TestKitCore/Options/FormatOptions.swift (in target 'TestKitCore' from project 'SwiftTestKit')
cd /Users/admin/builder/spi-builder-workspace/.swiftpm/xcode
builtin-SwiftPerFileCompile FormatOptions.swift
SwiftCompile normal arm64_32 /Users/admin/builder/spi-builder-workspace/Sources/TestKitCore/Options/PerformanceOptions.swift (in target 'TestKitCore' from project 'SwiftTestKit')
cd /Users/admin/builder/spi-builder-workspace/.swiftpm/xcode
builtin-SwiftPerFileCompile PerformanceOptions.swift
SwiftCompile normal arm64_32 /Users/admin/builder/spi-builder-workspace/Sources/TestKitCore/Options/PropertyOptions.swift (in target 'TestKitCore' from project 'SwiftTestKit')
cd /Users/admin/builder/spi-builder-workspace/.swiftpm/xcode
builtin-SwiftPerFileCompile PropertyOptions.swift
SwiftCompile normal arm64_32 /Users/admin/builder/spi-builder-workspace/Sources/TestKitCore/Options/TemporalOptions.swift (in target 'TestKitCore' from project 'SwiftTestKit')
cd /Users/admin/builder/spi-builder-workspace/.swiftpm/xcode
builtin-SwiftPerFileCompile TemporalOptions.swift
SwiftCompile normal arm64_32 /Users/admin/builder/spi-builder-workspace/Sources/TestKitCore/Options/TestConfiguration.swift (in target 'TestKitCore' from project 'SwiftTestKit')
cd /Users/admin/builder/spi-builder-workspace/.swiftpm/xcode
builtin-SwiftPerFileCompile TestConfiguration.swift
SwiftCompile normal arm64_32 /Users/admin/builder/spi-builder-workspace/Sources/TestKitCore/Options/TestOptions.swift (in target 'TestKitCore' from project 'SwiftTestKit')
cd /Users/admin/builder/spi-builder-workspace/.swiftpm/xcode
builtin-SwiftPerFileCompile TestOptions.swift
SwiftCompile normal arm64_32 /Users/admin/builder/spi-builder-workspace/Sources/TestKitCore/Performance/ByteCount.swift (in target 'TestKitCore' from project 'SwiftTestKit')
cd /Users/admin/builder/spi-builder-workspace/.swiftpm/xcode
builtin-SwiftPerFileCompile ByteCount.swift
SwiftCompile normal arm64_32 /Users/admin/builder/spi-builder-workspace/Sources/TestKitCore/Performance/Performance.swift (in target 'TestKitCore' from project 'SwiftTestKit')
cd /Users/admin/builder/spi-builder-workspace/.swiftpm/xcode
builtin-SwiftPerFileCompile Performance.swift
SwiftCompile normal arm64_32 /Users/admin/builder/spi-builder-workspace/Sources/TestKitCore/Performance/PerformanceInterceptor.swift (in target 'TestKitCore' from project 'SwiftTestKit')
cd /Users/admin/builder/spi-builder-workspace/.swiftpm/xcode
builtin-SwiftPerFileCompile PerformanceInterceptor.swift
SwiftCompile normal arm64 Compiling\ Generator+String.swift,\ GenerationContext.swift,\ Generator+Combinators.swift,\ Generator.swift,\ AnyMutator.swift,\ AnyShrinker.swift,\ PackIndex.swift,\ SeededRNG.swift,\ Stateful.swift,\ StatefulResult.swift,\ StatefulRunner.swift /Users/admin/builder/spi-builder-workspace/Sources/TestKitCore/Property/Generation/Convenience/Generator+String.swift /Users/admin/builder/spi-builder-workspace/Sources/TestKitCore/Property/Generation/GenerationContext.swift /Users/admin/builder/spi-builder-workspace/Sources/TestKitCore/Property/Generation/Generator+Combinators.swift /Users/admin/builder/spi-builder-workspace/Sources/TestKitCore/Property/Generation/Generator.swift /Users/admin/builder/spi-builder-workspace/Sources/TestKitCore/Property/Generation/Pack/AnyMutator.swift /Users/admin/builder/spi-builder-workspace/Sources/TestKitCore/Property/Generation/Pack/AnyShrinker.swift /Users/admin/builder/spi-builder-workspace/Sources/TestKitCore/Property/Generation/Pack/PackIndex.swift /Users/admin/builder/spi-builder-workspace/Sources/TestKitCore/Property/Generation/SeededRNG.swift /Users/admin/builder/spi-builder-workspace/Sources/TestKitCore/Property/Stateful/Stateful.swift /Users/admin/builder/spi-builder-workspace/Sources/TestKitCore/Property/Stateful/StatefulResult.swift /Users/admin/builder/spi-builder-workspace/Sources/TestKitCore/Property/Stateful/StatefulRunner.swift (in target 'TestKitCore' from project 'SwiftTestKit')
SwiftCompile normal arm64 /Users/admin/builder/spi-builder-workspace/Sources/TestKitCore/Property/Generation/Convenience/Generator+String.swift (in target 'TestKitCore' from project 'SwiftTestKit')
cd /Users/admin/builder/spi-builder-workspace/.swiftpm/xcode
builtin-SwiftPerFileCompile Generator+String.swift
SwiftCompile normal arm64 /Users/admin/builder/spi-builder-workspace/Sources/TestKitCore/Property/Generation/GenerationContext.swift (in target 'TestKitCore' from project 'SwiftTestKit')
cd /Users/admin/builder/spi-builder-workspace/.swiftpm/xcode
builtin-SwiftPerFileCompile GenerationContext.swift
SwiftCompile normal arm64 /Users/admin/builder/spi-builder-workspace/Sources/TestKitCore/Property/Generation/Generator+Combinators.swift (in target 'TestKitCore' from project 'SwiftTestKit')
cd /Users/admin/builder/spi-builder-workspace/.swiftpm/xcode
builtin-SwiftPerFileCompile Generator+Combinators.swift
SwiftCompile normal arm64 /Users/admin/builder/spi-builder-workspace/Sources/TestKitCore/Property/Generation/Generator.swift (in target 'TestKitCore' from project 'SwiftTestKit')
cd /Users/admin/builder/spi-builder-workspace/.swiftpm/xcode
builtin-SwiftPerFileCompile Generator.swift
SwiftCompile normal arm64 /Users/admin/builder/spi-builder-workspace/Sources/TestKitCore/Property/Generation/Pack/AnyMutator.swift (in target 'TestKitCore' from project 'SwiftTestKit')
cd /Users/admin/builder/spi-builder-workspace/.swiftpm/xcode
builtin-SwiftPerFileCompile AnyMutator.swift
SwiftCompile normal arm64 /Users/admin/builder/spi-builder-workspace/Sources/TestKitCore/Property/Generation/Pack/AnyShrinker.swift (in target 'TestKitCore' from project 'SwiftTestKit')
cd /Users/admin/builder/spi-builder-workspace/.swiftpm/xcode
builtin-SwiftPerFileCompile AnyShrinker.swift
SwiftCompile normal arm64 /Users/admin/builder/spi-builder-workspace/Sources/TestKitCore/Property/Generation/Pack/PackIndex.swift (in target 'TestKitCore' from project 'SwiftTestKit')
cd /Users/admin/builder/spi-builder-workspace/.swiftpm/xcode
builtin-SwiftPerFileCompile PackIndex.swift
SwiftCompile normal arm64 /Users/admin/builder/spi-builder-workspace/Sources/TestKitCore/Property/Generation/SeededRNG.swift (in target 'TestKitCore' from project 'SwiftTestKit')
cd /Users/admin/builder/spi-builder-workspace/.swiftpm/xcode
builtin-SwiftPerFileCompile SeededRNG.swift
SwiftCompile normal arm64 /Users/admin/builder/spi-builder-workspace/Sources/TestKitCore/Property/Stateful/Stateful.swift (in target 'TestKitCore' from project 'SwiftTestKit')
cd /Users/admin/builder/spi-builder-workspace/.swiftpm/xcode
builtin-SwiftPerFileCompile Stateful.swift
SwiftCompile normal arm64 /Users/admin/builder/spi-builder-workspace/Sources/TestKitCore/Property/Stateful/StatefulResult.swift (in target 'TestKitCore' from project 'SwiftTestKit')
cd /Users/admin/builder/spi-builder-workspace/.swiftpm/xcode
builtin-SwiftPerFileCompile StatefulResult.swift
SwiftCompile normal arm64 /Users/admin/builder/spi-builder-workspace/Sources/TestKitCore/Property/Stateful/StatefulRunner.swift (in target 'TestKitCore' from project 'SwiftTestKit')
cd /Users/admin/builder/spi-builder-workspace/.swiftpm/xcode
builtin-SwiftPerFileCompile StatefulRunner.swift
SwiftCompile normal arm64 Compiling\ PerformanceResult+Fail.swift,\ PerformanceResult.swift,\ PerformanceRunner.swift,\ Arbitrary.swift,\ Array+Arbitrary.swift,\ Bool+Arbitrary.swift,\ Character+Arbitrary.swift,\ ClosedRange+Arbitrary.swift,\ CollectionOfOne+Arbitrary.swift,\ Data+Arbitrary.swift,\ Date+Arbitrary.swift /Users/admin/builder/spi-builder-workspace/Sources/TestKitCore/Performance/PerformanceResult+Fail.swift /Users/admin/builder/spi-builder-workspace/Sources/TestKitCore/Performance/PerformanceResult.swift /Users/admin/builder/spi-builder-workspace/Sources/TestKitCore/Performance/PerformanceRunner.swift /Users/admin/builder/spi-builder-workspace/Sources/TestKitCore/Property/Arbitrary/Arbitrary.swift /Users/admin/builder/spi-builder-workspace/Sources/TestKitCore/Property/Arbitrary/Conformance/Array+Arbitrary.swift /Users/admin/builder/spi-builder-workspace/Sources/TestKitCore/Property/Arbitrary/Conformance/Bool+Arbitrary.swift /Users/admin/builder/spi-builder-workspace/Sources/TestKitCore/Property/Arbitrary/Conformance/Character+Arbitrary.swift /Users/admin/builder/spi-builder-workspace/Sources/TestKitCore/Property/Arbitrary/Conformance/ClosedRange+Arbitrary.swift /Users/admin/builder/spi-builder-workspace/Sources/TestKitCore/Property/Arbitrary/Conformance/CollectionOfOne+Arbitrary.swift /Users/admin/builder/spi-builder-workspace/Sources/TestKitCore/Property/Arbitrary/Conformance/Data+Arbitrary.swift /Users/admin/builder/spi-builder-workspace/Sources/TestKitCore/Property/Arbitrary/Conformance/Date+Arbitrary.swift (in target 'TestKitCore' from project 'SwiftTestKit')
SwiftCompile normal arm64 /Users/admin/builder/spi-builder-workspace/Sources/TestKitCore/Performance/PerformanceResult+Fail.swift (in target 'TestKitCore' from project 'SwiftTestKit')
cd /Users/admin/builder/spi-builder-workspace/.swiftpm/xcode
builtin-SwiftPerFileCompile PerformanceResult+Fail.swift
SwiftCompile normal arm64 /Users/admin/builder/spi-builder-workspace/Sources/TestKitCore/Performance/PerformanceResult.swift (in target 'TestKitCore' from project 'SwiftTestKit')
cd /Users/admin/builder/spi-builder-workspace/.swiftpm/xcode
builtin-SwiftPerFileCompile PerformanceResult.swift
SwiftCompile normal arm64 /Users/admin/builder/spi-builder-workspace/Sources/TestKitCore/Performance/PerformanceRunner.swift (in target 'TestKitCore' from project 'SwiftTestKit')
cd /Users/admin/builder/spi-builder-workspace/.swiftpm/xcode
builtin-SwiftPerFileCompile PerformanceRunner.swift
SwiftCompile normal arm64 /Users/admin/builder/spi-builder-workspace/Sources/TestKitCore/Property/Arbitrary/Arbitrary.swift (in target 'TestKitCore' from project 'SwiftTestKit')
cd /Users/admin/builder/spi-builder-workspace/.swiftpm/xcode
builtin-SwiftPerFileCompile Arbitrary.swift
SwiftCompile normal arm64 /Users/admin/builder/spi-builder-workspace/Sources/TestKitCore/Property/Arbitrary/Conformance/Array+Arbitrary.swift (in target 'TestKitCore' from project 'SwiftTestKit')
cd /Users/admin/builder/spi-builder-workspace/.swiftpm/xcode
builtin-SwiftPerFileCompile Array+Arbitrary.swift
SwiftCompile normal arm64 /Users/admin/builder/spi-builder-workspace/Sources/TestKitCore/Property/Arbitrary/Conformance/Bool+Arbitrary.swift (in target 'TestKitCore' from project 'SwiftTestKit')
cd /Users/admin/builder/spi-builder-workspace/.swiftpm/xcode
builtin-SwiftPerFileCompile Bool+Arbitrary.swift
SwiftCompile normal arm64 /Users/admin/builder/spi-builder-workspace/Sources/TestKitCore/Property/Arbitrary/Conformance/Character+Arbitrary.swift (in target 'TestKitCore' from project 'SwiftTestKit')
cd /Users/admin/builder/spi-builder-workspace/.swiftpm/xcode
builtin-SwiftPerFileCompile Character+Arbitrary.swift
SwiftCompile normal arm64 /Users/admin/builder/spi-builder-workspace/Sources/TestKitCore/Property/Arbitrary/Conformance/ClosedRange+Arbitrary.swift (in target 'TestKitCore' from project 'SwiftTestKit')
cd /Users/admin/builder/spi-builder-workspace/.swiftpm/xcode
builtin-SwiftPerFileCompile ClosedRange+Arbitrary.swift
SwiftCompile normal arm64 /Users/admin/builder/spi-builder-workspace/Sources/TestKitCore/Property/Arbitrary/Conformance/CollectionOfOne+Arbitrary.swift (in target 'TestKitCore' from project 'SwiftTestKit')
cd /Users/admin/builder/spi-builder-workspace/.swiftpm/xcode
builtin-SwiftPerFileCompile CollectionOfOne+Arbitrary.swift
SwiftCompile normal arm64 /Users/admin/builder/spi-builder-workspace/Sources/TestKitCore/Property/Arbitrary/Conformance/Data+Arbitrary.swift (in target 'TestKitCore' from project 'SwiftTestKit')
cd /Users/admin/builder/spi-builder-workspace/.swiftpm/xcode
builtin-SwiftPerFileCompile Data+Arbitrary.swift
SwiftCompile normal arm64 /Users/admin/builder/spi-builder-workspace/Sources/TestKitCore/Property/Arbitrary/Conformance/Date+Arbitrary.swift (in target 'TestKitCore' from project 'SwiftTestKit')
cd /Users/admin/builder/spi-builder-workspace/.swiftpm/xcode
builtin-SwiftPerFileCompile Date+Arbitrary.swift
SwiftDriverJobDiscovery normal arm64 Compiling AssertionCore.swift, FunctionAssertions.swift, MacroAssertions.swift, AssertionKind+Fail.swift, AssertionKind+MakeFailure.swift, AssertionKind.swift, BooleanExpr.swift, ExprCaptureKind.swift, PredicateIteration.swift, PredicateTypes.swift, UnwrapError.swift, Atomic.swift (in target 'TestKitCore' from project 'SwiftTestKit')
SwiftDriverJobDiscovery normal arm64_32 Compiling AssertionCore.swift, FunctionAssertions.swift, MacroAssertions.swift, AssertionKind+Fail.swift, AssertionKind+MakeFailure.swift, AssertionKind.swift, BooleanExpr.swift, ExprCaptureKind.swift, PredicateIteration.swift, PredicateTypes.swift, UnwrapError.swift, Atomic.swift (in target 'TestKitCore' from project 'SwiftTestKit')
SwiftDriverJobDiscovery normal arm64_32 Compiling TKStateful.swift, Array+Any.swift, Array+DiffNode.swift, BidirectionalCollection+Diff.swift, Collection+IsOrdered.swift, Comparable+Clamped.swift, ContinuousClockInstant+Elapsed.swift, Duration+Nanoseconds.swift, Duration+Readable.swift, Numeric+Equals.swift, String+CollapseLines.swift (in target 'TestKitCore' from project 'SwiftTestKit')
Copy /Users/admin/builder/spi-builder-workspace/.derivedData/Build/Products/Debug/TestKitCore.swiftmodule/arm64-apple-macos.swiftmodule /Users/admin/builder/spi-builder-workspace/.derivedData/Build/Intermediates.noindex/SwiftTestKit.build/Debug/TestKitCore-t.build/Objects-normal/arm64/TestKitCore.swiftmodule (in target 'TestKitCore' from project 'SwiftTestKit')
cd /Users/admin/builder/spi-builder-workspace
builtin-copy -exclude .DS_Store -exclude CVS -exclude .svn -exclude .git -exclude .hg -resolve-src-symlinks -rename /Users/admin/builder/spi-builder-workspace/.derivedData/Build/Intermediates.noindex/SwiftTestKit.build/Debug/TestKitCore-t.build/Objects-normal/arm64/TestKitCore.swiftmodule /Users/admin/builder/spi-builder-workspace/.derivedData/Build/Products/Debug/TestKitCore.swiftmodule/arm64-apple-macos.swiftmodule
PruneExplicitPrecompiledModules /Users/admin/builder/spi-builder-workspace/.derivedData/Build/Intermediates.noindex/SwiftExplicitPrecompiledModules
PruneExplicitPrecompiledModules /Users/admin/builder/spi-builder-workspace/.derivedData/SDKExplicitPrecompiledModules
PruneExplicitPrecompiledModules /Users/admin/builder/spi-builder-workspace/.derivedData/Build/Intermediates.noindex/ExplicitPrecompiledModules
2026-09-25 00:43:30.979 xcodebuild[1993:11400] [MT] IDERunDestination: Supported platforms for the buildables in the current scheme is empty.
2026-09-25 00:43:31.087 xcodebuild[1993:11400] [MT] IDERunDestination: Supported platforms for the buildables in the current scheme is empty.
** BUILD FAILED **
The following build commands failed:
SwiftEmitModule normal x86_64 Emitting\ module\ for\ TestKitCore (in target 'TestKitCore' from project 'SwiftTestKit')
SwiftCompile normal x86_64 (in target 'TestKitCore' from project 'SwiftTestKit')
Building workspace SwiftTestKit with scheme SwiftTestKit-Package
(3 failures)
BUILD FAILURE 6.4 watchOS