Build Information
Failed to build TuistSDK, reference 0.2.0 (46cc51), with Swift 6.4 for watchOS using Xcode 27.0 on 23 Sep 2026 14:49:02 UTC.
Build Command
env DEVELOPER_DIR=/Applications/Xcode-27.0.0-Release.Candidate.app xcrun xcodebuild -IDEClonedSourcePackagesDirPathOverride=$PWD/.dependencies -skipMacroValidation -skipPackagePluginValidation -derivedDataPath $PWD/.derivedData build -scheme TuistSDK -destination generic/platform=watchOSBuild Log
SwiftDriverJobDiscovery normal arm64_32 Compiling URIEncoder.swift, URIValueToNodeEncoder+Keyed.swift, URIValueToNodeEncoder+Single.swift, URIValueToNodeEncoder+Unkeyed.swift, URIValueToNodeEncoder.swift, URIParser.swift, URISerializer.swift (in target 'OpenAPIRuntime' from project 'swift-openapi-runtime')
Ld /Users/admin/builder/spi-builder-workspace/.derivedData/Build/Intermediates.noindex/swift-http-types.build/Debug-watchos/HTTPTypes-t.build/Objects-normal/arm64_32/Binary/HTTPTypes.o normal arm64_32 (in target 'HTTPTypes' from project 'swift-http-types')
cd /Users/admin/builder/spi-builder-workspace/.dependencies/checkouts/swift-http-types
/Applications/Xcode-27.0.0-Release.Candidate.app/Contents/Developer/Toolchains/XcodeDefault.xctoolchain/usr/bin/clang -Xlinker -reproducible -target arm64_32-apple-watchos9.0 -r -isysroot /Applications/Xcode-27.0.0-Release.Candidate.app/Contents/Developer/Platforms/WatchOS.platform/Developer/SDKs/WatchOS27.0.sdk -O0 -w -Xlinker -no_warn_duplicate_libraries -F/Users/admin/builder/spi-builder-workspace/.derivedData/Build/Intermediates.noindex/EagerLinkingTBDs/Debug-watchos -F/Users/admin/builder/spi-builder-workspace/.derivedData/Build/Products/Debug-watchos -iframework /Applications/Xcode-27.0.0-Release.Candidate.app/Contents/Developer/Platforms/WatchOS.platform/Developer/Library/Frameworks -iframework /Applications/Xcode-27.0.0-Release.Candidate.app/Contents/Developer/Platforms/WatchOS.platform/Developer/SDKs/WatchOS27.0.sdk/Developer/Library/Frameworks -filelist /Users/admin/builder/spi-builder-workspace/.derivedData/Build/Intermediates.noindex/swift-http-types.build/Debug-watchos/HTTPTypes-t.build/Objects-normal/arm64_32/HTTPTypes.LinkFileList -nostdlib -Xlinker -object_path_lto -Xlinker /Users/admin/builder/spi-builder-workspace/.derivedData/Build/Intermediates.noindex/swift-http-types.build/Debug-watchos/HTTPTypes-t.build/Objects-normal/arm64_32/HTTPTypes_lto.o -Xlinker -no_deduplicate -Xlinker -debug_variant -Xlinker -dependency_info -Xlinker /Users/admin/builder/spi-builder-workspace/.derivedData/Build/Intermediates.noindex/swift-http-types.build/Debug-watchos/HTTPTypes-t.build/Objects-normal/arm64_32/HTTPTypes_dependency_info.dat -fobjc-link-runtime -L/Applications/Xcode-27.0.0-Release.Candidate.app/Contents/Developer/Toolchains/XcodeDefault.xctoolchain/usr/lib/swift/watchos -L/usr/lib/swift -Xlinker -add_ast_path -Xlinker /Users/admin/builder/spi-builder-workspace/.derivedData/Build/Intermediates.noindex/swift-http-types.build/Debug-watchos/HTTPTypes-t.build/Objects-normal/arm64_32/HTTPTypes.swiftmodule -o /Users/admin/builder/spi-builder-workspace/.derivedData/Build/Intermediates.noindex/swift-http-types.build/Debug-watchos/HTTPTypes-t.build/Objects-normal/arm64_32/Binary/HTTPTypes.o
Ld /Users/admin/builder/spi-builder-workspace/.derivedData/Build/Intermediates.noindex/swift-http-types.build/Debug-watchos/HTTPTypes-t.build/Objects-normal/arm64/Binary/HTTPTypes.o normal arm64 (in target 'HTTPTypes' from project 'swift-http-types')
cd /Users/admin/builder/spi-builder-workspace/.dependencies/checkouts/swift-http-types
/Applications/Xcode-27.0.0-Release.Candidate.app/Contents/Developer/Toolchains/XcodeDefault.xctoolchain/usr/bin/clang -Xlinker -reproducible -target arm64-apple-watchos9.0 -r -isysroot /Applications/Xcode-27.0.0-Release.Candidate.app/Contents/Developer/Platforms/WatchOS.platform/Developer/SDKs/WatchOS27.0.sdk -O0 -w -Xlinker -no_warn_duplicate_libraries -F/Users/admin/builder/spi-builder-workspace/.derivedData/Build/Intermediates.noindex/EagerLinkingTBDs/Debug-watchos -F/Users/admin/builder/spi-builder-workspace/.derivedData/Build/Products/Debug-watchos -iframework /Applications/Xcode-27.0.0-Release.Candidate.app/Contents/Developer/Platforms/WatchOS.platform/Developer/Library/Frameworks -iframework /Applications/Xcode-27.0.0-Release.Candidate.app/Contents/Developer/Platforms/WatchOS.platform/Developer/SDKs/WatchOS27.0.sdk/Developer/Library/Frameworks -filelist /Users/admin/builder/spi-builder-workspace/.derivedData/Build/Intermediates.noindex/swift-http-types.build/Debug-watchos/HTTPTypes-t.build/Objects-normal/arm64/HTTPTypes.LinkFileList -nostdlib -Xlinker -object_path_lto -Xlinker /Users/admin/builder/spi-builder-workspace/.derivedData/Build/Intermediates.noindex/swift-http-types.build/Debug-watchos/HTTPTypes-t.build/Objects-normal/arm64/HTTPTypes_lto.o -Xlinker -no_deduplicate -Xlinker -debug_variant -Xlinker -dependency_info -Xlinker /Users/admin/builder/spi-builder-workspace/.derivedData/Build/Intermediates.noindex/swift-http-types.build/Debug-watchos/HTTPTypes-t.build/Objects-normal/arm64/HTTPTypes_dependency_info.dat -fobjc-link-runtime -L/Applications/Xcode-27.0.0-Release.Candidate.app/Contents/Developer/Toolchains/XcodeDefault.xctoolchain/usr/lib/swift/watchos -L/usr/lib/swift -Xlinker -add_ast_path -Xlinker /Users/admin/builder/spi-builder-workspace/.derivedData/Build/Intermediates.noindex/swift-http-types.build/Debug-watchos/HTTPTypes-t.build/Objects-normal/arm64/HTTPTypes.swiftmodule -o /Users/admin/builder/spi-builder-workspace/.derivedData/Build/Intermediates.noindex/swift-http-types.build/Debug-watchos/HTTPTypes-t.build/Objects-normal/arm64/Binary/HTTPTypes.o
CreateUniversalBinary /Users/admin/builder/spi-builder-workspace/.derivedData/Build/Products/Debug-watchos/HTTPTypes.o normal arm64\ arm64_32 (in target 'HTTPTypes' from project 'swift-http-types')
cd /Users/admin/builder/spi-builder-workspace/.dependencies/checkouts/swift-http-types
/Applications/Xcode-27.0.0-Release.Candidate.app/Contents/Developer/Toolchains/XcodeDefault.xctoolchain/usr/bin/lipo -create /Users/admin/builder/spi-builder-workspace/.derivedData/Build/Intermediates.noindex/swift-http-types.build/Debug-watchos/HTTPTypes-t.build/Objects-normal/arm64/Binary/HTTPTypes.o /Users/admin/builder/spi-builder-workspace/.derivedData/Build/Intermediates.noindex/swift-http-types.build/Debug-watchos/HTTPTypes-t.build/Objects-normal/arm64_32/Binary/HTTPTypes.o -output /Users/admin/builder/spi-builder-workspace/.derivedData/Build/Products/Debug-watchos/HTTPTypes.o
SwiftDriver OpenAPIURLSession normal arm64 com.apple.xcode.tools.swift.compiler (in target 'OpenAPIURLSession' from project 'swift-openapi-urlsession')
cd /Users/admin/builder/spi-builder-workspace/.swiftpm/xcode
builtin-SwiftDriver -- /Applications/Xcode-27.0.0-Release.Candidate.app/Contents/Developer/Toolchains/XcodeDefault.xctoolchain/usr/bin/swiftc -parse-as-library -module-name OpenAPIURLSession -Onone @/Users/admin/builder/spi-builder-workspace/.derivedData/Build/Intermediates.noindex/swift-openapi-urlsession.build/Debug-watchos/OpenAPIURLSession-t.build/Objects-normal/arm64/OpenAPIURLSession.SwiftFileList -DSWIFT_PACKAGE -DDEBUG -DSWIFT_MODULE_RESOURCE_BUNDLE_UNAVAILABLE -DXcode -enable-upcoming-feature ExistentialAny -enable-upcoming-feature MemberImportVisibility -plugin-path /Applications/Xcode-27.0.0-Release.Candidate.app/Contents/Developer/Toolchains/XcodeDefault.xctoolchain/usr/lib/swift/host/plugins/testing -enable-experimental-feature DebugDescriptionMacro -sdk /Applications/Xcode-27.0.0-Release.Candidate.app/Contents/Developer/Platforms/WatchOS.platform/Developer/SDKs/WatchOS27.0.sdk -target arm64-apple-watchos9.0 -g -module-cache-path /Users/admin/builder/spi-builder-workspace/.derivedData/ModuleCache.noindex -Xfrontend -serialize-debugging-options -profile-coverage-mapping -profile-generate -enable-testing -suppress-warnings -index-store-path /Users/admin/builder/spi-builder-workspace/.derivedData/Index.noindex/DataStore -Xcc -D_LIBCPP_HARDENING_MODE\=_LIBCPP_HARDENING_MODE_DEBUG -swift-version 6 -I /Users/admin/builder/spi-builder-workspace/.derivedData/Build/Products/Debug-watchos -Isystem /Applications/Xcode-27.0.0-Release.Candidate.app/Contents/Developer/Platforms/WatchOS.platform/Developer/usr/lib -F /Users/admin/builder/spi-builder-workspace/.derivedData/Build/Products/Debug-watchos/PackageFrameworks -F /Users/admin/builder/spi-builder-workspace/.derivedData/Build/Products/Debug-watchos -F /Applications/Xcode-27.0.0-Release.Candidate.app/Contents/Developer/Platforms/WatchOS.platform/Developer/Library/Frameworks -F /Applications/Xcode-27.0.0-Release.Candidate.app/Contents/Developer/Platforms/WatchOS.platform/Developer/SDKs/WatchOS27.0.sdk/Developer/Library/Frameworks -c -j10 -enable-batch-mode -incremental -Xcc -ivfsstatcache -Xcc /Users/admin/builder/spi-builder-workspace/.derivedData/SDKStatCaches.noindex/watchos27.0-24R360-e829b21a6f8c9b70876ba0858053c04477534ef55a1706bf4c1112bbb242f0a2.sdkstatcache -output-file-map /Users/admin/builder/spi-builder-workspace/.derivedData/Build/Intermediates.noindex/swift-openapi-urlsession.build/Debug-watchos/OpenAPIURLSession-t.build/Objects-normal/arm64/OpenAPIURLSession-OutputFileMap.json -save-temps -no-color-diagnostics -explicit-module-build -module-cache-path /Users/admin/builder/spi-builder-workspace/.derivedData/Build/Intermediates.noindex/SwiftExplicitPrecompiledModules -clang-scanner-module-cache-path /Users/admin/builder/spi-builder-workspace/.derivedData/ModuleCache.noindex -sdk-module-cache-path /Users/admin/builder/spi-builder-workspace/.derivedData/SDKExplicitPrecompiledModules -emit-dependencies -emit-module -emit-module-path /Users/admin/builder/spi-builder-workspace/.derivedData/Build/Intermediates.noindex/swift-openapi-urlsession.build/Debug-watchos/OpenAPIURLSession-t.build/Objects-normal/arm64/OpenAPIURLSession.swiftmodule -serialize-diagnostics -dependency-scan-serialize-diagnostics-path /Users/admin/builder/spi-builder-workspace/.derivedData/Build/Intermediates.noindex/swift-openapi-urlsession.build/Debug-watchos/OpenAPIURLSession-t.build/Objects-normal/arm64/OpenAPIURLSession-dependency-scan.dia -user-module-version 1.3.1 -validate-clang-modules-once -clang-build-session-file /Users/admin/builder/spi-builder-workspace/.derivedData/ModuleCache.noindex/Session.modulevalidation -Xcc -fmodules-prune-interval\=86400 -Xcc -fmodules-prune-after\=345600 -package-name swift_openapi_urlsession -emit-const-values -const-gather-protocols-list /Users/admin/builder/spi-builder-workspace/.derivedData/Build/Intermediates.noindex/swift-openapi-urlsession.build/Debug-watchos/OpenAPIURLSession-t.build/Objects-normal/arm64/OpenAPIURLSession_const_extract_protocols.json -Xcc -I/Users/admin/builder/spi-builder-workspace/.derivedData/Build/Products/Debug-watchos/include -Xcc -I/Users/admin/builder/spi-builder-workspace/.derivedData/Build/Intermediates.noindex/swift-openapi-urlsession.build/Debug-watchos/OpenAPIURLSession-t.build/DerivedSources-normal/arm64 -Xcc -I/Users/admin/builder/spi-builder-workspace/.derivedData/Build/Intermediates.noindex/swift-openapi-urlsession.build/Debug-watchos/OpenAPIURLSession-t.build/DerivedSources/arm64 -Xcc -I/Users/admin/builder/spi-builder-workspace/.derivedData/Build/Intermediates.noindex/swift-openapi-urlsession.build/Debug-watchos/OpenAPIURLSession-t.build/DerivedSources -Xcc -DSWIFT_PACKAGE -Xcc -DDEBUG\=1 -emit-objc-header -emit-objc-header-path /Users/admin/builder/spi-builder-workspace/.derivedData/Build/Intermediates.noindex/swift-openapi-urlsession.build/Debug-watchos/OpenAPIURLSession-t.build/Objects-normal/arm64/OpenAPIURLSession-Swift.h -working-directory /Users/admin/builder/spi-builder-workspace/.swiftpm/xcode -experimental-emit-module-separately -disable-cmo
SwiftDriver OpenAPIURLSession normal arm64_32 com.apple.xcode.tools.swift.compiler (in target 'OpenAPIURLSession' from project 'swift-openapi-urlsession')
cd /Users/admin/builder/spi-builder-workspace/.swiftpm/xcode
builtin-SwiftDriver -- /Applications/Xcode-27.0.0-Release.Candidate.app/Contents/Developer/Toolchains/XcodeDefault.xctoolchain/usr/bin/swiftc -parse-as-library -module-name OpenAPIURLSession -Onone @/Users/admin/builder/spi-builder-workspace/.derivedData/Build/Intermediates.noindex/swift-openapi-urlsession.build/Debug-watchos/OpenAPIURLSession-t.build/Objects-normal/arm64_32/OpenAPIURLSession.SwiftFileList -DSWIFT_PACKAGE -DDEBUG -DSWIFT_MODULE_RESOURCE_BUNDLE_UNAVAILABLE -DXcode -enable-upcoming-feature ExistentialAny -enable-upcoming-feature MemberImportVisibility -plugin-path /Applications/Xcode-27.0.0-Release.Candidate.app/Contents/Developer/Toolchains/XcodeDefault.xctoolchain/usr/lib/swift/host/plugins/testing -enable-experimental-feature DebugDescriptionMacro -sdk /Applications/Xcode-27.0.0-Release.Candidate.app/Contents/Developer/Platforms/WatchOS.platform/Developer/SDKs/WatchOS27.0.sdk -target arm64_32-apple-watchos9.0 -g -module-cache-path /Users/admin/builder/spi-builder-workspace/.derivedData/ModuleCache.noindex -Xfrontend -serialize-debugging-options -profile-coverage-mapping -profile-generate -enable-testing -suppress-warnings -index-store-path /Users/admin/builder/spi-builder-workspace/.derivedData/Index.noindex/DataStore -Xcc -D_LIBCPP_HARDENING_MODE\=_LIBCPP_HARDENING_MODE_DEBUG -swift-version 6 -I /Users/admin/builder/spi-builder-workspace/.derivedData/Build/Products/Debug-watchos -Isystem /Applications/Xcode-27.0.0-Release.Candidate.app/Contents/Developer/Platforms/WatchOS.platform/Developer/usr/lib -F /Users/admin/builder/spi-builder-workspace/.derivedData/Build/Products/Debug-watchos/PackageFrameworks -F /Users/admin/builder/spi-builder-workspace/.derivedData/Build/Products/Debug-watchos -F /Applications/Xcode-27.0.0-Release.Candidate.app/Contents/Developer/Platforms/WatchOS.platform/Developer/Library/Frameworks -F /Applications/Xcode-27.0.0-Release.Candidate.app/Contents/Developer/Platforms/WatchOS.platform/Developer/SDKs/WatchOS27.0.sdk/Developer/Library/Frameworks -c -j10 -enable-batch-mode -incremental -Xcc -ivfsstatcache -Xcc /Users/admin/builder/spi-builder-workspace/.derivedData/SDKStatCaches.noindex/watchos27.0-24R360-e829b21a6f8c9b70876ba0858053c04477534ef55a1706bf4c1112bbb242f0a2.sdkstatcache -output-file-map /Users/admin/builder/spi-builder-workspace/.derivedData/Build/Intermediates.noindex/swift-openapi-urlsession.build/Debug-watchos/OpenAPIURLSession-t.build/Objects-normal/arm64_32/OpenAPIURLSession-OutputFileMap.json -save-temps -no-color-diagnostics -explicit-module-build -module-cache-path /Users/admin/builder/spi-builder-workspace/.derivedData/Build/Intermediates.noindex/SwiftExplicitPrecompiledModules -clang-scanner-module-cache-path /Users/admin/builder/spi-builder-workspace/.derivedData/ModuleCache.noindex -sdk-module-cache-path /Users/admin/builder/spi-builder-workspace/.derivedData/SDKExplicitPrecompiledModules -emit-dependencies -emit-module -emit-module-path /Users/admin/builder/spi-builder-workspace/.derivedData/Build/Intermediates.noindex/swift-openapi-urlsession.build/Debug-watchos/OpenAPIURLSession-t.build/Objects-normal/arm64_32/OpenAPIURLSession.swiftmodule -serialize-diagnostics -dependency-scan-serialize-diagnostics-path /Users/admin/builder/spi-builder-workspace/.derivedData/Build/Intermediates.noindex/swift-openapi-urlsession.build/Debug-watchos/OpenAPIURLSession-t.build/Objects-normal/arm64_32/OpenAPIURLSession-dependency-scan.dia -user-module-version 1.3.1 -validate-clang-modules-once -clang-build-session-file /Users/admin/builder/spi-builder-workspace/.derivedData/ModuleCache.noindex/Session.modulevalidation -Xcc -fmodules-prune-interval\=86400 -Xcc -fmodules-prune-after\=345600 -package-name swift_openapi_urlsession -emit-const-values -const-gather-protocols-list /Users/admin/builder/spi-builder-workspace/.derivedData/Build/Intermediates.noindex/swift-openapi-urlsession.build/Debug-watchos/OpenAPIURLSession-t.build/Objects-normal/arm64_32/OpenAPIURLSession_const_extract_protocols.json -Xcc -I/Users/admin/builder/spi-builder-workspace/.derivedData/Build/Products/Debug-watchos/include -Xcc -I/Users/admin/builder/spi-builder-workspace/.derivedData/Build/Intermediates.noindex/swift-openapi-urlsession.build/Debug-watchos/OpenAPIURLSession-t.build/DerivedSources-normal/arm64_32 -Xcc -I/Users/admin/builder/spi-builder-workspace/.derivedData/Build/Intermediates.noindex/swift-openapi-urlsession.build/Debug-watchos/OpenAPIURLSession-t.build/DerivedSources/arm64_32 -Xcc -I/Users/admin/builder/spi-builder-workspace/.derivedData/Build/Intermediates.noindex/swift-openapi-urlsession.build/Debug-watchos/OpenAPIURLSession-t.build/DerivedSources -Xcc -DSWIFT_PACKAGE -Xcc -DDEBUG\=1 -emit-objc-header -emit-objc-header-path /Users/admin/builder/spi-builder-workspace/.derivedData/Build/Intermediates.noindex/swift-openapi-urlsession.build/Debug-watchos/OpenAPIURLSession-t.build/Objects-normal/arm64_32/OpenAPIURLSession-Swift.h -working-directory /Users/admin/builder/spi-builder-workspace/.swiftpm/xcode -experimental-emit-module-separately -disable-cmo
SwiftDriverJobDiscovery normal arm64_32 Compiling URIEncodedNode.swift, URIParsedTypes.swift, URIDecoder.swift, URIValueFromNodeDecoder+Keyed.swift, URIValueFromNodeDecoder+Single.swift, URIValueFromNodeDecoder+Unkeyed.swift, URIValueFromNodeDecoder.swift (in target 'OpenAPIRuntime' from project 'swift-openapi-runtime')
ExtractAppIntentsMetadata (in target 'HTTPTypes' from project 'swift-http-types')
cd /Users/admin/builder/spi-builder-workspace/.dependencies/checkouts/swift-http-types
/Applications/Xcode-27.0.0-Release.Candidate.app/Contents/Developer/Toolchains/XcodeDefault.xctoolchain/usr/bin/appintentsmetadataprocessor --toolchain-dir /var/run/com.apple.security.cryptexd/mnt/com.apple.MobileAsset.MetalToolchain-v27.1.266.1.yHTskC/Metal.xctoolchain --module-name HTTPTypes --sdk-root /Applications/Xcode-27.0.0-Release.Candidate.app/Contents/Developer/Platforms/WatchOS.platform/Developer/SDKs/WatchOS27.0.sdk --xcode-version 27A266a --platform-family watchOS --deployment-target 9.0 --bundle-identifier swift-http-types.HTTPTypes --output /Users/admin/builder/spi-builder-workspace/.derivedData/Build/Products/Debug-watchos/HTTPTypes.appintents --target-triple arm64-apple-watchos9.0 --target-triple arm64_32-apple-watchos9.0 --binary-file /Users/admin/builder/spi-builder-workspace/.derivedData/Build/Products/Debug-watchos/HTTPTypes.o --dependency-file /Users/admin/builder/spi-builder-workspace/.derivedData/Build/Intermediates.noindex/swift-http-types.build/Debug-watchos/HTTPTypes-t.build/Objects-normal/arm64/HTTPTypes_dependency_info.dat --dependency-file /Users/admin/builder/spi-builder-workspace/.derivedData/Build/Intermediates.noindex/swift-http-types.build/Debug-watchos/HTTPTypes-t.build/Objects-normal/arm64_32/HTTPTypes_dependency_info.dat --stringsdata-file /Users/admin/builder/spi-builder-workspace/.derivedData/Build/Intermediates.noindex/swift-http-types.build/Debug-watchos/HTTPTypes-t.build/Objects-normal/arm64/ExtractedAppShortcutsMetadata.stringsdata --stringsdata-file /Users/admin/builder/spi-builder-workspace/.derivedData/Build/Intermediates.noindex/swift-http-types.build/Debug-watchos/HTTPTypes-t.build/Objects-normal/arm64_32/ExtractedAppShortcutsMetadata.stringsdata --source-file-list /Users/admin/builder/spi-builder-workspace/.derivedData/Build/Intermediates.noindex/swift-http-types.build/Debug-watchos/HTTPTypes-t.build/Objects-normal/arm64/HTTPTypes.SwiftFileList --source-file-list /Users/admin/builder/spi-builder-workspace/.derivedData/Build/Intermediates.noindex/swift-http-types.build/Debug-watchos/HTTPTypes-t.build/Objects-normal/arm64_32/HTTPTypes.SwiftFileList --metadata-file-list /Users/admin/builder/spi-builder-workspace/.derivedData/Build/Intermediates.noindex/swift-http-types.build/Debug-watchos/HTTPTypes-t.build/HTTPTypes.DependencyMetadataFileList --static-metadata-file-list /Users/admin/builder/spi-builder-workspace/.derivedData/Build/Intermediates.noindex/swift-http-types.build/Debug-watchos/HTTPTypes-t.build/HTTPTypes.DependencyStaticMetadataFileList --swift-const-vals-list /Users/admin/builder/spi-builder-workspace/.derivedData/Build/Intermediates.noindex/swift-http-types.build/Debug-watchos/HTTPTypes-t.build/Objects-normal/arm64/HTTPTypes.SwiftConstValuesFileList --swift-const-vals-list /Users/admin/builder/spi-builder-workspace/.derivedData/Build/Intermediates.noindex/swift-http-types.build/Debug-watchos/HTTPTypes-t.build/Objects-normal/arm64_32/HTTPTypes.SwiftConstValuesFileList --force --compile-time-extraction --deployment-aware-processing --no-app-shortcuts-localization
2026-09-23 10:48:51.949 appintentsmetadataprocessor[1024:5940] Starting appintentsmetadataprocessor export
2026-09-23 10:48:52.046 appintentsmetadataprocessor[1024:5940] Extracted no relevant App Intents symbols, skipping writing output
SwiftDriverJobDiscovery normal arm64 Compiling URLExtensions.swift, Deprecated.swift, ClientError.swift, CodingErrors.swift, RuntimeError.swift, ServerError.swift, JSONLinesDecoding.swift (in target 'OpenAPIRuntime' from project 'swift-openapi-runtime')
SwiftDriverJobDiscovery normal arm64 Compiling URIEncoder.swift, URIValueToNodeEncoder+Keyed.swift, URIValueToNodeEncoder+Single.swift, URIValueToNodeEncoder+Unkeyed.swift, URIValueToNodeEncoder.swift, URIParser.swift, URISerializer.swift (in target 'OpenAPIRuntime' from project 'swift-openapi-runtime')
SwiftDriverJobDiscovery normal arm64_32 Compiling UniversalClient.swift, UniversalServer.swift, MultipartBoundaryGenerator.swift, MultipartBytesToFramesSequence.swift, MultipartFramesToBytesSequence.swift, MultipartFramesToRawPartsSequence.swift, MultipartInternalTypes.swift (in target 'OpenAPIRuntime' from project 'swift-openapi-runtime')
SwiftCompile normal arm64 Compiling\ BidirectionalStreamingURLSessionDelegate.swift /Users/admin/builder/spi-builder-workspace/.dependencies/checkouts/swift-openapi-urlsession/Sources/OpenAPIURLSession/URLSessionBidirectionalStreaming/BidirectionalStreamingURLSessionDelegate.swift (in target 'OpenAPIURLSession' from project 'swift-openapi-urlsession')
SwiftCompile normal arm64 /Users/admin/builder/spi-builder-workspace/.dependencies/checkouts/swift-openapi-urlsession/Sources/OpenAPIURLSession/URLSessionBidirectionalStreaming/BidirectionalStreamingURLSessionDelegate.swift (in target 'OpenAPIURLSession' from project 'swift-openapi-urlsession')
cd /Users/admin/builder/spi-builder-workspace/.swiftpm/xcode
builtin-SwiftPerFileCompile BidirectionalStreamingURLSessionDelegate.swift
SwiftEmitModule normal arm64 Emitting\ module\ for\ OpenAPIURLSession (in target 'OpenAPIURLSession' from project 'swift-openapi-urlsession')
SwiftCompile normal arm64 (in target 'OpenAPIURLSession' from project 'swift-openapi-urlsession')
cd /Users/admin/builder/spi-builder-workspace/.swiftpm/xcode
SwiftCompile normal arm64 Compiling\ Lock.swift /Users/admin/builder/spi-builder-workspace/.dependencies/checkouts/swift-openapi-urlsession/Sources/OpenAPIURLSession/BufferedStream/Lock.swift (in target 'OpenAPIURLSession' from project 'swift-openapi-urlsession')
SwiftCompile normal arm64 /Users/admin/builder/spi-builder-workspace/.dependencies/checkouts/swift-openapi-urlsession/Sources/OpenAPIURLSession/BufferedStream/Lock.swift (in target 'OpenAPIURLSession' from project 'swift-openapi-urlsession')
cd /Users/admin/builder/spi-builder-workspace/.swiftpm/xcode
builtin-SwiftPerFileCompile Lock.swift
SwiftCompile normal arm64 Compiling\ URLSessionTransport.swift /Users/admin/builder/spi-builder-workspace/.dependencies/checkouts/swift-openapi-urlsession/Sources/OpenAPIURLSession/URLSessionTransport.swift (in target 'OpenAPIURLSession' from project 'swift-openapi-urlsession')
SwiftCompile normal arm64 /Users/admin/builder/spi-builder-workspace/.dependencies/checkouts/swift-openapi-urlsession/Sources/OpenAPIURLSession/URLSessionTransport.swift (in target 'OpenAPIURLSession' from project 'swift-openapi-urlsession')
cd /Users/admin/builder/spi-builder-workspace/.swiftpm/xcode
builtin-SwiftPerFileCompile URLSessionTransport.swift
SwiftCompile normal arm64 Compiling\ BufferedStream.swift /Users/admin/builder/spi-builder-workspace/.dependencies/checkouts/swift-openapi-urlsession/Sources/OpenAPIURLSession/BufferedStream/BufferedStream.swift (in target 'OpenAPIURLSession' from project 'swift-openapi-urlsession')
SwiftCompile normal arm64 /Users/admin/builder/spi-builder-workspace/.dependencies/checkouts/swift-openapi-urlsession/Sources/OpenAPIURLSession/BufferedStream/BufferedStream.swift (in target 'OpenAPIURLSession' from project 'swift-openapi-urlsession')
cd /Users/admin/builder/spi-builder-workspace/.swiftpm/xcode
builtin-SwiftPerFileCompile BufferedStream.swift
SwiftCompile normal arm64 Compiling\ HTTPBodyOutputStreamBridge.swift /Users/admin/builder/spi-builder-workspace/.dependencies/checkouts/swift-openapi-urlsession/Sources/OpenAPIURLSession/URLSessionBidirectionalStreaming/HTTPBodyOutputStreamBridge.swift (in target 'OpenAPIURLSession' from project 'swift-openapi-urlsession')
SwiftCompile normal arm64 /Users/admin/builder/spi-builder-workspace/.dependencies/checkouts/swift-openapi-urlsession/Sources/OpenAPIURLSession/URLSessionBidirectionalStreaming/HTTPBodyOutputStreamBridge.swift (in target 'OpenAPIURLSession' from project 'swift-openapi-urlsession')
cd /Users/admin/builder/spi-builder-workspace/.swiftpm/xcode
builtin-SwiftPerFileCompile HTTPBodyOutputStreamBridge.swift
SwiftEmitModule normal arm64_32 Emitting\ module\ for\ OpenAPIURLSession (in target 'OpenAPIURLSession' from project 'swift-openapi-urlsession')
SwiftCompile normal arm64_32 (in target 'OpenAPIURLSession' from project 'swift-openapi-urlsession')
cd /Users/admin/builder/spi-builder-workspace/.swiftpm/xcode
SwiftDriverJobDiscovery normal arm64_32 Compiling Acceptable.swift, Base64EncodedData.swift, ByteUtilities.swift, ContentDisposition.swift, CopyOnWriteBox.swift, Lock.swift, OpenAPIMIMEType.swift, OpenAPIValue.swift (in target 'OpenAPIRuntime' from project 'swift-openapi-runtime')
SwiftCompile normal arm64_32 Compiling\ BufferedStream.swift /Users/admin/builder/spi-builder-workspace/.dependencies/checkouts/swift-openapi-urlsession/Sources/OpenAPIURLSession/BufferedStream/BufferedStream.swift (in target 'OpenAPIURLSession' from project 'swift-openapi-urlsession')
SwiftCompile normal arm64_32 /Users/admin/builder/spi-builder-workspace/.dependencies/checkouts/swift-openapi-urlsession/Sources/OpenAPIURLSession/BufferedStream/BufferedStream.swift (in target 'OpenAPIURLSession' from project 'swift-openapi-urlsession')
cd /Users/admin/builder/spi-builder-workspace/.swiftpm/xcode
builtin-SwiftPerFileCompile BufferedStream.swift
SwiftDriverJobDiscovery normal arm64_32 Compiling Converter+Server.swift, Converter.swift, CurrencyExtensions.swift, ErrorExtensions.swift, FoundationExtensions.swift, ParameterStyles.swift, ServerVariable.swift (in target 'OpenAPIRuntime' from project 'swift-openapi-runtime')
SwiftCompile normal arm64_32 Compiling\ Lock.swift /Users/admin/builder/spi-builder-workspace/.dependencies/checkouts/swift-openapi-urlsession/Sources/OpenAPIURLSession/BufferedStream/Lock.swift (in target 'OpenAPIURLSession' from project 'swift-openapi-urlsession')
SwiftCompile normal arm64_32 /Users/admin/builder/spi-builder-workspace/.dependencies/checkouts/swift-openapi-urlsession/Sources/OpenAPIURLSession/BufferedStream/Lock.swift (in target 'OpenAPIURLSession' from project 'swift-openapi-urlsession')
cd /Users/admin/builder/spi-builder-workspace/.swiftpm/xcode
builtin-SwiftPerFileCompile Lock.swift
SwiftDriverJobDiscovery normal arm64 Compiling Converter+Server.swift, Converter.swift, CurrencyExtensions.swift, ErrorExtensions.swift, FoundationExtensions.swift, ParameterStyles.swift, ServerVariable.swift (in target 'OpenAPIRuntime' from project 'swift-openapi-runtime')
SwiftCompile normal arm64_32 Compiling\ URLSessionTransport.swift /Users/admin/builder/spi-builder-workspace/.dependencies/checkouts/swift-openapi-urlsession/Sources/OpenAPIURLSession/URLSessionTransport.swift (in target 'OpenAPIURLSession' from project 'swift-openapi-urlsession')
SwiftCompile normal arm64_32 /Users/admin/builder/spi-builder-workspace/.dependencies/checkouts/swift-openapi-urlsession/Sources/OpenAPIURLSession/URLSessionTransport.swift (in target 'OpenAPIURLSession' from project 'swift-openapi-urlsession')
cd /Users/admin/builder/spi-builder-workspace/.swiftpm/xcode
builtin-SwiftPerFileCompile URLSessionTransport.swift
SwiftDriverJobDiscovery normal arm64 Compiling Lock.swift (in target 'OpenAPIURLSession' from project 'swift-openapi-urlsession')
SwiftCompile normal arm64_32 Compiling\ HTTPBodyOutputStreamBridge.swift /Users/admin/builder/spi-builder-workspace/.dependencies/checkouts/swift-openapi-urlsession/Sources/OpenAPIURLSession/URLSessionBidirectionalStreaming/HTTPBodyOutputStreamBridge.swift (in target 'OpenAPIURLSession' from project 'swift-openapi-urlsession')
SwiftCompile normal arm64_32 /Users/admin/builder/spi-builder-workspace/.dependencies/checkouts/swift-openapi-urlsession/Sources/OpenAPIURLSession/URLSessionBidirectionalStreaming/HTTPBodyOutputStreamBridge.swift (in target 'OpenAPIURLSession' from project 'swift-openapi-urlsession')
cd /Users/admin/builder/spi-builder-workspace/.swiftpm/xcode
builtin-SwiftPerFileCompile HTTPBodyOutputStreamBridge.swift
SwiftDriverJobDiscovery normal arm64 Compiling BidirectionalStreamingURLSessionDelegate.swift (in target 'OpenAPIURLSession' from project 'swift-openapi-urlsession')
SwiftCompile normal arm64_32 Compiling\ URLSession+Extensions.swift /Users/admin/builder/spi-builder-workspace/.dependencies/checkouts/swift-openapi-urlsession/Sources/OpenAPIURLSession/URLSessionBidirectionalStreaming/URLSession+Extensions.swift (in target 'OpenAPIURLSession' from project 'swift-openapi-urlsession')
SwiftCompile normal arm64_32 /Users/admin/builder/spi-builder-workspace/.dependencies/checkouts/swift-openapi-urlsession/Sources/OpenAPIURLSession/URLSessionBidirectionalStreaming/URLSession+Extensions.swift (in target 'OpenAPIURLSession' from project 'swift-openapi-urlsession')
cd /Users/admin/builder/spi-builder-workspace/.swiftpm/xcode
builtin-SwiftPerFileCompile URLSession+Extensions.swift
SwiftDriverJobDiscovery normal arm64_32 Compiling Lock.swift (in target 'OpenAPIURLSession' from project 'swift-openapi-urlsession')
SwiftCompile normal arm64 Compiling\ URLSession+Extensions.swift /Users/admin/builder/spi-builder-workspace/.dependencies/checkouts/swift-openapi-urlsession/Sources/OpenAPIURLSession/URLSessionBidirectionalStreaming/URLSession+Extensions.swift (in target 'OpenAPIURLSession' from project 'swift-openapi-urlsession')
SwiftCompile normal arm64 /Users/admin/builder/spi-builder-workspace/.dependencies/checkouts/swift-openapi-urlsession/Sources/OpenAPIURLSession/URLSessionBidirectionalStreaming/URLSession+Extensions.swift (in target 'OpenAPIURLSession' from project 'swift-openapi-urlsession')
cd /Users/admin/builder/spi-builder-workspace/.swiftpm/xcode
builtin-SwiftPerFileCompile URLSession+Extensions.swift
SwiftDriverJobDiscovery normal arm64 Compiling HTTPBodyOutputStreamBridge.swift (in target 'OpenAPIURLSession' from project 'swift-openapi-urlsession')
SwiftCompile normal arm64_32 Compiling\ BidirectionalStreamingURLSessionDelegate.swift /Users/admin/builder/spi-builder-workspace/.dependencies/checkouts/swift-openapi-urlsession/Sources/OpenAPIURLSession/URLSessionBidirectionalStreaming/BidirectionalStreamingURLSessionDelegate.swift (in target 'OpenAPIURLSession' from project 'swift-openapi-urlsession')
SwiftCompile normal arm64_32 /Users/admin/builder/spi-builder-workspace/.dependencies/checkouts/swift-openapi-urlsession/Sources/OpenAPIURLSession/URLSessionBidirectionalStreaming/BidirectionalStreamingURLSessionDelegate.swift (in target 'OpenAPIURLSession' from project 'swift-openapi-urlsession')
cd /Users/admin/builder/spi-builder-workspace/.swiftpm/xcode
builtin-SwiftPerFileCompile BidirectionalStreamingURLSessionDelegate.swift
SwiftDriverJobDiscovery normal arm64 Emitting module for OpenAPIURLSession (in target 'OpenAPIURLSession' from project 'swift-openapi-urlsession')
SwiftDriver\ Compilation\ Requirements OpenAPIURLSession normal arm64 com.apple.xcode.tools.swift.compiler (in target 'OpenAPIURLSession' from project 'swift-openapi-urlsession')
cd /Users/admin/builder/spi-builder-workspace/.swiftpm/xcode
builtin-Swift-Compilation-Requirements -- /Applications/Xcode-27.0.0-Release.Candidate.app/Contents/Developer/Toolchains/XcodeDefault.xctoolchain/usr/bin/swiftc -parse-as-library -module-name OpenAPIURLSession -Onone @/Users/admin/builder/spi-builder-workspace/.derivedData/Build/Intermediates.noindex/swift-openapi-urlsession.build/Debug-watchos/OpenAPIURLSession-t.build/Objects-normal/arm64/OpenAPIURLSession.SwiftFileList -DSWIFT_PACKAGE -DDEBUG -DSWIFT_MODULE_RESOURCE_BUNDLE_UNAVAILABLE -DXcode -enable-upcoming-feature ExistentialAny -enable-upcoming-feature MemberImportVisibility -plugin-path /Applications/Xcode-27.0.0-Release.Candidate.app/Contents/Developer/Toolchains/XcodeDefault.xctoolchain/usr/lib/swift/host/plugins/testing -enable-experimental-feature DebugDescriptionMacro -sdk /Applications/Xcode-27.0.0-Release.Candidate.app/Contents/Developer/Platforms/WatchOS.platform/Developer/SDKs/WatchOS27.0.sdk -target arm64-apple-watchos9.0 -g -module-cache-path /Users/admin/builder/spi-builder-workspace/.derivedData/ModuleCache.noindex -Xfrontend -serialize-debugging-options -profile-coverage-mapping -profile-generate -enable-testing -suppress-warnings -index-store-path /Users/admin/builder/spi-builder-workspace/.derivedData/Index.noindex/DataStore -Xcc -D_LIBCPP_HARDENING_MODE\=_LIBCPP_HARDENING_MODE_DEBUG -swift-version 6 -I /Users/admin/builder/spi-builder-workspace/.derivedData/Build/Products/Debug-watchos -Isystem /Applications/Xcode-27.0.0-Release.Candidate.app/Contents/Developer/Platforms/WatchOS.platform/Developer/usr/lib -F /Users/admin/builder/spi-builder-workspace/.derivedData/Build/Products/Debug-watchos/PackageFrameworks -F /Users/admin/builder/spi-builder-workspace/.derivedData/Build/Products/Debug-watchos -F /Applications/Xcode-27.0.0-Release.Candidate.app/Contents/Developer/Platforms/WatchOS.platform/Developer/Library/Frameworks -F /Applications/Xcode-27.0.0-Release.Candidate.app/Contents/Developer/Platforms/WatchOS.platform/Developer/SDKs/WatchOS27.0.sdk/Developer/Library/Frameworks -c -j10 -enable-batch-mode -incremental -Xcc -ivfsstatcache -Xcc /Users/admin/builder/spi-builder-workspace/.derivedData/SDKStatCaches.noindex/watchos27.0-24R360-e829b21a6f8c9b70876ba0858053c04477534ef55a1706bf4c1112bbb242f0a2.sdkstatcache -output-file-map /Users/admin/builder/spi-builder-workspace/.derivedData/Build/Intermediates.noindex/swift-openapi-urlsession.build/Debug-watchos/OpenAPIURLSession-t.build/Objects-normal/arm64/OpenAPIURLSession-OutputFileMap.json -save-temps -no-color-diagnostics -explicit-module-build -module-cache-path /Users/admin/builder/spi-builder-workspace/.derivedData/Build/Intermediates.noindex/SwiftExplicitPrecompiledModules -clang-scanner-module-cache-path /Users/admin/builder/spi-builder-workspace/.derivedData/ModuleCache.noindex -sdk-module-cache-path /Users/admin/builder/spi-builder-workspace/.derivedData/SDKExplicitPrecompiledModules -emit-dependencies -emit-module -emit-module-path /Users/admin/builder/spi-builder-workspace/.derivedData/Build/Intermediates.noindex/swift-openapi-urlsession.build/Debug-watchos/OpenAPIURLSession-t.build/Objects-normal/arm64/OpenAPIURLSession.swiftmodule -serialize-diagnostics -dependency-scan-serialize-diagnostics-path /Users/admin/builder/spi-builder-workspace/.derivedData/Build/Intermediates.noindex/swift-openapi-urlsession.build/Debug-watchos/OpenAPIURLSession-t.build/Objects-normal/arm64/OpenAPIURLSession-dependency-scan.dia -user-module-version 1.3.1 -validate-clang-modules-once -clang-build-session-file /Users/admin/builder/spi-builder-workspace/.derivedData/ModuleCache.noindex/Session.modulevalidation -Xcc -fmodules-prune-interval\=86400 -Xcc -fmodules-prune-after\=345600 -package-name swift_openapi_urlsession -emit-const-values -const-gather-protocols-list /Users/admin/builder/spi-builder-workspace/.derivedData/Build/Intermediates.noindex/swift-openapi-urlsession.build/Debug-watchos/OpenAPIURLSession-t.build/Objects-normal/arm64/OpenAPIURLSession_const_extract_protocols.json -Xcc -I/Users/admin/builder/spi-builder-workspace/.derivedData/Build/Products/Debug-watchos/include -Xcc -I/Users/admin/builder/spi-builder-workspace/.derivedData/Build/Intermediates.noindex/swift-openapi-urlsession.build/Debug-watchos/OpenAPIURLSession-t.build/DerivedSources-normal/arm64 -Xcc -I/Users/admin/builder/spi-builder-workspace/.derivedData/Build/Intermediates.noindex/swift-openapi-urlsession.build/Debug-watchos/OpenAPIURLSession-t.build/DerivedSources/arm64 -Xcc -I/Users/admin/builder/spi-builder-workspace/.derivedData/Build/Intermediates.noindex/swift-openapi-urlsession.build/Debug-watchos/OpenAPIURLSession-t.build/DerivedSources -Xcc -DSWIFT_PACKAGE -Xcc -DDEBUG\=1 -emit-objc-header -emit-objc-header-path /Users/admin/builder/spi-builder-workspace/.derivedData/Build/Intermediates.noindex/swift-openapi-urlsession.build/Debug-watchos/OpenAPIURLSession-t.build/Objects-normal/arm64/OpenAPIURLSession-Swift.h -working-directory /Users/admin/builder/spi-builder-workspace/.swiftpm/xcode -experimental-emit-module-separately -disable-cmo
SwiftDriverJobDiscovery normal arm64_32 Emitting module for OpenAPIURLSession (in target 'OpenAPIURLSession' from project 'swift-openapi-urlsession')
SwiftDriver\ Compilation\ Requirements OpenAPIURLSession normal arm64_32 com.apple.xcode.tools.swift.compiler (in target 'OpenAPIURLSession' from project 'swift-openapi-urlsession')
cd /Users/admin/builder/spi-builder-workspace/.swiftpm/xcode
builtin-Swift-Compilation-Requirements -- /Applications/Xcode-27.0.0-Release.Candidate.app/Contents/Developer/Toolchains/XcodeDefault.xctoolchain/usr/bin/swiftc -parse-as-library -module-name OpenAPIURLSession -Onone @/Users/admin/builder/spi-builder-workspace/.derivedData/Build/Intermediates.noindex/swift-openapi-urlsession.build/Debug-watchos/OpenAPIURLSession-t.build/Objects-normal/arm64_32/OpenAPIURLSession.SwiftFileList -DSWIFT_PACKAGE -DDEBUG -DSWIFT_MODULE_RESOURCE_BUNDLE_UNAVAILABLE -DXcode -enable-upcoming-feature ExistentialAny -enable-upcoming-feature MemberImportVisibility -plugin-path /Applications/Xcode-27.0.0-Release.Candidate.app/Contents/Developer/Toolchains/XcodeDefault.xctoolchain/usr/lib/swift/host/plugins/testing -enable-experimental-feature DebugDescriptionMacro -sdk /Applications/Xcode-27.0.0-Release.Candidate.app/Contents/Developer/Platforms/WatchOS.platform/Developer/SDKs/WatchOS27.0.sdk -target arm64_32-apple-watchos9.0 -g -module-cache-path /Users/admin/builder/spi-builder-workspace/.derivedData/ModuleCache.noindex -Xfrontend -serialize-debugging-options -profile-coverage-mapping -profile-generate -enable-testing -suppress-warnings -index-store-path /Users/admin/builder/spi-builder-workspace/.derivedData/Index.noindex/DataStore -Xcc -D_LIBCPP_HARDENING_MODE\=_LIBCPP_HARDENING_MODE_DEBUG -swift-version 6 -I /Users/admin/builder/spi-builder-workspace/.derivedData/Build/Products/Debug-watchos -Isystem /Applications/Xcode-27.0.0-Release.Candidate.app/Contents/Developer/Platforms/WatchOS.platform/Developer/usr/lib -F /Users/admin/builder/spi-builder-workspace/.derivedData/Build/Products/Debug-watchos/PackageFrameworks -F /Users/admin/builder/spi-builder-workspace/.derivedData/Build/Products/Debug-watchos -F /Applications/Xcode-27.0.0-Release.Candidate.app/Contents/Developer/Platforms/WatchOS.platform/Developer/Library/Frameworks -F /Applications/Xcode-27.0.0-Release.Candidate.app/Contents/Developer/Platforms/WatchOS.platform/Developer/SDKs/WatchOS27.0.sdk/Developer/Library/Frameworks -c -j10 -enable-batch-mode -incremental -Xcc -ivfsstatcache -Xcc /Users/admin/builder/spi-builder-workspace/.derivedData/SDKStatCaches.noindex/watchos27.0-24R360-e829b21a6f8c9b70876ba0858053c04477534ef55a1706bf4c1112bbb242f0a2.sdkstatcache -output-file-map /Users/admin/builder/spi-builder-workspace/.derivedData/Build/Intermediates.noindex/swift-openapi-urlsession.build/Debug-watchos/OpenAPIURLSession-t.build/Objects-normal/arm64_32/OpenAPIURLSession-OutputFileMap.json -save-temps -no-color-diagnostics -explicit-module-build -module-cache-path /Users/admin/builder/spi-builder-workspace/.derivedData/Build/Intermediates.noindex/SwiftExplicitPrecompiledModules -clang-scanner-module-cache-path /Users/admin/builder/spi-builder-workspace/.derivedData/ModuleCache.noindex -sdk-module-cache-path /Users/admin/builder/spi-builder-workspace/.derivedData/SDKExplicitPrecompiledModules -emit-dependencies -emit-module -emit-module-path /Users/admin/builder/spi-builder-workspace/.derivedData/Build/Intermediates.noindex/swift-openapi-urlsession.build/Debug-watchos/OpenAPIURLSession-t.build/Objects-normal/arm64_32/OpenAPIURLSession.swiftmodule -serialize-diagnostics -dependency-scan-serialize-diagnostics-path /Users/admin/builder/spi-builder-workspace/.derivedData/Build/Intermediates.noindex/swift-openapi-urlsession.build/Debug-watchos/OpenAPIURLSession-t.build/Objects-normal/arm64_32/OpenAPIURLSession-dependency-scan.dia -user-module-version 1.3.1 -validate-clang-modules-once -clang-build-session-file /Users/admin/builder/spi-builder-workspace/.derivedData/ModuleCache.noindex/Session.modulevalidation -Xcc -fmodules-prune-interval\=86400 -Xcc -fmodules-prune-after\=345600 -package-name swift_openapi_urlsession -emit-const-values -const-gather-protocols-list /Users/admin/builder/spi-builder-workspace/.derivedData/Build/Intermediates.noindex/swift-openapi-urlsession.build/Debug-watchos/OpenAPIURLSession-t.build/Objects-normal/arm64_32/OpenAPIURLSession_const_extract_protocols.json -Xcc -I/Users/admin/builder/spi-builder-workspace/.derivedData/Build/Products/Debug-watchos/include -Xcc -I/Users/admin/builder/spi-builder-workspace/.derivedData/Build/Intermediates.noindex/swift-openapi-urlsession.build/Debug-watchos/OpenAPIURLSession-t.build/DerivedSources-normal/arm64_32 -Xcc -I/Users/admin/builder/spi-builder-workspace/.derivedData/Build/Intermediates.noindex/swift-openapi-urlsession.build/Debug-watchos/OpenAPIURLSession-t.build/DerivedSources/arm64_32 -Xcc -I/Users/admin/builder/spi-builder-workspace/.derivedData/Build/Intermediates.noindex/swift-openapi-urlsession.build/Debug-watchos/OpenAPIURLSession-t.build/DerivedSources -Xcc -DSWIFT_PACKAGE -Xcc -DDEBUG\=1 -emit-objc-header -emit-objc-header-path /Users/admin/builder/spi-builder-workspace/.derivedData/Build/Intermediates.noindex/swift-openapi-urlsession.build/Debug-watchos/OpenAPIURLSession-t.build/Objects-normal/arm64_32/OpenAPIURLSession-Swift.h -working-directory /Users/admin/builder/spi-builder-workspace/.swiftpm/xcode -experimental-emit-module-separately -disable-cmo
Copy /Users/admin/builder/spi-builder-workspace/.derivedData/Build/Products/Debug-watchos/OpenAPIURLSession.swiftmodule/arm64-apple-watchos.swiftmodule /Users/admin/builder/spi-builder-workspace/.derivedData/Build/Intermediates.noindex/swift-openapi-urlsession.build/Debug-watchos/OpenAPIURLSession-t.build/Objects-normal/arm64/OpenAPIURLSession.swiftmodule (in target 'OpenAPIURLSession' from project 'swift-openapi-urlsession')
cd /Users/admin/builder/spi-builder-workspace/.dependencies/checkouts/swift-openapi-urlsession
builtin-copy -exclude .DS_Store -exclude CVS -exclude .svn -exclude .git -exclude .hg -resolve-src-symlinks -rename /Users/admin/builder/spi-builder-workspace/.derivedData/Build/Intermediates.noindex/swift-openapi-urlsession.build/Debug-watchos/OpenAPIURLSession-t.build/Objects-normal/arm64/OpenAPIURLSession.swiftmodule /Users/admin/builder/spi-builder-workspace/.derivedData/Build/Products/Debug-watchos/OpenAPIURLSession.swiftmodule/arm64-apple-watchos.swiftmodule
SwiftMergeGeneratedHeaders /Users/admin/builder/spi-builder-workspace/.derivedData/Build/Intermediates.noindex/GeneratedModuleMaps-watchos/OpenAPIURLSession-Swift.h /Users/admin/builder/spi-builder-workspace/.derivedData/Build/Intermediates.noindex/swift-openapi-urlsession.build/Debug-watchos/OpenAPIURLSession-t.build/Objects-normal/arm64/OpenAPIURLSession-Swift.h /Users/admin/builder/spi-builder-workspace/.derivedData/Build/Intermediates.noindex/swift-openapi-urlsession.build/Debug-watchos/OpenAPIURLSession-t.build/Objects-normal/arm64_32/OpenAPIURLSession-Swift.h (in target 'OpenAPIURLSession' from project 'swift-openapi-urlsession')
cd /Users/admin/builder/spi-builder-workspace/.dependencies/checkouts/swift-openapi-urlsession
builtin-swiftHeaderTool -arch arm64 /Users/admin/builder/spi-builder-workspace/.derivedData/Build/Intermediates.noindex/swift-openapi-urlsession.build/Debug-watchos/OpenAPIURLSession-t.build/Objects-normal/arm64/OpenAPIURLSession-Swift.h -arch arm64_32 /Users/admin/builder/spi-builder-workspace/.derivedData/Build/Intermediates.noindex/swift-openapi-urlsession.build/Debug-watchos/OpenAPIURLSession-t.build/Objects-normal/arm64_32/OpenAPIURLSession-Swift.h -o /Users/admin/builder/spi-builder-workspace/.derivedData/Build/Intermediates.noindex/GeneratedModuleMaps-watchos/OpenAPIURLSession-Swift.h
Copy /Users/admin/builder/spi-builder-workspace/.derivedData/Build/Products/Debug-watchos/OpenAPIURLSession.swiftmodule/arm64_32-apple-watchos.swiftmodule /Users/admin/builder/spi-builder-workspace/.derivedData/Build/Intermediates.noindex/swift-openapi-urlsession.build/Debug-watchos/OpenAPIURLSession-t.build/Objects-normal/arm64_32/OpenAPIURLSession.swiftmodule (in target 'OpenAPIURLSession' from project 'swift-openapi-urlsession')
cd /Users/admin/builder/spi-builder-workspace/.dependencies/checkouts/swift-openapi-urlsession
builtin-copy -exclude .DS_Store -exclude CVS -exclude .svn -exclude .git -exclude .hg -resolve-src-symlinks -rename /Users/admin/builder/spi-builder-workspace/.derivedData/Build/Intermediates.noindex/swift-openapi-urlsession.build/Debug-watchos/OpenAPIURLSession-t.build/Objects-normal/arm64_32/OpenAPIURLSession.swiftmodule /Users/admin/builder/spi-builder-workspace/.derivedData/Build/Products/Debug-watchos/OpenAPIURLSession.swiftmodule/arm64_32-apple-watchos.swiftmodule
Copy /Users/admin/builder/spi-builder-workspace/.derivedData/Build/Products/Debug-watchos/OpenAPIURLSession.swiftmodule/arm64_32-apple-watchos.swiftdoc /Users/admin/builder/spi-builder-workspace/.derivedData/Build/Intermediates.noindex/swift-openapi-urlsession.build/Debug-watchos/OpenAPIURLSession-t.build/Objects-normal/arm64_32/OpenAPIURLSession.swiftdoc (in target 'OpenAPIURLSession' from project 'swift-openapi-urlsession')
cd /Users/admin/builder/spi-builder-workspace/.dependencies/checkouts/swift-openapi-urlsession
builtin-copy -exclude .DS_Store -exclude CVS -exclude .svn -exclude .git -exclude .hg -resolve-src-symlinks -rename /Users/admin/builder/spi-builder-workspace/.derivedData/Build/Intermediates.noindex/swift-openapi-urlsession.build/Debug-watchos/OpenAPIURLSession-t.build/Objects-normal/arm64_32/OpenAPIURLSession.swiftdoc /Users/admin/builder/spi-builder-workspace/.derivedData/Build/Products/Debug-watchos/OpenAPIURLSession.swiftmodule/arm64_32-apple-watchos.swiftdoc
Copy /Users/admin/builder/spi-builder-workspace/.derivedData/Build/Products/Debug-watchos/OpenAPIURLSession.swiftmodule/arm64_32-apple-watchos.abi.json /Users/admin/builder/spi-builder-workspace/.derivedData/Build/Intermediates.noindex/swift-openapi-urlsession.build/Debug-watchos/OpenAPIURLSession-t.build/Objects-normal/arm64_32/OpenAPIURLSession.abi.json (in target 'OpenAPIURLSession' from project 'swift-openapi-urlsession')
cd /Users/admin/builder/spi-builder-workspace/.dependencies/checkouts/swift-openapi-urlsession
builtin-copy -exclude .DS_Store -exclude CVS -exclude .svn -exclude .git -exclude .hg -resolve-src-symlinks -rename /Users/admin/builder/spi-builder-workspace/.derivedData/Build/Intermediates.noindex/swift-openapi-urlsession.build/Debug-watchos/OpenAPIURLSession-t.build/Objects-normal/arm64_32/OpenAPIURLSession.abi.json /Users/admin/builder/spi-builder-workspace/.derivedData/Build/Products/Debug-watchos/OpenAPIURLSession.swiftmodule/arm64_32-apple-watchos.abi.json
Copy /Users/admin/builder/spi-builder-workspace/.derivedData/Build/Products/Debug-watchos/OpenAPIURLSession.swiftmodule/arm64-apple-watchos.swiftdoc /Users/admin/builder/spi-builder-workspace/.derivedData/Build/Intermediates.noindex/swift-openapi-urlsession.build/Debug-watchos/OpenAPIURLSession-t.build/Objects-normal/arm64/OpenAPIURLSession.swiftdoc (in target 'OpenAPIURLSession' from project 'swift-openapi-urlsession')
cd /Users/admin/builder/spi-builder-workspace/.dependencies/checkouts/swift-openapi-urlsession
builtin-copy -exclude .DS_Store -exclude CVS -exclude .svn -exclude .git -exclude .hg -resolve-src-symlinks -rename /Users/admin/builder/spi-builder-workspace/.derivedData/Build/Intermediates.noindex/swift-openapi-urlsession.build/Debug-watchos/OpenAPIURLSession-t.build/Objects-normal/arm64/OpenAPIURLSession.swiftdoc /Users/admin/builder/spi-builder-workspace/.derivedData/Build/Products/Debug-watchos/OpenAPIURLSession.swiftmodule/arm64-apple-watchos.swiftdoc
Copy /Users/admin/builder/spi-builder-workspace/.derivedData/Build/Products/Debug-watchos/OpenAPIURLSession.swiftmodule/arm64-apple-watchos.abi.json /Users/admin/builder/spi-builder-workspace/.derivedData/Build/Intermediates.noindex/swift-openapi-urlsession.build/Debug-watchos/OpenAPIURLSession-t.build/Objects-normal/arm64/OpenAPIURLSession.abi.json (in target 'OpenAPIURLSession' from project 'swift-openapi-urlsession')
cd /Users/admin/builder/spi-builder-workspace/.dependencies/checkouts/swift-openapi-urlsession
builtin-copy -exclude .DS_Store -exclude CVS -exclude .svn -exclude .git -exclude .hg -resolve-src-symlinks -rename /Users/admin/builder/spi-builder-workspace/.derivedData/Build/Intermediates.noindex/swift-openapi-urlsession.build/Debug-watchos/OpenAPIURLSession-t.build/Objects-normal/arm64/OpenAPIURLSession.abi.json /Users/admin/builder/spi-builder-workspace/.derivedData/Build/Products/Debug-watchos/OpenAPIURLSession.swiftmodule/arm64-apple-watchos.abi.json
Copy /Users/admin/builder/spi-builder-workspace/.derivedData/Build/Products/Debug-watchos/OpenAPIURLSession.swiftmodule/Project/arm64_32-apple-watchos.swiftsourceinfo /Users/admin/builder/spi-builder-workspace/.derivedData/Build/Intermediates.noindex/swift-openapi-urlsession.build/Debug-watchos/OpenAPIURLSession-t.build/Objects-normal/arm64_32/OpenAPIURLSession.swiftsourceinfo (in target 'OpenAPIURLSession' from project 'swift-openapi-urlsession')
cd /Users/admin/builder/spi-builder-workspace/.dependencies/checkouts/swift-openapi-urlsession
builtin-copy -exclude .DS_Store -exclude CVS -exclude .svn -exclude .git -exclude .hg -resolve-src-symlinks -rename /Users/admin/builder/spi-builder-workspace/.derivedData/Build/Intermediates.noindex/swift-openapi-urlsession.build/Debug-watchos/OpenAPIURLSession-t.build/Objects-normal/arm64_32/OpenAPIURLSession.swiftsourceinfo /Users/admin/builder/spi-builder-workspace/.derivedData/Build/Products/Debug-watchos/OpenAPIURLSession.swiftmodule/Project/arm64_32-apple-watchos.swiftsourceinfo
Copy /Users/admin/builder/spi-builder-workspace/.derivedData/Build/Products/Debug-watchos/OpenAPIURLSession.swiftmodule/Project/arm64-apple-watchos.swiftsourceinfo /Users/admin/builder/spi-builder-workspace/.derivedData/Build/Intermediates.noindex/swift-openapi-urlsession.build/Debug-watchos/OpenAPIURLSession-t.build/Objects-normal/arm64/OpenAPIURLSession.swiftsourceinfo (in target 'OpenAPIURLSession' from project 'swift-openapi-urlsession')
cd /Users/admin/builder/spi-builder-workspace/.dependencies/checkouts/swift-openapi-urlsession
builtin-copy -exclude .DS_Store -exclude CVS -exclude .svn -exclude .git -exclude .hg -resolve-src-symlinks -rename /Users/admin/builder/spi-builder-workspace/.derivedData/Build/Intermediates.noindex/swift-openapi-urlsession.build/Debug-watchos/OpenAPIURLSession-t.build/Objects-normal/arm64/OpenAPIURLSession.swiftsourceinfo /Users/admin/builder/spi-builder-workspace/.derivedData/Build/Products/Debug-watchos/OpenAPIURLSession.swiftmodule/Project/arm64-apple-watchos.swiftsourceinfo
SwiftDriver\ Compilation OpenAPIRuntime normal arm64 com.apple.xcode.tools.swift.compiler (in target 'OpenAPIRuntime' from project 'swift-openapi-runtime')
cd /Users/admin/builder/spi-builder-workspace/.swiftpm/xcode
builtin-Swift-Compilation -- /Applications/Xcode-27.0.0-Release.Candidate.app/Contents/Developer/Toolchains/XcodeDefault.xctoolchain/usr/bin/swiftc -parse-as-library -module-name OpenAPIRuntime -Onone @/Users/admin/builder/spi-builder-workspace/.derivedData/Build/Intermediates.noindex/swift-openapi-runtime.build/Debug-watchos/OpenAPIRuntime-t.build/Objects-normal/arm64/OpenAPIRuntime.SwiftFileList -DSWIFT_PACKAGE -DDEBUG -DSWIFT_MODULE_RESOURCE_BUNDLE_UNAVAILABLE -DFullFoundation -DXcode -enable-upcoming-feature ExistentialAny -enable-upcoming-feature MemberImportVisibility -enable-upcoming-feature InternalImportsByDefault -plugin-path /Applications/Xcode-27.0.0-Release.Candidate.app/Contents/Developer/Toolchains/XcodeDefault.xctoolchain/usr/lib/swift/host/plugins/testing -enable-experimental-feature DebugDescriptionMacro -sdk /Applications/Xcode-27.0.0-Release.Candidate.app/Contents/Developer/Platforms/WatchOS.platform/Developer/SDKs/WatchOS27.0.sdk -target arm64-apple-watchos9.0 -g -module-cache-path /Users/admin/builder/spi-builder-workspace/.derivedData/ModuleCache.noindex -Xfrontend -serialize-debugging-options -profile-coverage-mapping -profile-generate -enable-testing -suppress-warnings -index-store-path /Users/admin/builder/spi-builder-workspace/.derivedData/Index.noindex/DataStore -Xcc -D_LIBCPP_HARDENING_MODE\=_LIBCPP_HARDENING_MODE_DEBUG -swift-version 6 -I /Users/admin/builder/spi-builder-workspace/.derivedData/Build/Products/Debug-watchos -Isystem /Applications/Xcode-27.0.0-Release.Candidate.app/Contents/Developer/Platforms/WatchOS.platform/Developer/usr/lib -F /Users/admin/builder/spi-builder-workspace/.derivedData/Build/Products/Debug-watchos/PackageFrameworks -F /Users/admin/builder/spi-builder-workspace/.derivedData/Build/Products/Debug-watchos -F /Applications/Xcode-27.0.0-Release.Candidate.app/Contents/Developer/Platforms/WatchOS.platform/Developer/Library/Frameworks -F /Applications/Xcode-27.0.0-Release.Candidate.app/Contents/Developer/Platforms/WatchOS.platform/Developer/SDKs/WatchOS27.0.sdk/Developer/Library/Frameworks -c -j10 -enable-batch-mode -incremental -Xcc -ivfsstatcache -Xcc /Users/admin/builder/spi-builder-workspace/.derivedData/SDKStatCaches.noindex/watchos27.0-24R360-e829b21a6f8c9b70876ba0858053c04477534ef55a1706bf4c1112bbb242f0a2.sdkstatcache -output-file-map /Users/admin/builder/spi-builder-workspace/.derivedData/Build/Intermediates.noindex/swift-openapi-runtime.build/Debug-watchos/OpenAPIRuntime-t.build/Objects-normal/arm64/OpenAPIRuntime-OutputFileMap.json -save-temps -no-color-diagnostics -explicit-module-build -module-cache-path /Users/admin/builder/spi-builder-workspace/.derivedData/Build/Intermediates.noindex/SwiftExplicitPrecompiledModules -clang-scanner-module-cache-path /Users/admin/builder/spi-builder-workspace/.derivedData/ModuleCache.noindex -sdk-module-cache-path /Users/admin/builder/spi-builder-workspace/.derivedData/SDKExplicitPrecompiledModules -emit-dependencies -emit-module -emit-module-path /Users/admin/builder/spi-builder-workspace/.derivedData/Build/Intermediates.noindex/swift-openapi-runtime.build/Debug-watchos/OpenAPIRuntime-t.build/Objects-normal/arm64/OpenAPIRuntime.swiftmodule -serialize-diagnostics -dependency-scan-serialize-diagnostics-path /Users/admin/builder/spi-builder-workspace/.derivedData/Build/Intermediates.noindex/swift-openapi-runtime.build/Debug-watchos/OpenAPIRuntime-t.build/Objects-normal/arm64/OpenAPIRuntime-dependency-scan.dia -user-module-version 1.12.1 -validate-clang-modules-once -clang-build-session-file /Users/admin/builder/spi-builder-workspace/.derivedData/ModuleCache.noindex/Session.modulevalidation -Xcc -fmodules-prune-interval\=86400 -Xcc -fmodules-prune-after\=345600 -package-name swift_openapi_runtime -emit-const-values -const-gather-protocols-list /Users/admin/builder/spi-builder-workspace/.derivedData/Build/Intermediates.noindex/swift-openapi-runtime.build/Debug-watchos/OpenAPIRuntime-t.build/Objects-normal/arm64/OpenAPIRuntime_const_extract_protocols.json -Xcc -I/Users/admin/builder/spi-builder-workspace/.derivedData/Build/Products/Debug-watchos/include -Xcc -I/Users/admin/builder/spi-builder-workspace/.derivedData/Build/Intermediates.noindex/swift-openapi-runtime.build/Debug-watchos/OpenAPIRuntime-t.build/DerivedSources-normal/arm64 -Xcc -I/Users/admin/builder/spi-builder-workspace/.derivedData/Build/Intermediates.noindex/swift-openapi-runtime.build/Debug-watchos/OpenAPIRuntime-t.build/DerivedSources/arm64 -Xcc -I/Users/admin/builder/spi-builder-workspace/.derivedData/Build/Intermediates.noindex/swift-openapi-runtime.build/Debug-watchos/OpenAPIRuntime-t.build/DerivedSources -Xcc -DSWIFT_PACKAGE -Xcc -DDEBUG\=1 -emit-objc-header -emit-objc-header-path /Users/admin/builder/spi-builder-workspace/.derivedData/Build/Intermediates.noindex/swift-openapi-runtime.build/Debug-watchos/OpenAPIRuntime-t.build/Objects-normal/arm64/OpenAPIRuntime-Swift.h -working-directory /Users/admin/builder/spi-builder-workspace/.swiftpm/xcode -experimental-emit-module-separately -disable-cmo
Ld /Users/admin/builder/spi-builder-workspace/.derivedData/Build/Intermediates.noindex/swift-openapi-runtime.build/Debug-watchos/OpenAPIRuntime-t.build/Objects-normal/arm64/Binary/OpenAPIRuntime.o normal arm64 (in target 'OpenAPIRuntime' from project 'swift-openapi-runtime')
cd /Users/admin/builder/spi-builder-workspace/.dependencies/checkouts/swift-openapi-runtime
/Applications/Xcode-27.0.0-Release.Candidate.app/Contents/Developer/Toolchains/XcodeDefault.xctoolchain/usr/bin/clang -Xlinker -reproducible -target arm64-apple-watchos9.0 -r -isysroot /Applications/Xcode-27.0.0-Release.Candidate.app/Contents/Developer/Platforms/WatchOS.platform/Developer/SDKs/WatchOS27.0.sdk -O0 -w -Xlinker -no_warn_duplicate_libraries -F/Users/admin/builder/spi-builder-workspace/.derivedData/Build/Intermediates.noindex/EagerLinkingTBDs/Debug-watchos -F/Users/admin/builder/spi-builder-workspace/.derivedData/Build/Products/Debug-watchos/PackageFrameworks -F/Users/admin/builder/spi-builder-workspace/.derivedData/Build/Products/Debug-watchos -iframework /Applications/Xcode-27.0.0-Release.Candidate.app/Contents/Developer/Platforms/WatchOS.platform/Developer/Library/Frameworks -iframework /Applications/Xcode-27.0.0-Release.Candidate.app/Contents/Developer/Platforms/WatchOS.platform/Developer/SDKs/WatchOS27.0.sdk/Developer/Library/Frameworks -filelist /Users/admin/builder/spi-builder-workspace/.derivedData/Build/Intermediates.noindex/swift-openapi-runtime.build/Debug-watchos/OpenAPIRuntime-t.build/Objects-normal/arm64/OpenAPIRuntime.LinkFileList -nostdlib -Xlinker -object_path_lto -Xlinker /Users/admin/builder/spi-builder-workspace/.derivedData/Build/Intermediates.noindex/swift-openapi-runtime.build/Debug-watchos/OpenAPIRuntime-t.build/Objects-normal/arm64/OpenAPIRuntime_lto.o -Xlinker -no_deduplicate -Xlinker -debug_variant -Xlinker -dependency_info -Xlinker /Users/admin/builder/spi-builder-workspace/.derivedData/Build/Intermediates.noindex/swift-openapi-runtime.build/Debug-watchos/OpenAPIRuntime-t.build/Objects-normal/arm64/OpenAPIRuntime_dependency_info.dat -fobjc-link-runtime -L/Applications/Xcode-27.0.0-Release.Candidate.app/Contents/Developer/Toolchains/XcodeDefault.xctoolchain/usr/lib/swift/watchos -L/usr/lib/swift -Xlinker -add_ast_path -Xlinker /Users/admin/builder/spi-builder-workspace/.derivedData/Build/Intermediates.noindex/swift-openapi-runtime.build/Debug-watchos/OpenAPIRuntime-t.build/Objects-normal/arm64/OpenAPIRuntime.swiftmodule -o /Users/admin/builder/spi-builder-workspace/.derivedData/Build/Intermediates.noindex/swift-openapi-runtime.build/Debug-watchos/OpenAPIRuntime-t.build/Objects-normal/arm64/Binary/OpenAPIRuntime.o
SwiftDriverJobDiscovery normal arm64 Compiling URLSessionTransport.swift (in target 'OpenAPIURLSession' from project 'swift-openapi-urlsession')
SwiftDriverJobDiscovery normal arm64_32 Compiling JSONLinesEncoding.swift, JSONSequenceDecoding.swift, JSONSequenceEncoding.swift, ServerSentEvents.swift, ServerSentEventsDecoding.swift, ServerSentEventsEncoding.swift, AsyncSequenceCommon.swift (in target 'OpenAPIRuntime' from project 'swift-openapi-runtime')
SwiftDriver\ Compilation OpenAPIRuntime normal arm64_32 com.apple.xcode.tools.swift.compiler (in target 'OpenAPIRuntime' from project 'swift-openapi-runtime')
cd /Users/admin/builder/spi-builder-workspace/.swiftpm/xcode
builtin-Swift-Compilation -- /Applications/Xcode-27.0.0-Release.Candidate.app/Contents/Developer/Toolchains/XcodeDefault.xctoolchain/usr/bin/swiftc -parse-as-library -module-name OpenAPIRuntime -Onone @/Users/admin/builder/spi-builder-workspace/.derivedData/Build/Intermediates.noindex/swift-openapi-runtime.build/Debug-watchos/OpenAPIRuntime-t.build/Objects-normal/arm64_32/OpenAPIRuntime.SwiftFileList -DSWIFT_PACKAGE -DDEBUG -DSWIFT_MODULE_RESOURCE_BUNDLE_UNAVAILABLE -DFullFoundation -DXcode -enable-upcoming-feature ExistentialAny -enable-upcoming-feature MemberImportVisibility -enable-upcoming-feature InternalImportsByDefault -plugin-path /Applications/Xcode-27.0.0-Release.Candidate.app/Contents/Developer/Toolchains/XcodeDefault.xctoolchain/usr/lib/swift/host/plugins/testing -enable-experimental-feature DebugDescriptionMacro -sdk /Applications/Xcode-27.0.0-Release.Candidate.app/Contents/Developer/Platforms/WatchOS.platform/Developer/SDKs/WatchOS27.0.sdk -target arm64_32-apple-watchos9.0 -g -module-cache-path /Users/admin/builder/spi-builder-workspace/.derivedData/ModuleCache.noindex -Xfrontend -serialize-debugging-options -profile-coverage-mapping -profile-generate -enable-testing -suppress-warnings -index-store-path /Users/admin/builder/spi-builder-workspace/.derivedData/Index.noindex/DataStore -Xcc -D_LIBCPP_HARDENING_MODE\=_LIBCPP_HARDENING_MODE_DEBUG -swift-version 6 -I /Users/admin/builder/spi-builder-workspace/.derivedData/Build/Products/Debug-watchos -Isystem /Applications/Xcode-27.0.0-Release.Candidate.app/Contents/Developer/Platforms/WatchOS.platform/Developer/usr/lib -F /Users/admin/builder/spi-builder-workspace/.derivedData/Build/Products/Debug-watchos/PackageFrameworks -F /Users/admin/builder/spi-builder-workspace/.derivedData/Build/Products/Debug-watchos -F /Applications/Xcode-27.0.0-Release.Candidate.app/Contents/Developer/Platforms/WatchOS.platform/Developer/Library/Frameworks -F /Applications/Xcode-27.0.0-Release.Candidate.app/Contents/Developer/Platforms/WatchOS.platform/Developer/SDKs/WatchOS27.0.sdk/Developer/Library/Frameworks -c -j10 -enable-batch-mode -incremental -Xcc -ivfsstatcache -Xcc /Users/admin/builder/spi-builder-workspace/.derivedData/SDKStatCaches.noindex/watchos27.0-24R360-e829b21a6f8c9b70876ba0858053c04477534ef55a1706bf4c1112bbb242f0a2.sdkstatcache -output-file-map /Users/admin/builder/spi-builder-workspace/.derivedData/Build/Intermediates.noindex/swift-openapi-runtime.build/Debug-watchos/OpenAPIRuntime-t.build/Objects-normal/arm64_32/OpenAPIRuntime-OutputFileMap.json -save-temps -no-color-diagnostics -explicit-module-build -module-cache-path /Users/admin/builder/spi-builder-workspace/.derivedData/Build/Intermediates.noindex/SwiftExplicitPrecompiledModules -clang-scanner-module-cache-path /Users/admin/builder/spi-builder-workspace/.derivedData/ModuleCache.noindex -sdk-module-cache-path /Users/admin/builder/spi-builder-workspace/.derivedData/SDKExplicitPrecompiledModules -emit-dependencies -emit-module -emit-module-path /Users/admin/builder/spi-builder-workspace/.derivedData/Build/Intermediates.noindex/swift-openapi-runtime.build/Debug-watchos/OpenAPIRuntime-t.build/Objects-normal/arm64_32/OpenAPIRuntime.swiftmodule -serialize-diagnostics -dependency-scan-serialize-diagnostics-path /Users/admin/builder/spi-builder-workspace/.derivedData/Build/Intermediates.noindex/swift-openapi-runtime.build/Debug-watchos/OpenAPIRuntime-t.build/Objects-normal/arm64_32/OpenAPIRuntime-dependency-scan.dia -user-module-version 1.12.1 -validate-clang-modules-once -clang-build-session-file /Users/admin/builder/spi-builder-workspace/.derivedData/ModuleCache.noindex/Session.modulevalidation -Xcc -fmodules-prune-interval\=86400 -Xcc -fmodules-prune-after\=345600 -package-name swift_openapi_runtime -emit-const-values -const-gather-protocols-list /Users/admin/builder/spi-builder-workspace/.derivedData/Build/Intermediates.noindex/swift-openapi-runtime.build/Debug-watchos/OpenAPIRuntime-t.build/Objects-normal/arm64_32/OpenAPIRuntime_const_extract_protocols.json -Xcc -I/Users/admin/builder/spi-builder-workspace/.derivedData/Build/Products/Debug-watchos/include -Xcc -I/Users/admin/builder/spi-builder-workspace/.derivedData/Build/Intermediates.noindex/swift-openapi-runtime.build/Debug-watchos/OpenAPIRuntime-t.build/DerivedSources-normal/arm64_32 -Xcc -I/Users/admin/builder/spi-builder-workspace/.derivedData/Build/Intermediates.noindex/swift-openapi-runtime.build/Debug-watchos/OpenAPIRuntime-t.build/DerivedSources/arm64_32 -Xcc -I/Users/admin/builder/spi-builder-workspace/.derivedData/Build/Intermediates.noindex/swift-openapi-runtime.build/Debug-watchos/OpenAPIRuntime-t.build/DerivedSources -Xcc -DSWIFT_PACKAGE -Xcc -DDEBUG\=1 -emit-objc-header -emit-objc-header-path /Users/admin/builder/spi-builder-workspace/.derivedData/Build/Intermediates.noindex/swift-openapi-runtime.build/Debug-watchos/OpenAPIRuntime-t.build/Objects-normal/arm64_32/OpenAPIRuntime-Swift.h -working-directory /Users/admin/builder/spi-builder-workspace/.swiftpm/xcode -experimental-emit-module-separately -disable-cmo
Ld /Users/admin/builder/spi-builder-workspace/.derivedData/Build/Intermediates.noindex/swift-openapi-runtime.build/Debug-watchos/OpenAPIRuntime-t.build/Objects-normal/arm64_32/Binary/OpenAPIRuntime.o normal arm64_32 (in target 'OpenAPIRuntime' from project 'swift-openapi-runtime')
cd /Users/admin/builder/spi-builder-workspace/.dependencies/checkouts/swift-openapi-runtime
/Applications/Xcode-27.0.0-Release.Candidate.app/Contents/Developer/Toolchains/XcodeDefault.xctoolchain/usr/bin/clang -Xlinker -reproducible -target arm64_32-apple-watchos9.0 -r -isysroot /Applications/Xcode-27.0.0-Release.Candidate.app/Contents/Developer/Platforms/WatchOS.platform/Developer/SDKs/WatchOS27.0.sdk -O0 -w -Xlinker -no_warn_duplicate_libraries -F/Users/admin/builder/spi-builder-workspace/.derivedData/Build/Intermediates.noindex/EagerLinkingTBDs/Debug-watchos -F/Users/admin/builder/spi-builder-workspace/.derivedData/Build/Products/Debug-watchos/PackageFrameworks -F/Users/admin/builder/spi-builder-workspace/.derivedData/Build/Products/Debug-watchos -iframework /Applications/Xcode-27.0.0-Release.Candidate.app/Contents/Developer/Platforms/WatchOS.platform/Developer/Library/Frameworks -iframework /Applications/Xcode-27.0.0-Release.Candidate.app/Contents/Developer/Platforms/WatchOS.platform/Developer/SDKs/WatchOS27.0.sdk/Developer/Library/Frameworks -filelist /Users/admin/builder/spi-builder-workspace/.derivedData/Build/Intermediates.noindex/swift-openapi-runtime.build/Debug-watchos/OpenAPIRuntime-t.build/Objects-normal/arm64_32/OpenAPIRuntime.LinkFileList -nostdlib -Xlinker -object_path_lto -Xlinker /Users/admin/builder/spi-builder-workspace/.derivedData/Build/Intermediates.noindex/swift-openapi-runtime.build/Debug-watchos/OpenAPIRuntime-t.build/Objects-normal/arm64_32/OpenAPIRuntime_lto.o -Xlinker -no_deduplicate -Xlinker -debug_variant -Xlinker -dependency_info -Xlinker /Users/admin/builder/spi-builder-workspace/.derivedData/Build/Intermediates.noindex/swift-openapi-runtime.build/Debug-watchos/OpenAPIRuntime-t.build/Objects-normal/arm64_32/OpenAPIRuntime_dependency_info.dat -fobjc-link-runtime -L/Applications/Xcode-27.0.0-Release.Candidate.app/Contents/Developer/Toolchains/XcodeDefault.xctoolchain/usr/lib/swift/watchos -L/usr/lib/swift -Xlinker -add_ast_path -Xlinker /Users/admin/builder/spi-builder-workspace/.derivedData/Build/Intermediates.noindex/swift-openapi-runtime.build/Debug-watchos/OpenAPIRuntime-t.build/Objects-normal/arm64_32/OpenAPIRuntime.swiftmodule -o /Users/admin/builder/spi-builder-workspace/.derivedData/Build/Intermediates.noindex/swift-openapi-runtime.build/Debug-watchos/OpenAPIRuntime-t.build/Objects-normal/arm64_32/Binary/OpenAPIRuntime.o
SwiftDriver TuistSDK normal arm64_32 com.apple.xcode.tools.swift.compiler (in target 'TuistSDK' from project 'TuistSDK')
cd /Users/admin/builder/spi-builder-workspace/.swiftpm/xcode
builtin-SwiftDriver -- /Applications/Xcode-27.0.0-Release.Candidate.app/Contents/Developer/Toolchains/XcodeDefault.xctoolchain/usr/bin/swiftc -parse-as-library -module-name TuistSDK -Onone @/Users/admin/builder/spi-builder-workspace/.derivedData/Build/Intermediates.noindex/TuistSDK.build/Debug-watchos/TuistSDK-t.build/Objects-normal/arm64_32/TuistSDK.SwiftFileList -DSWIFT_PACKAGE -DDEBUG -DSWIFT_MODULE_RESOURCE_BUNDLE_UNAVAILABLE -DXcode -enable-upcoming-feature StrictConcurrency -plugin-path /Applications/Xcode-27.0.0-Release.Candidate.app/Contents/Developer/Toolchains/XcodeDefault.xctoolchain/usr/lib/swift/host/plugins/testing -enable-experimental-feature DebugDescriptionMacro -sdk /Applications/Xcode-27.0.0-Release.Candidate.app/Contents/Developer/Platforms/WatchOS.platform/Developer/SDKs/WatchOS27.0.sdk -target arm64_32-apple-watchos9.0 -g -module-cache-path /Users/admin/builder/spi-builder-workspace/.derivedData/ModuleCache.noindex -Xfrontend -serialize-debugging-options -profile-coverage-mapping -profile-generate -enable-testing -index-store-path /Users/admin/builder/spi-builder-workspace/.derivedData/Index.noindex/DataStore -Xcc -D_LIBCPP_HARDENING_MODE\=_LIBCPP_HARDENING_MODE_DEBUG -swift-version 6 -I /Users/admin/builder/spi-builder-workspace/.derivedData/Build/Products/Debug-watchos -Isystem /Applications/Xcode-27.0.0-Release.Candidate.app/Contents/Developer/Platforms/WatchOS.platform/Developer/usr/lib -F /Users/admin/builder/spi-builder-workspace/.derivedData/Build/Products/Debug-watchos/PackageFrameworks -F /Users/admin/builder/spi-builder-workspace/.derivedData/Build/Products/Debug-watchos -F /Applications/Xcode-27.0.0-Release.Candidate.app/Contents/Developer/Platforms/WatchOS.platform/Developer/Library/Frameworks -F /Applications/Xcode-27.0.0-Release.Candidate.app/Contents/Developer/Platforms/WatchOS.platform/Developer/SDKs/WatchOS27.0.sdk/Developer/Library/Frameworks -c -j10 -enable-batch-mode -incremental -Xcc -ivfsstatcache -Xcc /Users/admin/builder/spi-builder-workspace/.derivedData/SDKStatCaches.noindex/watchos27.0-24R360-e829b21a6f8c9b70876ba0858053c04477534ef55a1706bf4c1112bbb242f0a2.sdkstatcache -output-file-map /Users/admin/builder/spi-builder-workspace/.derivedData/Build/Intermediates.noindex/TuistSDK.build/Debug-watchos/TuistSDK-t.build/Objects-normal/arm64_32/TuistSDK-OutputFileMap.json -save-temps -no-color-diagnostics -explicit-module-build -module-cache-path /Users/admin/builder/spi-builder-workspace/.derivedData/Build/Intermediates.noindex/SwiftExplicitPrecompiledModules -clang-scanner-module-cache-path /Users/admin/builder/spi-builder-workspace/.derivedData/ModuleCache.noindex -sdk-module-cache-path /Users/admin/builder/spi-builder-workspace/.derivedData/SDKExplicitPrecompiledModules -emit-dependencies -emit-module -emit-module-path /Users/admin/builder/spi-builder-workspace/.derivedData/Build/Intermediates.noindex/TuistSDK.build/Debug-watchos/TuistSDK-t.build/Objects-normal/arm64_32/TuistSDK.swiftmodule -serialize-diagnostics -dependency-scan-serialize-diagnostics-path /Users/admin/builder/spi-builder-workspace/.derivedData/Build/Intermediates.noindex/TuistSDK.build/Debug-watchos/TuistSDK-t.build/Objects-normal/arm64_32/TuistSDK-dependency-scan.dia -validate-clang-modules-once -clang-build-session-file /Users/admin/builder/spi-builder-workspace/.derivedData/ModuleCache.noindex/Session.modulevalidation -Xcc -fmodules-prune-interval\=86400 -Xcc -fmodules-prune-after\=345600 -package-name spi_builder_workspace -emit-const-values -const-gather-protocols-list /Users/admin/builder/spi-builder-workspace/.derivedData/Build/Intermediates.noindex/TuistSDK.build/Debug-watchos/TuistSDK-t.build/Objects-normal/arm64_32/TuistSDK_const_extract_protocols.json -Xcc -I/Users/admin/builder/spi-builder-workspace/.derivedData/Build/Products/Debug-watchos/include -Xcc -I/Users/admin/builder/spi-builder-workspace/.derivedData/Build/Intermediates.noindex/TuistSDK.build/Debug-watchos/TuistSDK-t.build/DerivedSources-normal/arm64_32 -Xcc -I/Users/admin/builder/spi-builder-workspace/.derivedData/Build/Intermediates.noindex/TuistSDK.build/Debug-watchos/TuistSDK-t.build/DerivedSources/arm64_32 -Xcc -I/Users/admin/builder/spi-builder-workspace/.derivedData/Build/Intermediates.noindex/TuistSDK.build/Debug-watchos/TuistSDK-t.build/DerivedSources -Xcc -DSWIFT_PACKAGE -Xcc -DDEBUG\=1 -emit-objc-header -emit-objc-header-path /Users/admin/builder/spi-builder-workspace/.derivedData/Build/Intermediates.noindex/TuistSDK.build/Debug-watchos/TuistSDK-t.build/Objects-normal/arm64_32/TuistSDK-Swift.h -working-directory /Users/admin/builder/spi-builder-workspace/.swiftpm/xcode -experimental-emit-module-separately -disable-cmo
SwiftDriver TuistSDK normal arm64 com.apple.xcode.tools.swift.compiler (in target 'TuistSDK' from project 'TuistSDK')
cd /Users/admin/builder/spi-builder-workspace/.swiftpm/xcode
builtin-SwiftDriver -- /Applications/Xcode-27.0.0-Release.Candidate.app/Contents/Developer/Toolchains/XcodeDefault.xctoolchain/usr/bin/swiftc -parse-as-library -module-name TuistSDK -Onone @/Users/admin/builder/spi-builder-workspace/.derivedData/Build/Intermediates.noindex/TuistSDK.build/Debug-watchos/TuistSDK-t.build/Objects-normal/arm64/TuistSDK.SwiftFileList -DSWIFT_PACKAGE -DDEBUG -DSWIFT_MODULE_RESOURCE_BUNDLE_UNAVAILABLE -DXcode -enable-upcoming-feature StrictConcurrency -plugin-path /Applications/Xcode-27.0.0-Release.Candidate.app/Contents/Developer/Toolchains/XcodeDefault.xctoolchain/usr/lib/swift/host/plugins/testing -enable-experimental-feature DebugDescriptionMacro -sdk /Applications/Xcode-27.0.0-Release.Candidate.app/Contents/Developer/Platforms/WatchOS.platform/Developer/SDKs/WatchOS27.0.sdk -target arm64-apple-watchos9.0 -g -module-cache-path /Users/admin/builder/spi-builder-workspace/.derivedData/ModuleCache.noindex -Xfrontend -serialize-debugging-options -profile-coverage-mapping -profile-generate -enable-testing -index-store-path /Users/admin/builder/spi-builder-workspace/.derivedData/Index.noindex/DataStore -Xcc -D_LIBCPP_HARDENING_MODE\=_LIBCPP_HARDENING_MODE_DEBUG -swift-version 6 -I /Users/admin/builder/spi-builder-workspace/.derivedData/Build/Products/Debug-watchos -Isystem /Applications/Xcode-27.0.0-Release.Candidate.app/Contents/Developer/Platforms/WatchOS.platform/Developer/usr/lib -F /Users/admin/builder/spi-builder-workspace/.derivedData/Build/Products/Debug-watchos/PackageFrameworks -F /Users/admin/builder/spi-builder-workspace/.derivedData/Build/Products/Debug-watchos -F /Applications/Xcode-27.0.0-Release.Candidate.app/Contents/Developer/Platforms/WatchOS.platform/Developer/Library/Frameworks -F /Applications/Xcode-27.0.0-Release.Candidate.app/Contents/Developer/Platforms/WatchOS.platform/Developer/SDKs/WatchOS27.0.sdk/Developer/Library/Frameworks -c -j10 -enable-batch-mode -incremental -Xcc -ivfsstatcache -Xcc /Users/admin/builder/spi-builder-workspace/.derivedData/SDKStatCaches.noindex/watchos27.0-24R360-e829b21a6f8c9b70876ba0858053c04477534ef55a1706bf4c1112bbb242f0a2.sdkstatcache -output-file-map /Users/admin/builder/spi-builder-workspace/.derivedData/Build/Intermediates.noindex/TuistSDK.build/Debug-watchos/TuistSDK-t.build/Objects-normal/arm64/TuistSDK-OutputFileMap.json -save-temps -no-color-diagnostics -explicit-module-build -module-cache-path /Users/admin/builder/spi-builder-workspace/.derivedData/Build/Intermediates.noindex/SwiftExplicitPrecompiledModules -clang-scanner-module-cache-path /Users/admin/builder/spi-builder-workspace/.derivedData/ModuleCache.noindex -sdk-module-cache-path /Users/admin/builder/spi-builder-workspace/.derivedData/SDKExplicitPrecompiledModules -emit-dependencies -emit-module -emit-module-path /Users/admin/builder/spi-builder-workspace/.derivedData/Build/Intermediates.noindex/TuistSDK.build/Debug-watchos/TuistSDK-t.build/Objects-normal/arm64/TuistSDK.swiftmodule -serialize-diagnostics -dependency-scan-serialize-diagnostics-path /Users/admin/builder/spi-builder-workspace/.derivedData/Build/Intermediates.noindex/TuistSDK.build/Debug-watchos/TuistSDK-t.build/Objects-normal/arm64/TuistSDK-dependency-scan.dia -validate-clang-modules-once -clang-build-session-file /Users/admin/builder/spi-builder-workspace/.derivedData/ModuleCache.noindex/Session.modulevalidation -Xcc -fmodules-prune-interval\=86400 -Xcc -fmodules-prune-after\=345600 -package-name spi_builder_workspace -emit-const-values -const-gather-protocols-list /Users/admin/builder/spi-builder-workspace/.derivedData/Build/Intermediates.noindex/TuistSDK.build/Debug-watchos/TuistSDK-t.build/Objects-normal/arm64/TuistSDK_const_extract_protocols.json -Xcc -I/Users/admin/builder/spi-builder-workspace/.derivedData/Build/Products/Debug-watchos/include -Xcc -I/Users/admin/builder/spi-builder-workspace/.derivedData/Build/Intermediates.noindex/TuistSDK.build/Debug-watchos/TuistSDK-t.build/DerivedSources-normal/arm64 -Xcc -I/Users/admin/builder/spi-builder-workspace/.derivedData/Build/Intermediates.noindex/TuistSDK.build/Debug-watchos/TuistSDK-t.build/DerivedSources/arm64 -Xcc -I/Users/admin/builder/spi-builder-workspace/.derivedData/Build/Intermediates.noindex/TuistSDK.build/Debug-watchos/TuistSDK-t.build/DerivedSources -Xcc -DSWIFT_PACKAGE -Xcc -DDEBUG\=1 -emit-objc-header -emit-objc-header-path /Users/admin/builder/spi-builder-workspace/.derivedData/Build/Intermediates.noindex/TuistSDK.build/Debug-watchos/TuistSDK-t.build/Objects-normal/arm64/TuistSDK-Swift.h -working-directory /Users/admin/builder/spi-builder-workspace/.swiftpm/xcode -experimental-emit-module-separately -disable-cmo
SwiftDriverJobDiscovery normal arm64_32 Compiling URLSession+Extensions.swift (in target 'OpenAPIURLSession' from project 'swift-openapi-urlsession')
SwiftDriverJobDiscovery normal arm64 Compiling URLSession+Extensions.swift (in target 'OpenAPIURLSession' from project 'swift-openapi-urlsession')
CreateUniversalBinary /Users/admin/builder/spi-builder-workspace/.derivedData/Build/Products/Debug-watchos/OpenAPIRuntime.o normal arm64\ arm64_32 (in target 'OpenAPIRuntime' from project 'swift-openapi-runtime')
cd /Users/admin/builder/spi-builder-workspace/.dependencies/checkouts/swift-openapi-runtime
/Applications/Xcode-27.0.0-Release.Candidate.app/Contents/Developer/Toolchains/XcodeDefault.xctoolchain/usr/bin/lipo -create /Users/admin/builder/spi-builder-workspace/.derivedData/Build/Intermediates.noindex/swift-openapi-runtime.build/Debug-watchos/OpenAPIRuntime-t.build/Objects-normal/arm64/Binary/OpenAPIRuntime.o /Users/admin/builder/spi-builder-workspace/.derivedData/Build/Intermediates.noindex/swift-openapi-runtime.build/Debug-watchos/OpenAPIRuntime-t.build/Objects-normal/arm64_32/Binary/OpenAPIRuntime.o -output /Users/admin/builder/spi-builder-workspace/.derivedData/Build/Products/Debug-watchos/OpenAPIRuntime.o
ExtractAppIntentsMetadata (in target 'OpenAPIRuntime' from project 'swift-openapi-runtime')
cd /Users/admin/builder/spi-builder-workspace/.dependencies/checkouts/swift-openapi-runtime
/Applications/Xcode-27.0.0-Release.Candidate.app/Contents/Developer/Toolchains/XcodeDefault.xctoolchain/usr/bin/appintentsmetadataprocessor --toolchain-dir /var/run/com.apple.security.cryptexd/mnt/com.apple.MobileAsset.MetalToolchain-v27.1.266.1.yHTskC/Metal.xctoolchain --module-name OpenAPIRuntime --sdk-root /Applications/Xcode-27.0.0-Release.Candidate.app/Contents/Developer/Platforms/WatchOS.platform/Developer/SDKs/WatchOS27.0.sdk --xcode-version 27A266a --platform-family watchOS --deployment-target 9.0 --bundle-identifier swift-openapi-runtime.OpenAPIRuntime --output /Users/admin/builder/spi-builder-workspace/.derivedData/Build/Products/Debug-watchos/OpenAPIRuntime.appintents --target-triple arm64-apple-watchos9.0 --target-triple arm64_32-apple-watchos9.0 --binary-file /Users/admin/builder/spi-builder-workspace/.derivedData/Build/Products/Debug-watchos/OpenAPIRuntime.o --dependency-file /Users/admin/builder/spi-builder-workspace/.derivedData/Build/Intermediates.noindex/swift-openapi-runtime.build/Debug-watchos/OpenAPIRuntime-t.build/Objects-normal/arm64/OpenAPIRuntime_dependency_info.dat --dependency-file /Users/admin/builder/spi-builder-workspace/.derivedData/Build/Intermediates.noindex/swift-openapi-runtime.build/Debug-watchos/OpenAPIRuntime-t.build/Objects-normal/arm64_32/OpenAPIRuntime_dependency_info.dat --stringsdata-file /Users/admin/builder/spi-builder-workspace/.derivedData/Build/Intermediates.noindex/swift-openapi-runtime.build/Debug-watchos/OpenAPIRuntime-t.build/Objects-normal/arm64/ExtractedAppShortcutsMetadata.stringsdata --stringsdata-file /Users/admin/builder/spi-builder-workspace/.derivedData/Build/Intermediates.noindex/swift-openapi-runtime.build/Debug-watchos/OpenAPIRuntime-t.build/Objects-normal/arm64_32/ExtractedAppShortcutsMetadata.stringsdata --source-file-list /Users/admin/builder/spi-builder-workspace/.derivedData/Build/Intermediates.noindex/swift-openapi-runtime.build/Debug-watchos/OpenAPIRuntime-t.build/Objects-normal/arm64/OpenAPIRuntime.SwiftFileList --source-file-list /Users/admin/builder/spi-builder-workspace/.derivedData/Build/Intermediates.noindex/swift-openapi-runtime.build/Debug-watchos/OpenAPIRuntime-t.build/Objects-normal/arm64_32/OpenAPIRuntime.SwiftFileList --metadata-file-list /Users/admin/builder/spi-builder-workspace/.derivedData/Build/Intermediates.noindex/swift-openapi-runtime.build/Debug-watchos/OpenAPIRuntime-t.build/OpenAPIRuntime.DependencyMetadataFileList --static-metadata-file-list /Users/admin/builder/spi-builder-workspace/.derivedData/Build/Intermediates.noindex/swift-openapi-runtime.build/Debug-watchos/OpenAPIRuntime-t.build/OpenAPIRuntime.DependencyStaticMetadataFileList --swift-const-vals-list /Users/admin/builder/spi-builder-workspace/.derivedData/Build/Intermediates.noindex/swift-openapi-runtime.build/Debug-watchos/OpenAPIRuntime-t.build/Objects-normal/arm64/OpenAPIRuntime.SwiftConstValuesFileList --swift-const-vals-list /Users/admin/builder/spi-builder-workspace/.derivedData/Build/Intermediates.noindex/swift-openapi-runtime.build/Debug-watchos/OpenAPIRuntime-t.build/Objects-normal/arm64_32/OpenAPIRuntime.SwiftConstValuesFileList --force --compile-time-extraction --deployment-aware-processing --no-app-shortcuts-localization
2026-09-23 10:48:52.814 appintentsmetadataprocessor[1044:6099] Starting appintentsmetadataprocessor export
2026-09-23 10:48:52.906 appintentsmetadataprocessor[1044:6099] Extracted no relevant App Intents symbols, skipping writing output
SwiftDriverJobDiscovery normal arm64 Compiling BufferedStream.swift (in target 'OpenAPIURLSession' from project 'swift-openapi-urlsession')
SwiftDriver\ Compilation OpenAPIURLSession normal arm64 com.apple.xcode.tools.swift.compiler (in target 'OpenAPIURLSession' from project 'swift-openapi-urlsession')
cd /Users/admin/builder/spi-builder-workspace/.swiftpm/xcode
builtin-Swift-Compilation -- /Applications/Xcode-27.0.0-Release.Candidate.app/Contents/Developer/Toolchains/XcodeDefault.xctoolchain/usr/bin/swiftc -parse-as-library -module-name OpenAPIURLSession -Onone @/Users/admin/builder/spi-builder-workspace/.derivedData/Build/Intermediates.noindex/swift-openapi-urlsession.build/Debug-watchos/OpenAPIURLSession-t.build/Objects-normal/arm64/OpenAPIURLSession.SwiftFileList -DSWIFT_PACKAGE -DDEBUG -DSWIFT_MODULE_RESOURCE_BUNDLE_UNAVAILABLE -DXcode -enable-upcoming-feature ExistentialAny -enable-upcoming-feature MemberImportVisibility -plugin-path /Applications/Xcode-27.0.0-Release.Candidate.app/Contents/Developer/Toolchains/XcodeDefault.xctoolchain/usr/lib/swift/host/plugins/testing -enable-experimental-feature DebugDescriptionMacro -sdk /Applications/Xcode-27.0.0-Release.Candidate.app/Contents/Developer/Platforms/WatchOS.platform/Developer/SDKs/WatchOS27.0.sdk -target arm64-apple-watchos9.0 -g -module-cache-path /Users/admin/builder/spi-builder-workspace/.derivedData/ModuleCache.noindex -Xfrontend -serialize-debugging-options -profile-coverage-mapping -profile-generate -enable-testing -suppress-warnings -index-store-path /Users/admin/builder/spi-builder-workspace/.derivedData/Index.noindex/DataStore -Xcc -D_LIBCPP_HARDENING_MODE\=_LIBCPP_HARDENING_MODE_DEBUG -swift-version 6 -I /Users/admin/builder/spi-builder-workspace/.derivedData/Build/Products/Debug-watchos -Isystem /Applications/Xcode-27.0.0-Release.Candidate.app/Contents/Developer/Platforms/WatchOS.platform/Developer/usr/lib -F /Users/admin/builder/spi-builder-workspace/.derivedData/Build/Products/Debug-watchos/PackageFrameworks -F /Users/admin/builder/spi-builder-workspace/.derivedData/Build/Products/Debug-watchos -F /Applications/Xcode-27.0.0-Release.Candidate.app/Contents/Developer/Platforms/WatchOS.platform/Developer/Library/Frameworks -F /Applications/Xcode-27.0.0-Release.Candidate.app/Contents/Developer/Platforms/WatchOS.platform/Developer/SDKs/WatchOS27.0.sdk/Developer/Library/Frameworks -c -j10 -enable-batch-mode -incremental -Xcc -ivfsstatcache -Xcc /Users/admin/builder/spi-builder-workspace/.derivedData/SDKStatCaches.noindex/watchos27.0-24R360-e829b21a6f8c9b70876ba0858053c04477534ef55a1706bf4c1112bbb242f0a2.sdkstatcache -output-file-map /Users/admin/builder/spi-builder-workspace/.derivedData/Build/Intermediates.noindex/swift-openapi-urlsession.build/Debug-watchos/OpenAPIURLSession-t.build/Objects-normal/arm64/OpenAPIURLSession-OutputFileMap.json -save-temps -no-color-diagnostics -explicit-module-build -module-cache-path /Users/admin/builder/spi-builder-workspace/.derivedData/Build/Intermediates.noindex/SwiftExplicitPrecompiledModules -clang-scanner-module-cache-path /Users/admin/builder/spi-builder-workspace/.derivedData/ModuleCache.noindex -sdk-module-cache-path /Users/admin/builder/spi-builder-workspace/.derivedData/SDKExplicitPrecompiledModules -emit-dependencies -emit-module -emit-module-path /Users/admin/builder/spi-builder-workspace/.derivedData/Build/Intermediates.noindex/swift-openapi-urlsession.build/Debug-watchos/OpenAPIURLSession-t.build/Objects-normal/arm64/OpenAPIURLSession.swiftmodule -serialize-diagnostics -dependency-scan-serialize-diagnostics-path /Users/admin/builder/spi-builder-workspace/.derivedData/Build/Intermediates.noindex/swift-openapi-urlsession.build/Debug-watchos/OpenAPIURLSession-t.build/Objects-normal/arm64/OpenAPIURLSession-dependency-scan.dia -user-module-version 1.3.1 -validate-clang-modules-once -clang-build-session-file /Users/admin/builder/spi-builder-workspace/.derivedData/ModuleCache.noindex/Session.modulevalidation -Xcc -fmodules-prune-interval\=86400 -Xcc -fmodules-prune-after\=345600 -package-name swift_openapi_urlsession -emit-const-values -const-gather-protocols-list /Users/admin/builder/spi-builder-workspace/.derivedData/Build/Intermediates.noindex/swift-openapi-urlsession.build/Debug-watchos/OpenAPIURLSession-t.build/Objects-normal/arm64/OpenAPIURLSession_const_extract_protocols.json -Xcc -I/Users/admin/builder/spi-builder-workspace/.derivedData/Build/Products/Debug-watchos/include -Xcc -I/Users/admin/builder/spi-builder-workspace/.derivedData/Build/Intermediates.noindex/swift-openapi-urlsession.build/Debug-watchos/OpenAPIURLSession-t.build/DerivedSources-normal/arm64 -Xcc -I/Users/admin/builder/spi-builder-workspace/.derivedData/Build/Intermediates.noindex/swift-openapi-urlsession.build/Debug-watchos/OpenAPIURLSession-t.build/DerivedSources/arm64 -Xcc -I/Users/admin/builder/spi-builder-workspace/.derivedData/Build/Intermediates.noindex/swift-openapi-urlsession.build/Debug-watchos/OpenAPIURLSession-t.build/DerivedSources -Xcc -DSWIFT_PACKAGE -Xcc -DDEBUG\=1 -emit-objc-header -emit-objc-header-path /Users/admin/builder/spi-builder-workspace/.derivedData/Build/Intermediates.noindex/swift-openapi-urlsession.build/Debug-watchos/OpenAPIURLSession-t.build/Objects-normal/arm64/OpenAPIURLSession-Swift.h -working-directory /Users/admin/builder/spi-builder-workspace/.swiftpm/xcode -experimental-emit-module-separately -disable-cmo
Ld /Users/admin/builder/spi-builder-workspace/.derivedData/Build/Intermediates.noindex/swift-openapi-urlsession.build/Debug-watchos/OpenAPIURLSession-t.build/Objects-normal/arm64/Binary/OpenAPIURLSession.o normal arm64 (in target 'OpenAPIURLSession' from project 'swift-openapi-urlsession')
cd /Users/admin/builder/spi-builder-workspace/.dependencies/checkouts/swift-openapi-urlsession
/Applications/Xcode-27.0.0-Release.Candidate.app/Contents/Developer/Toolchains/XcodeDefault.xctoolchain/usr/bin/clang -Xlinker -reproducible -target arm64-apple-watchos9.0 -r -isysroot /Applications/Xcode-27.0.0-Release.Candidate.app/Contents/Developer/Platforms/WatchOS.platform/Developer/SDKs/WatchOS27.0.sdk -O0 -w -Xlinker -no_warn_duplicate_libraries -F/Users/admin/builder/spi-builder-workspace/.derivedData/Build/Intermediates.noindex/EagerLinkingTBDs/Debug-watchos -F/Users/admin/builder/spi-builder-workspace/.derivedData/Build/Products/Debug-watchos/PackageFrameworks -F/Users/admin/builder/spi-builder-workspace/.derivedData/Build/Products/Debug-watchos -iframework /Applications/Xcode-27.0.0-Release.Candidate.app/Contents/Developer/Platforms/WatchOS.platform/Developer/Library/Frameworks -iframework /Applications/Xcode-27.0.0-Release.Candidate.app/Contents/Developer/Platforms/WatchOS.platform/Developer/SDKs/WatchOS27.0.sdk/Developer/Library/Frameworks -filelist /Users/admin/builder/spi-builder-workspace/.derivedData/Build/Intermediates.noindex/swift-openapi-urlsession.build/Debug-watchos/OpenAPIURLSession-t.build/Objects-normal/arm64/OpenAPIURLSession.LinkFileList -nostdlib -Xlinker -object_path_lto -Xlinker /Users/admin/builder/spi-builder-workspace/.derivedData/Build/Intermediates.noindex/swift-openapi-urlsession.build/Debug-watchos/OpenAPIURLSession-t.build/Objects-normal/arm64/OpenAPIURLSession_lto.o -Xlinker -no_deduplicate -Xlinker -debug_variant -Xlinker -dependency_info -Xlinker /Users/admin/builder/spi-builder-workspace/.derivedData/Build/Intermediates.noindex/swift-openapi-urlsession.build/Debug-watchos/OpenAPIURLSession-t.build/Objects-normal/arm64/OpenAPIURLSession_dependency_info.dat -fobjc-link-runtime -L/Applications/Xcode-27.0.0-Release.Candidate.app/Contents/Developer/Toolchains/XcodeDefault.xctoolchain/usr/lib/swift/watchos -L/usr/lib/swift -Xlinker -add_ast_path -Xlinker /Users/admin/builder/spi-builder-workspace/.derivedData/Build/Intermediates.noindex/swift-openapi-urlsession.build/Debug-watchos/OpenAPIURLSession-t.build/Objects-normal/arm64/OpenAPIURLSession.swiftmodule -o /Users/admin/builder/spi-builder-workspace/.derivedData/Build/Intermediates.noindex/swift-openapi-urlsession.build/Debug-watchos/OpenAPIURLSession-t.build/Objects-normal/arm64/Binary/OpenAPIURLSession.o
SwiftDriverJobDiscovery normal arm64_32 Compiling HTTPBodyOutputStreamBridge.swift (in target 'OpenAPIURLSession' from project 'swift-openapi-urlsession')
SwiftDriverJobDiscovery normal arm64_32 Compiling BidirectionalStreamingURLSessionDelegate.swift (in target 'OpenAPIURLSession' from project 'swift-openapi-urlsession')
SwiftDriverJobDiscovery normal arm64_32 Compiling URLSessionTransport.swift (in target 'OpenAPIURLSession' from project 'swift-openapi-urlsession')
SwiftDriverJobDiscovery normal arm64_32 Compiling BufferedStream.swift (in target 'OpenAPIURLSession' from project 'swift-openapi-urlsession')
SwiftDriver\ Compilation OpenAPIURLSession normal arm64_32 com.apple.xcode.tools.swift.compiler (in target 'OpenAPIURLSession' from project 'swift-openapi-urlsession')
cd /Users/admin/builder/spi-builder-workspace/.swiftpm/xcode
builtin-Swift-Compilation -- /Applications/Xcode-27.0.0-Release.Candidate.app/Contents/Developer/Toolchains/XcodeDefault.xctoolchain/usr/bin/swiftc -parse-as-library -module-name OpenAPIURLSession -Onone @/Users/admin/builder/spi-builder-workspace/.derivedData/Build/Intermediates.noindex/swift-openapi-urlsession.build/Debug-watchos/OpenAPIURLSession-t.build/Objects-normal/arm64_32/OpenAPIURLSession.SwiftFileList -DSWIFT_PACKAGE -DDEBUG -DSWIFT_MODULE_RESOURCE_BUNDLE_UNAVAILABLE -DXcode -enable-upcoming-feature ExistentialAny -enable-upcoming-feature MemberImportVisibility -plugin-path /Applications/Xcode-27.0.0-Release.Candidate.app/Contents/Developer/Toolchains/XcodeDefault.xctoolchain/usr/lib/swift/host/plugins/testing -enable-experimental-feature DebugDescriptionMacro -sdk /Applications/Xcode-27.0.0-Release.Candidate.app/Contents/Developer/Platforms/WatchOS.platform/Developer/SDKs/WatchOS27.0.sdk -target arm64_32-apple-watchos9.0 -g -module-cache-path /Users/admin/builder/spi-builder-workspace/.derivedData/ModuleCache.noindex -Xfrontend -serialize-debugging-options -profile-coverage-mapping -profile-generate -enable-testing -suppress-warnings -index-store-path /Users/admin/builder/spi-builder-workspace/.derivedData/Index.noindex/DataStore -Xcc -D_LIBCPP_HARDENING_MODE\=_LIBCPP_HARDENING_MODE_DEBUG -swift-version 6 -I /Users/admin/builder/spi-builder-workspace/.derivedData/Build/Products/Debug-watchos -Isystem /Applications/Xcode-27.0.0-Release.Candidate.app/Contents/Developer/Platforms/WatchOS.platform/Developer/usr/lib -F /Users/admin/builder/spi-builder-workspace/.derivedData/Build/Products/Debug-watchos/PackageFrameworks -F /Users/admin/builder/spi-builder-workspace/.derivedData/Build/Products/Debug-watchos -F /Applications/Xcode-27.0.0-Release.Candidate.app/Contents/Developer/Platforms/WatchOS.platform/Developer/Library/Frameworks -F /Applications/Xcode-27.0.0-Release.Candidate.app/Contents/Developer/Platforms/WatchOS.platform/Developer/SDKs/WatchOS27.0.sdk/Developer/Library/Frameworks -c -j10 -enable-batch-mode -incremental -Xcc -ivfsstatcache -Xcc /Users/admin/builder/spi-builder-workspace/.derivedData/SDKStatCaches.noindex/watchos27.0-24R360-e829b21a6f8c9b70876ba0858053c04477534ef55a1706bf4c1112bbb242f0a2.sdkstatcache -output-file-map /Users/admin/builder/spi-builder-workspace/.derivedData/Build/Intermediates.noindex/swift-openapi-urlsession.build/Debug-watchos/OpenAPIURLSession-t.build/Objects-normal/arm64_32/OpenAPIURLSession-OutputFileMap.json -save-temps -no-color-diagnostics -explicit-module-build -module-cache-path /Users/admin/builder/spi-builder-workspace/.derivedData/Build/Intermediates.noindex/SwiftExplicitPrecompiledModules -clang-scanner-module-cache-path /Users/admin/builder/spi-builder-workspace/.derivedData/ModuleCache.noindex -sdk-module-cache-path /Users/admin/builder/spi-builder-workspace/.derivedData/SDKExplicitPrecompiledModules -emit-dependencies -emit-module -emit-module-path /Users/admin/builder/spi-builder-workspace/.derivedData/Build/Intermediates.noindex/swift-openapi-urlsession.build/Debug-watchos/OpenAPIURLSession-t.build/Objects-normal/arm64_32/OpenAPIURLSession.swiftmodule -serialize-diagnostics -dependency-scan-serialize-diagnostics-path /Users/admin/builder/spi-builder-workspace/.derivedData/Build/Intermediates.noindex/swift-openapi-urlsession.build/Debug-watchos/OpenAPIURLSession-t.build/Objects-normal/arm64_32/OpenAPIURLSession-dependency-scan.dia -user-module-version 1.3.1 -validate-clang-modules-once -clang-build-session-file /Users/admin/builder/spi-builder-workspace/.derivedData/ModuleCache.noindex/Session.modulevalidation -Xcc -fmodules-prune-interval\=86400 -Xcc -fmodules-prune-after\=345600 -package-name swift_openapi_urlsession -emit-const-values -const-gather-protocols-list /Users/admin/builder/spi-builder-workspace/.derivedData/Build/Intermediates.noindex/swift-openapi-urlsession.build/Debug-watchos/OpenAPIURLSession-t.build/Objects-normal/arm64_32/OpenAPIURLSession_const_extract_protocols.json -Xcc -I/Users/admin/builder/spi-builder-workspace/.derivedData/Build/Products/Debug-watchos/include -Xcc -I/Users/admin/builder/spi-builder-workspace/.derivedData/Build/Intermediates.noindex/swift-openapi-urlsession.build/Debug-watchos/OpenAPIURLSession-t.build/DerivedSources-normal/arm64_32 -Xcc -I/Users/admin/builder/spi-builder-workspace/.derivedData/Build/Intermediates.noindex/swift-openapi-urlsession.build/Debug-watchos/OpenAPIURLSession-t.build/DerivedSources/arm64_32 -Xcc -I/Users/admin/builder/spi-builder-workspace/.derivedData/Build/Intermediates.noindex/swift-openapi-urlsession.build/Debug-watchos/OpenAPIURLSession-t.build/DerivedSources -Xcc -DSWIFT_PACKAGE -Xcc -DDEBUG\=1 -emit-objc-header -emit-objc-header-path /Users/admin/builder/spi-builder-workspace/.derivedData/Build/Intermediates.noindex/swift-openapi-urlsession.build/Debug-watchos/OpenAPIURLSession-t.build/Objects-normal/arm64_32/OpenAPIURLSession-Swift.h -working-directory /Users/admin/builder/spi-builder-workspace/.swiftpm/xcode -experimental-emit-module-separately -disable-cmo
Ld /Users/admin/builder/spi-builder-workspace/.derivedData/Build/Intermediates.noindex/swift-openapi-urlsession.build/Debug-watchos/OpenAPIURLSession-t.build/Objects-normal/arm64_32/Binary/OpenAPIURLSession.o normal arm64_32 (in target 'OpenAPIURLSession' from project 'swift-openapi-urlsession')
cd /Users/admin/builder/spi-builder-workspace/.dependencies/checkouts/swift-openapi-urlsession
/Applications/Xcode-27.0.0-Release.Candidate.app/Contents/Developer/Toolchains/XcodeDefault.xctoolchain/usr/bin/clang -Xlinker -reproducible -target arm64_32-apple-watchos9.0 -r -isysroot /Applications/Xcode-27.0.0-Release.Candidate.app/Contents/Developer/Platforms/WatchOS.platform/Developer/SDKs/WatchOS27.0.sdk -O0 -w -Xlinker -no_warn_duplicate_libraries -F/Users/admin/builder/spi-builder-workspace/.derivedData/Build/Intermediates.noindex/EagerLinkingTBDs/Debug-watchos -F/Users/admin/builder/spi-builder-workspace/.derivedData/Build/Products/Debug-watchos/PackageFrameworks -F/Users/admin/builder/spi-builder-workspace/.derivedData/Build/Products/Debug-watchos -iframework /Applications/Xcode-27.0.0-Release.Candidate.app/Contents/Developer/Platforms/WatchOS.platform/Developer/Library/Frameworks -iframework /Applications/Xcode-27.0.0-Release.Candidate.app/Contents/Developer/Platforms/WatchOS.platform/Developer/SDKs/WatchOS27.0.sdk/Developer/Library/Frameworks -filelist /Users/admin/builder/spi-builder-workspace/.derivedData/Build/Intermediates.noindex/swift-openapi-urlsession.build/Debug-watchos/OpenAPIURLSession-t.build/Objects-normal/arm64_32/OpenAPIURLSession.LinkFileList -nostdlib -Xlinker -object_path_lto -Xlinker /Users/admin/builder/spi-builder-workspace/.derivedData/Build/Intermediates.noindex/swift-openapi-urlsession.build/Debug-watchos/OpenAPIURLSession-t.build/Objects-normal/arm64_32/OpenAPIURLSession_lto.o -Xlinker -no_deduplicate -Xlinker -debug_variant -Xlinker -dependency_info -Xlinker /Users/admin/builder/spi-builder-workspace/.derivedData/Build/Intermediates.noindex/swift-openapi-urlsession.build/Debug-watchos/OpenAPIURLSession-t.build/Objects-normal/arm64_32/OpenAPIURLSession_dependency_info.dat -fobjc-link-runtime -L/Applications/Xcode-27.0.0-Release.Candidate.app/Contents/Developer/Toolchains/XcodeDefault.xctoolchain/usr/lib/swift/watchos -L/usr/lib/swift -Xlinker -add_ast_path -Xlinker /Users/admin/builder/spi-builder-workspace/.derivedData/Build/Intermediates.noindex/swift-openapi-urlsession.build/Debug-watchos/OpenAPIURLSession-t.build/Objects-normal/arm64_32/OpenAPIURLSession.swiftmodule -o /Users/admin/builder/spi-builder-workspace/.derivedData/Build/Intermediates.noindex/swift-openapi-urlsession.build/Debug-watchos/OpenAPIURLSession-t.build/Objects-normal/arm64_32/Binary/OpenAPIURLSession.o
CreateUniversalBinary /Users/admin/builder/spi-builder-workspace/.derivedData/Build/Products/Debug-watchos/OpenAPIURLSession.o normal arm64\ arm64_32 (in target 'OpenAPIURLSession' from project 'swift-openapi-urlsession')
cd /Users/admin/builder/spi-builder-workspace/.dependencies/checkouts/swift-openapi-urlsession
/Applications/Xcode-27.0.0-Release.Candidate.app/Contents/Developer/Toolchains/XcodeDefault.xctoolchain/usr/bin/lipo -create /Users/admin/builder/spi-builder-workspace/.derivedData/Build/Intermediates.noindex/swift-openapi-urlsession.build/Debug-watchos/OpenAPIURLSession-t.build/Objects-normal/arm64/Binary/OpenAPIURLSession.o /Users/admin/builder/spi-builder-workspace/.derivedData/Build/Intermediates.noindex/swift-openapi-urlsession.build/Debug-watchos/OpenAPIURLSession-t.build/Objects-normal/arm64_32/Binary/OpenAPIURLSession.o -output /Users/admin/builder/spi-builder-workspace/.derivedData/Build/Products/Debug-watchos/OpenAPIURLSession.o
ExtractAppIntentsMetadata (in target 'OpenAPIURLSession' from project 'swift-openapi-urlsession')
cd /Users/admin/builder/spi-builder-workspace/.dependencies/checkouts/swift-openapi-urlsession
/Applications/Xcode-27.0.0-Release.Candidate.app/Contents/Developer/Toolchains/XcodeDefault.xctoolchain/usr/bin/appintentsmetadataprocessor --toolchain-dir /var/run/com.apple.security.cryptexd/mnt/com.apple.MobileAsset.MetalToolchain-v27.1.266.1.yHTskC/Metal.xctoolchain --module-name OpenAPIURLSession --sdk-root /Applications/Xcode-27.0.0-Release.Candidate.app/Contents/Developer/Platforms/WatchOS.platform/Developer/SDKs/WatchOS27.0.sdk --xcode-version 27A266a --platform-family watchOS --deployment-target 9.0 --bundle-identifier swift-openapi-urlsession.OpenAPIURLSession --output /Users/admin/builder/spi-builder-workspace/.derivedData/Build/Products/Debug-watchos/OpenAPIURLSession.appintents --target-triple arm64-apple-watchos9.0 --target-triple arm64_32-apple-watchos9.0 --binary-file /Users/admin/builder/spi-builder-workspace/.derivedData/Build/Products/Debug-watchos/OpenAPIURLSession.o --dependency-file /Users/admin/builder/spi-builder-workspace/.derivedData/Build/Intermediates.noindex/swift-openapi-urlsession.build/Debug-watchos/OpenAPIURLSession-t.build/Objects-normal/arm64/OpenAPIURLSession_dependency_info.dat --dependency-file /Users/admin/builder/spi-builder-workspace/.derivedData/Build/Intermediates.noindex/swift-openapi-urlsession.build/Debug-watchos/OpenAPIURLSession-t.build/Objects-normal/arm64_32/OpenAPIURLSession_dependency_info.dat --stringsdata-file /Users/admin/builder/spi-builder-workspace/.derivedData/Build/Intermediates.noindex/swift-openapi-urlsession.build/Debug-watchos/OpenAPIURLSession-t.build/Objects-normal/arm64/ExtractedAppShortcutsMetadata.stringsdata --stringsdata-file /Users/admin/builder/spi-builder-workspace/.derivedData/Build/Intermediates.noindex/swift-openapi-urlsession.build/Debug-watchos/OpenAPIURLSession-t.build/Objects-normal/arm64_32/ExtractedAppShortcutsMetadata.stringsdata --source-file-list /Users/admin/builder/spi-builder-workspace/.derivedData/Build/Intermediates.noindex/swift-openapi-urlsession.build/Debug-watchos/OpenAPIURLSession-t.build/Objects-normal/arm64/OpenAPIURLSession.SwiftFileList --source-file-list /Users/admin/builder/spi-builder-workspace/.derivedData/Build/Intermediates.noindex/swift-openapi-urlsession.build/Debug-watchos/OpenAPIURLSession-t.build/Objects-normal/arm64_32/OpenAPIURLSession.SwiftFileList --metadata-file-list /Users/admin/builder/spi-builder-workspace/.derivedData/Build/Intermediates.noindex/swift-openapi-urlsession.build/Debug-watchos/OpenAPIURLSession-t.build/OpenAPIURLSession.DependencyMetadataFileList --static-metadata-file-list /Users/admin/builder/spi-builder-workspace/.derivedData/Build/Intermediates.noindex/swift-openapi-urlsession.build/Debug-watchos/OpenAPIURLSession-t.build/OpenAPIURLSession.DependencyStaticMetadataFileList --swift-const-vals-list /Users/admin/builder/spi-builder-workspace/.derivedData/Build/Intermediates.noindex/swift-openapi-urlsession.build/Debug-watchos/OpenAPIURLSession-t.build/Objects-normal/arm64/OpenAPIURLSession.SwiftConstValuesFileList --swift-const-vals-list /Users/admin/builder/spi-builder-workspace/.derivedData/Build/Intermediates.noindex/swift-openapi-urlsession.build/Debug-watchos/OpenAPIURLSession-t.build/Objects-normal/arm64_32/OpenAPIURLSession.SwiftConstValuesFileList --force --compile-time-extraction --deployment-aware-processing --no-app-shortcuts-localization
2026-09-23 10:48:53.145 appintentsmetadataprocessor[1050:6247] Starting appintentsmetadataprocessor export
2026-09-23 10:48:53.209 appintentsmetadataprocessor[1050:6247] Extracted no relevant App Intents symbols, skipping writing output
SwiftExplicitDependencyGeneratePcm arm64_32 /Users/admin/builder/spi-builder-workspace/.derivedData/SDKExplicitPrecompiledModules/_Builtin_intrinsics-2K07JIG9ZANIKHSNPO3O6L1K6.pcm
SwiftExplicitDependencyGeneratePcm arm64_32 /Users/admin/builder/spi-builder-workspace/.derivedData/SDKExplicitPrecompiledModules/LocalAuthentication-1XZC5548OHHHWETB1RPNV8QDG.pcm
SwiftExplicitDependencyGeneratePcm arm64_32 /Users/admin/builder/spi-builder-workspace/.derivedData/SDKExplicitPrecompiledModules/DataDetection-8EDL8T61430CB5CU94L1E3L0C.pcm
SwiftExplicitDependencyGeneratePcm arm64_32 /Users/admin/builder/spi-builder-workspace/.derivedData/SDKExplicitPrecompiledModules/DeveloperToolsSupport-3FQKKPF3BW0SWE1YUZ86OZWIB.pcm
SwiftExplicitDependencyGeneratePcm arm64_32 /Users/admin/builder/spi-builder-workspace/.derivedData/SDKExplicitPrecompiledModules/UserNotifications-F5AOMF9V2Y10QV8U00QNX8B7Q.pcm
SwiftExplicitDependencyGeneratePcm arm64_32 /Users/admin/builder/spi-builder-workspace/.derivedData/SDKExplicitPrecompiledModules/CoreTransferable-DSXZOKFM7XQLZ0FRNNKFDWZT0.pcm
SwiftExplicitDependencyGeneratePcm arm64_32 /Users/admin/builder/spi-builder-workspace/.derivedData/SDKExplicitPrecompiledModules/UniformTypeIdentifiers-EH256724QTCKT0XATY095QHVP.pcm
SwiftExplicitDependencyGeneratePcm arm64_32 /Users/admin/builder/spi-builder-workspace/.derivedData/SDKExplicitPrecompiledModules/CoreGraphics-A4WOQTM8SYZAQP223LI6RRPEK.pcm
SwiftExplicitDependencyGeneratePcm arm64_32 /Users/admin/builder/spi-builder-workspace/.derivedData/SDKExplicitPrecompiledModules/UIUtilities-ABH83C7CSGMIJAARTF384TV0L.pcm
SwiftExplicitDependencyGeneratePcm arm64_32 /Users/admin/builder/spi-builder-workspace/.derivedData/SDKExplicitPrecompiledModules/_Builtin_stdatomic-D2FE5M7JS5NQA5JDADVERWJM4.pcm
SwiftExplicitDependencyGeneratePcm arm64 /Users/admin/builder/spi-builder-workspace/.derivedData/SDKExplicitPrecompiledModules/CoreTransferable-EULYJN53RZTIP2D6F171CT1YZ.pcm
SwiftExplicitDependencyGeneratePcm arm64 /Users/admin/builder/spi-builder-workspace/.derivedData/SDKExplicitPrecompiledModules/DeveloperToolsSupport-CL5QT3CW0ZM498PFTWG64QMLA.pcm
SwiftExplicitDependencyGeneratePcm arm64 /Users/admin/builder/spi-builder-workspace/.derivedData/SDKExplicitPrecompiledModules/CoreGraphics-5488DA9QVJJ7QOFXPYOYIYFUX.pcm
SwiftExplicitDependencyGeneratePcm arm64 /Users/admin/builder/spi-builder-workspace/.derivedData/SDKExplicitPrecompiledModules/_Builtin_tgmath-7JP2AE1NQHA1DV5JYP2OHQ3BF.pcm
SwiftExplicitDependencyGeneratePcm arm64_32 /Users/admin/builder/spi-builder-workspace/.derivedData/SDKExplicitPrecompiledModules/StoreKit-E9RBAFGLOIACW3EM63MA7NGAB.pcm
SwiftExplicitDependencyGeneratePcm arm64_32 /Users/admin/builder/spi-builder-workspace/.derivedData/SDKExplicitPrecompiledModules/_Builtin_tgmath-414CVW1GW3IL0HRLCNNCS6Q0U.pcm
SwiftExplicitDependencyGeneratePcm arm64 /Users/admin/builder/spi-builder-workspace/.derivedData/SDKExplicitPrecompiledModules/LocalAuthentication-B2TFMTPZVFFVZ7Y4SFJ4HJEBL.pcm
SwiftExplicitDependencyGeneratePcm arm64 /Users/admin/builder/spi-builder-workspace/.derivedData/SDKExplicitPrecompiledModules/_Builtin_intrinsics-SQV576LJA0QE7RW5HF7CQ1BX.pcm
SwiftExplicitDependencyGeneratePcm arm64 /Users/admin/builder/spi-builder-workspace/.derivedData/SDKExplicitPrecompiledModules/_Builtin_stdatomic-25T9UW3XDYID74302F31PX0RP.pcm
SwiftExplicitDependencyGeneratePcm arm64 /Users/admin/builder/spi-builder-workspace/.derivedData/SDKExplicitPrecompiledModules/StoreKit-2T6I8Y0VBC11UMC6KK6P2CTB.pcm
SwiftExplicitDependencyGeneratePcm arm64 /Users/admin/builder/spi-builder-workspace/.derivedData/SDKExplicitPrecompiledModules/DataDetection-8RQ09UCIV0XSYRF8TQQD54MWN.pcm
SwiftExplicitDependencyGeneratePcm arm64_32 /Users/admin/builder/spi-builder-workspace/.derivedData/SDKExplicitPrecompiledModules/CoreVideo-BX0NALWCB2F1YOTF0NZGV9FWU.pcm
SwiftExplicitDependencyGeneratePcm arm64_32 /Users/admin/builder/spi-builder-workspace/.derivedData/SDKExplicitPrecompiledModules/CoreText-34U50N378SZT64826L0B62MN6.pcm
SwiftExplicitDependencyGeneratePcm arm64_32 /Users/admin/builder/spi-builder-workspace/.derivedData/SDKExplicitPrecompiledModules/Accessibility-BBXP8Z81UOB3UBBTO3GG9FEEO.pcm
SwiftExplicitDependencyGeneratePcm arm64 /Users/admin/builder/spi-builder-workspace/.derivedData/SDKExplicitPrecompiledModules/UniformTypeIdentifiers-47SS6PHE8KOUZX5UOQUNKH397.pcm
SwiftExplicitDependencyGeneratePcm arm64 /Users/admin/builder/spi-builder-workspace/.derivedData/SDKExplicitPrecompiledModules/UIUtilities-AR3EDJH6PMDGNUXQGV2JND65S.pcm
SwiftExplicitDependencyGeneratePcm arm64 /Users/admin/builder/spi-builder-workspace/.derivedData/SDKExplicitPrecompiledModules/Symbols-B8SNL2YULCKW9SYIL0T5QLMV.pcm
SwiftExplicitDependencyGeneratePcm arm64 /Users/admin/builder/spi-builder-workspace/.derivedData/SDKExplicitPrecompiledModules/UserNotifications-7VIERZPAA371031RT8VBKFYKJ.pcm
SwiftExplicitDependencyGeneratePcm arm64 /Users/admin/builder/spi-builder-workspace/.derivedData/SDKExplicitPrecompiledModules/CoreText-BEC0M2J7FJN53VXNFDZDKL9U2.pcm
SwiftExplicitDependencyGeneratePcm arm64 /Users/admin/builder/spi-builder-workspace/.derivedData/SDKExplicitPrecompiledModules/CoreVideo-2YRZ292TS6QDW2V2V92NZMPWM.pcm
SwiftExplicitDependencyGeneratePcm arm64 /Users/admin/builder/spi-builder-workspace/.derivedData/SDKExplicitPrecompiledModules/Accessibility-DB0V1GY4JDAXG2CZ5MW826DDE.pcm
SwiftExplicitDependencyGeneratePcm arm64_32 /Users/admin/builder/spi-builder-workspace/.derivedData/SDKExplicitPrecompiledModules/QuartzCore-72UYR37X0O2APTD1XMSJ20X5X.pcm
SwiftExplicitDependencyGeneratePcm arm64_32 /Users/admin/builder/spi-builder-workspace/.derivedData/SDKExplicitPrecompiledModules/simd-1W6O8NR1QUSWJGAN44DNNWVHX.pcm
SwiftExplicitDependencyGeneratePcm arm64_32 /Users/admin/builder/spi-builder-workspace/.derivedData/SDKExplicitPrecompiledModules/Symbols-DP67QJL9W7VSYP70ZVEBE3KRT.pcm
SwiftExplicitDependencyGeneratePcm arm64_32 /Users/admin/builder/spi-builder-workspace/.derivedData/SDKExplicitPrecompiledModules/MachO-F47JQRYVH1SLPOQSJD8RK9MSX.pcm
SwiftExplicitDependencyGeneratePcm arm64_32 /Users/admin/builder/spi-builder-workspace/.derivedData/SDKExplicitPrecompiledModules/_LocationEssentials-1XWTF8V96VX3IAHKJO7PJZDU0.pcm
SwiftExplicitDependencyGeneratePcm arm64 /Users/admin/builder/spi-builder-workspace/.derivedData/SDKExplicitPrecompiledModules/MachO-4RYXFVY68ZDEUZYFMVL57WEKU.pcm
SwiftExplicitDependencyGeneratePcm arm64 /Users/admin/builder/spi-builder-workspace/.derivedData/SDKExplicitPrecompiledModules/_LocationEssentials-C3HYVW8P89QAUDLD9VRHUF48Q.pcm
SwiftExplicitDependencyGeneratePcm arm64 /Users/admin/builder/spi-builder-workspace/.derivedData/SDKExplicitPrecompiledModules/QuartzCore-BRDP6VIMJ6A6HG4W4NYXZ8BI3.pcm
SwiftExplicitDependencyGeneratePcm arm64_32 /Users/admin/builder/spi-builder-workspace/.derivedData/SDKExplicitPrecompiledModules/CoreLocation-4AZRAZ8X3W0CS36SZ1GS4LT05.pcm
SwiftExplicitDependencyGeneratePcm arm64 /Users/admin/builder/spi-builder-workspace/.derivedData/SDKExplicitPrecompiledModules/simd-2C11HKTI5TJB05T724EWNFZXD.pcm
SwiftExplicitDependencyGeneratePcm arm64_32 /Users/admin/builder/spi-builder-workspace/.derivedData/SDKExplicitPrecompiledModules/SwiftUICore-TURER010MQ2QH6SN4BGDJJKP.pcm
SwiftExplicitDependencyGeneratePcm arm64_32 /Users/admin/builder/spi-builder-workspace/.derivedData/SDKExplicitPrecompiledModules/os-D9NWGT7PQGY2OD43XMA2KGLJK.pcm
SwiftExplicitDependencyGeneratePcm arm64 /Users/admin/builder/spi-builder-workspace/.derivedData/SDKExplicitPrecompiledModules/CoreLocation-B0A9Z3B1UDU8OLBQROLWD03N3.pcm
SwiftExplicitDependencyGeneratePcm arm64 /Users/admin/builder/spi-builder-workspace/.derivedData/SDKExplicitPrecompiledModules/os-6BCTB8I5DCBBKFJ0Y0G4WQDDJ.pcm
SwiftExplicitDependencyGeneratePcm arm64_32 /Users/admin/builder/spi-builder-workspace/.derivedData/SDKExplicitPrecompiledModules/CoreMotion-E9C6K7MOTJF3RC93DULCZ130U.pcm
SwiftExplicitDependencyGeneratePcm arm64 /Users/admin/builder/spi-builder-workspace/.derivedData/SDKExplicitPrecompiledModules/SwiftUICore-D4BOUT6VJWDXKNATG8P2F95W3.pcm
SwiftExplicitDependencyGeneratePcm arm64_32 /Users/admin/builder/spi-builder-workspace/.derivedData/SDKExplicitPrecompiledModules/OSLog-DXCLJ0K1EEBRV5MFYJOV1HIUX.pcm
SwiftExplicitDependencyGeneratePcm arm64 /Users/admin/builder/spi-builder-workspace/.derivedData/SDKExplicitPrecompiledModules/OSLog-ESJZZ70KT229YQNKF5CWYQVLA.pcm
SwiftExplicitDependencyGeneratePcm arm64 /Users/admin/builder/spi-builder-workspace/.derivedData/SDKExplicitPrecompiledModules/CoreMotion-70RNUQRT1QM2F8WR42WPP4KQV.pcm
SwiftExplicitDependencyGeneratePcm arm64_32 /Users/admin/builder/spi-builder-workspace/.derivedData/SDKExplicitPrecompiledModules/UIKit-BGAQE5HOOTG6M9C46O1HHPCDR.pcm
SwiftExplicitDependencyGeneratePcm arm64 /Users/admin/builder/spi-builder-workspace/.derivedData/SDKExplicitPrecompiledModules/UIKit-2XWL6VFNA7WRWSTXI42YLU909.pcm
SwiftExplicitDependencyGeneratePcm arm64_32 /Users/admin/builder/spi-builder-workspace/.derivedData/SDKExplicitPrecompiledModules/Spatial-4XS0QRL16224ZE9KE9TMKASKT.pcm
SwiftExplicitDependencyGeneratePcm arm64 /Users/admin/builder/spi-builder-workspace/.derivedData/SDKExplicitPrecompiledModules/Spatial-EZKKX4XFW72RZCTOIG80Z93AP.pcm
SwiftCompile normal arm64_32 Compiling\ Types.swift /Users/admin/builder/spi-builder-workspace/Sources/TuistSDK/Types.swift (in target 'TuistSDK' from project 'TuistSDK')
SwiftCompile normal arm64_32 /Users/admin/builder/spi-builder-workspace/Sources/TuistSDK/Types.swift (in target 'TuistSDK' from project 'TuistSDK')
cd /Users/admin/builder/spi-builder-workspace/.swiftpm/xcode
builtin-SwiftPerFileCompile Types.swift
SwiftCompile normal arm64_32 Compiling\ Preview.swift /Users/admin/builder/spi-builder-workspace/Sources/TuistSDK/Preview.swift (in target 'TuistSDK' from project 'TuistSDK')
SwiftCompile normal arm64_32 /Users/admin/builder/spi-builder-workspace/Sources/TuistSDK/Preview.swift (in target 'TuistSDK' from project 'TuistSDK')
cd /Users/admin/builder/spi-builder-workspace/.swiftpm/xcode
builtin-SwiftPerFileCompile Preview.swift
SwiftCompile normal arm64_32 Compiling\ Client.swift /Users/admin/builder/spi-builder-workspace/Sources/TuistSDK/Client.swift (in target 'TuistSDK' from project 'TuistSDK')
SwiftCompile normal arm64_32 /Users/admin/builder/spi-builder-workspace/Sources/TuistSDK/Client.swift (in target 'TuistSDK' from project 'TuistSDK')
cd /Users/admin/builder/spi-builder-workspace/.swiftpm/xcode
builtin-SwiftPerFileCompile Client.swift
SwiftEmitModule normal arm64_32 Emitting\ module\ for\ TuistSDK (in target 'TuistSDK' from project 'TuistSDK')
SwiftCompile normal arm64_32 (in target 'TuistSDK' from project 'TuistSDK')
cd /Users/admin/builder/spi-builder-workspace/.swiftpm/xcode
SwiftCompile normal arm64_32 Compiling\ AuthenticationMiddleware.swift /Users/admin/builder/spi-builder-workspace/Sources/TuistSDK/AuthenticationMiddleware.swift (in target 'TuistSDK' from project 'TuistSDK')
SwiftCompile normal arm64_32 /Users/admin/builder/spi-builder-workspace/Sources/TuistSDK/AuthenticationMiddleware.swift (in target 'TuistSDK' from project 'TuistSDK')
cd /Users/admin/builder/spi-builder-workspace/.swiftpm/xcode
builtin-SwiftPerFileCompile AuthenticationMiddleware.swift
SwiftCompile normal arm64_32 Compiling\ GetLatestPreviewService.swift /Users/admin/builder/spi-builder-workspace/Sources/TuistSDK/GetLatestPreviewService.swift (in target 'TuistSDK' from project 'TuistSDK')
SwiftCompile normal arm64_32 /Users/admin/builder/spi-builder-workspace/Sources/TuistSDK/GetLatestPreviewService.swift (in target 'TuistSDK' from project 'TuistSDK')
cd /Users/admin/builder/spi-builder-workspace/.swiftpm/xcode
builtin-SwiftPerFileCompile GetLatestPreviewService.swift
SwiftCompile normal arm64_32 Compiling\ TuistSDK.swift /Users/admin/builder/spi-builder-workspace/Sources/TuistSDK/TuistSDK.swift (in target 'TuistSDK' from project 'TuistSDK')
/Users/admin/builder/spi-builder-workspace/Sources/TuistSDK/TuistSDK.swift:177:25: error: 'UIAlertController' is unavailable in watchOS
175 | }
176 |
177 | let alert = UIAlertController(title: title, message: message, preferredStyle: .alert)
| `- error: 'UIAlertController' is unavailable in watchOS
178 |
179 | alert.addAction(
/Applications/Xcode-27.0.0-Release.Candidate.app/Contents/Developer/Platforms/WatchOS.platform/Developer/SDKs/WatchOS27.0.sdk/System/Library/Frameworks/UIKit.framework/Headers/UIAlertController.h:43:12: note: 'UIAlertController' has been explicitly marked unavailable here
41 |
42 | UIKIT_EXTERN API_AVAILABLE(ios(8.0)) API_UNAVAILABLE(watchos) NS_SWIFT_UI_ACTOR
43 | @interface UIAlertController : UIViewController
| `- note: 'UIAlertController' has been explicitly marked unavailable here
44 |
45 | + (instancetype)alertControllerWithTitle:(nullable NSString *)title message:(nullable NSString *)message preferredStyle:(UIAlertControllerStyle)preferredStyle;
/Users/admin/builder/spi-builder-workspace/Sources/TuistSDK/TuistSDK.swift:180:17: error: 'UIAlertAction' is unavailable in watchOS
178 |
179 | alert.addAction(
180 | UIAlertAction(title: "Cancel", style: .cancel) { _ in
| `- error: 'UIAlertAction' is unavailable in watchOS
181 | UserDefaults.standard.set(preview.id, forKey: Self.ignoredPreviewIdKey)
182 | }
/Applications/Xcode-27.0.0-Release.Candidate.app/Contents/Developer/Platforms/WatchOS.platform/Developer/SDKs/WatchOS27.0.sdk/System/Library/Frameworks/UIKit.framework/Headers/UIAlertController.h:32:12: note: 'UIAlertAction' has been explicitly marked unavailable here
30 |
31 | UIKIT_EXTERN API_AVAILABLE(ios(8.0)) API_UNAVAILABLE(watchos) NS_SWIFT_UI_ACTOR
32 | @interface UIAlertAction : NSObject <NSCopying>
| `- note: 'UIAlertAction' has been explicitly marked unavailable here
33 |
34 | + (instancetype)actionWithTitle:(nullable NSString *)title style:(UIAlertActionStyle)style handler:(void (^ __nullable)(UIAlertAction *action))handler;
/Users/admin/builder/spi-builder-workspace/Sources/TuistSDK/TuistSDK.swift:185:17: error: 'UIAlertAction' is unavailable in watchOS
183 | )
184 | alert.addAction(
185 | UIAlertAction(title: "Install", style: .default) { _ in
| `- error: 'UIAlertAction' is unavailable in watchOS
186 | UIApplication.shared.open(preview.deviceURL)
187 | }
/Applications/Xcode-27.0.0-Release.Candidate.app/Contents/Developer/Platforms/WatchOS.platform/Developer/SDKs/WatchOS27.0.sdk/System/Library/Frameworks/UIKit.framework/Headers/UIAlertController.h:32:12: note: 'UIAlertAction' has been explicitly marked unavailable here
30 |
31 | UIKIT_EXTERN API_AVAILABLE(ios(8.0)) API_UNAVAILABLE(watchos) NS_SWIFT_UI_ACTOR
32 | @interface UIAlertAction : NSObject <NSCopying>
| `- note: 'UIAlertAction' has been explicitly marked unavailable here
33 |
34 | + (instancetype)actionWithTitle:(nullable NSString *)title style:(UIAlertActionStyle)style handler:(void (^ __nullable)(UIAlertAction *action))handler;
/Users/admin/builder/spi-builder-workspace/Sources/TuistSDK/TuistSDK.swift:186:21: error: 'UIApplication' is unavailable in watchOS
184 | alert.addAction(
185 | UIAlertAction(title: "Install", style: .default) { _ in
186 | UIApplication.shared.open(preview.deviceURL)
| `- error: 'UIApplication' is unavailable in watchOS
187 | }
188 | )
/Applications/Xcode-27.0.0-Release.Candidate.app/Contents/Developer/Platforms/WatchOS.platform/Developer/SDKs/WatchOS27.0.sdk/System/Library/Frameworks/UIKit.framework/Headers/UIApplication.h:85:12: note: 'UIApplication' has been explicitly marked unavailable here
83 |
84 | UIKIT_EXTERN API_AVAILABLE(ios(2.0)) API_UNAVAILABLE(watchos) NS_SWIFT_UI_ACTOR
85 | @interface UIApplication : UIResponder
| `- note: 'UIApplication' has been explicitly marked unavailable here
86 |
87 | @property(class, nonatomic, readonly) UIApplication *sharedApplication NS_EXTENSION_UNAVAILABLE_IOS("Use view controller based solutions where appropriate instead.");
/Users/admin/builder/spi-builder-workspace/Sources/TuistSDK/TuistSDK.swift:186:42: error: 'open(_:options:completionHandler:)' is unavailable in watchOS
184 | alert.addAction(
185 | UIAlertAction(title: "Install", style: .default) { _ in
186 | UIApplication.shared.open(preview.deviceURL)
| `- error: 'open(_:options:completionHandler:)' is unavailable in watchOS
187 | }
188 | )
/Applications/Xcode-27.0.0-Release.Candidate.app/Contents/Developer/Platforms/WatchOS.platform/Developer/SDKs/WatchOS27.0.sdk/System/Library/Frameworks/UIKit.framework/Headers/UIApplication.h:104:1: note: 'open(_:options:completionHandler:)' has been explicitly marked unavailable here
102 | // than returning a result.
103 | // The completion handler is called on the main queue.
104 | - (void)openURL:(NSURL*)url options:(NSDictionary<UIApplicationOpenExternalURLOptionsKey, id> *)options completionHandler:(void (^ __nullable NS_SWIFT_UI_ACTOR)(BOOL success))completion API_AVAILABLE(ios(10.0)) API_UNAVAILABLE(watchos);
| `- note: 'open(_:options:completionHandler:)' has been explicitly marked unavailable here
105 |
106 | - (void)sendEvent:(UIEvent *)event;
/Users/admin/builder/spi-builder-workspace/Sources/TuistSDK/TuistSDK.swift:190:37: error: 'UIApplication' is unavailable in watchOS
188 | )
189 |
190 | guard let windowScene = UIApplication.shared.connectedScenes
| `- error: 'UIApplication' is unavailable in watchOS
191 | .compactMap({ $0 as? UIWindowScene })
192 | .first(where: { $0.activationState == .foregroundActive }),
/Applications/Xcode-27.0.0-Release.Candidate.app/Contents/Developer/Platforms/WatchOS.platform/Developer/SDKs/WatchOS27.0.sdk/System/Library/Frameworks/UIKit.framework/Headers/UIApplication.h:85:12: note: 'UIApplication' has been explicitly marked unavailable here
83 |
84 | UIKIT_EXTERN API_AVAILABLE(ios(2.0)) API_UNAVAILABLE(watchos) NS_SWIFT_UI_ACTOR
85 | @interface UIApplication : UIResponder
| `- note: 'UIApplication' has been explicitly marked unavailable here
86 |
87 | @property(class, nonatomic, readonly) UIApplication *sharedApplication NS_EXTENSION_UNAVAILABLE_IOS("Use view controller based solutions where appropriate instead.");
/Users/admin/builder/spi-builder-workspace/Sources/TuistSDK/TuistSDK.swift:190:58: error: 'connectedScenes' is unavailable in watchOS
188 | )
189 |
190 | guard let windowScene = UIApplication.shared.connectedScenes
| `- error: 'connectedScenes' is unavailable in watchOS
191 | .compactMap({ $0 as? UIWindowScene })
192 | .first(where: { $0.activationState == .foregroundActive }),
/Applications/Xcode-27.0.0-Release.Candidate.app/Contents/Developer/Platforms/WatchOS.platform/Developer/SDKs/WatchOS27.0.sdk/System/Library/Frameworks/UIKit.framework/Headers/UIApplication.h:189:50: note: 'connectedScenes' has been explicitly marked unavailable here
187 | #pragma mark -- UIScene --
188 | // All of the currently connected UIScene instances
189 | @property(nonatomic, readonly) NSSet<UIScene *> *connectedScenes API_AVAILABLE(ios(13.0)) API_UNAVAILABLE(watchos);
| `- note: 'connectedScenes' has been explicitly marked unavailable here
190 |
191 | // All of the representations that currently have connected UIScene instances or had their sessions persisted by the system (ex: visible in iOS' switcher)
/Users/admin/builder/spi-builder-workspace/Sources/TuistSDK/TuistSDK.swift:191:38: error: 'UIWindowScene' is unavailable in watchOS
189 |
190 | guard let windowScene = UIApplication.shared.connectedScenes
191 | .compactMap({ $0 as? UIWindowScene })
| `- error: 'UIWindowScene' is unavailable in watchOS
192 | .first(where: { $0.activationState == .foregroundActive }),
193 | let rootViewController = windowScene.windows.first?.rootViewController
/Applications/Xcode-27.0.0-Release.Candidate.app/Contents/Developer/Platforms/WatchOS.platform/Developer/SDKs/WatchOS27.0.sdk/System/Library/Frameworks/UIKit.framework/Headers/UIWindowScene.h:22:12: note: 'UIWindowScene' has been explicitly marked unavailable here
20 |
21 | UIKIT_EXTERN API_AVAILABLE(ios(13.0)) API_UNAVAILABLE(watchos) NS_SWIFT_UI_ACTOR
22 | @interface UIWindowScene : UIScene
| `- note: 'UIWindowScene' has been explicitly marked unavailable here
23 |
24 | #pragma mark Geometry
Failed frontend command:
/Applications/Xcode-27.0.0-Release.Candidate.app/Contents/Developer/Toolchains/XcodeDefault.xctoolchain/usr/bin/swift-frontend -frontend -c /Users/admin/builder/spi-builder-workspace/Sources/TuistSDK/AppStoreBuildChecker.swift /Users/admin/builder/spi-builder-workspace/Sources/TuistSDK/AuthenticationMiddleware.swift /Users/admin/builder/spi-builder-workspace/Sources/TuistSDK/Client.swift /Users/admin/builder/spi-builder-workspace/Sources/TuistSDK/GetLatestPreviewService.swift /Users/admin/builder/spi-builder-workspace/Sources/TuistSDK/Preview.swift -primary-file /Users/admin/builder/spi-builder-workspace/Sources/TuistSDK/TuistSDK.swift /Users/admin/builder/spi-builder-workspace/Sources/TuistSDK/Types.swift -emit-dependencies-path /Users/admin/builder/spi-builder-workspace/.derivedData/Build/Intermediates.noindex/TuistSDK.build/Debug-watchos/TuistSDK-t.build/Objects-normal/arm64_32/TuistSDK.d -emit-const-values-path /Users/admin/builder/spi-builder-workspace/.derivedData/Build/Intermediates.noindex/TuistSDK.build/Debug-watchos/TuistSDK-t.build/Objects-normal/arm64_32/TuistSDK.swiftconstvalues -emit-reference-dependencies-path /Users/admin/builder/spi-builder-workspace/.derivedData/Build/Intermediates.noindex/TuistSDK.build/Debug-watchos/TuistSDK-t.build/Objects-normal/arm64_32/TuistSDK.swiftdeps -serialize-diagnostics-path /Users/admin/builder/spi-builder-workspace/.derivedData/Build/Intermediates.noindex/TuistSDK.build/Debug-watchos/TuistSDK-t.build/Objects-normal/arm64_32/TuistSDK.dia -target arm64_32-apple-watchos9.0 -module-can-import-version UIKit 9127.0.84.1 9127.0.84 -disable-cross-import-overlay-search -swift-module-cross-import StoreKit /Applications/Xcode-27.0.0-Release.Candidate.app/Contents/Developer/Platforms/WatchOS.platform/Developer/SDKs/WatchOS.sdk/System/Library/Frameworks/StoreKit.framework/Modules/StoreKit.swiftcrossimport/SwiftUI.swiftoverlay -swift-module-cross-import StoreKit /Applications/Xcode-27.0.0-Release.Candidate.app/Contents/Developer/Platforms/WatchOS.platform/Developer/SDKs/WatchOS27.0.sdk/System/Library/Frameworks/StoreKit.framework/Modules/StoreKit.swiftcrossimport/SwiftUI.swiftoverlay -load-resolved-plugin /Applications/Xcode-27.0.0-Release.Candidate.app/Contents/Developer/Platforms/WatchOS.platform/Developer/usr/lib/swift/host/plugins/libFoundationMacros.dylib\#/Applications/Xcode-27.0.0-Release.Candidate.app/Contents/Developer/Platforms/WatchOS.platform/Developer/usr/bin/swift-plugin-server\#FoundationMacros -load-resolved-plugin /Applications/Xcode-27.0.0-Release.Candidate.app/Contents/Developer/Platforms/WatchOS.platform/Developer/usr/lib/swift/host/plugins/libObservationMacros.dylib\#/Applications/Xcode-27.0.0-Release.Candidate.app/Contents/Developer/Platforms/WatchOS.platform/Developer/usr/bin/swift-plugin-server\#ObservationMacros -load-resolved-plugin /Applications/Xcode-27.0.0-Release.Candidate.app/Contents/Developer/Platforms/WatchOS.platform/Developer/usr/lib/swift/host/plugins/libSwiftMacros.dylib\#/Applications/Xcode-27.0.0-Release.Candidate.app/Contents/Developer/Platforms/WatchOS.platform/Developer/usr/bin/swift-plugin-server\#SwiftMacros -load-resolved-plugin /Applications/Xcode-27.0.0-Release.Candidate.app/Contents/Developer/Platforms/WatchOS.platform/Developer/usr/lib/swift/host/plugins/libSwiftUIMacros.dylib\#/Applications/Xcode-27.0.0-Release.Candidate.app/Contents/Developer/Platforms/WatchOS.platform/Developer/usr/bin/swift-plugin-server\#SwiftUIMacros -disable-implicit-swift-modules -Xcc -fno-implicit-modules -Xcc -fno-implicit-module-maps -explicit-swift-module-map-file /Users/admin/builder/spi-builder-workspace/.derivedData/Build/Intermediates.noindex/TuistSDK.build/Debug-watchos/TuistSDK-t.build/Objects-normal/arm64_32/TuistSDK-dependencies-2.json -enable-objc-interop -sdk /Applications/Xcode-27.0.0-Release.Candidate.app/Contents/Developer/Platforms/WatchOS.platform/Developer/SDKs/WatchOS27.0.sdk -I /Users/admin/builder/spi-builder-workspace/.derivedData/Build/Products/Debug-watchos -Isystem /Applications/Xcode-27.0.0-Release.Candidate.app/Contents/Developer/Platforms/WatchOS.platform/Developer/usr/lib -F /Users/admin/builder/spi-builder-workspace/.derivedData/Build/Products/Debug-watchos/PackageFrameworks -F /Users/admin/builder/spi-builder-workspace/.derivedData/Build/Products/Debug-watchos -F /Applications/Xcode-27.0.0-Release.Candidate.app/Contents/Developer/Platforms/WatchOS.platform/Developer/Library/Frameworks -F /Applications/Xcode-27.0.0-Release.Candidate.app/Contents/Developer/Platforms/WatchOS.platform/Developer/SDKs/WatchOS27.0.sdk/Developer/Library/Frameworks -module-cache-path /Users/admin/builder/spi-builder-workspace/.derivedData/Build/Intermediates.noindex/SwiftExplicitPrecompiledModules -no-color-diagnostics -Xcc -fno-color-diagnostics -enable-testing -g -debug-info-format\=dwarf -dwarf-version\=4 -profile-generate -profile-coverage-mapping -swift-version 6 -Onone -D SWIFT_PACKAGE -D DEBUG -D SWIFT_MODULE_RESOURCE_BUNDLE_UNAVAILABLE -D Xcode -serialize-debugging-options -enable-upcoming-feature StrictConcurrency -enable-experimental-feature DebugDescriptionMacro -empty-abi-descriptor -validate-clang-modules-once -clang-build-session-file /Users/admin/builder/spi-builder-workspace/.derivedData/ModuleCache.noindex/Session.modulevalidation -Xcc -working-directory -Xcc /Users/admin/builder/spi-builder-workspace/.swiftpm/xcode -enable-anonymous-context-mangled-names -file-compilation-dir /Users/admin/builder/spi-builder-workspace/.swiftpm/xcode -Xcc -D_LIBCPP_HARDENING_MODE\=_LIBCPP_HARDENING_MODE_DEBUG -Xcc -ivfsstatcache -Xcc /Users/admin/builder/spi-builder-workspace/.derivedData/SDKStatCaches.noindex/watchos27.0-24R360-e829b21a6f8c9b70876ba0858053c04477534ef55a1706bf4c1112bbb242f0a2.sdkstatcache -Xcc -fmodules-prune-interval\=86400 -Xcc -fmodules-prune-after\=345600 -Xcc -I/Users/admin/builder/spi-builder-workspace/.derivedData/Build/Products/Debug-watchos/include -Xcc -I/Users/admin/builder/spi-builder-workspace/.derivedData/Build/Intermediates.noindex/TuistSDK.build/Debug-watchos/TuistSDK-t.build/DerivedSources-normal/arm64_32 -Xcc -I/Users/admin/builder/spi-builder-workspace/.derivedData/Build/Intermediates.noindex/TuistSDK.build/Debug-watchos/TuistSDK-t.build/DerivedSources/arm64_32 -Xcc -I/Users/admin/builder/spi-builder-workspace/.derivedData/Build/Intermediates.noindex/TuistSDK.build/Debug-watchos/TuistSDK-t.build/DerivedSources -Xcc -DSWIFT_PACKAGE -Xcc -DDEBUG\=1 -no-auto-bridging-header-chaining -module-name TuistSDK -package-name spi_builder_workspace -const-gather-protocols-file /Users/admin/builder/spi-builder-workspace/.derivedData/Build/Intermediates.noindex/TuistSDK.build/Debug-watchos/TuistSDK-t.build/Objects-normal/arm64_32/TuistSDK_const_extract_protocols.json -disable-clang-spi -clang-target arm64_32-apple-watchos27.0 -target-sdk-version 27.0 -target-sdk-name watchos27.0 -in-process-plugin-server-path /Applications/Xcode-27.0.0-Release.Candidate.app/Contents/Developer/Toolchains/XcodeDefault.xctoolchain/usr/lib/swift/host/libSwiftInProcPluginServer.dylib -parse-as-library -o /Users/admin/builder/spi-builder-workspace/.derivedData/Build/Intermediates.noindex/TuistSDK.build/Debug-watchos/TuistSDK-t.build/Objects-normal/arm64_32/TuistSDK.o -debug-module-path /Users/admin/builder/spi-builder-workspace/.derivedData/Build/Intermediates.noindex/TuistSDK.build/Debug-watchos/TuistSDK-t.build/Objects-normal/arm64_32/TuistSDK.swiftmodule -index-unit-output-path /TuistSDK.build/Debug-watchos/TuistSDK-t.build/Objects-normal/arm64_32/TuistSDK.o -index-store-path /Users/admin/builder/spi-builder-workspace/.derivedData/Index.noindex/DataStore -index-system-modules
SwiftCompile normal arm64_32 /Users/admin/builder/spi-builder-workspace/Sources/TuistSDK/TuistSDK.swift (in target 'TuistSDK' from project 'TuistSDK')
cd /Users/admin/builder/spi-builder-workspace/.swiftpm/xcode
builtin-SwiftPerFileCompile TuistSDK.swift
SwiftCompile normal arm64_32 Compiling\ AppStoreBuildChecker.swift /Users/admin/builder/spi-builder-workspace/Sources/TuistSDK/AppStoreBuildChecker.swift (in target 'TuistSDK' from project 'TuistSDK')
SwiftCompile normal arm64_32 /Users/admin/builder/spi-builder-workspace/Sources/TuistSDK/AppStoreBuildChecker.swift (in target 'TuistSDK' from project 'TuistSDK')
cd /Users/admin/builder/spi-builder-workspace/.swiftpm/xcode
builtin-SwiftPerFileCompile AppStoreBuildChecker.swift
SwiftEmitModule normal arm64 Emitting\ module\ for\ TuistSDK (in target 'TuistSDK' from project 'TuistSDK')
SwiftCompile normal arm64 (in target 'TuistSDK' from project 'TuistSDK')
cd /Users/admin/builder/spi-builder-workspace/.swiftpm/xcode
SwiftCompile normal arm64 Compiling\ Preview.swift /Users/admin/builder/spi-builder-workspace/Sources/TuistSDK/Preview.swift (in target 'TuistSDK' from project 'TuistSDK')
SwiftCompile normal arm64 /Users/admin/builder/spi-builder-workspace/Sources/TuistSDK/Preview.swift (in target 'TuistSDK' from project 'TuistSDK')
cd /Users/admin/builder/spi-builder-workspace/.swiftpm/xcode
builtin-SwiftPerFileCompile Preview.swift
SwiftCompile normal arm64 Compiling\ Types.swift /Users/admin/builder/spi-builder-workspace/Sources/TuistSDK/Types.swift (in target 'TuistSDK' from project 'TuistSDK')
SwiftCompile normal arm64 /Users/admin/builder/spi-builder-workspace/Sources/TuistSDK/Types.swift (in target 'TuistSDK' from project 'TuistSDK')
cd /Users/admin/builder/spi-builder-workspace/.swiftpm/xcode
builtin-SwiftPerFileCompile Types.swift
SwiftDriverJobDiscovery normal arm64_32 Compiling Preview.swift (in target 'TuistSDK' from project 'TuistSDK')
SwiftCompile normal arm64 Compiling\ GetLatestPreviewService.swift /Users/admin/builder/spi-builder-workspace/Sources/TuistSDK/GetLatestPreviewService.swift (in target 'TuistSDK' from project 'TuistSDK')
SwiftCompile normal arm64 /Users/admin/builder/spi-builder-workspace/Sources/TuistSDK/GetLatestPreviewService.swift (in target 'TuistSDK' from project 'TuistSDK')
cd /Users/admin/builder/spi-builder-workspace/.swiftpm/xcode
builtin-SwiftPerFileCompile GetLatestPreviewService.swift
SwiftDriverJobDiscovery normal arm64 Compiling Preview.swift (in target 'TuistSDK' from project 'TuistSDK')
SwiftCompile normal arm64 Compiling\ AuthenticationMiddleware.swift /Users/admin/builder/spi-builder-workspace/Sources/TuistSDK/AuthenticationMiddleware.swift (in target 'TuistSDK' from project 'TuistSDK')
SwiftCompile normal arm64 /Users/admin/builder/spi-builder-workspace/Sources/TuistSDK/AuthenticationMiddleware.swift (in target 'TuistSDK' from project 'TuistSDK')
cd /Users/admin/builder/spi-builder-workspace/.swiftpm/xcode
builtin-SwiftPerFileCompile AuthenticationMiddleware.swift
SwiftDriverJobDiscovery normal arm64_32 Compiling AuthenticationMiddleware.swift (in target 'TuistSDK' from project 'TuistSDK')
SwiftCompile normal arm64 Compiling\ Client.swift /Users/admin/builder/spi-builder-workspace/Sources/TuistSDK/Client.swift (in target 'TuistSDK' from project 'TuistSDK')
SwiftCompile normal arm64 /Users/admin/builder/spi-builder-workspace/Sources/TuistSDK/Client.swift (in target 'TuistSDK' from project 'TuistSDK')
cd /Users/admin/builder/spi-builder-workspace/.swiftpm/xcode
builtin-SwiftPerFileCompile Client.swift
SwiftDriverJobDiscovery normal arm64_32 Compiling GetLatestPreviewService.swift (in target 'TuistSDK' from project 'TuistSDK')
SwiftCompile normal arm64 Compiling\ TuistSDK.swift /Users/admin/builder/spi-builder-workspace/Sources/TuistSDK/TuistSDK.swift (in target 'TuistSDK' from project 'TuistSDK')
/Users/admin/builder/spi-builder-workspace/Sources/TuistSDK/TuistSDK.swift:177:25: error: 'UIAlertController' is unavailable in watchOS
175 | }
176 |
177 | let alert = UIAlertController(title: title, message: message, preferredStyle: .alert)
| `- error: 'UIAlertController' is unavailable in watchOS
178 |
179 | alert.addAction(
/Applications/Xcode-27.0.0-Release.Candidate.app/Contents/Developer/Platforms/WatchOS.platform/Developer/SDKs/WatchOS27.0.sdk/System/Library/Frameworks/UIKit.framework/Headers/UIAlertController.h:43:12: note: 'UIAlertController' has been explicitly marked unavailable here
41 |
42 | UIKIT_EXTERN API_AVAILABLE(ios(8.0)) API_UNAVAILABLE(watchos) NS_SWIFT_UI_ACTOR
43 | @interface UIAlertController : UIViewController
| `- note: 'UIAlertController' has been explicitly marked unavailable here
44 |
45 | + (instancetype)alertControllerWithTitle:(nullable NSString *)title message:(nullable NSString *)message preferredStyle:(UIAlertControllerStyle)preferredStyle;
/Users/admin/builder/spi-builder-workspace/Sources/TuistSDK/TuistSDK.swift:180:17: error: 'UIAlertAction' is unavailable in watchOS
178 |
179 | alert.addAction(
180 | UIAlertAction(title: "Cancel", style: .cancel) { _ in
| `- error: 'UIAlertAction' is unavailable in watchOS
181 | UserDefaults.standard.set(preview.id, forKey: Self.ignoredPreviewIdKey)
182 | }
/Applications/Xcode-27.0.0-Release.Candidate.app/Contents/Developer/Platforms/WatchOS.platform/Developer/SDKs/WatchOS27.0.sdk/System/Library/Frameworks/UIKit.framework/Headers/UIAlertController.h:32:12: note: 'UIAlertAction' has been explicitly marked unavailable here
30 |
31 | UIKIT_EXTERN API_AVAILABLE(ios(8.0)) API_UNAVAILABLE(watchos) NS_SWIFT_UI_ACTOR
32 | @interface UIAlertAction : NSObject <NSCopying>
| `- note: 'UIAlertAction' has been explicitly marked unavailable here
33 |
34 | + (instancetype)actionWithTitle:(nullable NSString *)title style:(UIAlertActionStyle)style handler:(void (^ __nullable)(UIAlertAction *action))handler;
/Users/admin/builder/spi-builder-workspace/Sources/TuistSDK/TuistSDK.swift:185:17: error: 'UIAlertAction' is unavailable in watchOS
183 | )
184 | alert.addAction(
185 | UIAlertAction(title: "Install", style: .default) { _ in
| `- error: 'UIAlertAction' is unavailable in watchOS
186 | UIApplication.shared.open(preview.deviceURL)
187 | }
/Applications/Xcode-27.0.0-Release.Candidate.app/Contents/Developer/Platforms/WatchOS.platform/Developer/SDKs/WatchOS27.0.sdk/System/Library/Frameworks/UIKit.framework/Headers/UIAlertController.h:32:12: note: 'UIAlertAction' has been explicitly marked unavailable here
30 |
31 | UIKIT_EXTERN API_AVAILABLE(ios(8.0)) API_UNAVAILABLE(watchos) NS_SWIFT_UI_ACTOR
32 | @interface UIAlertAction : NSObject <NSCopying>
| `- note: 'UIAlertAction' has been explicitly marked unavailable here
33 |
34 | + (instancetype)actionWithTitle:(nullable NSString *)title style:(UIAlertActionStyle)style handler:(void (^ __nullable)(UIAlertAction *action))handler;
/Users/admin/builder/spi-builder-workspace/Sources/TuistSDK/TuistSDK.swift:186:21: error: 'UIApplication' is unavailable in watchOS
184 | alert.addAction(
185 | UIAlertAction(title: "Install", style: .default) { _ in
186 | UIApplication.shared.open(preview.deviceURL)
| `- error: 'UIApplication' is unavailable in watchOS
187 | }
188 | )
/Applications/Xcode-27.0.0-Release.Candidate.app/Contents/Developer/Platforms/WatchOS.platform/Developer/SDKs/WatchOS27.0.sdk/System/Library/Frameworks/UIKit.framework/Headers/UIApplication.h:85:12: note: 'UIApplication' has been explicitly marked unavailable here
83 |
84 | UIKIT_EXTERN API_AVAILABLE(ios(2.0)) API_UNAVAILABLE(watchos) NS_SWIFT_UI_ACTOR
85 | @interface UIApplication : UIResponder
| `- note: 'UIApplication' has been explicitly marked unavailable here
86 |
87 | @property(class, nonatomic, readonly) UIApplication *sharedApplication NS_EXTENSION_UNAVAILABLE_IOS("Use view controller based solutions where appropriate instead.");
/Users/admin/builder/spi-builder-workspace/Sources/TuistSDK/TuistSDK.swift:186:42: error: 'open(_:options:completionHandler:)' is unavailable in watchOS
184 | alert.addAction(
185 | UIAlertAction(title: "Install", style: .default) { _ in
186 | UIApplication.shared.open(preview.deviceURL)
| `- error: 'open(_:options:completionHandler:)' is unavailable in watchOS
187 | }
188 | )
/Applications/Xcode-27.0.0-Release.Candidate.app/Contents/Developer/Platforms/WatchOS.platform/Developer/SDKs/WatchOS27.0.sdk/System/Library/Frameworks/UIKit.framework/Headers/UIApplication.h:104:1: note: 'open(_:options:completionHandler:)' has been explicitly marked unavailable here
102 | // than returning a result.
103 | // The completion handler is called on the main queue.
104 | - (void)openURL:(NSURL*)url options:(NSDictionary<UIApplicationOpenExternalURLOptionsKey, id> *)options completionHandler:(void (^ __nullable NS_SWIFT_UI_ACTOR)(BOOL success))completion API_AVAILABLE(ios(10.0)) API_UNAVAILABLE(watchos);
| `- note: 'open(_:options:completionHandler:)' has been explicitly marked unavailable here
105 |
106 | - (void)sendEvent:(UIEvent *)event;
/Users/admin/builder/spi-builder-workspace/Sources/TuistSDK/TuistSDK.swift:190:37: error: 'UIApplication' is unavailable in watchOS
188 | )
189 |
190 | guard let windowScene = UIApplication.shared.connectedScenes
| `- error: 'UIApplication' is unavailable in watchOS
191 | .compactMap({ $0 as? UIWindowScene })
192 | .first(where: { $0.activationState == .foregroundActive }),
/Applications/Xcode-27.0.0-Release.Candidate.app/Contents/Developer/Platforms/WatchOS.platform/Developer/SDKs/WatchOS27.0.sdk/System/Library/Frameworks/UIKit.framework/Headers/UIApplication.h:85:12: note: 'UIApplication' has been explicitly marked unavailable here
83 |
84 | UIKIT_EXTERN API_AVAILABLE(ios(2.0)) API_UNAVAILABLE(watchos) NS_SWIFT_UI_ACTOR
85 | @interface UIApplication : UIResponder
| `- note: 'UIApplication' has been explicitly marked unavailable here
86 |
87 | @property(class, nonatomic, readonly) UIApplication *sharedApplication NS_EXTENSION_UNAVAILABLE_IOS("Use view controller based solutions where appropriate instead.");
/Users/admin/builder/spi-builder-workspace/Sources/TuistSDK/TuistSDK.swift:190:58: error: 'connectedScenes' is unavailable in watchOS
188 | )
189 |
190 | guard let windowScene = UIApplication.shared.connectedScenes
| `- error: 'connectedScenes' is unavailable in watchOS
191 | .compactMap({ $0 as? UIWindowScene })
192 | .first(where: { $0.activationState == .foregroundActive }),
/Applications/Xcode-27.0.0-Release.Candidate.app/Contents/Developer/Platforms/WatchOS.platform/Developer/SDKs/WatchOS27.0.sdk/System/Library/Frameworks/UIKit.framework/Headers/UIApplication.h:189:50: note: 'connectedScenes' has been explicitly marked unavailable here
187 | #pragma mark -- UIScene --
188 | // All of the currently connected UIScene instances
189 | @property(nonatomic, readonly) NSSet<UIScene *> *connectedScenes API_AVAILABLE(ios(13.0)) API_UNAVAILABLE(watchos);
| `- note: 'connectedScenes' has been explicitly marked unavailable here
190 |
191 | // All of the representations that currently have connected UIScene instances or had their sessions persisted by the system (ex: visible in iOS' switcher)
SwiftCompile normal arm64 /Users/admin/builder/spi-builder-workspace/Sources/TuistSDK/TuistSDK.swift (in target 'TuistSDK' from project 'TuistSDK')
cd /Users/admin/builder/spi-builder-workspace/.swiftpm/xcode
builtin-SwiftPerFileCompile TuistSDK.swift
SwiftDriverJobDiscovery normal arm64 Compiling AuthenticationMiddleware.swift (in target 'TuistSDK' from project 'TuistSDK')
SwiftCompile normal arm64 Compiling\ AppStoreBuildChecker.swift /Users/admin/builder/spi-builder-workspace/Sources/TuistSDK/AppStoreBuildChecker.swift (in target 'TuistSDK' from project 'TuistSDK')
SwiftCompile normal arm64 /Users/admin/builder/spi-builder-workspace/Sources/TuistSDK/AppStoreBuildChecker.swift (in target 'TuistSDK' from project 'TuistSDK')
cd /Users/admin/builder/spi-builder-workspace/.swiftpm/xcode
builtin-SwiftPerFileCompile AppStoreBuildChecker.swift
SwiftDriverJobDiscovery normal arm64 Compiling GetLatestPreviewService.swift (in target 'TuistSDK' from project 'TuistSDK')
PruneExplicitPrecompiledModules /Users/admin/builder/spi-builder-workspace/.derivedData/Build/Intermediates.noindex/SwiftExplicitPrecompiledModules
PruneExplicitPrecompiledModules /Users/admin/builder/spi-builder-workspace/.derivedData/SDKExplicitPrecompiledModules
PruneExplicitPrecompiledModules /Users/admin/builder/spi-builder-workspace/.derivedData/Build/Intermediates.noindex/ExplicitPrecompiledModules
2026-09-23 10:48:43.417 xcodebuild[806:4758] [MT] IDERunDestination: Supported platforms for the buildables in the current scheme is empty.
** BUILD FAILED **
The following build commands failed:
SwiftCompile normal arm64_32 Compiling\ TuistSDK.swift /Users/admin/builder/spi-builder-workspace/Sources/TuistSDK/TuistSDK.swift (in target 'TuistSDK' from project 'TuistSDK')
SwiftCompile normal arm64_32 /Users/admin/builder/spi-builder-workspace/Sources/TuistSDK/TuistSDK.swift (in target 'TuistSDK' from project 'TuistSDK')
Building workspace TuistSDK with scheme TuistSDK
(3 failures)
Command line invocation:
/Applications/Xcode-27.0.0-Release.Candidate.app/Contents/Developer/usr/bin/xcodebuild -IDEClonedSourcePackagesDirPathOverride=/Users/admin/builder/spi-builder-workspace/.dependencies -resolvePackageDependencies
Resolve Package Graph
Resolved source packages:
swift-collections: https://github.com/apple/swift-collections @ 1.7.0
swift-openapi-runtime: https://github.com/apple/swift-openapi-runtime @ 1.12.1
swift-http-types: https://github.com/apple/swift-http-types @ 1.8.0
TuistSDK: /Users/admin/builder/spi-builder-workspace
swift-openapi-urlsession: https://github.com/apple/swift-openapi-urlsession @ 1.3.1
resolved source packages: swift-collections, swift-openapi-runtime, swift-http-types, TuistSDK, swift-openapi-urlsession
2026-09-23 10:48:57.384 xcodebuild[1121:6446] [MT] IDERunDestination: Supported platforms for the buildables in the current scheme is empty.
{
"dependencies" : [
{
"identity" : "swift-openapi-runtime",
"requirement" : {
"range" : [
{
"lower_bound" : "1.9.0",
"upper_bound" : "2.0.0"
}
]
},
"type" : "sourceControl",
"url" : "https://github.com/apple/swift-openapi-runtime"
},
{
"identity" : "swift-http-types",
"requirement" : {
"range" : [
{
"lower_bound" : "1.5.1",
"upper_bound" : "2.0.0"
}
]
},
"type" : "sourceControl",
"url" : "https://github.com/apple/swift-http-types"
},
{
"identity" : "swift-openapi-urlsession",
"requirement" : {
"range" : [
{
"lower_bound" : "1.2.0",
"upper_bound" : "2.0.0"
}
]
},
"type" : "sourceControl",
"url" : "https://github.com/apple/swift-openapi-urlsession"
}
],
"manifest_display_name" : "TuistSDK",
"name" : "TuistSDK",
"path" : "/Users/admin/builder/spi-builder-workspace",
"platforms" : [
{
"name" : "ios",
"version" : "16.0"
},
{
"name" : "macos",
"version" : "13.0"
},
{
"name" : "tvos",
"version" : "16.0"
},
{
"name" : "watchos",
"version" : "9.0"
},
{
"name" : "visionos",
"version" : "1.0"
}
],
"products" : [
{
"name" : "TuistSDK",
"targets" : [
"TuistSDK"
],
"type" : {
"library" : [
"automatic"
]
}
}
],
"targets" : [
{
"c99name" : "TuistSDKTests",
"module_type" : "SwiftTarget",
"name" : "TuistSDKTests",
"path" : "Tests/TuistSDKTests",
"sources" : [
"MockAppStoreBuildChecker.swift",
"MockGetLatestPreviewService.swift",
"Preview+Test.swift",
"TuistSDKTests.swift"
],
"target_dependencies" : [
"TuistSDK"
],
"type" : "test"
},
{
"c99name" : "TuistSDK",
"module_type" : "SwiftTarget",
"name" : "TuistSDK",
"path" : "Sources/TuistSDK",
"product_dependencies" : [
"OpenAPIRuntime",
"HTTPTypes",
"OpenAPIURLSession"
],
"product_memberships" : [
"TuistSDK"
],
"sources" : [
"AppStoreBuildChecker.swift",
"AuthenticationMiddleware.swift",
"Client.swift",
"GetLatestPreviewService.swift",
"Preview.swift",
"TuistSDK.swift",
"Types.swift"
],
"type" : "library"
}
],
"tools_version" : "6.1"
}
{
"workspace" : {
"name" : "TuistSDK",
"schemes" : [
"TuistSDK"
]
}
}
2026-09-23 10:48:58.880 xcodebuild[1129:6519] [MT] IDERunDestination: Supported platforms for the buildables in the current scheme is empty.
Running build ...
env DEVELOPER_DIR=/Applications/Xcode-27.0.0-Release.Candidate.app xcrun xcodebuild -IDEClonedSourcePackagesDirPathOverride=$PWD/.dependencies -skipMacroValidation -skipPackagePluginValidation -derivedDataPath $PWD/.derivedData build -scheme TuistSDK -destination generic/platform=watchOS
Command line invocation:
/Applications/Xcode-27.0.0-Release.Candidate.app/Contents/Developer/usr/bin/xcodebuild -IDEClonedSourcePackagesDirPathOverride=/Users/admin/builder/spi-builder-workspace/.dependencies -skipMacroValidation -skipPackagePluginValidation -derivedDataPath /Users/admin/builder/spi-builder-workspace/.derivedData build -scheme TuistSDK -destination generic/platform=watchOS
Resolve Package Graph
Resolved source packages:
swift-collections: https://github.com/apple/swift-collections @ 1.7.0
swift-openapi-runtime: https://github.com/apple/swift-openapi-runtime @ 1.12.1
swift-http-types: https://github.com/apple/swift-http-types @ 1.8.0
TuistSDK: /Users/admin/builder/spi-builder-workspace
swift-openapi-urlsession: https://github.com/apple/swift-openapi-urlsession @ 1.3.1
ComputePackagePrebuildTargetDependencyGraph
Prepare packages
CreateBuildRequest
SendProjectDescription
CreateBuildOperation
ComputeTargetDependencyGraph
note: Building targets in dependency order
note: Target dependency graph (12 targets)
Target 'TuistSDK-product' in project 'TuistSDK'
➜ Explicit dependency on target 'TuistSDK' in project 'TuistSDK'
➜ Explicit dependency on target 'OpenAPIRuntime-product' in project 'swift-openapi-runtime'
➜ Explicit dependency on target 'HTTPTypes-product' in project 'swift-http-types'
➜ Explicit dependency on target 'OpenAPIURLSession-product' in project 'swift-openapi-urlsession'
Target 'TuistSDK' in project 'TuistSDK'
➜ Explicit dependency on target 'OpenAPIRuntime-product' in project 'swift-openapi-runtime'
➜ Explicit dependency on target 'HTTPTypes-product' in project 'swift-http-types'
➜ Explicit dependency on target 'OpenAPIURLSession-product' in project 'swift-openapi-urlsession'
Target 'OpenAPIURLSession-product' in project 'swift-openapi-urlsession'
➜ Explicit dependency on target 'OpenAPIURLSession' in project 'swift-openapi-urlsession'
➜ Explicit dependency on target 'DequeModule-product' in project 'swift-collections'
➜ Explicit dependency on target 'OpenAPIRuntime-product' in project 'swift-openapi-runtime'
➜ Explicit dependency on target 'HTTPTypes-product' in project 'swift-http-types'
Target 'OpenAPIURLSession' in project 'swift-openapi-urlsession'
➜ Explicit dependency on target 'DequeModule-product' in project 'swift-collections'
➜ Explicit dependency on target 'OpenAPIRuntime-product' in project 'swift-openapi-runtime'
➜ Explicit dependency on target 'HTTPTypes-product' in project 'swift-http-types'
Target 'DequeModule-product' in project 'swift-collections'
➜ Explicit dependency on target 'DequeModule' in project 'swift-collections'
➜ Explicit dependency on target 'InternalCollectionsUtilities' in project 'swift-collections'
➜ Explicit dependency on target 'SpanPreview' in project 'swift-collections'
Target 'DequeModule' in project 'swift-collections'
➜ Explicit dependency on target 'InternalCollectionsUtilities' in project 'swift-collections'
➜ Explicit dependency on target 'SpanPreview' in project 'swift-collections'
Target 'SpanPreview' in project 'swift-collections'
➜ Explicit dependency on target 'InternalCollectionsUtilities' in project 'swift-collections'
Target 'InternalCollectionsUtilities' in project 'swift-collections' (no dependencies)
Target 'OpenAPIRuntime-product' in project 'swift-openapi-runtime'
➜ Explicit dependency on target 'OpenAPIRuntime' in project 'swift-openapi-runtime'
➜ Explicit dependency on target 'HTTPTypes-product' in project 'swift-http-types'
Target 'OpenAPIRuntime' in project 'swift-openapi-runtime'
➜ Explicit dependency on target 'HTTPTypes-product' in project 'swift-http-types'
Target 'HTTPTypes-product' in project 'swift-http-types'
➜ Explicit dependency on target 'HTTPTypes' in project 'swift-http-types'
Target 'HTTPTypes' in project 'swift-http-types' (no dependencies)
GatherProvisioningInputs
CreateBuildDescription
ClangStatCache /Applications/Xcode-27.0.0-Release.Candidate.app/Contents/Developer/Toolchains/XcodeDefault.xctoolchain/usr/bin/clang-stat-cache /Applications/Xcode-27.0.0-Release.Candidate.app/Contents/Developer/Platforms/WatchOS.platform/Developer/SDKs/WatchOS27.0.sdk /Users/admin/builder/spi-builder-workspace/.derivedData/SDKStatCaches.noindex/watchos27.0-24R360-e829b21a6f8c9b70876ba0858053c04477534ef55a1706bf4c1112bbb242f0a2.sdkstatcache
cd /Users/admin/builder/spi-builder-workspace/.swiftpm/xcode
/Applications/Xcode-27.0.0-Release.Candidate.app/Contents/Developer/Toolchains/XcodeDefault.xctoolchain/usr/bin/clang-stat-cache /Applications/Xcode-27.0.0-Release.Candidate.app/Contents/Developer/Platforms/WatchOS.platform/Developer/SDKs/WatchOS27.0.sdk -o /Users/admin/builder/spi-builder-workspace/.derivedData/SDKStatCaches.noindex/watchos27.0-24R360-e829b21a6f8c9b70876ba0858053c04477534ef55a1706bf4c1112bbb242f0a2.sdkstatcache
SwiftDriver TuistSDK normal arm64 com.apple.xcode.tools.swift.compiler (in target 'TuistSDK' from project 'TuistSDK')
cd /Users/admin/builder/spi-builder-workspace/.swiftpm/xcode
builtin-SwiftDriver -- /Applications/Xcode-27.0.0-Release.Candidate.app/Contents/Developer/Toolchains/XcodeDefault.xctoolchain/usr/bin/swiftc -parse-as-library -module-name TuistSDK -Onone @/Users/admin/builder/spi-builder-workspace/.derivedData/Build/Intermediates.noindex/TuistSDK.build/Debug-watchos/TuistSDK-t.build/Objects-normal/arm64/TuistSDK.SwiftFileList -DSWIFT_PACKAGE -DDEBUG -DSWIFT_MODULE_RESOURCE_BUNDLE_UNAVAILABLE -DXcode -enable-upcoming-feature StrictConcurrency -plugin-path /Applications/Xcode-27.0.0-Release.Candidate.app/Contents/Developer/Toolchains/XcodeDefault.xctoolchain/usr/lib/swift/host/plugins/testing -enable-experimental-feature DebugDescriptionMacro -sdk /Applications/Xcode-27.0.0-Release.Candidate.app/Contents/Developer/Platforms/WatchOS.platform/Developer/SDKs/WatchOS27.0.sdk -target arm64-apple-watchos9.0 -g -module-cache-path /Users/admin/builder/spi-builder-workspace/.derivedData/ModuleCache.noindex -Xfrontend -serialize-debugging-options -profile-coverage-mapping -profile-generate -enable-testing -index-store-path /Users/admin/builder/spi-builder-workspace/.derivedData/Index.noindex/DataStore -Xcc -D_LIBCPP_HARDENING_MODE\=_LIBCPP_HARDENING_MODE_DEBUG -swift-version 6 -I /Users/admin/builder/spi-builder-workspace/.derivedData/Build/Products/Debug-watchos -Isystem /Applications/Xcode-27.0.0-Release.Candidate.app/Contents/Developer/Platforms/WatchOS.platform/Developer/usr/lib -F /Users/admin/builder/spi-builder-workspace/.derivedData/Build/Products/Debug-watchos/PackageFrameworks -F /Users/admin/builder/spi-builder-workspace/.derivedData/Build/Products/Debug-watchos -F /Applications/Xcode-27.0.0-Release.Candidate.app/Contents/Developer/Platforms/WatchOS.platform/Developer/Library/Frameworks -F /Applications/Xcode-27.0.0-Release.Candidate.app/Contents/Developer/Platforms/WatchOS.platform/Developer/SDKs/WatchOS27.0.sdk/Developer/Library/Frameworks -c -j10 -enable-batch-mode -incremental -Xcc -ivfsstatcache -Xcc /Users/admin/builder/spi-builder-workspace/.derivedData/SDKStatCaches.noindex/watchos27.0-24R360-e829b21a6f8c9b70876ba0858053c04477534ef55a1706bf4c1112bbb242f0a2.sdkstatcache -output-file-map /Users/admin/builder/spi-builder-workspace/.derivedData/Build/Intermediates.noindex/TuistSDK.build/Debug-watchos/TuistSDK-t.build/Objects-normal/arm64/TuistSDK-OutputFileMap.json -save-temps -no-color-diagnostics -explicit-module-build -module-cache-path /Users/admin/builder/spi-builder-workspace/.derivedData/Build/Intermediates.noindex/SwiftExplicitPrecompiledModules -clang-scanner-module-cache-path /Users/admin/builder/spi-builder-workspace/.derivedData/ModuleCache.noindex -sdk-module-cache-path /Users/admin/builder/spi-builder-workspace/.derivedData/SDKExplicitPrecompiledModules -emit-dependencies -emit-module -emit-module-path /Users/admin/builder/spi-builder-workspace/.derivedData/Build/Intermediates.noindex/TuistSDK.build/Debug-watchos/TuistSDK-t.build/Objects-normal/arm64/TuistSDK.swiftmodule -serialize-diagnostics -dependency-scan-serialize-diagnostics-path /Users/admin/builder/spi-builder-workspace/.derivedData/Build/Intermediates.noindex/TuistSDK.build/Debug-watchos/TuistSDK-t.build/Objects-normal/arm64/TuistSDK-dependency-scan.dia -validate-clang-modules-once -clang-build-session-file /Users/admin/builder/spi-builder-workspace/.derivedData/ModuleCache.noindex/Session.modulevalidation -Xcc -fmodules-prune-interval\=86400 -Xcc -fmodules-prune-after\=345600 -package-name spi_builder_workspace -emit-const-values -const-gather-protocols-list /Users/admin/builder/spi-builder-workspace/.derivedData/Build/Intermediates.noindex/TuistSDK.build/Debug-watchos/TuistSDK-t.build/Objects-normal/arm64/TuistSDK_const_extract_protocols.json -Xcc -I/Users/admin/builder/spi-builder-workspace/.derivedData/Build/Products/Debug-watchos/include -Xcc -I/Users/admin/builder/spi-builder-workspace/.derivedData/Build/Intermediates.noindex/TuistSDK.build/Debug-watchos/TuistSDK-t.build/DerivedSources-normal/arm64 -Xcc -I/Users/admin/builder/spi-builder-workspace/.derivedData/Build/Intermediates.noindex/TuistSDK.build/Debug-watchos/TuistSDK-t.build/DerivedSources/arm64 -Xcc -I/Users/admin/builder/spi-builder-workspace/.derivedData/Build/Intermediates.noindex/TuistSDK.build/Debug-watchos/TuistSDK-t.build/DerivedSources -Xcc -DSWIFT_PACKAGE -Xcc -DDEBUG\=1 -emit-objc-header -emit-objc-header-path /Users/admin/builder/spi-builder-workspace/.derivedData/Build/Intermediates.noindex/TuistSDK.build/Debug-watchos/TuistSDK-t.build/Objects-normal/arm64/TuistSDK-Swift.h -working-directory /Users/admin/builder/spi-builder-workspace/.swiftpm/xcode -experimental-emit-module-separately -disable-cmo
SwiftDriver TuistSDK normal arm64_32 com.apple.xcode.tools.swift.compiler (in target 'TuistSDK' from project 'TuistSDK')
cd /Users/admin/builder/spi-builder-workspace/.swiftpm/xcode
builtin-SwiftDriver -- /Applications/Xcode-27.0.0-Release.Candidate.app/Contents/Developer/Toolchains/XcodeDefault.xctoolchain/usr/bin/swiftc -parse-as-library -module-name TuistSDK -Onone @/Users/admin/builder/spi-builder-workspace/.derivedData/Build/Intermediates.noindex/TuistSDK.build/Debug-watchos/TuistSDK-t.build/Objects-normal/arm64_32/TuistSDK.SwiftFileList -DSWIFT_PACKAGE -DDEBUG -DSWIFT_MODULE_RESOURCE_BUNDLE_UNAVAILABLE -DXcode -enable-upcoming-feature StrictConcurrency -plugin-path /Applications/Xcode-27.0.0-Release.Candidate.app/Contents/Developer/Toolchains/XcodeDefault.xctoolchain/usr/lib/swift/host/plugins/testing -enable-experimental-feature DebugDescriptionMacro -sdk /Applications/Xcode-27.0.0-Release.Candidate.app/Contents/Developer/Platforms/WatchOS.platform/Developer/SDKs/WatchOS27.0.sdk -target arm64_32-apple-watchos9.0 -g -module-cache-path /Users/admin/builder/spi-builder-workspace/.derivedData/ModuleCache.noindex -Xfrontend -serialize-debugging-options -profile-coverage-mapping -profile-generate -enable-testing -index-store-path /Users/admin/builder/spi-builder-workspace/.derivedData/Index.noindex/DataStore -Xcc -D_LIBCPP_HARDENING_MODE\=_LIBCPP_HARDENING_MODE_DEBUG -swift-version 6 -I /Users/admin/builder/spi-builder-workspace/.derivedData/Build/Products/Debug-watchos -Isystem /Applications/Xcode-27.0.0-Release.Candidate.app/Contents/Developer/Platforms/WatchOS.platform/Developer/usr/lib -F /Users/admin/builder/spi-builder-workspace/.derivedData/Build/Products/Debug-watchos/PackageFrameworks -F /Users/admin/builder/spi-builder-workspace/.derivedData/Build/Products/Debug-watchos -F /Applications/Xcode-27.0.0-Release.Candidate.app/Contents/Developer/Platforms/WatchOS.platform/Developer/Library/Frameworks -F /Applications/Xcode-27.0.0-Release.Candidate.app/Contents/Developer/Platforms/WatchOS.platform/Developer/SDKs/WatchOS27.0.sdk/Developer/Library/Frameworks -c -j10 -enable-batch-mode -incremental -Xcc -ivfsstatcache -Xcc /Users/admin/builder/spi-builder-workspace/.derivedData/SDKStatCaches.noindex/watchos27.0-24R360-e829b21a6f8c9b70876ba0858053c04477534ef55a1706bf4c1112bbb242f0a2.sdkstatcache -output-file-map /Users/admin/builder/spi-builder-workspace/.derivedData/Build/Intermediates.noindex/TuistSDK.build/Debug-watchos/TuistSDK-t.build/Objects-normal/arm64_32/TuistSDK-OutputFileMap.json -save-temps -no-color-diagnostics -explicit-module-build -module-cache-path /Users/admin/builder/spi-builder-workspace/.derivedData/Build/Intermediates.noindex/SwiftExplicitPrecompiledModules -clang-scanner-module-cache-path /Users/admin/builder/spi-builder-workspace/.derivedData/ModuleCache.noindex -sdk-module-cache-path /Users/admin/builder/spi-builder-workspace/.derivedData/SDKExplicitPrecompiledModules -emit-dependencies -emit-module -emit-module-path /Users/admin/builder/spi-builder-workspace/.derivedData/Build/Intermediates.noindex/TuistSDK.build/Debug-watchos/TuistSDK-t.build/Objects-normal/arm64_32/TuistSDK.swiftmodule -serialize-diagnostics -dependency-scan-serialize-diagnostics-path /Users/admin/builder/spi-builder-workspace/.derivedData/Build/Intermediates.noindex/TuistSDK.build/Debug-watchos/TuistSDK-t.build/Objects-normal/arm64_32/TuistSDK-dependency-scan.dia -validate-clang-modules-once -clang-build-session-file /Users/admin/builder/spi-builder-workspace/.derivedData/ModuleCache.noindex/Session.modulevalidation -Xcc -fmodules-prune-interval\=86400 -Xcc -fmodules-prune-after\=345600 -package-name spi_builder_workspace -emit-const-values -const-gather-protocols-list /Users/admin/builder/spi-builder-workspace/.derivedData/Build/Intermediates.noindex/TuistSDK.build/Debug-watchos/TuistSDK-t.build/Objects-normal/arm64_32/TuistSDK_const_extract_protocols.json -Xcc -I/Users/admin/builder/spi-builder-workspace/.derivedData/Build/Products/Debug-watchos/include -Xcc -I/Users/admin/builder/spi-builder-workspace/.derivedData/Build/Intermediates.noindex/TuistSDK.build/Debug-watchos/TuistSDK-t.build/DerivedSources-normal/arm64_32 -Xcc -I/Users/admin/builder/spi-builder-workspace/.derivedData/Build/Intermediates.noindex/TuistSDK.build/Debug-watchos/TuistSDK-t.build/DerivedSources/arm64_32 -Xcc -I/Users/admin/builder/spi-builder-workspace/.derivedData/Build/Intermediates.noindex/TuistSDK.build/Debug-watchos/TuistSDK-t.build/DerivedSources -Xcc -DSWIFT_PACKAGE -Xcc -DDEBUG\=1 -emit-objc-header -emit-objc-header-path /Users/admin/builder/spi-builder-workspace/.derivedData/Build/Intermediates.noindex/TuistSDK.build/Debug-watchos/TuistSDK-t.build/Objects-normal/arm64_32/TuistSDK-Swift.h -working-directory /Users/admin/builder/spi-builder-workspace/.swiftpm/xcode -experimental-emit-module-separately -disable-cmo
SwiftCompile normal arm64_32 Compiling\ Client.swift /Users/admin/builder/spi-builder-workspace/Sources/TuistSDK/Client.swift (in target 'TuistSDK' from project 'TuistSDK')
SwiftCompile normal arm64_32 /Users/admin/builder/spi-builder-workspace/Sources/TuistSDK/Client.swift (in target 'TuistSDK' from project 'TuistSDK')
cd /Users/admin/builder/spi-builder-workspace/.swiftpm/xcode
builtin-SwiftPerFileCompile Client.swift
SwiftEmitModule normal arm64_32 Emitting\ module\ for\ TuistSDK (in target 'TuistSDK' from project 'TuistSDK')
SwiftCompile normal arm64_32 (in target 'TuistSDK' from project 'TuistSDK')
cd /Users/admin/builder/spi-builder-workspace/.swiftpm/xcode
SwiftCompile normal arm64_32 Compiling\ AppStoreBuildChecker.swift /Users/admin/builder/spi-builder-workspace/Sources/TuistSDK/AppStoreBuildChecker.swift (in target 'TuistSDK' from project 'TuistSDK')
SwiftCompile normal arm64_32 /Users/admin/builder/spi-builder-workspace/Sources/TuistSDK/AppStoreBuildChecker.swift (in target 'TuistSDK' from project 'TuistSDK')
cd /Users/admin/builder/spi-builder-workspace/.swiftpm/xcode
builtin-SwiftPerFileCompile AppStoreBuildChecker.swift
SwiftCompile normal arm64_32 Compiling\ Types.swift /Users/admin/builder/spi-builder-workspace/Sources/TuistSDK/Types.swift (in target 'TuistSDK' from project 'TuistSDK')
SwiftCompile normal arm64_32 /Users/admin/builder/spi-builder-workspace/Sources/TuistSDK/Types.swift (in target 'TuistSDK' from project 'TuistSDK')
cd /Users/admin/builder/spi-builder-workspace/.swiftpm/xcode
builtin-SwiftPerFileCompile Types.swift
SwiftCompile normal arm64_32 Compiling\ TuistSDK.swift /Users/admin/builder/spi-builder-workspace/Sources/TuistSDK/TuistSDK.swift (in target 'TuistSDK' from project 'TuistSDK')
/Users/admin/builder/spi-builder-workspace/Sources/TuistSDK/TuistSDK.swift:177:25: error: 'UIAlertController' is unavailable in watchOS
175 | }
176 |
177 | let alert = UIAlertController(title: title, message: message, preferredStyle: .alert)
| `- error: 'UIAlertController' is unavailable in watchOS
178 |
179 | alert.addAction(
/Applications/Xcode-27.0.0-Release.Candidate.app/Contents/Developer/Platforms/WatchOS.platform/Developer/SDKs/WatchOS27.0.sdk/System/Library/Frameworks/UIKit.framework/Headers/UIAlertController.h:43:12: note: 'UIAlertController' has been explicitly marked unavailable here
41 |
42 | UIKIT_EXTERN API_AVAILABLE(ios(8.0)) API_UNAVAILABLE(watchos) NS_SWIFT_UI_ACTOR
43 | @interface UIAlertController : UIViewController
| `- note: 'UIAlertController' has been explicitly marked unavailable here
44 |
45 | + (instancetype)alertControllerWithTitle:(nullable NSString *)title message:(nullable NSString *)message preferredStyle:(UIAlertControllerStyle)preferredStyle;
/Users/admin/builder/spi-builder-workspace/Sources/TuistSDK/TuistSDK.swift:180:17: error: 'UIAlertAction' is unavailable in watchOS
178 |
179 | alert.addAction(
180 | UIAlertAction(title: "Cancel", style: .cancel) { _ in
| `- error: 'UIAlertAction' is unavailable in watchOS
181 | UserDefaults.standard.set(preview.id, forKey: Self.ignoredPreviewIdKey)
182 | }
/Applications/Xcode-27.0.0-Release.Candidate.app/Contents/Developer/Platforms/WatchOS.platform/Developer/SDKs/WatchOS27.0.sdk/System/Library/Frameworks/UIKit.framework/Headers/UIAlertController.h:32:12: note: 'UIAlertAction' has been explicitly marked unavailable here
30 |
31 | UIKIT_EXTERN API_AVAILABLE(ios(8.0)) API_UNAVAILABLE(watchos) NS_SWIFT_UI_ACTOR
32 | @interface UIAlertAction : NSObject <NSCopying>
| `- note: 'UIAlertAction' has been explicitly marked unavailable here
33 |
34 | + (instancetype)actionWithTitle:(nullable NSString *)title style:(UIAlertActionStyle)style handler:(void (^ __nullable)(UIAlertAction *action))handler;
/Users/admin/builder/spi-builder-workspace/Sources/TuistSDK/TuistSDK.swift:185:17: error: 'UIAlertAction' is unavailable in watchOS
183 | )
184 | alert.addAction(
185 | UIAlertAction(title: "Install", style: .default) { _ in
| `- error: 'UIAlertAction' is unavailable in watchOS
186 | UIApplication.shared.open(preview.deviceURL)
187 | }
/Applications/Xcode-27.0.0-Release.Candidate.app/Contents/Developer/Platforms/WatchOS.platform/Developer/SDKs/WatchOS27.0.sdk/System/Library/Frameworks/UIKit.framework/Headers/UIAlertController.h:32:12: note: 'UIAlertAction' has been explicitly marked unavailable here
30 |
31 | UIKIT_EXTERN API_AVAILABLE(ios(8.0)) API_UNAVAILABLE(watchos) NS_SWIFT_UI_ACTOR
32 | @interface UIAlertAction : NSObject <NSCopying>
| `- note: 'UIAlertAction' has been explicitly marked unavailable here
33 |
34 | + (instancetype)actionWithTitle:(nullable NSString *)title style:(UIAlertActionStyle)style handler:(void (^ __nullable)(UIAlertAction *action))handler;
/Users/admin/builder/spi-builder-workspace/Sources/TuistSDK/TuistSDK.swift:186:21: error: 'UIApplication' is unavailable in watchOS
184 | alert.addAction(
185 | UIAlertAction(title: "Install", style: .default) { _ in
186 | UIApplication.shared.open(preview.deviceURL)
| `- error: 'UIApplication' is unavailable in watchOS
187 | }
188 | )
/Applications/Xcode-27.0.0-Release.Candidate.app/Contents/Developer/Platforms/WatchOS.platform/Developer/SDKs/WatchOS27.0.sdk/System/Library/Frameworks/UIKit.framework/Headers/UIApplication.h:85:12: note: 'UIApplication' has been explicitly marked unavailable here
83 |
84 | UIKIT_EXTERN API_AVAILABLE(ios(2.0)) API_UNAVAILABLE(watchos) NS_SWIFT_UI_ACTOR
85 | @interface UIApplication : UIResponder
| `- note: 'UIApplication' has been explicitly marked unavailable here
86 |
87 | @property(class, nonatomic, readonly) UIApplication *sharedApplication NS_EXTENSION_UNAVAILABLE_IOS("Use view controller based solutions where appropriate instead.");
/Users/admin/builder/spi-builder-workspace/Sources/TuistSDK/TuistSDK.swift:186:42: error: 'open(_:options:completionHandler:)' is unavailable in watchOS
184 | alert.addAction(
185 | UIAlertAction(title: "Install", style: .default) { _ in
186 | UIApplication.shared.open(preview.deviceURL)
| `- error: 'open(_:options:completionHandler:)' is unavailable in watchOS
187 | }
188 | )
/Applications/Xcode-27.0.0-Release.Candidate.app/Contents/Developer/Platforms/WatchOS.platform/Developer/SDKs/WatchOS27.0.sdk/System/Library/Frameworks/UIKit.framework/Headers/UIApplication.h:104:1: note: 'open(_:options:completionHandler:)' has been explicitly marked unavailable here
102 | // than returning a result.
103 | // The completion handler is called on the main queue.
104 | - (void)openURL:(NSURL*)url options:(NSDictionary<UIApplicationOpenExternalURLOptionsKey, id> *)options completionHandler:(void (^ __nullable NS_SWIFT_UI_ACTOR)(BOOL success))completion API_AVAILABLE(ios(10.0)) API_UNAVAILABLE(watchos);
| `- note: 'open(_:options:completionHandler:)' has been explicitly marked unavailable here
105 |
106 | - (void)sendEvent:(UIEvent *)event;
/Users/admin/builder/spi-builder-workspace/Sources/TuistSDK/TuistSDK.swift:190:37: error: 'UIApplication' is unavailable in watchOS
188 | )
189 |
190 | guard let windowScene = UIApplication.shared.connectedScenes
| `- error: 'UIApplication' is unavailable in watchOS
191 | .compactMap({ $0 as? UIWindowScene })
192 | .first(where: { $0.activationState == .foregroundActive }),
/Applications/Xcode-27.0.0-Release.Candidate.app/Contents/Developer/Platforms/WatchOS.platform/Developer/SDKs/WatchOS27.0.sdk/System/Library/Frameworks/UIKit.framework/Headers/UIApplication.h:85:12: note: 'UIApplication' has been explicitly marked unavailable here
83 |
84 | UIKIT_EXTERN API_AVAILABLE(ios(2.0)) API_UNAVAILABLE(watchos) NS_SWIFT_UI_ACTOR
85 | @interface UIApplication : UIResponder
| `- note: 'UIApplication' has been explicitly marked unavailable here
86 |
87 | @property(class, nonatomic, readonly) UIApplication *sharedApplication NS_EXTENSION_UNAVAILABLE_IOS("Use view controller based solutions where appropriate instead.");
/Users/admin/builder/spi-builder-workspace/Sources/TuistSDK/TuistSDK.swift:190:58: error: 'connectedScenes' is unavailable in watchOS
188 | )
189 |
190 | guard let windowScene = UIApplication.shared.connectedScenes
| `- error: 'connectedScenes' is unavailable in watchOS
191 | .compactMap({ $0 as? UIWindowScene })
192 | .first(where: { $0.activationState == .foregroundActive }),
/Applications/Xcode-27.0.0-Release.Candidate.app/Contents/Developer/Platforms/WatchOS.platform/Developer/SDKs/WatchOS27.0.sdk/System/Library/Frameworks/UIKit.framework/Headers/UIApplication.h:189:50: note: 'connectedScenes' has been explicitly marked unavailable here
187 | #pragma mark -- UIScene --
188 | // All of the currently connected UIScene instances
189 | @property(nonatomic, readonly) NSSet<UIScene *> *connectedScenes API_AVAILABLE(ios(13.0)) API_UNAVAILABLE(watchos);
| `- note: 'connectedScenes' has been explicitly marked unavailable here
190 |
191 | // All of the representations that currently have connected UIScene instances or had their sessions persisted by the system (ex: visible in iOS' switcher)
/Users/admin/builder/spi-builder-workspace/Sources/TuistSDK/TuistSDK.swift:191:38: error: 'UIWindowScene' is unavailable in watchOS
189 |
190 | guard let windowScene = UIApplication.shared.connectedScenes
191 | .compactMap({ $0 as? UIWindowScene })
| `- error: 'UIWindowScene' is unavailable in watchOS
192 | .first(where: { $0.activationState == .foregroundActive }),
193 | let rootViewController = windowScene.windows.first?.rootViewController
/Applications/Xcode-27.0.0-Release.Candidate.app/Contents/Developer/Platforms/WatchOS.platform/Developer/SDKs/WatchOS27.0.sdk/System/Library/Frameworks/UIKit.framework/Headers/UIWindowScene.h:22:12: note: 'UIWindowScene' has been explicitly marked unavailable here
20 |
21 | UIKIT_EXTERN API_AVAILABLE(ios(13.0)) API_UNAVAILABLE(watchos) NS_SWIFT_UI_ACTOR
22 | @interface UIWindowScene : UIScene
| `- note: 'UIWindowScene' has been explicitly marked unavailable here
23 |
24 | #pragma mark Geometry
Failed frontend command:
/Applications/Xcode-27.0.0-Release.Candidate.app/Contents/Developer/Toolchains/XcodeDefault.xctoolchain/usr/bin/swift-frontend -frontend -c /Users/admin/builder/spi-builder-workspace/Sources/TuistSDK/AppStoreBuildChecker.swift /Users/admin/builder/spi-builder-workspace/Sources/TuistSDK/AuthenticationMiddleware.swift /Users/admin/builder/spi-builder-workspace/Sources/TuistSDK/Client.swift /Users/admin/builder/spi-builder-workspace/Sources/TuistSDK/GetLatestPreviewService.swift /Users/admin/builder/spi-builder-workspace/Sources/TuistSDK/Preview.swift -primary-file /Users/admin/builder/spi-builder-workspace/Sources/TuistSDK/TuistSDK.swift /Users/admin/builder/spi-builder-workspace/Sources/TuistSDK/Types.swift -emit-dependencies-path /Users/admin/builder/spi-builder-workspace/.derivedData/Build/Intermediates.noindex/TuistSDK.build/Debug-watchos/TuistSDK-t.build/Objects-normal/arm64_32/TuistSDK.d -emit-const-values-path /Users/admin/builder/spi-builder-workspace/.derivedData/Build/Intermediates.noindex/TuistSDK.build/Debug-watchos/TuistSDK-t.build/Objects-normal/arm64_32/TuistSDK.swiftconstvalues -emit-reference-dependencies-path /Users/admin/builder/spi-builder-workspace/.derivedData/Build/Intermediates.noindex/TuistSDK.build/Debug-watchos/TuistSDK-t.build/Objects-normal/arm64_32/TuistSDK.swiftdeps -serialize-diagnostics-path /Users/admin/builder/spi-builder-workspace/.derivedData/Build/Intermediates.noindex/TuistSDK.build/Debug-watchos/TuistSDK-t.build/Objects-normal/arm64_32/TuistSDK.dia -target arm64_32-apple-watchos9.0 -module-can-import-version UIKit 9127.0.84.1 9127.0.84 -disable-cross-import-overlay-search -swift-module-cross-import StoreKit /Applications/Xcode-27.0.0-Release.Candidate.app/Contents/Developer/Platforms/WatchOS.platform/Developer/SDKs/WatchOS.sdk/System/Library/Frameworks/StoreKit.framework/Modules/StoreKit.swiftcrossimport/SwiftUI.swiftoverlay -swift-module-cross-import StoreKit /Applications/Xcode-27.0.0-Release.Candidate.app/Contents/Developer/Platforms/WatchOS.platform/Developer/SDKs/WatchOS27.0.sdk/System/Library/Frameworks/StoreKit.framework/Modules/StoreKit.swiftcrossimport/SwiftUI.swiftoverlay -load-resolved-plugin /Applications/Xcode-27.0.0-Release.Candidate.app/Contents/Developer/Platforms/WatchOS.platform/Developer/usr/lib/swift/host/plugins/libFoundationMacros.dylib\#/Applications/Xcode-27.0.0-Release.Candidate.app/Contents/Developer/Platforms/WatchOS.platform/Developer/usr/bin/swift-plugin-server\#FoundationMacros -load-resolved-plugin /Applications/Xcode-27.0.0-Release.Candidate.app/Contents/Developer/Platforms/WatchOS.platform/Developer/usr/lib/swift/host/plugins/libObservationMacros.dylib\#/Applications/Xcode-27.0.0-Release.Candidate.app/Contents/Developer/Platforms/WatchOS.platform/Developer/usr/bin/swift-plugin-server\#ObservationMacros -load-resolved-plugin /Applications/Xcode-27.0.0-Release.Candidate.app/Contents/Developer/Platforms/WatchOS.platform/Developer/usr/lib/swift/host/plugins/libSwiftMacros.dylib\#/Applications/Xcode-27.0.0-Release.Candidate.app/Contents/Developer/Platforms/WatchOS.platform/Developer/usr/bin/swift-plugin-server\#SwiftMacros -load-resolved-plugin /Applications/Xcode-27.0.0-Release.Candidate.app/Contents/Developer/Platforms/WatchOS.platform/Developer/usr/lib/swift/host/plugins/libSwiftUIMacros.dylib\#/Applications/Xcode-27.0.0-Release.Candidate.app/Contents/Developer/Platforms/WatchOS.platform/Developer/usr/bin/swift-plugin-server\#SwiftUIMacros -disable-implicit-swift-modules -Xcc -fno-implicit-modules -Xcc -fno-implicit-module-maps -explicit-swift-module-map-file /Users/admin/builder/spi-builder-workspace/.derivedData/Build/Intermediates.noindex/TuistSDK.build/Debug-watchos/TuistSDK-t.build/Objects-normal/arm64_32/TuistSDK-dependencies-2.json -enable-objc-interop -sdk /Applications/Xcode-27.0.0-Release.Candidate.app/Contents/Developer/Platforms/WatchOS.platform/Developer/SDKs/WatchOS27.0.sdk -I /Users/admin/builder/spi-builder-workspace/.derivedData/Build/Products/Debug-watchos -Isystem /Applications/Xcode-27.0.0-Release.Candidate.app/Contents/Developer/Platforms/WatchOS.platform/Developer/usr/lib -F /Users/admin/builder/spi-builder-workspace/.derivedData/Build/Products/Debug-watchos/PackageFrameworks -F /Users/admin/builder/spi-builder-workspace/.derivedData/Build/Products/Debug-watchos -F /Applications/Xcode-27.0.0-Release.Candidate.app/Contents/Developer/Platforms/WatchOS.platform/Developer/Library/Frameworks -F /Applications/Xcode-27.0.0-Release.Candidate.app/Contents/Developer/Platforms/WatchOS.platform/Developer/SDKs/WatchOS27.0.sdk/Developer/Library/Frameworks -module-cache-path /Users/admin/builder/spi-builder-workspace/.derivedData/Build/Intermediates.noindex/SwiftExplicitPrecompiledModules -no-color-diagnostics -Xcc -fno-color-diagnostics -enable-testing -g -debug-info-format\=dwarf -dwarf-version\=4 -profile-generate -profile-coverage-mapping -swift-version 6 -Onone -D SWIFT_PACKAGE -D DEBUG -D SWIFT_MODULE_RESOURCE_BUNDLE_UNAVAILABLE -D Xcode -serialize-debugging-options -enable-upcoming-feature StrictConcurrency -enable-experimental-feature DebugDescriptionMacro -empty-abi-descriptor -validate-clang-modules-once -clang-build-session-file /Users/admin/builder/spi-builder-workspace/.derivedData/ModuleCache.noindex/Session.modulevalidation -Xcc -working-directory -Xcc /Users/admin/builder/spi-builder-workspace/.swiftpm/xcode -enable-anonymous-context-mangled-names -file-compilation-dir /Users/admin/builder/spi-builder-workspace/.swiftpm/xcode -Xcc -D_LIBCPP_HARDENING_MODE\=_LIBCPP_HARDENING_MODE_DEBUG -Xcc -ivfsstatcache -Xcc /Users/admin/builder/spi-builder-workspace/.derivedData/SDKStatCaches.noindex/watchos27.0-24R360-e829b21a6f8c9b70876ba0858053c04477534ef55a1706bf4c1112bbb242f0a2.sdkstatcache -Xcc -fmodules-prune-interval\=86400 -Xcc -fmodules-prune-after\=345600 -Xcc -I/Users/admin/builder/spi-builder-workspace/.derivedData/Build/Products/Debug-watchos/include -Xcc -I/Users/admin/builder/spi-builder-workspace/.derivedData/Build/Intermediates.noindex/TuistSDK.build/Debug-watchos/TuistSDK-t.build/DerivedSources-normal/arm64_32 -Xcc -I/Users/admin/builder/spi-builder-workspace/.derivedData/Build/Intermediates.noindex/TuistSDK.build/Debug-watchos/TuistSDK-t.build/DerivedSources/arm64_32 -Xcc -I/Users/admin/builder/spi-builder-workspace/.derivedData/Build/Intermediates.noindex/TuistSDK.build/Debug-watchos/TuistSDK-t.build/DerivedSources -Xcc -DSWIFT_PACKAGE -Xcc -DDEBUG\=1 -no-auto-bridging-header-chaining -module-name TuistSDK -package-name spi_builder_workspace -const-gather-protocols-file /Users/admin/builder/spi-builder-workspace/.derivedData/Build/Intermediates.noindex/TuistSDK.build/Debug-watchos/TuistSDK-t.build/Objects-normal/arm64_32/TuistSDK_const_extract_protocols.json -disable-clang-spi -clang-target arm64_32-apple-watchos27.0 -target-sdk-version 27.0 -target-sdk-name watchos27.0 -in-process-plugin-server-path /Applications/Xcode-27.0.0-Release.Candidate.app/Contents/Developer/Toolchains/XcodeDefault.xctoolchain/usr/lib/swift/host/libSwiftInProcPluginServer.dylib -parse-as-library -o /Users/admin/builder/spi-builder-workspace/.derivedData/Build/Intermediates.noindex/TuistSDK.build/Debug-watchos/TuistSDK-t.build/Objects-normal/arm64_32/TuistSDK.o -debug-module-path /Users/admin/builder/spi-builder-workspace/.derivedData/Build/Intermediates.noindex/TuistSDK.build/Debug-watchos/TuistSDK-t.build/Objects-normal/arm64_32/TuistSDK.swiftmodule -index-unit-output-path /TuistSDK.build/Debug-watchos/TuistSDK-t.build/Objects-normal/arm64_32/TuistSDK.o -index-store-path /Users/admin/builder/spi-builder-workspace/.derivedData/Index.noindex/DataStore -index-system-modules
SwiftCompile normal arm64_32 /Users/admin/builder/spi-builder-workspace/Sources/TuistSDK/TuistSDK.swift (in target 'TuistSDK' from project 'TuistSDK')
cd /Users/admin/builder/spi-builder-workspace/.swiftpm/xcode
builtin-SwiftPerFileCompile TuistSDK.swift
SwiftCompile normal arm64 Compiling\ TuistSDK.swift /Users/admin/builder/spi-builder-workspace/Sources/TuistSDK/TuistSDK.swift (in target 'TuistSDK' from project 'TuistSDK')
/Users/admin/builder/spi-builder-workspace/Sources/TuistSDK/TuistSDK.swift:177:25: error: 'UIAlertController' is unavailable in watchOS
175 | }
176 |
177 | let alert = UIAlertController(title: title, message: message, preferredStyle: .alert)
| `- error: 'UIAlertController' is unavailable in watchOS
178 |
179 | alert.addAction(
/Applications/Xcode-27.0.0-Release.Candidate.app/Contents/Developer/Platforms/WatchOS.platform/Developer/SDKs/WatchOS27.0.sdk/System/Library/Frameworks/UIKit.framework/Headers/UIAlertController.h:43:12: note: 'UIAlertController' has been explicitly marked unavailable here
41 |
42 | UIKIT_EXTERN API_AVAILABLE(ios(8.0)) API_UNAVAILABLE(watchos) NS_SWIFT_UI_ACTOR
43 | @interface UIAlertController : UIViewController
| `- note: 'UIAlertController' has been explicitly marked unavailable here
44 |
45 | + (instancetype)alertControllerWithTitle:(nullable NSString *)title message:(nullable NSString *)message preferredStyle:(UIAlertControllerStyle)preferredStyle;
/Users/admin/builder/spi-builder-workspace/Sources/TuistSDK/TuistSDK.swift:180:17: error: 'UIAlertAction' is unavailable in watchOS
178 |
179 | alert.addAction(
180 | UIAlertAction(title: "Cancel", style: .cancel) { _ in
| `- error: 'UIAlertAction' is unavailable in watchOS
181 | UserDefaults.standard.set(preview.id, forKey: Self.ignoredPreviewIdKey)
182 | }
/Applications/Xcode-27.0.0-Release.Candidate.app/Contents/Developer/Platforms/WatchOS.platform/Developer/SDKs/WatchOS27.0.sdk/System/Library/Frameworks/UIKit.framework/Headers/UIAlertController.h:32:12: note: 'UIAlertAction' has been explicitly marked unavailable here
30 |
31 | UIKIT_EXTERN API_AVAILABLE(ios(8.0)) API_UNAVAILABLE(watchos) NS_SWIFT_UI_ACTOR
32 | @interface UIAlertAction : NSObject <NSCopying>
| `- note: 'UIAlertAction' has been explicitly marked unavailable here
33 |
34 | + (instancetype)actionWithTitle:(nullable NSString *)title style:(UIAlertActionStyle)style handler:(void (^ __nullable)(UIAlertAction *action))handler;
/Users/admin/builder/spi-builder-workspace/Sources/TuistSDK/TuistSDK.swift:185:17: error: 'UIAlertAction' is unavailable in watchOS
183 | )
184 | alert.addAction(
185 | UIAlertAction(title: "Install", style: .default) { _ in
| `- error: 'UIAlertAction' is unavailable in watchOS
186 | UIApplication.shared.open(preview.deviceURL)
187 | }
/Applications/Xcode-27.0.0-Release.Candidate.app/Contents/Developer/Platforms/WatchOS.platform/Developer/SDKs/WatchOS27.0.sdk/System/Library/Frameworks/UIKit.framework/Headers/UIAlertController.h:32:12: note: 'UIAlertAction' has been explicitly marked unavailable here
30 |
31 | UIKIT_EXTERN API_AVAILABLE(ios(8.0)) API_UNAVAILABLE(watchos) NS_SWIFT_UI_ACTOR
32 | @interface UIAlertAction : NSObject <NSCopying>
| `- note: 'UIAlertAction' has been explicitly marked unavailable here
33 |
34 | + (instancetype)actionWithTitle:(nullable NSString *)title style:(UIAlertActionStyle)style handler:(void (^ __nullable)(UIAlertAction *action))handler;
/Users/admin/builder/spi-builder-workspace/Sources/TuistSDK/TuistSDK.swift:186:21: error: 'UIApplication' is unavailable in watchOS
184 | alert.addAction(
185 | UIAlertAction(title: "Install", style: .default) { _ in
186 | UIApplication.shared.open(preview.deviceURL)
| `- error: 'UIApplication' is unavailable in watchOS
187 | }
188 | )
/Applications/Xcode-27.0.0-Release.Candidate.app/Contents/Developer/Platforms/WatchOS.platform/Developer/SDKs/WatchOS27.0.sdk/System/Library/Frameworks/UIKit.framework/Headers/UIApplication.h:85:12: note: 'UIApplication' has been explicitly marked unavailable here
83 |
84 | UIKIT_EXTERN API_AVAILABLE(ios(2.0)) API_UNAVAILABLE(watchos) NS_SWIFT_UI_ACTOR
85 | @interface UIApplication : UIResponder
| `- note: 'UIApplication' has been explicitly marked unavailable here
86 |
87 | @property(class, nonatomic, readonly) UIApplication *sharedApplication NS_EXTENSION_UNAVAILABLE_IOS("Use view controller based solutions where appropriate instead.");
/Users/admin/builder/spi-builder-workspace/Sources/TuistSDK/TuistSDK.swift:186:42: error: 'open(_:options:completionHandler:)' is unavailable in watchOS
184 | alert.addAction(
185 | UIAlertAction(title: "Install", style: .default) { _ in
186 | UIApplication.shared.open(preview.deviceURL)
| `- error: 'open(_:options:completionHandler:)' is unavailable in watchOS
187 | }
188 | )
/Applications/Xcode-27.0.0-Release.Candidate.app/Contents/Developer/Platforms/WatchOS.platform/Developer/SDKs/WatchOS27.0.sdk/System/Library/Frameworks/UIKit.framework/Headers/UIApplication.h:104:1: note: 'open(_:options:completionHandler:)' has been explicitly marked unavailable here
102 | // than returning a result.
103 | // The completion handler is called on the main queue.
104 | - (void)openURL:(NSURL*)url options:(NSDictionary<UIApplicationOpenExternalURLOptionsKey, id> *)options completionHandler:(void (^ __nullable NS_SWIFT_UI_ACTOR)(BOOL success))completion API_AVAILABLE(ios(10.0)) API_UNAVAILABLE(watchos);
| `- note: 'open(_:options:completionHandler:)' has been explicitly marked unavailable here
105 |
106 | - (void)sendEvent:(UIEvent *)event;
/Users/admin/builder/spi-builder-workspace/Sources/TuistSDK/TuistSDK.swift:190:37: error: 'UIApplication' is unavailable in watchOS
188 | )
189 |
190 | guard let windowScene = UIApplication.shared.connectedScenes
| `- error: 'UIApplication' is unavailable in watchOS
191 | .compactMap({ $0 as? UIWindowScene })
192 | .first(where: { $0.activationState == .foregroundActive }),
/Applications/Xcode-27.0.0-Release.Candidate.app/Contents/Developer/Platforms/WatchOS.platform/Developer/SDKs/WatchOS27.0.sdk/System/Library/Frameworks/UIKit.framework/Headers/UIApplication.h:85:12: note: 'UIApplication' has been explicitly marked unavailable here
83 |
84 | UIKIT_EXTERN API_AVAILABLE(ios(2.0)) API_UNAVAILABLE(watchos) NS_SWIFT_UI_ACTOR
85 | @interface UIApplication : UIResponder
| `- note: 'UIApplication' has been explicitly marked unavailable here
86 |
87 | @property(class, nonatomic, readonly) UIApplication *sharedApplication NS_EXTENSION_UNAVAILABLE_IOS("Use view controller based solutions where appropriate instead.");
/Users/admin/builder/spi-builder-workspace/Sources/TuistSDK/TuistSDK.swift:190:58: error: 'connectedScenes' is unavailable in watchOS
188 | )
189 |
190 | guard let windowScene = UIApplication.shared.connectedScenes
| `- error: 'connectedScenes' is unavailable in watchOS
191 | .compactMap({ $0 as? UIWindowScene })
192 | .first(where: { $0.activationState == .foregroundActive }),
/Applications/Xcode-27.0.0-Release.Candidate.app/Contents/Developer/Platforms/WatchOS.platform/Developer/SDKs/WatchOS27.0.sdk/System/Library/Frameworks/UIKit.framework/Headers/UIApplication.h:189:50: note: 'connectedScenes' has been explicitly marked unavailable here
187 | #pragma mark -- UIScene --
188 | // All of the currently connected UIScene instances
189 | @property(nonatomic, readonly) NSSet<UIScene *> *connectedScenes API_AVAILABLE(ios(13.0)) API_UNAVAILABLE(watchos);
| `- note: 'connectedScenes' has been explicitly marked unavailable here
190 |
191 | // All of the representations that currently have connected UIScene instances or had their sessions persisted by the system (ex: visible in iOS' switcher)
SwiftCompile normal arm64 /Users/admin/builder/spi-builder-workspace/Sources/TuistSDK/TuistSDK.swift (in target 'TuistSDK' from project 'TuistSDK')
cd /Users/admin/builder/spi-builder-workspace/.swiftpm/xcode
builtin-SwiftPerFileCompile TuistSDK.swift
SwiftCompile normal arm64 Compiling\ AppStoreBuildChecker.swift /Users/admin/builder/spi-builder-workspace/Sources/TuistSDK/AppStoreBuildChecker.swift (in target 'TuistSDK' from project 'TuistSDK')
SwiftCompile normal arm64 /Users/admin/builder/spi-builder-workspace/Sources/TuistSDK/AppStoreBuildChecker.swift (in target 'TuistSDK' from project 'TuistSDK')
cd /Users/admin/builder/spi-builder-workspace/.swiftpm/xcode
builtin-SwiftPerFileCompile AppStoreBuildChecker.swift
SwiftCompile normal arm64 Compiling\ Types.swift /Users/admin/builder/spi-builder-workspace/Sources/TuistSDK/Types.swift (in target 'TuistSDK' from project 'TuistSDK')
SwiftCompile normal arm64 /Users/admin/builder/spi-builder-workspace/Sources/TuistSDK/Types.swift (in target 'TuistSDK' from project 'TuistSDK')
cd /Users/admin/builder/spi-builder-workspace/.swiftpm/xcode
builtin-SwiftPerFileCompile Types.swift
SwiftEmitModule normal arm64 Emitting\ module\ for\ TuistSDK (in target 'TuistSDK' from project 'TuistSDK')
SwiftCompile normal arm64 (in target 'TuistSDK' from project 'TuistSDK')
cd /Users/admin/builder/spi-builder-workspace/.swiftpm/xcode
SwiftCompile normal arm64 Compiling\ Client.swift /Users/admin/builder/spi-builder-workspace/Sources/TuistSDK/Client.swift (in target 'TuistSDK' from project 'TuistSDK')
SwiftCompile normal arm64 /Users/admin/builder/spi-builder-workspace/Sources/TuistSDK/Client.swift (in target 'TuistSDK' from project 'TuistSDK')
cd /Users/admin/builder/spi-builder-workspace/.swiftpm/xcode
builtin-SwiftPerFileCompile Client.swift
SwiftDriverJobDiscovery normal arm64_32 Compiling AppStoreBuildChecker.swift (in target 'TuistSDK' from project 'TuistSDK')
PruneExplicitPrecompiledModules /Users/admin/builder/spi-builder-workspace/.derivedData/Build/Intermediates.noindex/SwiftExplicitPrecompiledModules
PruneExplicitPrecompiledModules /Users/admin/builder/spi-builder-workspace/.derivedData/Build/Intermediates.noindex/ExplicitPrecompiledModules
PruneExplicitPrecompiledModules /Users/admin/builder/spi-builder-workspace/.derivedData/SDKExplicitPrecompiledModules
2026-09-23 10:49:00.133 xcodebuild[1130:6545] [MT] IDERunDestination: Supported platforms for the buildables in the current scheme is empty.
** BUILD FAILED **
The following build commands failed:
SwiftCompile normal arm64_32 Compiling\ TuistSDK.swift /Users/admin/builder/spi-builder-workspace/Sources/TuistSDK/TuistSDK.swift (in target 'TuistSDK' from project 'TuistSDK')
SwiftCompile normal arm64_32 /Users/admin/builder/spi-builder-workspace/Sources/TuistSDK/TuistSDK.swift (in target 'TuistSDK' from project 'TuistSDK')
Building workspace TuistSDK with scheme TuistSDK
(3 failures)
BUILD FAILURE 6.4 watchOS