Build Information
Failed to build Flare, reference main (7186f9), with Swift 6.1 for Wasm on 18 Oct 2026 12:59:22 UTC.
Build Command
bash -c docker run --pull=always --rm -v "checkouts-54344843-2":/host -w "$PWD" -e JAVA_HOME="/root/.sdkman/candidates/java/current" -e SPI_BUILD="1" -e SPI_PROCESSING="1" registry.gitlab.com/saguaro1/spi-images:wasm-6.1-latest swift build --swift-sdk wasm32-unknown-wasi 2>&1Build Log
========================================
RunAll
========================================
Builder version: 5.1.3
Interrupt handler set up.
========================================
Checkout
========================================
Clone URL: https://github.com/space-code/flare.git
Reference: main
Initialized empty Git repository in /host/spi-builder-workspace/.git/
hint: Using 'master' as the name for the initial branch. This default branch name
hint: is subject to change. To configure the initial branch name to use in all
hint: of your new repositories, which will suppress this warning, call:
hint:
hint: git config --global init.defaultBranch <name>
hint:
hint: Names commonly chosen instead of 'master' are 'main', 'trunk' and
hint: 'development'. The just-created branch can be renamed via this command:
hint:
hint: git branch -m <name>
From https://github.com/space-code/flare
* branch main -> FETCH_HEAD
* [new branch] main -> origin/main
HEAD is now at 7186f95 chore(deps): update dependency swiftformat to v0.64.0 (#250)
Cloned https://github.com/space-code/flare.git
Revision (git rev-parse @):
7186f954e5ac8597f0d0c8cb428c95374bc7074e
SPI manifest file found: $PWD/.spi.yml
SUCCESS checkout https://github.com/space-code/flare.git at main
========================================
Build
========================================
Selected platform: wasm
Swift version: 6.1
Building package at path: $PWD
https://github.com/space-code/flare.git
https://github.com/space-code/flare.git
WARNING: environment variable SUPPRESS_SWIFT_6_FLAGS is not set
Running build ...
bash -c docker run --pull=always --rm -v "checkouts-54344843-2":/host -w "$PWD" -e JAVA_HOME="/root/.sdkman/candidates/java/current" -e SPI_BUILD="1" -e SPI_PROCESSING="1" registry.gitlab.com/saguaro1/spi-images:wasm-6.1-latest swift build --swift-sdk wasm32-unknown-wasi -Xswiftc -Xfrontend -Xswiftc -stats-output-dir -Xswiftc -Xfrontend -Xswiftc .stats -Xswiftc -strict-concurrency=complete -Xswiftc -enable-upcoming-feature -Xswiftc StrictConcurrency -Xswiftc -enable-upcoming-feature -Xswiftc DisableOutwardActorInference -Xswiftc -enable-upcoming-feature -Xswiftc GlobalActorIsolatedTypesUsability -Xswiftc -enable-upcoming-feature -Xswiftc InferSendableFromCaptures 2>&1
wasm-6.1-latest: Pulling from saguaro1/spi-images
Digest: sha256:8209621f35c5a12749e7df75bbcb99eccb508d0196da99f6ac3bcf5f4827df31
Status: Image is up to date for registry.gitlab.com/saguaro1/spi-images:wasm-6.1-latest
Fetching https://github.com/pointfreeco/swift-snapshot-testing
Fetching https://github.com/apple/swift-docc-plugin
Fetching https://github.com/space-code/log.git
Fetching https://github.com/space-code/atomic.git
Fetching https://github.com/space-code/concurrency.git
[1/464] Fetching concurrency
[25/1240] Fetching concurrency, atomic
[483/3585] Fetching concurrency, atomic, swift-docc-plugin
[810/4551] Fetching concurrency, atomic, swift-docc-plugin, log
Fetched https://github.com/space-code/log.git from cache (0.39s)
Fetched https://github.com/space-code/concurrency.git from cache (0.39s)
[887/3121] Fetching atomic, swift-docc-plugin
Fetched https://github.com/space-code/atomic.git from cache (0.48s)
Fetched https://github.com/apple/swift-docc-plugin from cache (0.49s)
[1/16553] Fetching swift-snapshot-testing
Fetched https://github.com/pointfreeco/swift-snapshot-testing from cache (2.41s)
Computing version for https://github.com/pointfreeco/swift-snapshot-testing
Computed https://github.com/pointfreeco/swift-snapshot-testing at 1.18.4 (2.65s)
Fetching https://github.com/pointfreeco/swift-custom-dump
Fetching https://github.com/swiftlang/swift-syntax
[1/5669] Fetching swift-custom-dump
Fetched https://github.com/pointfreeco/swift-custom-dump from cache (0.42s)
[1/80865] Fetching swift-syntax
Fetched https://github.com/swiftlang/swift-syntax from cache (4.48s)
Computing version for https://github.com/space-code/atomic.git
warning: 'atomic': /Package.swift:12:16: warning: 'v11' is deprecated: tvOS 12.0 is the oldest supported version
10 | .iOS(.v13),
11 | .watchOS(.v6),
12 | .tvOS(.v11),
| `- warning: 'v11' is deprecated: tvOS 12.0 is the oldest supported version
13 | .visionOS(.v1),
14 | ],
Computed https://github.com/space-code/atomic.git at 1.1.1 (4.72s)
Computing version for https://github.com/space-code/log.git
Computed https://github.com/space-code/log.git at 1.3.0 (0.21s)
Computing version for https://github.com/apple/swift-docc-plugin
Computed https://github.com/apple/swift-docc-plugin at 1.4.5 (0.95s)
Fetching https://github.com/swiftlang/swift-docc-symbolkit
[1/3842] Fetching swift-docc-symbolkit
Fetched https://github.com/swiftlang/swift-docc-symbolkit from cache (0.50s)
Computing version for https://github.com/space-code/concurrency.git
Computed https://github.com/space-code/concurrency.git at 0.3.1 (0.74s)
Computing version for https://github.com/swiftlang/swift-docc-symbolkit
Computed https://github.com/swiftlang/swift-docc-symbolkit at 1.0.0 (0.26s)
Computing version for https://github.com/pointfreeco/swift-custom-dump
Computed https://github.com/pointfreeco/swift-custom-dump at 1.7.3 (0.22s)
Fetching https://github.com/pointfreeco/xctest-dynamic-overlay
[1/2727] Fetching xctest-dynamic-overlay
Fetched https://github.com/pointfreeco/xctest-dynamic-overlay from cache (0.60s)
Computing version for https://github.com/pointfreeco/xctest-dynamic-overlay
Computed https://github.com/pointfreeco/xctest-dynamic-overlay at 1.13.1 (1.65s)
Computing version for https://github.com/swiftlang/swift-syntax
Computed https://github.com/swiftlang/swift-syntax at 601.0.1 (0.33s)
Creating working copy for https://github.com/swiftlang/swift-syntax
Working copy of https://github.com/swiftlang/swift-syntax resolved at 601.0.1
Creating working copy for https://github.com/pointfreeco/swift-custom-dump
Working copy of https://github.com/pointfreeco/swift-custom-dump resolved at 1.7.3
Creating working copy for https://github.com/space-code/log.git
Working copy of https://github.com/space-code/log.git resolved at 1.3.0
Creating working copy for https://github.com/swiftlang/swift-docc-symbolkit
Working copy of https://github.com/swiftlang/swift-docc-symbolkit resolved at 1.0.0
Creating working copy for https://github.com/apple/swift-docc-plugin
Working copy of https://github.com/apple/swift-docc-plugin resolved at 1.4.5
Creating working copy for https://github.com/space-code/atomic.git
Working copy of https://github.com/space-code/atomic.git resolved at 1.1.1
Creating working copy for https://github.com/space-code/concurrency.git
Working copy of https://github.com/space-code/concurrency.git resolved at 0.3.1
Creating working copy for https://github.com/pointfreeco/xctest-dynamic-overlay
Working copy of https://github.com/pointfreeco/xctest-dynamic-overlay resolved at 1.13.1
Creating working copy for https://github.com/pointfreeco/swift-snapshot-testing
Working copy of https://github.com/pointfreeco/swift-snapshot-testing resolved at 1.18.4
warning: 'atomic': /host/spi-builder-workspace/.build/checkouts/atomic/Package.swift:12:16: warning: 'v11' is deprecated: tvOS 12.0 is the oldest supported version
10 | .iOS(.v13),
11 | .watchOS(.v6),
12 | .tvOS(.v11),
| `- warning: 'v11' is deprecated: tvOS 12.0 is the oldest supported version
13 | .visionOS(.v1),
14 | ],
warning: 'spi-builder-workspace': found 2 file(s) which are unhandled; explicitly declare them as resources or exclude from the target
/host/spi-builder-workspace/Sources/Flare/Makefile
/host/spi-builder-workspace/Sources/Flare/swiftgen.yml
warning: 'spi-builder-workspace': found 2 file(s) which are unhandled; explicitly declare them as resources or exclude from the target
/host/spi-builder-workspace/Sources/FlareUI/Makefile
/host/spi-builder-workspace/Sources/FlareUI/swiftgen.yml
[1/1] Compiling plugin Swift-DocC Preview
[2/2] Compiling plugin Swift-DocC
Building for debugging...
[2/17] Write sources
[2/17] Copying Localizable.strings
[5/17] Copying Info.plist
[5/17] Copying Localizable.strings
[5/17] Copying Info.plist
[5/17] Copying Localizable.strings
[5/17] Write sources
[14/17] Copying Assets.xcassets
[15/17] Copying Media.xcassets
[16/17] Write swift-version-24593BA9C3E375BF.txt
[18/43] Compiling Concurrency TaskFactory.swift
<unknown>:0: warning: upcoming feature 'InferSendableFromCaptures' is already enabled as of Swift version 6
<unknown>:0: warning: upcoming feature 'GlobalActorIsolatedTypesUsability' is already enabled as of Swift version 6
<unknown>:0: warning: upcoming feature 'DisableOutwardActorInference' is already enabled as of Swift version 6
[19/43] Compiling Concurrency ITaskFactory.swift
<unknown>:0: warning: upcoming feature 'InferSendableFromCaptures' is already enabled as of Swift version 6
<unknown>:0: warning: upcoming feature 'GlobalActorIsolatedTypesUsability' is already enabled as of Swift version 6
<unknown>:0: warning: upcoming feature 'DisableOutwardActorInference' is already enabled as of Swift version 6
[20/43] Compiling Concurrency IDispatchQueueFactory.swift
<unknown>:0: warning: upcoming feature 'InferSendableFromCaptures' is already enabled as of Swift version 6
<unknown>:0: warning: upcoming feature 'GlobalActorIsolatedTypesUsability' is already enabled as of Swift version 6
<unknown>:0: warning: upcoming feature 'DisableOutwardActorInference' is already enabled as of Swift version 6
/host/spi-builder-workspace/.build/checkouts/concurrency/Sources/Concurrency/DispatchQueue/IDispatchQueue.swift:30:23: error: cannot find type 'DispatchTime' in scope
28 | #if swift(>=5.9)
29 | func asyncAfter(
30 | deadline: DispatchTime,
| `- error: cannot find type 'DispatchTime' in scope
31 | qos: DispatchQoS,
32 | flags: DispatchWorkItemFlags,
/host/spi-builder-workspace/.build/checkouts/concurrency/Sources/Concurrency/DispatchQueue/IDispatchQueue.swift:31:18: error: cannot find type 'DispatchQoS' in scope
29 | func asyncAfter(
30 | deadline: DispatchTime,
31 | qos: DispatchQoS,
| `- error: cannot find type 'DispatchQoS' in scope
32 | flags: DispatchWorkItemFlags,
33 | execute work: @escaping @Sendable @convention(block) () -> Void
/host/spi-builder-workspace/.build/checkouts/concurrency/Sources/Concurrency/DispatchQueue/IDispatchQueue.swift:32:20: error: cannot find type 'DispatchWorkItemFlags' in scope
30 | deadline: DispatchTime,
31 | qos: DispatchQoS,
32 | flags: DispatchWorkItemFlags,
| `- error: cannot find type 'DispatchWorkItemFlags' in scope
33 | execute work: @escaping @Sendable @convention(block) () -> Void
34 | )
/host/spi-builder-workspace/.build/checkouts/concurrency/Sources/Concurrency/DispatchQueue/IDispatchQueue.swift:60:18: error: cannot find type 'DispatchQoS' in scope
58 | #if swift(>=5.9)
59 | func async(
60 | qos: DispatchQoS,
| `- error: cannot find type 'DispatchQoS' in scope
61 | flags: DispatchWorkItemFlags,
62 | execute work: @escaping @Sendable @convention(block) () -> Void
/host/spi-builder-workspace/.build/checkouts/concurrency/Sources/Concurrency/DispatchQueue/IDispatchQueue.swift:61:20: error: cannot find type 'DispatchWorkItemFlags' in scope
59 | func async(
60 | qos: DispatchQoS,
61 | flags: DispatchWorkItemFlags,
| `- error: cannot find type 'DispatchWorkItemFlags' in scope
62 | execute work: @escaping @Sendable @convention(block) () -> Void
63 | )
/host/spi-builder-workspace/.build/checkouts/concurrency/Sources/Concurrency/DispatchQueue/IDispatchQueue.swift:99:34: error: cannot find type 'DispatchWorkItem' in scope
97 | /// - Parameter execute: The work item containing the task to execute.
98 | /// For information on how to create this work item.
99 | func async(execute workItem: DispatchWorkItem)
| `- error: cannot find type 'DispatchWorkItem' in scope
100 |
101 | /// Submits a block for synchronous execution on this queue.
/host/spi-builder-workspace/.build/checkouts/concurrency/Sources/Concurrency/DispatchQueue/IDispatchQueue.swift:104:33: error: cannot find type 'DispatchWorkItem' in scope
102 | ///
103 | /// - Parameter workItem: The work item to be invoked on the queue.
104 | func sync(execute workItem: DispatchWorkItem)
| `- error: cannot find type 'DispatchWorkItem' in scope
105 |
106 | ///
/host/spi-builder-workspace/.build/checkouts/concurrency/Sources/Concurrency/DispatchQueue/IDispatchQueue.swift:116:31: error: cannot find type 'DispatchTime' in scope
114 | /// - SeeAlso: `DispatchTime`
115 | ///
116 | func asyncAfter(deadline: DispatchTime, execute: DispatchWorkItem)
| `- error: cannot find type 'DispatchTime' in scope
117 | }
118 |
/host/spi-builder-workspace/.build/checkouts/concurrency/Sources/Concurrency/DispatchQueue/IDispatchQueue.swift:116:54: error: cannot find type 'DispatchWorkItem' in scope
114 | /// - SeeAlso: `DispatchTime`
115 | ///
116 | func asyncAfter(deadline: DispatchTime, execute: DispatchWorkItem)
| `- error: cannot find type 'DispatchWorkItem' in scope
117 | }
118 |
/host/spi-builder-workspace/.build/checkouts/concurrency/Sources/Concurrency/DispatchQueueFactory/IDispatchQueueFactory.swift:15:22: error: cannot find type 'DispatchQoS' in scope
13 |
14 | /// Returns the global system queue with the specified quality-of-service class.
15 | func global(qos: DispatchQoS.QoSClass) -> IDispatchQueue
| `- error: cannot find type 'DispatchQoS' in scope
16 |
17 | /// An object that manages the execution of tasks serially or concurrently on your
/host/spi-builder-workspace/.build/checkouts/concurrency/Sources/Concurrency/DispatchQueueFactory/IDispatchQueueFactory.swift:21:14: error: cannot find type 'DispatchQoS' in scope
19 | func privateQueue(
20 | label: String,
21 | qos: DispatchQoS,
| `- error: cannot find type 'DispatchQoS' in scope
22 | attributes: DispatchQueue.Attributes,
23 | autoreleaseFrequency: DispatchQueue.AutoreleaseFrequency,
/host/spi-builder-workspace/.build/checkouts/concurrency/Sources/Concurrency/DispatchQueueFactory/IDispatchQueueFactory.swift:22:21: error: cannot find type 'DispatchQueue' in scope
20 | label: String,
21 | qos: DispatchQoS,
22 | attributes: DispatchQueue.Attributes,
| `- error: cannot find type 'DispatchQueue' in scope
23 | autoreleaseFrequency: DispatchQueue.AutoreleaseFrequency,
24 | target: DispatchQueue?
/host/spi-builder-workspace/.build/checkouts/concurrency/Sources/Concurrency/DispatchQueueFactory/IDispatchQueueFactory.swift:23:31: error: cannot find type 'DispatchQueue' in scope
21 | qos: DispatchQoS,
22 | attributes: DispatchQueue.Attributes,
23 | autoreleaseFrequency: DispatchQueue.AutoreleaseFrequency,
| `- error: cannot find type 'DispatchQueue' in scope
24 | target: DispatchQueue?
25 | ) -> IDispatchQueue
/host/spi-builder-workspace/.build/checkouts/concurrency/Sources/Concurrency/DispatchQueueFactory/IDispatchQueueFactory.swift:24:17: error: cannot find type 'DispatchQueue' in scope
22 | attributes: DispatchQueue.Attributes,
23 | autoreleaseFrequency: DispatchQueue.AutoreleaseFrequency,
24 | target: DispatchQueue?
| `- error: cannot find type 'DispatchQueue' in scope
25 | ) -> IDispatchQueue
26 | }
/host/spi-builder-workspace/.build/checkouts/concurrency/Sources/Concurrency/DispatchQueueFactory/IDispatchQueueFactory.swift:30:21: error: extra arguments at positions #2, #3, #4, #5 in call
27 |
28 | public extension IDispatchQueueFactory {
29 | func privateQueue(label: String) -> IDispatchQueue {
| `- note: 'privateQueue(label:)' declared here
30 | privateQueue(label: label, qos: .unspecified, attributes: [], autoreleaseFrequency: .inherit, target: nil)
| `- error: extra arguments at positions #2, #3, #4, #5 in call
31 | }
32 | }
/host/spi-builder-workspace/.build/checkouts/concurrency/Sources/Concurrency/DispatchQueueFactory/IDispatchQueueFactory.swift:30:42: error: cannot infer contextual base in reference to member 'unspecified'
28 | public extension IDispatchQueueFactory {
29 | func privateQueue(label: String) -> IDispatchQueue {
30 | privateQueue(label: label, qos: .unspecified, attributes: [], autoreleaseFrequency: .inherit, target: nil)
| `- error: cannot infer contextual base in reference to member 'unspecified'
31 | }
32 | }
/host/spi-builder-workspace/.build/checkouts/concurrency/Sources/Concurrency/DispatchQueueFactory/IDispatchQueueFactory.swift:30:94: error: cannot infer contextual base in reference to member 'inherit'
28 | public extension IDispatchQueueFactory {
29 | func privateQueue(label: String) -> IDispatchQueue {
30 | privateQueue(label: label, qos: .unspecified, attributes: [], autoreleaseFrequency: .inherit, target: nil)
| `- error: cannot infer contextual base in reference to member 'inherit'
31 | }
32 | }
/host/spi-builder-workspace/.build/checkouts/concurrency/Sources/Concurrency/DispatchQueueFactory/IDispatchQueueFactory.swift:30:111: error: 'nil' requires a contextual type
28 | public extension IDispatchQueueFactory {
29 | func privateQueue(label: String) -> IDispatchQueue {
30 | privateQueue(label: label, qos: .unspecified, attributes: [], autoreleaseFrequency: .inherit, target: nil)
| `- error: 'nil' requires a contextual type
31 | }
32 | }
[21/43] Compiling Concurrency IDispatchQueue.swift
<unknown>:0: warning: upcoming feature 'InferSendableFromCaptures' is already enabled as of Swift version 6
<unknown>:0: warning: upcoming feature 'GlobalActorIsolatedTypesUsability' is already enabled as of Swift version 6
<unknown>:0: warning: upcoming feature 'DisableOutwardActorInference' is already enabled as of Swift version 6
/host/spi-builder-workspace/.build/checkouts/concurrency/Sources/Concurrency/DispatchQueue/IDispatchQueue.swift:30:23: error: cannot find type 'DispatchTime' in scope
28 | #if swift(>=5.9)
29 | func asyncAfter(
30 | deadline: DispatchTime,
| `- error: cannot find type 'DispatchTime' in scope
31 | qos: DispatchQoS,
32 | flags: DispatchWorkItemFlags,
/host/spi-builder-workspace/.build/checkouts/concurrency/Sources/Concurrency/DispatchQueue/IDispatchQueue.swift:31:18: error: cannot find type 'DispatchQoS' in scope
29 | func asyncAfter(
30 | deadline: DispatchTime,
31 | qos: DispatchQoS,
| `- error: cannot find type 'DispatchQoS' in scope
32 | flags: DispatchWorkItemFlags,
33 | execute work: @escaping @Sendable @convention(block) () -> Void
/host/spi-builder-workspace/.build/checkouts/concurrency/Sources/Concurrency/DispatchQueue/IDispatchQueue.swift:32:20: error: cannot find type 'DispatchWorkItemFlags' in scope
30 | deadline: DispatchTime,
31 | qos: DispatchQoS,
32 | flags: DispatchWorkItemFlags,
| `- error: cannot find type 'DispatchWorkItemFlags' in scope
33 | execute work: @escaping @Sendable @convention(block) () -> Void
34 | )
/host/spi-builder-workspace/.build/checkouts/concurrency/Sources/Concurrency/DispatchQueue/IDispatchQueue.swift:60:18: error: cannot find type 'DispatchQoS' in scope
58 | #if swift(>=5.9)
59 | func async(
60 | qos: DispatchQoS,
| `- error: cannot find type 'DispatchQoS' in scope
61 | flags: DispatchWorkItemFlags,
62 | execute work: @escaping @Sendable @convention(block) () -> Void
/host/spi-builder-workspace/.build/checkouts/concurrency/Sources/Concurrency/DispatchQueue/IDispatchQueue.swift:61:20: error: cannot find type 'DispatchWorkItemFlags' in scope
59 | func async(
60 | qos: DispatchQoS,
61 | flags: DispatchWorkItemFlags,
| `- error: cannot find type 'DispatchWorkItemFlags' in scope
62 | execute work: @escaping @Sendable @convention(block) () -> Void
63 | )
/host/spi-builder-workspace/.build/checkouts/concurrency/Sources/Concurrency/DispatchQueue/IDispatchQueue.swift:99:34: error: cannot find type 'DispatchWorkItem' in scope
97 | /// - Parameter execute: The work item containing the task to execute.
98 | /// For information on how to create this work item.
99 | func async(execute workItem: DispatchWorkItem)
| `- error: cannot find type 'DispatchWorkItem' in scope
100 |
101 | /// Submits a block for synchronous execution on this queue.
/host/spi-builder-workspace/.build/checkouts/concurrency/Sources/Concurrency/DispatchQueue/IDispatchQueue.swift:104:33: error: cannot find type 'DispatchWorkItem' in scope
102 | ///
103 | /// - Parameter workItem: The work item to be invoked on the queue.
104 | func sync(execute workItem: DispatchWorkItem)
| `- error: cannot find type 'DispatchWorkItem' in scope
105 |
106 | ///
/host/spi-builder-workspace/.build/checkouts/concurrency/Sources/Concurrency/DispatchQueue/IDispatchQueue.swift:116:31: error: cannot find type 'DispatchTime' in scope
114 | /// - SeeAlso: `DispatchTime`
115 | ///
116 | func asyncAfter(deadline: DispatchTime, execute: DispatchWorkItem)
| `- error: cannot find type 'DispatchTime' in scope
117 | }
118 |
/host/spi-builder-workspace/.build/checkouts/concurrency/Sources/Concurrency/DispatchQueue/IDispatchQueue.swift:116:54: error: cannot find type 'DispatchWorkItem' in scope
114 | /// - SeeAlso: `DispatchTime`
115 | ///
116 | func asyncAfter(deadline: DispatchTime, execute: DispatchWorkItem)
| `- error: cannot find type 'DispatchWorkItem' in scope
117 | }
118 |
/host/spi-builder-workspace/.build/checkouts/concurrency/Sources/Concurrency/DispatchQueue/IDispatchQueue.swift:122:23: error: cannot find type 'DispatchTime' in scope
120 | #if swift(>=5.9)
121 | func asyncAfter(
122 | deadline: DispatchTime,
| `- error: cannot find type 'DispatchTime' in scope
123 | qos: DispatchQoS = .unspecified,
124 | flags: DispatchWorkItemFlags = [],
/host/spi-builder-workspace/.build/checkouts/concurrency/Sources/Concurrency/DispatchQueue/IDispatchQueue.swift:123:18: error: cannot find type 'DispatchQoS' in scope
121 | func asyncAfter(
122 | deadline: DispatchTime,
123 | qos: DispatchQoS = .unspecified,
| `- error: cannot find type 'DispatchQoS' in scope
124 | flags: DispatchWorkItemFlags = [],
125 | execute work: @escaping @Sendable @convention(block) () -> Void
/host/spi-builder-workspace/.build/checkouts/concurrency/Sources/Concurrency/DispatchQueue/IDispatchQueue.swift:124:20: error: cannot find type 'DispatchWorkItemFlags' in scope
122 | deadline: DispatchTime,
123 | qos: DispatchQoS = .unspecified,
124 | flags: DispatchWorkItemFlags = [],
| `- error: cannot find type 'DispatchWorkItemFlags' in scope
125 | execute work: @escaping @Sendable @convention(block) () -> Void
126 | ) {
/host/spi-builder-workspace/.build/checkouts/concurrency/Sources/Concurrency/DispatchQueue/IDispatchQueue.swift:142:18: error: extra arguments at positions #1, #2 in call
139 |
140 | #if swift(>=5.9)
141 | func async(execute work: @escaping @Sendable @convention(block) () -> Void) {
| `- note: 'async(execute:)' declared here
142 | async(qos: .unspecified, flags: [], execute: work)
| `- error: extra arguments at positions #1, #2 in call
143 | }
144 | #else
/host/spi-builder-workspace/.build/checkouts/concurrency/Sources/Concurrency/DispatchQueue/IDispatchQueue.swift:142:25: error: cannot infer contextual base in reference to member 'unspecified'
140 | #if swift(>=5.9)
141 | func async(execute work: @escaping @Sendable @convention(block) () -> Void) {
142 | async(qos: .unspecified, flags: [], execute: work)
| `- error: cannot infer contextual base in reference to member 'unspecified'
143 | }
144 | #else
[22/43] Compiling Concurrency DispatchQueue+IDispatchQueue.swift
<unknown>:0: warning: upcoming feature 'InferSendableFromCaptures' is already enabled as of Swift version 6
<unknown>:0: warning: upcoming feature 'GlobalActorIsolatedTypesUsability' is already enabled as of Swift version 6
<unknown>:0: warning: upcoming feature 'DisableOutwardActorInference' is already enabled as of Swift version 6
/host/spi-builder-workspace/.build/checkouts/concurrency/Sources/Concurrency/DispatchQueue/DispatchQueue+IDispatchQueue.swift:8:11: error: cannot find type 'DispatchQueue' in scope
6 | import Foundation
7 |
8 | extension DispatchQueue: IDispatchQueue {
| `- error: cannot find type 'DispatchQueue' in scope
9 | #if swift(>=5.9)
10 | public func async(
/host/spi-builder-workspace/.build/checkouts/concurrency/Sources/Concurrency/DispatchQueue/DispatchQueue+IDispatchQueue.swift:11:18: error: cannot find type 'DispatchQoS' in scope
9 | #if swift(>=5.9)
10 | public func async(
11 | qos: DispatchQoS,
| `- error: cannot find type 'DispatchQoS' in scope
12 | flags: DispatchWorkItemFlags,
13 | execute work: @escaping @Sendable @convention(block) () -> Void
/host/spi-builder-workspace/.build/checkouts/concurrency/Sources/Concurrency/DispatchQueue/DispatchQueue+IDispatchQueue.swift:12:20: error: cannot find type 'DispatchWorkItemFlags' in scope
10 | public func async(
11 | qos: DispatchQoS,
12 | flags: DispatchWorkItemFlags,
| `- error: cannot find type 'DispatchWorkItemFlags' in scope
13 | execute work: @escaping @Sendable @convention(block) () -> Void
14 | ) {
error: emit-module command failed with exit code 1 (use -v to see invocation)
[23/43] Emitting module Concurrency
<unknown>:0: warning: upcoming feature 'InferSendableFromCaptures' is already enabled as of Swift version 6
<unknown>:0: warning: upcoming feature 'GlobalActorIsolatedTypesUsability' is already enabled as of Swift version 6
<unknown>:0: warning: upcoming feature 'DisableOutwardActorInference' is already enabled as of Swift version 6
/host/spi-builder-workspace/.build/checkouts/concurrency/Sources/Concurrency/DispatchQueue/DispatchQueue+IDispatchQueue.swift:8:11: error: cannot find type 'DispatchQueue' in scope
6 | import Foundation
7 |
8 | extension DispatchQueue: IDispatchQueue {
| `- error: cannot find type 'DispatchQueue' in scope
9 | #if swift(>=5.9)
10 | public func async(
/host/spi-builder-workspace/.build/checkouts/concurrency/Sources/Concurrency/DispatchQueue/IDispatchQueue.swift:30:23: error: cannot find type 'DispatchTime' in scope
28 | #if swift(>=5.9)
29 | func asyncAfter(
30 | deadline: DispatchTime,
| `- error: cannot find type 'DispatchTime' in scope
31 | qos: DispatchQoS,
32 | flags: DispatchWorkItemFlags,
/host/spi-builder-workspace/.build/checkouts/concurrency/Sources/Concurrency/DispatchQueue/IDispatchQueue.swift:31:18: error: cannot find type 'DispatchQoS' in scope
29 | func asyncAfter(
30 | deadline: DispatchTime,
31 | qos: DispatchQoS,
| `- error: cannot find type 'DispatchQoS' in scope
32 | flags: DispatchWorkItemFlags,
33 | execute work: @escaping @Sendable @convention(block) () -> Void
/host/spi-builder-workspace/.build/checkouts/concurrency/Sources/Concurrency/DispatchQueue/IDispatchQueue.swift:32:20: error: cannot find type 'DispatchWorkItemFlags' in scope
30 | deadline: DispatchTime,
31 | qos: DispatchQoS,
32 | flags: DispatchWorkItemFlags,
| `- error: cannot find type 'DispatchWorkItemFlags' in scope
33 | execute work: @escaping @Sendable @convention(block) () -> Void
34 | )
/host/spi-builder-workspace/.build/checkouts/concurrency/Sources/Concurrency/DispatchQueue/IDispatchQueue.swift:60:18: error: cannot find type 'DispatchQoS' in scope
58 | #if swift(>=5.9)
59 | func async(
60 | qos: DispatchQoS,
| `- error: cannot find type 'DispatchQoS' in scope
61 | flags: DispatchWorkItemFlags,
62 | execute work: @escaping @Sendable @convention(block) () -> Void
/host/spi-builder-workspace/.build/checkouts/concurrency/Sources/Concurrency/DispatchQueue/IDispatchQueue.swift:61:20: error: cannot find type 'DispatchWorkItemFlags' in scope
59 | func async(
60 | qos: DispatchQoS,
61 | flags: DispatchWorkItemFlags,
| `- error: cannot find type 'DispatchWorkItemFlags' in scope
62 | execute work: @escaping @Sendable @convention(block) () -> Void
63 | )
/host/spi-builder-workspace/.build/checkouts/concurrency/Sources/Concurrency/DispatchQueue/IDispatchQueue.swift:99:34: error: cannot find type 'DispatchWorkItem' in scope
97 | /// - Parameter execute: The work item containing the task to execute.
98 | /// For information on how to create this work item.
99 | func async(execute workItem: DispatchWorkItem)
| `- error: cannot find type 'DispatchWorkItem' in scope
100 |
101 | /// Submits a block for synchronous execution on this queue.
/host/spi-builder-workspace/.build/checkouts/concurrency/Sources/Concurrency/DispatchQueue/IDispatchQueue.swift:104:33: error: cannot find type 'DispatchWorkItem' in scope
102 | ///
103 | /// - Parameter workItem: The work item to be invoked on the queue.
104 | func sync(execute workItem: DispatchWorkItem)
| `- error: cannot find type 'DispatchWorkItem' in scope
105 |
106 | ///
/host/spi-builder-workspace/.build/checkouts/concurrency/Sources/Concurrency/DispatchQueue/IDispatchQueue.swift:116:31: error: cannot find type 'DispatchTime' in scope
114 | /// - SeeAlso: `DispatchTime`
115 | ///
116 | func asyncAfter(deadline: DispatchTime, execute: DispatchWorkItem)
| `- error: cannot find type 'DispatchTime' in scope
117 | }
118 |
/host/spi-builder-workspace/.build/checkouts/concurrency/Sources/Concurrency/DispatchQueue/IDispatchQueue.swift:116:54: error: cannot find type 'DispatchWorkItem' in scope
114 | /// - SeeAlso: `DispatchTime`
115 | ///
116 | func asyncAfter(deadline: DispatchTime, execute: DispatchWorkItem)
| `- error: cannot find type 'DispatchWorkItem' in scope
117 | }
118 |
/host/spi-builder-workspace/.build/checkouts/concurrency/Sources/Concurrency/DispatchQueue/IDispatchQueue.swift:122:23: error: cannot find type 'DispatchTime' in scope
120 | #if swift(>=5.9)
121 | func asyncAfter(
122 | deadline: DispatchTime,
| `- error: cannot find type 'DispatchTime' in scope
123 | qos: DispatchQoS = .unspecified,
124 | flags: DispatchWorkItemFlags = [],
/host/spi-builder-workspace/.build/checkouts/concurrency/Sources/Concurrency/DispatchQueue/IDispatchQueue.swift:123:18: error: cannot find type 'DispatchQoS' in scope
121 | func asyncAfter(
122 | deadline: DispatchTime,
123 | qos: DispatchQoS = .unspecified,
| `- error: cannot find type 'DispatchQoS' in scope
124 | flags: DispatchWorkItemFlags = [],
125 | execute work: @escaping @Sendable @convention(block) () -> Void
/host/spi-builder-workspace/.build/checkouts/concurrency/Sources/Concurrency/DispatchQueue/IDispatchQueue.swift:124:20: error: cannot find type 'DispatchWorkItemFlags' in scope
122 | deadline: DispatchTime,
123 | qos: DispatchQoS = .unspecified,
124 | flags: DispatchWorkItemFlags = [],
| `- error: cannot find type 'DispatchWorkItemFlags' in scope
125 | execute work: @escaping @Sendable @convention(block) () -> Void
126 | ) {
/host/spi-builder-workspace/.build/checkouts/concurrency/Sources/Concurrency/DispatchQueueFactory/DispatchQueueFactory.swift:19:29: error: cannot find type 'DispatchQoS' in scope
17 | }
18 |
19 | public func global(qos: DispatchQoS.QoSClass) -> IDispatchQueue {
| `- error: cannot find type 'DispatchQoS' in scope
20 | DispatchQueue.global(qos: qos)
21 | }
/host/spi-builder-workspace/.build/checkouts/concurrency/Sources/Concurrency/DispatchQueueFactory/DispatchQueueFactory.swift:25:14: error: cannot find type 'DispatchQoS' in scope
23 | public func privateQueue(
24 | label: String,
25 | qos: DispatchQoS,
| `- error: cannot find type 'DispatchQoS' in scope
26 | attributes: DispatchQueue.Attributes,
27 | autoreleaseFrequency: DispatchQueue.AutoreleaseFrequency,
/host/spi-builder-workspace/.build/checkouts/concurrency/Sources/Concurrency/DispatchQueueFactory/DispatchQueueFactory.swift:26:21: error: cannot find type 'DispatchQueue' in scope
24 | label: String,
25 | qos: DispatchQoS,
26 | attributes: DispatchQueue.Attributes,
| `- error: cannot find type 'DispatchQueue' in scope
27 | autoreleaseFrequency: DispatchQueue.AutoreleaseFrequency,
28 | target: DispatchQueue?
/host/spi-builder-workspace/.build/checkouts/concurrency/Sources/Concurrency/DispatchQueueFactory/DispatchQueueFactory.swift:27:31: error: cannot find type 'DispatchQueue' in scope
25 | qos: DispatchQoS,
26 | attributes: DispatchQueue.Attributes,
27 | autoreleaseFrequency: DispatchQueue.AutoreleaseFrequency,
| `- error: cannot find type 'DispatchQueue' in scope
28 | target: DispatchQueue?
29 | ) -> IDispatchQueue {
/host/spi-builder-workspace/.build/checkouts/concurrency/Sources/Concurrency/DispatchQueueFactory/DispatchQueueFactory.swift:28:17: error: cannot find type 'DispatchQueue' in scope
26 | attributes: DispatchQueue.Attributes,
27 | autoreleaseFrequency: DispatchQueue.AutoreleaseFrequency,
28 | target: DispatchQueue?
| `- error: cannot find type 'DispatchQueue' in scope
29 | ) -> IDispatchQueue {
30 | DispatchQueue(label: label, qos: qos, attributes: attributes, autoreleaseFrequency: autoreleaseFrequency, target: target)
/host/spi-builder-workspace/.build/checkouts/concurrency/Sources/Concurrency/DispatchQueueFactory/IDispatchQueueFactory.swift:15:22: error: cannot find type 'DispatchQoS' in scope
13 |
14 | /// Returns the global system queue with the specified quality-of-service class.
15 | func global(qos: DispatchQoS.QoSClass) -> IDispatchQueue
| `- error: cannot find type 'DispatchQoS' in scope
16 |
17 | /// An object that manages the execution of tasks serially or concurrently on your
/host/spi-builder-workspace/.build/checkouts/concurrency/Sources/Concurrency/DispatchQueueFactory/IDispatchQueueFactory.swift:21:14: error: cannot find type 'DispatchQoS' in scope
19 | func privateQueue(
20 | label: String,
21 | qos: DispatchQoS,
| `- error: cannot find type 'DispatchQoS' in scope
22 | attributes: DispatchQueue.Attributes,
23 | autoreleaseFrequency: DispatchQueue.AutoreleaseFrequency,
/host/spi-builder-workspace/.build/checkouts/concurrency/Sources/Concurrency/DispatchQueueFactory/IDispatchQueueFactory.swift:22:21: error: cannot find type 'DispatchQueue' in scope
20 | label: String,
21 | qos: DispatchQoS,
22 | attributes: DispatchQueue.Attributes,
| `- error: cannot find type 'DispatchQueue' in scope
23 | autoreleaseFrequency: DispatchQueue.AutoreleaseFrequency,
24 | target: DispatchQueue?
/host/spi-builder-workspace/.build/checkouts/concurrency/Sources/Concurrency/DispatchQueueFactory/IDispatchQueueFactory.swift:23:31: error: cannot find type 'DispatchQueue' in scope
21 | qos: DispatchQoS,
22 | attributes: DispatchQueue.Attributes,
23 | autoreleaseFrequency: DispatchQueue.AutoreleaseFrequency,
| `- error: cannot find type 'DispatchQueue' in scope
24 | target: DispatchQueue?
25 | ) -> IDispatchQueue
/host/spi-builder-workspace/.build/checkouts/concurrency/Sources/Concurrency/DispatchQueueFactory/IDispatchQueueFactory.swift:24:17: error: cannot find type 'DispatchQueue' in scope
22 | attributes: DispatchQueue.Attributes,
23 | autoreleaseFrequency: DispatchQueue.AutoreleaseFrequency,
24 | target: DispatchQueue?
| `- error: cannot find type 'DispatchQueue' in scope
25 | ) -> IDispatchQueue
26 | }
[24/43] Compiling Concurrency DispatchQueueFactory.swift
<unknown>:0: warning: upcoming feature 'InferSendableFromCaptures' is already enabled as of Swift version 6
<unknown>:0: warning: upcoming feature 'GlobalActorIsolatedTypesUsability' is already enabled as of Swift version 6
<unknown>:0: warning: upcoming feature 'DisableOutwardActorInference' is already enabled as of Swift version 6
/host/spi-builder-workspace/.build/checkouts/concurrency/Sources/Concurrency/DispatchQueue/IDispatchQueue.swift:30:23: error: cannot find type 'DispatchTime' in scope
28 | #if swift(>=5.9)
29 | func asyncAfter(
30 | deadline: DispatchTime,
| `- error: cannot find type 'DispatchTime' in scope
31 | qos: DispatchQoS,
32 | flags: DispatchWorkItemFlags,
/host/spi-builder-workspace/.build/checkouts/concurrency/Sources/Concurrency/DispatchQueue/IDispatchQueue.swift:31:18: error: cannot find type 'DispatchQoS' in scope
29 | func asyncAfter(
30 | deadline: DispatchTime,
31 | qos: DispatchQoS,
| `- error: cannot find type 'DispatchQoS' in scope
32 | flags: DispatchWorkItemFlags,
33 | execute work: @escaping @Sendable @convention(block) () -> Void
/host/spi-builder-workspace/.build/checkouts/concurrency/Sources/Concurrency/DispatchQueue/IDispatchQueue.swift:32:20: error: cannot find type 'DispatchWorkItemFlags' in scope
30 | deadline: DispatchTime,
31 | qos: DispatchQoS,
32 | flags: DispatchWorkItemFlags,
| `- error: cannot find type 'DispatchWorkItemFlags' in scope
33 | execute work: @escaping @Sendable @convention(block) () -> Void
34 | )
/host/spi-builder-workspace/.build/checkouts/concurrency/Sources/Concurrency/DispatchQueue/IDispatchQueue.swift:60:18: error: cannot find type 'DispatchQoS' in scope
58 | #if swift(>=5.9)
59 | func async(
60 | qos: DispatchQoS,
| `- error: cannot find type 'DispatchQoS' in scope
61 | flags: DispatchWorkItemFlags,
62 | execute work: @escaping @Sendable @convention(block) () -> Void
/host/spi-builder-workspace/.build/checkouts/concurrency/Sources/Concurrency/DispatchQueue/IDispatchQueue.swift:61:20: error: cannot find type 'DispatchWorkItemFlags' in scope
59 | func async(
60 | qos: DispatchQoS,
61 | flags: DispatchWorkItemFlags,
| `- error: cannot find type 'DispatchWorkItemFlags' in scope
62 | execute work: @escaping @Sendable @convention(block) () -> Void
63 | )
/host/spi-builder-workspace/.build/checkouts/concurrency/Sources/Concurrency/DispatchQueue/IDispatchQueue.swift:99:34: error: cannot find type 'DispatchWorkItem' in scope
97 | /// - Parameter execute: The work item containing the task to execute.
98 | /// For information on how to create this work item.
99 | func async(execute workItem: DispatchWorkItem)
| `- error: cannot find type 'DispatchWorkItem' in scope
100 |
101 | /// Submits a block for synchronous execution on this queue.
/host/spi-builder-workspace/.build/checkouts/concurrency/Sources/Concurrency/DispatchQueue/IDispatchQueue.swift:104:33: error: cannot find type 'DispatchWorkItem' in scope
102 | ///
103 | /// - Parameter workItem: The work item to be invoked on the queue.
104 | func sync(execute workItem: DispatchWorkItem)
| `- error: cannot find type 'DispatchWorkItem' in scope
105 |
106 | ///
/host/spi-builder-workspace/.build/checkouts/concurrency/Sources/Concurrency/DispatchQueue/IDispatchQueue.swift:116:31: error: cannot find type 'DispatchTime' in scope
114 | /// - SeeAlso: `DispatchTime`
115 | ///
116 | func asyncAfter(deadline: DispatchTime, execute: DispatchWorkItem)
| `- error: cannot find type 'DispatchTime' in scope
117 | }
118 |
/host/spi-builder-workspace/.build/checkouts/concurrency/Sources/Concurrency/DispatchQueue/IDispatchQueue.swift:116:54: error: cannot find type 'DispatchWorkItem' in scope
114 | /// - SeeAlso: `DispatchTime`
115 | ///
116 | func asyncAfter(deadline: DispatchTime, execute: DispatchWorkItem)
| `- error: cannot find type 'DispatchWorkItem' in scope
117 | }
118 |
/host/spi-builder-workspace/.build/checkouts/concurrency/Sources/Concurrency/DispatchQueueFactory/DispatchQueueFactory.swift:19:29: error: cannot find type 'DispatchQoS' in scope
17 | }
18 |
19 | public func global(qos: DispatchQoS.QoSClass) -> IDispatchQueue {
| `- error: cannot find type 'DispatchQoS' in scope
20 | DispatchQueue.global(qos: qos)
21 | }
/host/spi-builder-workspace/.build/checkouts/concurrency/Sources/Concurrency/DispatchQueueFactory/DispatchQueueFactory.swift:25:14: error: cannot find type 'DispatchQoS' in scope
23 | public func privateQueue(
24 | label: String,
25 | qos: DispatchQoS,
| `- error: cannot find type 'DispatchQoS' in scope
26 | attributes: DispatchQueue.Attributes,
27 | autoreleaseFrequency: DispatchQueue.AutoreleaseFrequency,
/host/spi-builder-workspace/.build/checkouts/concurrency/Sources/Concurrency/DispatchQueueFactory/DispatchQueueFactory.swift:26:21: error: cannot find type 'DispatchQueue' in scope
24 | label: String,
25 | qos: DispatchQoS,
26 | attributes: DispatchQueue.Attributes,
| `- error: cannot find type 'DispatchQueue' in scope
27 | autoreleaseFrequency: DispatchQueue.AutoreleaseFrequency,
28 | target: DispatchQueue?
/host/spi-builder-workspace/.build/checkouts/concurrency/Sources/Concurrency/DispatchQueueFactory/DispatchQueueFactory.swift:27:31: error: cannot find type 'DispatchQueue' in scope
25 | qos: DispatchQoS,
26 | attributes: DispatchQueue.Attributes,
27 | autoreleaseFrequency: DispatchQueue.AutoreleaseFrequency,
| `- error: cannot find type 'DispatchQueue' in scope
28 | target: DispatchQueue?
29 | ) -> IDispatchQueue {
/host/spi-builder-workspace/.build/checkouts/concurrency/Sources/Concurrency/DispatchQueueFactory/DispatchQueueFactory.swift:28:17: error: cannot find type 'DispatchQueue' in scope
26 | attributes: DispatchQueue.Attributes,
27 | autoreleaseFrequency: DispatchQueue.AutoreleaseFrequency,
28 | target: DispatchQueue?
| `- error: cannot find type 'DispatchQueue' in scope
29 | ) -> IDispatchQueue {
30 | DispatchQueue(label: label, qos: qos, attributes: attributes, autoreleaseFrequency: autoreleaseFrequency, target: target)
/host/spi-builder-workspace/.build/checkouts/concurrency/Sources/Concurrency/DispatchQueueFactory/IDispatchQueueFactory.swift:15:22: error: cannot find type 'DispatchQoS' in scope
13 |
14 | /// Returns the global system queue with the specified quality-of-service class.
15 | func global(qos: DispatchQoS.QoSClass) -> IDispatchQueue
| `- error: cannot find type 'DispatchQoS' in scope
16 |
17 | /// An object that manages the execution of tasks serially or concurrently on your
/host/spi-builder-workspace/.build/checkouts/concurrency/Sources/Concurrency/DispatchQueueFactory/IDispatchQueueFactory.swift:21:14: error: cannot find type 'DispatchQoS' in scope
19 | func privateQueue(
20 | label: String,
21 | qos: DispatchQoS,
| `- error: cannot find type 'DispatchQoS' in scope
22 | attributes: DispatchQueue.Attributes,
23 | autoreleaseFrequency: DispatchQueue.AutoreleaseFrequency,
/host/spi-builder-workspace/.build/checkouts/concurrency/Sources/Concurrency/DispatchQueueFactory/IDispatchQueueFactory.swift:22:21: error: cannot find type 'DispatchQueue' in scope
20 | label: String,
21 | qos: DispatchQoS,
22 | attributes: DispatchQueue.Attributes,
| `- error: cannot find type 'DispatchQueue' in scope
23 | autoreleaseFrequency: DispatchQueue.AutoreleaseFrequency,
24 | target: DispatchQueue?
/host/spi-builder-workspace/.build/checkouts/concurrency/Sources/Concurrency/DispatchQueueFactory/IDispatchQueueFactory.swift:23:31: error: cannot find type 'DispatchQueue' in scope
21 | qos: DispatchQoS,
22 | attributes: DispatchQueue.Attributes,
23 | autoreleaseFrequency: DispatchQueue.AutoreleaseFrequency,
| `- error: cannot find type 'DispatchQueue' in scope
24 | target: DispatchQueue?
25 | ) -> IDispatchQueue
/host/spi-builder-workspace/.build/checkouts/concurrency/Sources/Concurrency/DispatchQueueFactory/IDispatchQueueFactory.swift:24:17: error: cannot find type 'DispatchQueue' in scope
22 | attributes: DispatchQueue.Attributes,
23 | autoreleaseFrequency: DispatchQueue.AutoreleaseFrequency,
24 | target: DispatchQueue?
| `- error: cannot find type 'DispatchQueue' in scope
25 | ) -> IDispatchQueue
26 | }
/host/spi-builder-workspace/.build/checkouts/concurrency/Sources/Concurrency/DispatchQueueFactory/DispatchQueueFactory.swift:16:9: error: cannot find 'DispatchQueue' in scope
14 |
15 | public func main() -> IDispatchQueue {
16 | DispatchQueue.main
| `- error: cannot find 'DispatchQueue' in scope
17 | }
18 |
/host/spi-builder-workspace/.build/checkouts/concurrency/Sources/Concurrency/DispatchQueueFactory/DispatchQueueFactory.swift:20:9: error: cannot find 'DispatchQueue' in scope
18 |
19 | public func global(qos: DispatchQoS.QoSClass) -> IDispatchQueue {
20 | DispatchQueue.global(qos: qos)
| `- error: cannot find 'DispatchQueue' in scope
21 | }
22 |
/host/spi-builder-workspace/.build/checkouts/concurrency/Sources/Concurrency/DispatchQueueFactory/DispatchQueueFactory.swift:30:9: error: cannot find 'DispatchQueue' in scope
28 | target: DispatchQueue?
29 | ) -> IDispatchQueue {
30 | DispatchQueue(label: label, qos: qos, attributes: attributes, autoreleaseFrequency: autoreleaseFrequency, target: target)
| `- error: cannot find 'DispatchQueue' in scope
31 | }
32 | }
[25/43] Compiling Log IOSWriter.swift
<unknown>:0: warning: upcoming feature 'InferSendableFromCaptures' is already enabled as of Swift version 6
<unknown>:0: warning: upcoming feature 'GlobalActorIsolatedTypesUsability' is already enabled as of Swift version 6
<unknown>:0: warning: upcoming feature 'DisableOutwardActorInference' is already enabled as of Swift version 6
/host/spi-builder-workspace/.build/checkouts/log/Sources/Log/Classes/Core/Printers/OSPrinter.swift:7:8: error: no such module 'OSLog'
5 |
6 | import Foundation
7 | import OSLog
| `- error: no such module 'OSLog'
8 |
9 | // MARK: - OSPrinter
[26/43] Compiling Log OSWriter.swift
<unknown>:0: warning: upcoming feature 'InferSendableFromCaptures' is already enabled as of Swift version 6
<unknown>:0: warning: upcoming feature 'GlobalActorIsolatedTypesUsability' is already enabled as of Swift version 6
<unknown>:0: warning: upcoming feature 'DisableOutwardActorInference' is already enabled as of Swift version 6
/host/spi-builder-workspace/.build/checkouts/log/Sources/Log/Classes/Core/Printers/OSPrinter.swift:7:8: error: no such module 'OSLog'
5 |
6 | import Foundation
7 | import OSLog
| `- error: no such module 'OSLog'
8 |
9 | // MARK: - OSPrinter
[27/43] Compiling Log ConsoleWriter.swift
<unknown>:0: warning: upcoming feature 'InferSendableFromCaptures' is already enabled as of Swift version 6
<unknown>:0: warning: upcoming feature 'GlobalActorIsolatedTypesUsability' is already enabled as of Swift version 6
<unknown>:0: warning: upcoming feature 'DisableOutwardActorInference' is already enabled as of Swift version 6
/host/spi-builder-workspace/.build/checkouts/log/Sources/Log/Classes/Core/Printers/OSPrinter.swift:7:8: error: no such module 'OSLog'
5 |
6 | import Foundation
7 | import OSLog
| `- error: no such module 'OSLog'
8 |
9 | // MARK: - OSPrinter
[28/43] Compiling Log IConsoleWriter.swift
<unknown>:0: warning: upcoming feature 'InferSendableFromCaptures' is already enabled as of Swift version 6
<unknown>:0: warning: upcoming feature 'GlobalActorIsolatedTypesUsability' is already enabled as of Swift version 6
<unknown>:0: warning: upcoming feature 'DisableOutwardActorInference' is already enabled as of Swift version 6
/host/spi-builder-workspace/.build/checkouts/log/Sources/Log/Classes/Core/Printers/OSPrinter.swift:7:8: error: no such module 'OSLog'
5 |
6 | import Foundation
7 | import OSLog
| `- error: no such module 'OSLog'
8 |
9 | // MARK: - OSPrinter
[29/45] Compiling Log IStyleLogStrategy.swift
<unknown>:0: warning: upcoming feature 'InferSendableFromCaptures' is already enabled as of Swift version 6
<unknown>:0: warning: upcoming feature 'GlobalActorIsolatedTypesUsability' is already enabled as of Swift version 6
<unknown>:0: warning: upcoming feature 'DisableOutwardActorInference' is already enabled as of Swift version 6
/host/spi-builder-workspace/.build/checkouts/log/Sources/Log/Classes/Core/Printers/OSPrinter.swift:7:8: error: no such module 'OSLog'
5 |
6 | import Foundation
7 | import OSLog
| `- error: no such module 'OSLog'
8 |
9 | // MARK: - OSPrinter
[30/45] Compiling Log ConsolePrinter.swift
<unknown>:0: warning: upcoming feature 'InferSendableFromCaptures' is already enabled as of Swift version 6
<unknown>:0: warning: upcoming feature 'GlobalActorIsolatedTypesUsability' is already enabled as of Swift version 6
<unknown>:0: warning: upcoming feature 'DisableOutwardActorInference' is already enabled as of Swift version 6
/host/spi-builder-workspace/.build/checkouts/log/Sources/Log/Classes/Core/Printers/OSPrinter.swift:7:8: error: no such module 'OSLog'
5 |
6 | import Foundation
7 | import OSLog
| `- error: no such module 'OSLog'
8 |
9 | // MARK: - OSPrinter
[31/45] Compiling Log IPrinter.swift
<unknown>:0: warning: upcoming feature 'InferSendableFromCaptures' is already enabled as of Swift version 6
<unknown>:0: warning: upcoming feature 'GlobalActorIsolatedTypesUsability' is already enabled as of Swift version 6
<unknown>:0: warning: upcoming feature 'DisableOutwardActorInference' is already enabled as of Swift version 6
/host/spi-builder-workspace/.build/checkouts/log/Sources/Log/Classes/Core/Printers/OSPrinter.swift:7:8: error: no such module 'OSLog'
5 |
6 | import Foundation
7 | import OSLog
| `- error: no such module 'OSLog'
8 |
9 | // MARK: - OSPrinter
[32/45] Compiling Log OSPrinter.swift
<unknown>:0: warning: upcoming feature 'InferSendableFromCaptures' is already enabled as of Swift version 6
<unknown>:0: warning: upcoming feature 'GlobalActorIsolatedTypesUsability' is already enabled as of Swift version 6
<unknown>:0: warning: upcoming feature 'DisableOutwardActorInference' is already enabled as of Swift version 6
/host/spi-builder-workspace/.build/checkouts/log/Sources/Log/Classes/Core/Printers/OSPrinter.swift:7:8: error: no such module 'OSLog'
5 |
6 | import Foundation
7 | import OSLog
| `- error: no such module 'OSLog'
8 |
9 | // MARK: - OSPrinter
<unknown>:0: warning: upcoming feature 'InferSendableFromCaptures' is already enabled as of Swift version 6
<unknown>:0: warning: upcoming feature 'GlobalActorIsolatedTypesUsability' is already enabled as of Swift version 6
<unknown>:0: warning: upcoming feature 'DisableOutwardActorInference' is already enabled as of Swift version 6
/host/spi-builder-workspace/.build/checkouts/atomic/Sources/Atomic/Classes/Helpers/Lock/UnfairLock.swift:15:29: error: cannot find type 'os_unfair_lock_t' in scope
13 |
14 | /// The underlying `os_unfair_lock` used for synchronization.
15 | private let unfairLock: os_unfair_lock_t
| `- error: cannot find type 'os_unfair_lock_t' in scope
16 |
17 | // MARK: Initialization
/host/spi-builder-workspace/.build/checkouts/atomic/Sources/Atomic/Classes/Helpers/Lock/UnfairLock.swift:21:23: error: cannot infer contextual base in reference to member 'allocate'
19 | /// Initializes an UnfairLock instance.
20 | init() {
21 | unfairLock = .allocate(capacity: 1)
| `- error: cannot infer contextual base in reference to member 'allocate'
22 | unfairLock.initialize(to: os_unfair_lock())
23 | }
/host/spi-builder-workspace/.build/checkouts/atomic/Sources/Atomic/Classes/Helpers/Lock/UnfairLock.swift:22:35: error: cannot find 'os_unfair_lock' in scope
20 | init() {
21 | unfairLock = .allocate(capacity: 1)
22 | unfairLock.initialize(to: os_unfair_lock())
| `- error: cannot find 'os_unfair_lock' in scope
23 | }
24 |
/host/spi-builder-workspace/.build/checkouts/atomic/Sources/Atomic/Classes/Helpers/Lock/UnfairLock.swift:35:9: error: cannot find 'os_unfair_lock_lock' in scope
33 | extension UnfairLock: ILock {
34 | func lock() {
35 | os_unfair_lock_lock(unfairLock)
| `- error: cannot find 'os_unfair_lock_lock' in scope
36 | }
37 |
/host/spi-builder-workspace/.build/checkouts/atomic/Sources/Atomic/Classes/Helpers/Lock/UnfairLock.swift:39:9: error: cannot find 'os_unfair_lock_unlock' in scope
37 |
38 | func unlock() {
39 | os_unfair_lock_unlock(unfairLock)
| `- error: cannot find 'os_unfair_lock_unlock' in scope
40 | }
41 | }
Running build ...
bash -c docker run --pull=always --rm -v "checkouts-54344843-2":/host -w "$PWD" -e JAVA_HOME="/root/.sdkman/candidates/java/current" -e SPI_BUILD="1" -e SPI_PROCESSING="1" registry.gitlab.com/saguaro1/spi-images:wasm-6.1-latest swift build --swift-sdk wasm32-unknown-wasi 2>&1
wasm-6.1-latest: Pulling from saguaro1/spi-images
Digest: sha256:8209621f35c5a12749e7df75bbcb99eccb508d0196da99f6ac3bcf5f4827df31
Status: Image is up to date for registry.gitlab.com/saguaro1/spi-images:wasm-6.1-latest
warning: 'atomic': /host/spi-builder-workspace/.build/checkouts/atomic/Package.swift:12:16: warning: 'v11' is deprecated: tvOS 12.0 is the oldest supported version
10 | .iOS(.v13),
11 | .watchOS(.v6),
12 | .tvOS(.v11),
| `- warning: 'v11' is deprecated: tvOS 12.0 is the oldest supported version
13 | .visionOS(.v1),
14 | ],
warning: 'spi-builder-workspace': found 30 file(s) which are unhandled; explicitly declare them as resources or exclude from the target
/host/spi-builder-workspace/Tests/SnapshotTests/__Snapshots__/ProductsViewSnapshotTests/test_productsView_error-iOS.1.png
/host/spi-builder-workspace/Tests/SnapshotTests/__Snapshots__/ProductPlaceholderViewSnapshotTests/test_productPlaceholderView_compactStyle_whenIconIsHidden-tvOS.1.png
/host/spi-builder-workspace/Tests/SnapshotTests/__Snapshots__/ProductPlaceholderViewSnapshotTests/test_productPlaceholderView_compactStyle_whenIconIsVisible-tvOS.1.png
/host/spi-builder-workspace/Tests/SnapshotTests/__Snapshots__/ProductPlaceholderViewSnapshotTests/test_productPlaceholderView_compactStyle_whenIconIsVisible-iOS.1.png
/host/spi-builder-workspace/Tests/SnapshotTests/__Snapshots__/ProductViewSnapshotTests/test_productView_product-tvOS.1.png
/host/spi-builder-workspace/Tests/SnapshotTests/__Snapshots__/SubscriptionsViewSnapshotTests/test_subscriptionsView_defaultStyle-tvOS.1.png
/host/spi-builder-workspace/Tests/SnapshotTests/__Snapshots__/ProductsViewSnapshotTests/test_productsView_products_withRestoreButtons-iOS.1.png
/host/spi-builder-workspace/Tests/SnapshotTests/__Snapshots__/ProductInfoViewSnapshotTests/test_productInfoView_largeStyle_whenIconIsNotNil-iOS.1.png
/host/spi-builder-workspace/Tests/SnapshotTests/__Snapshots__/SubscriptionsViewSnapshotTests/test_subscriptionsView_customStyle-tvOS.1.png
/host/spi-builder-workspace/Tests/SnapshotTests/__Snapshots__/ProductInfoViewSnapshotTests/test_productInfoView_compactStyle_whenIconIsNil-tvOS.1.png
/host/spi-builder-workspace/Tests/SnapshotTests/__Snapshots__/ProductInfoViewSnapshotTests/test_productInfoView_compactStyle_whenIconIsNotNil-tvOS.1.png
/host/spi-builder-workspace/Tests/SnapshotTests/__Snapshots__/ProductViewSnapshotTests/test_productView_error-iOS.1.png
/host/spi-builder-workspace/Tests/SnapshotTests/__Snapshots__/ProductInfoViewSnapshotTests/test_productInfoView_compactStyle_whenIconIsNil-iOS.1.png
/host/spi-builder-workspace/Tests/SnapshotTests/__Snapshots__/ProductPlaceholderViewSnapshotTests/test_productPlaceholderView_compactStyle_whenIconIsHidden-iOS.1.png
/host/spi-builder-workspace/Tests/SnapshotTests/__Snapshots__/ProductPlaceholderViewSnapshotTests/test_productPlaceholderView_largeStyle_whenIconIsVisible-iOS.1.png
/host/spi-builder-workspace/Tests/SnapshotTests/__Snapshots__/ProductsViewSnapshotTests/test_productsView_error-tvOS.1.png
/host/spi-builder-workspace/Tests/SnapshotTests/__Snapshots__/ProductPlaceholderViewSnapshotTests/test_productPlaceholderView_largeStyle_whenIconIsHidden-iOS.1.png
/host/spi-builder-workspace/Tests/SnapshotTests/__Snapshots__/SubscriptionsViewSnapshotTests/test_subscriptionsView_defaultStyle-iOS.1.png
/host/spi-builder-workspace/Tests/SnapshotTests/__Snapshots__/SubscriptionsViewSnapshotTests/test_subscriptionsView_customStyle-iOS.1.png
/host/spi-builder-workspace/Tests/SnapshotTests/__Snapshots__/ProductInfoViewSnapshotTests/test_productInfoView_largeStyle_whenIconIsNil-iOS.1.png
/host/spi-builder-workspace/Tests/SnapshotTests/__Snapshots__/ProductViewSnapshotTests/test_productView_loading-iOS.1.png
/host/spi-builder-workspace/Tests/SnapshotTests/__Snapshots__/ProductViewSnapshotTests/test_productView_product-iOS.1.png
/host/spi-builder-workspace/Tests/SnapshotTests/__Snapshots__/ProductsViewSnapshotTests/test_productsView_products-iOS.1.png
/host/spi-builder-workspace/Tests/SnapshotTests/__Snapshots__/ProductsViewSnapshotTests/test_productsView_products-tvOS.1.png
/host/spi-builder-workspace/Tests/SnapshotTests/__Snapshots__/ProductsViewSnapshotTests/test_productsView_products_withRestoreButtons-tvOS.1.png
/host/spi-builder-workspace/Tests/SnapshotTests/__Snapshots__/ProductViewSnapshotTests/test_productView_customStyle_product-tvOS.1.png
/host/spi-builder-workspace/Tests/SnapshotTests/__Snapshots__/ProductViewSnapshotTests/test_productView_error-tvOS.1.png
/host/spi-builder-workspace/Tests/SnapshotTests/__Snapshots__/ProductInfoViewSnapshotTests/test_productInfoView_compactStyle_whenIconIsNotNil-iOS.1.png
/host/spi-builder-workspace/Tests/SnapshotTests/__Snapshots__/ProductViewSnapshotTests/test_productView_loading-tvOS.1.png
/host/spi-builder-workspace/Tests/SnapshotTests/__Snapshots__/ProductViewSnapshotTests/test_productView_customStyle_product-iOS.1.png
warning: 'spi-builder-workspace': found 2 file(s) which are unhandled; explicitly declare them as resources or exclude from the target
/host/spi-builder-workspace/Sources/Flare/swiftgen.yml
/host/spi-builder-workspace/Sources/Flare/Makefile
warning: 'spi-builder-workspace': found 2 file(s) which are unhandled; explicitly declare them as resources or exclude from the target
/host/spi-builder-workspace/Sources/FlareUI/Makefile
/host/spi-builder-workspace/Sources/FlareUI/swiftgen.yml
[0/1] Planning build
[1/1] Compiling plugin Swift-DocC Preview
[2/2] Compiling plugin Swift-DocC
Building for debugging...
[2/3] Write swift-version-24593BA9C3E375BF.txt
[4/29] Compiling Atomic UnfairLock.swift
/host/spi-builder-workspace/.build/checkouts/atomic/Sources/Atomic/Classes/Helpers/Lock/UnfairLock.swift:15:29: error: cannot find type 'os_unfair_lock_t' in scope
13 |
14 | /// The underlying `os_unfair_lock` used for synchronization.
15 | private let unfairLock: os_unfair_lock_t
| `- error: cannot find type 'os_unfair_lock_t' in scope
16 |
17 | // MARK: Initialization
/host/spi-builder-workspace/.build/checkouts/atomic/Sources/Atomic/Classes/Helpers/Lock/UnfairLock.swift:21:23: error: cannot infer contextual base in reference to member 'allocate'
19 | /// Initializes an UnfairLock instance.
20 | init() {
21 | unfairLock = .allocate(capacity: 1)
| `- error: cannot infer contextual base in reference to member 'allocate'
22 | unfairLock.initialize(to: os_unfair_lock())
23 | }
/host/spi-builder-workspace/.build/checkouts/atomic/Sources/Atomic/Classes/Helpers/Lock/UnfairLock.swift:22:35: error: cannot find 'os_unfair_lock' in scope
20 | init() {
21 | unfairLock = .allocate(capacity: 1)
22 | unfairLock.initialize(to: os_unfair_lock())
| `- error: cannot find 'os_unfair_lock' in scope
23 | }
24 |
/host/spi-builder-workspace/.build/checkouts/atomic/Sources/Atomic/Classes/Helpers/Lock/UnfairLock.swift:35:9: error: cannot find 'os_unfair_lock_lock' in scope
33 | extension UnfairLock: ILock {
34 | func lock() {
35 | os_unfair_lock_lock(unfairLock)
| `- error: cannot find 'os_unfair_lock_lock' in scope
36 | }
37 |
/host/spi-builder-workspace/.build/checkouts/atomic/Sources/Atomic/Classes/Helpers/Lock/UnfairLock.swift:39:9: error: cannot find 'os_unfair_lock_unlock' in scope
37 |
38 | func unlock() {
39 | os_unfair_lock_unlock(unfairLock)
| `- error: cannot find 'os_unfair_lock_unlock' in scope
40 | }
41 | }
[5/29] Compiling Atomic ILock.swift
error: emit-module command failed with exit code 1 (use -v to see invocation)
[6/29] Emitting module Log
/host/spi-builder-workspace/.build/checkouts/log/Sources/Log/Classes/Core/Printers/OSPrinter.swift:7:8: error: no such module 'OSLog'
5 |
6 | import Foundation
7 | import OSLog
| `- error: no such module 'OSLog'
8 |
9 | // MARK: - OSPrinter
error: emit-module command failed with exit code 1 (use -v to see invocation)
[7/31] Emitting module Atomic
/host/spi-builder-workspace/.build/checkouts/atomic/Sources/Atomic/Classes/Helpers/Lock/UnfairLock.swift:15:29: error: cannot find type 'os_unfair_lock_t' in scope
13 |
14 | /// The underlying `os_unfair_lock` used for synchronization.
15 | private let unfairLock: os_unfair_lock_t
| `- error: cannot find type 'os_unfair_lock_t' in scope
16 |
17 | // MARK: Initialization
[8/31] Compiling Atomic Atomic.swift
/host/spi-builder-workspace/.build/checkouts/atomic/Sources/Atomic/Classes/Helpers/Lock/UnfairLock.swift:15:29: error: cannot find type 'os_unfair_lock_t' in scope
13 |
14 | /// The underlying `os_unfair_lock` used for synchronization.
15 | private let unfairLock: os_unfair_lock_t
| `- error: cannot find type 'os_unfair_lock_t' in scope
16 |
17 | // MARK: Initialization
BUILD FAILURE 6.1 wasm