The Swift Package Index logo.Swift Package Index

Build Information

Failed to build ErrorReporter, reference master (0571a3), with Swift 6.4 for watchOS using Xcode 27.0 on 20 Sep 2026 17:21:30 UTC.

Build Command

env DEVELOPER_DIR=/Applications/Xcode-27.0.0-Release.Candidate.app xcrun xcodebuild -IDEClonedSourcePackagesDirPathOverride=$PWD/.dependencies -skipMacroValidation -skipPackagePluginValidation -derivedDataPath $PWD/.derivedData build -scheme ErrorReporter -destination generic/platform=watchOS

Build Log

========================================
RunAll
========================================
Builder version: 5.1.0
Interrupt handler set up.
========================================
Checkout
========================================
Clone URL: https://github.com/CleanCocoa/ErrorHandling.git
Reference: master
Initialized empty Git repository in /Users/admin/builder/spi-builder-workspace/.git/
From https://github.com/CleanCocoa/ErrorHandling
 * branch            master     -> FETCH_HEAD
 * [new branch]      master     -> origin/master
HEAD is now at 0571a31 bump Swift version
Cloned https://github.com/CleanCocoa/ErrorHandling.git
Revision (git rev-parse @):
0571a3147f8f0e2c8f65d829f15d6cd9e60b7b49
SUCCESS checkout https://github.com/CleanCocoa/ErrorHandling.git at master
========================================
Build
========================================
Selected platform:         watchOS
Swift version:             6.4
Building package at path:  $PWD
https://github.com/CleanCocoa/ErrorHandling.git
Command line invocation:
    /Applications/Xcode-27.0.0-Release.Candidate.app/Contents/Developer/usr/bin/xcodebuild -IDEClonedSourcePackagesDirPathOverride=/Users/admin/builder/spi-builder-workspace/.dependencies -resolvePackageDependencies
resolved source packages:
{
  "dependencies" : [
  ],
  "manifest_display_name" : "ErrorReporter",
  "name" : "ErrorReporter",
  "path" : "/Users/admin/builder/spi-builder-workspace",
  "platforms" : [
    {
      "name" : "macos",
      "version" : "10.13"
    }
  ],
  "products" : [
    {
      "name" : "ErrorReporter",
      "targets" : [
        "ErrorReporter"
      ],
      "type" : {
        "library" : [
          "automatic"
        ]
      }
    }
  ],
  "targets" : [
    {
      "c99name" : "ErrorReporter",
      "module_type" : "SwiftTarget",
      "name" : "ErrorReporter",
      "path" : "Sources/ErrorReporter",
      "product_memberships" : [
        "ErrorReporter"
      ],
      "resources" : [
        {
          "path" : "/Users/admin/builder/spi-builder-workspace/Sources/ErrorReporter/Resources/PrivacyInfo.xcprivacy",
          "rule" : {
            "process" : {
            }
          }
        }
      ],
      "sources" : [
        "ErrorAlert.swift",
        "Optional.swift",
        "Report.swift",
        "TextEmailer.swift"
      ],
      "type" : "library"
    }
  ],
  "tools_version" : "5.6"
}
{
  "project" : {
    "configurations" : [
      "Debug",
      "Release"
    ],
    "name" : "ErrorHandling",
    "schemes" : [
      "ErrorHandling",
      "Example"
    ],
    "targets" : [
      "ErrorHandling",
      "Example"
    ]
  }
}
{
  "workspace" : {
    "name" : "ErrorReporter",
    "schemes" : [
      "ErrorReporter"
    ]
  }
}
2026-09-20 13:21:22.963 xcodebuild[616:3858] [MT] IDERunDestination: Supported platforms for the buildables in the current scheme is empty.
Running build ...
env DEVELOPER_DIR=/Applications/Xcode-27.0.0-Release.Candidate.app xcrun xcodebuild -IDEClonedSourcePackagesDirPathOverride=$PWD/.dependencies -skipMacroValidation -skipPackagePluginValidation -derivedDataPath $PWD/.derivedData build -scheme ErrorReporter -destination generic/platform=watchOS
Command line invocation:
    /Applications/Xcode-27.0.0-Release.Candidate.app/Contents/Developer/usr/bin/xcodebuild -IDEClonedSourcePackagesDirPathOverride=/Users/admin/builder/spi-builder-workspace/.dependencies -skipMacroValidation -skipPackagePluginValidation -derivedDataPath /Users/admin/builder/spi-builder-workspace/.derivedData build -scheme ErrorReporter -destination generic/platform=watchOS
Resolve Package Graph
Resolved source packages:
  ErrorReporter: /Users/admin/builder/spi-builder-workspace
ComputePackagePrebuildTargetDependencyGraph
Prepare packages
CreateBuildRequest
SendProjectDescription
CreateBuildOperation
ComputeTargetDependencyGraph
note: Building targets in dependency order
note: Target dependency graph (3 targets)
    Target 'ErrorReporter-product' in project 'ErrorReporter'
        ➜ Explicit dependency on target 'ErrorReporter' in project 'ErrorReporter'
        ➜ Explicit dependency on target 'ErrorReporter_ErrorReporter' in project 'ErrorReporter'
    Target 'ErrorReporter' in project 'ErrorReporter'
        ➜ Explicit dependency on target 'ErrorReporter_ErrorReporter' in project 'ErrorReporter'
    Target 'ErrorReporter_ErrorReporter' in project 'ErrorReporter' (no dependencies)
GatherProvisioningInputs
CreateBuildDescription
ExecuteExternalTool /Applications/Xcode-27.0.0-Release.Candidate.app/Contents/Developer/Toolchains/XcodeDefault.xctoolchain/usr/bin/clang -v -E -dM -isysroot /Applications/Xcode-27.0.0-Release.Candidate.app/Contents/Developer/Platforms/WatchOS.platform/Developer/SDKs/WatchOS27.0.sdk -x c -c /dev/null
ExecuteExternalTool /Applications/Xcode-27.0.0-Release.Candidate.app/Contents/Developer/Toolchains/XcodeDefault.xctoolchain/usr/bin/swiftc --version
ExecuteExternalTool /Applications/Xcode-27.0.0-Release.Candidate.app/Contents/Developer/Toolchains/XcodeDefault.xctoolchain/usr/bin/ld -version_details
Build description signature: e72c50a911feb94016b7125fd1c83cd0
Build description path: /Users/admin/builder/spi-builder-workspace/.derivedData/Build/Intermediates.noindex/XCBuildData/e72c50a911feb94016b7125fd1c83cd0.xcbuilddata
CreateBuildDirectory /Users/admin/builder/spi-builder-workspace/.derivedData/SDKExplicitPrecompiledModules
    cd /Users/admin/builder/spi-builder-workspace/.swiftpm/xcode
    builtin-create-build-directory /Users/admin/builder/spi-builder-workspace/.derivedData/SDKExplicitPrecompiledModules
CreateBuildDirectory /Users/admin/builder/spi-builder-workspace/.derivedData/ModuleCache.noindex
    cd /Users/admin/builder/spi-builder-workspace/.swiftpm/xcode
    builtin-create-build-directory /Users/admin/builder/spi-builder-workspace/.derivedData/ModuleCache.noindex
CreateBuildDirectory /Users/admin/builder/spi-builder-workspace/.derivedData/Build/Products
    cd /Users/admin/builder/spi-builder-workspace/.swiftpm/xcode
    builtin-create-build-directory /Users/admin/builder/spi-builder-workspace/.derivedData/Build/Products
CreateBuildDirectory /Users/admin/builder/spi-builder-workspace/.derivedData/Build/Intermediates.noindex
    cd /Users/admin/builder/spi-builder-workspace/.swiftpm/xcode
    builtin-create-build-directory /Users/admin/builder/spi-builder-workspace/.derivedData/Build/Intermediates.noindex
CreateBuildDirectory /Users/admin/builder/spi-builder-workspace/.derivedData/CompilationCache.noindex
    cd /Users/admin/builder/spi-builder-workspace/.swiftpm/xcode
    builtin-create-build-directory /Users/admin/builder/spi-builder-workspace/.derivedData/CompilationCache.noindex
ClangStatCache /Applications/Xcode-27.0.0-Release.Candidate.app/Contents/Developer/Toolchains/XcodeDefault.xctoolchain/usr/bin/clang-stat-cache /Applications/Xcode-27.0.0-Release.Candidate.app/Contents/Developer/Platforms/WatchOS.platform/Developer/SDKs/WatchOS27.0.sdk /Users/admin/builder/spi-builder-workspace/.derivedData/SDKStatCaches.noindex/watchos27.0-24R360-e829b21a6f8c9b70876ba0858053c04477534ef55a1706bf4c1112bbb242f0a2.sdkstatcache
    cd /Users/admin/builder/spi-builder-workspace/.swiftpm/xcode
    /Applications/Xcode-27.0.0-Release.Candidate.app/Contents/Developer/Toolchains/XcodeDefault.xctoolchain/usr/bin/clang-stat-cache /Applications/Xcode-27.0.0-Release.Candidate.app/Contents/Developer/Platforms/WatchOS.platform/Developer/SDKs/WatchOS27.0.sdk -o /Users/admin/builder/spi-builder-workspace/.derivedData/SDKStatCaches.noindex/watchos27.0-24R360-e829b21a6f8c9b70876ba0858053c04477534ef55a1706bf4c1112bbb242f0a2.sdkstatcache
CreateBuildDirectory /Users/admin/builder/spi-builder-workspace/.derivedData/Build/Intermediates.noindex/SwiftExplicitPrecompiledModules
    cd /Users/admin/builder/spi-builder-workspace/.swiftpm/xcode
    builtin-create-build-directory /Users/admin/builder/spi-builder-workspace/.derivedData/Build/Intermediates.noindex/SwiftExplicitPrecompiledModules
CreateBuildDirectory /Users/admin/builder/spi-builder-workspace/.derivedData/Build/Intermediates.noindex/PrecompiledHeaders
    cd /Users/admin/builder/spi-builder-workspace/.swiftpm/xcode
    builtin-create-build-directory /Users/admin/builder/spi-builder-workspace/.derivedData/Build/Intermediates.noindex/PrecompiledHeaders
CreateBuildDirectory /Users/admin/builder/spi-builder-workspace/.derivedData/Build/Intermediates.noindex/ExplicitPrecompiledModules
    cd /Users/admin/builder/spi-builder-workspace/.swiftpm/xcode
    builtin-create-build-directory /Users/admin/builder/spi-builder-workspace/.derivedData/Build/Intermediates.noindex/ExplicitPrecompiledModules
CreateBuildDirectory /Users/admin/builder/spi-builder-workspace/.derivedData/Build/Intermediates.noindex/EagerLinkingTBDs/Debug-watchos
    cd /Users/admin/builder/spi-builder-workspace/.swiftpm/xcode
    builtin-create-build-directory /Users/admin/builder/spi-builder-workspace/.derivedData/Build/Intermediates.noindex/EagerLinkingTBDs/Debug-watchos
CreateBuildDirectory /Users/admin/builder/spi-builder-workspace/.derivedData/Build/Products/Debug-watchos
    cd /Users/admin/builder/spi-builder-workspace/.swiftpm/xcode
    builtin-create-build-directory /Users/admin/builder/spi-builder-workspace/.derivedData/Build/Products/Debug-watchos
CreateBuildDirectory /Users/admin/builder/spi-builder-workspace/.derivedData/Build/Products/Debug-watchos/PackageFrameworks
    cd /Users/admin/builder/spi-builder-workspace/.swiftpm/xcode
    builtin-create-build-directory /Users/admin/builder/spi-builder-workspace/.derivedData/Build/Products/Debug-watchos/PackageFrameworks
MkDir /Users/admin/builder/spi-builder-workspace/.derivedData/Build/Products/Debug-watchos/ErrorReporter_ErrorReporter.bundle (in target 'ErrorReporter_ErrorReporter' from project 'ErrorReporter')
    cd /Users/admin/builder/spi-builder-workspace
    /bin/mkdir -p /Users/admin/builder/spi-builder-workspace/.derivedData/Build/Products/Debug-watchos/ErrorReporter_ErrorReporter.bundle
WriteAuxiliaryFile /Users/admin/builder/spi-builder-workspace/.derivedData/Build/Intermediates.noindex/ErrorReporter.build/Debug-watchos/ErrorReporter_ErrorReporter-b.build/ErrorReporter_ErrorReporter.DependencyStaticMetadataFileList (in target 'ErrorReporter_ErrorReporter' from project 'ErrorReporter')
    cd /Users/admin/builder/spi-builder-workspace
    write-file /Users/admin/builder/spi-builder-workspace/.derivedData/Build/Intermediates.noindex/ErrorReporter.build/Debug-watchos/ErrorReporter_ErrorReporter-b.build/ErrorReporter_ErrorReporter.DependencyStaticMetadataFileList
WriteAuxiliaryFile /Users/admin/builder/spi-builder-workspace/.derivedData/Build/Intermediates.noindex/ErrorReporter.build/Debug-watchos/ErrorReporter_ErrorReporter-b.build/empty-ErrorReporter_ErrorReporter.plist (in target 'ErrorReporter_ErrorReporter' from project 'ErrorReporter')
    cd /Users/admin/builder/spi-builder-workspace
    write-file /Users/admin/builder/spi-builder-workspace/.derivedData/Build/Intermediates.noindex/ErrorReporter.build/Debug-watchos/ErrorReporter_ErrorReporter-b.build/empty-ErrorReporter_ErrorReporter.plist
WriteAuxiliaryFile /Users/admin/builder/spi-builder-workspace/.derivedData/Build/Intermediates.noindex/ErrorReporter.build/Debug-watchos/ErrorReporter_ErrorReporter-b.build/ErrorReporter_ErrorReporter.DependencyMetadataFileList (in target 'ErrorReporter_ErrorReporter' from project 'ErrorReporter')
    cd /Users/admin/builder/spi-builder-workspace
    write-file /Users/admin/builder/spi-builder-workspace/.derivedData/Build/Intermediates.noindex/ErrorReporter.build/Debug-watchos/ErrorReporter_ErrorReporter-b.build/ErrorReporter_ErrorReporter.DependencyMetadataFileList
WriteAuxiliaryFile /Users/admin/builder/spi-builder-workspace/.derivedData/Build/Intermediates.noindex/ErrorReporter.build/Debug-watchos/ErrorReporter-t.build/Objects-normal/arm64_32/ErrorReporter.LinkFileList (in target 'ErrorReporter' from project 'ErrorReporter')
    cd /Users/admin/builder/spi-builder-workspace
    write-file /Users/admin/builder/spi-builder-workspace/.derivedData/Build/Intermediates.noindex/ErrorReporter.build/Debug-watchos/ErrorReporter-t.build/Objects-normal/arm64_32/ErrorReporter.LinkFileList
WriteAuxiliaryFile /Users/admin/builder/spi-builder-workspace/.derivedData/Build/Intermediates.noindex/ErrorReporter.build/Debug-watchos/ErrorReporter-t.build/Objects-normal/arm64_32/ErrorReporter.SwiftConstValuesFileList (in target 'ErrorReporter' from project 'ErrorReporter')
    cd /Users/admin/builder/spi-builder-workspace
    write-file /Users/admin/builder/spi-builder-workspace/.derivedData/Build/Intermediates.noindex/ErrorReporter.build/Debug-watchos/ErrorReporter-t.build/Objects-normal/arm64_32/ErrorReporter.SwiftConstValuesFileList
WriteAuxiliaryFile /Users/admin/builder/spi-builder-workspace/.derivedData/Build/Intermediates.noindex/ErrorReporter.build/Debug-watchos/ErrorReporter-t.build/Objects-normal/arm64_32/ErrorReporter_const_extract_protocols.json (in target 'ErrorReporter' from project 'ErrorReporter')
    cd /Users/admin/builder/spi-builder-workspace
    write-file /Users/admin/builder/spi-builder-workspace/.derivedData/Build/Intermediates.noindex/ErrorReporter.build/Debug-watchos/ErrorReporter-t.build/Objects-normal/arm64_32/ErrorReporter_const_extract_protocols.json
WriteAuxiliaryFile /Users/admin/builder/spi-builder-workspace/.derivedData/Build/Intermediates.noindex/ErrorReporter.build/Debug-watchos/ErrorReporter-t.build/Objects-normal/arm64_32/ErrorReporter.SwiftFileList (in target 'ErrorReporter' from project 'ErrorReporter')
    cd /Users/admin/builder/spi-builder-workspace
    write-file /Users/admin/builder/spi-builder-workspace/.derivedData/Build/Intermediates.noindex/ErrorReporter.build/Debug-watchos/ErrorReporter-t.build/Objects-normal/arm64_32/ErrorReporter.SwiftFileList
WriteAuxiliaryFile /Users/admin/builder/spi-builder-workspace/.derivedData/Build/Intermediates.noindex/ErrorReporter.build/Debug-watchos/ErrorReporter-t.build/Objects-normal/arm64_32/ErrorReporter-OutputFileMap.json (in target 'ErrorReporter' from project 'ErrorReporter')
    cd /Users/admin/builder/spi-builder-workspace
    write-file /Users/admin/builder/spi-builder-workspace/.derivedData/Build/Intermediates.noindex/ErrorReporter.build/Debug-watchos/ErrorReporter-t.build/Objects-normal/arm64_32/ErrorReporter-OutputFileMap.json
WriteAuxiliaryFile /Users/admin/builder/spi-builder-workspace/.derivedData/Build/Intermediates.noindex/ErrorReporter.build/Debug-watchos/ErrorReporter-t.build/Objects-normal/arm64/ErrorReporter_const_extract_protocols.json (in target 'ErrorReporter' from project 'ErrorReporter')
    cd /Users/admin/builder/spi-builder-workspace
    write-file /Users/admin/builder/spi-builder-workspace/.derivedData/Build/Intermediates.noindex/ErrorReporter.build/Debug-watchos/ErrorReporter-t.build/Objects-normal/arm64/ErrorReporter_const_extract_protocols.json
WriteAuxiliaryFile /Users/admin/builder/spi-builder-workspace/.derivedData/Build/Intermediates.noindex/ErrorReporter.build/Debug-watchos/ErrorReporter-t.build/Objects-normal/arm64/ErrorReporter.SwiftFileList (in target 'ErrorReporter' from project 'ErrorReporter')
    cd /Users/admin/builder/spi-builder-workspace
    write-file /Users/admin/builder/spi-builder-workspace/.derivedData/Build/Intermediates.noindex/ErrorReporter.build/Debug-watchos/ErrorReporter-t.build/Objects-normal/arm64/ErrorReporter.SwiftFileList
WriteAuxiliaryFile /Users/admin/builder/spi-builder-workspace/.derivedData/Build/Intermediates.noindex/ErrorReporter.build/Debug-watchos/ErrorReporter-t.build/Objects-normal/arm64/ErrorReporter.SwiftConstValuesFileList (in target 'ErrorReporter' from project 'ErrorReporter')
    cd /Users/admin/builder/spi-builder-workspace
    write-file /Users/admin/builder/spi-builder-workspace/.derivedData/Build/Intermediates.noindex/ErrorReporter.build/Debug-watchos/ErrorReporter-t.build/Objects-normal/arm64/ErrorReporter.SwiftConstValuesFileList
WriteAuxiliaryFile /Users/admin/builder/spi-builder-workspace/.derivedData/Build/Intermediates.noindex/ErrorReporter.build/Debug-watchos/ErrorReporter-t.build/Objects-normal/arm64/ErrorReporter.LinkFileList (in target 'ErrorReporter' from project 'ErrorReporter')
    cd /Users/admin/builder/spi-builder-workspace
    write-file /Users/admin/builder/spi-builder-workspace/.derivedData/Build/Intermediates.noindex/ErrorReporter.build/Debug-watchos/ErrorReporter-t.build/Objects-normal/arm64/ErrorReporter.LinkFileList
WriteAuxiliaryFile /Users/admin/builder/spi-builder-workspace/.derivedData/Build/Intermediates.noindex/ErrorReporter.build/Debug-watchos/ErrorReporter-t.build/Objects-normal/arm64/ErrorReporter-OutputFileMap.json (in target 'ErrorReporter' from project 'ErrorReporter')
    cd /Users/admin/builder/spi-builder-workspace
    write-file /Users/admin/builder/spi-builder-workspace/.derivedData/Build/Intermediates.noindex/ErrorReporter.build/Debug-watchos/ErrorReporter-t.build/Objects-normal/arm64/ErrorReporter-OutputFileMap.json
WriteAuxiliaryFile /Users/admin/builder/spi-builder-workspace/.derivedData/Build/Intermediates.noindex/ErrorReporter.build/Debug-watchos/ErrorReporter-t.build/ErrorReporter.modulemap (in target 'ErrorReporter' from project 'ErrorReporter')
    cd /Users/admin/builder/spi-builder-workspace
    write-file /Users/admin/builder/spi-builder-workspace/.derivedData/Build/Intermediates.noindex/ErrorReporter.build/Debug-watchos/ErrorReporter-t.build/ErrorReporter.modulemap
WriteAuxiliaryFile /Users/admin/builder/spi-builder-workspace/.derivedData/Build/Intermediates.noindex/ErrorReporter.build/Debug-watchos/ErrorReporter-t.build/ErrorReporter.DependencyStaticMetadataFileList (in target 'ErrorReporter' from project 'ErrorReporter')
    cd /Users/admin/builder/spi-builder-workspace
    write-file /Users/admin/builder/spi-builder-workspace/.derivedData/Build/Intermediates.noindex/ErrorReporter.build/Debug-watchos/ErrorReporter-t.build/ErrorReporter.DependencyStaticMetadataFileList
WriteAuxiliaryFile /Users/admin/builder/spi-builder-workspace/.derivedData/Build/Intermediates.noindex/ErrorReporter.build/Debug-watchos/ErrorReporter-t.build/ErrorReporter.DependencyMetadataFileList (in target 'ErrorReporter' from project 'ErrorReporter')
    cd /Users/admin/builder/spi-builder-workspace
    write-file /Users/admin/builder/spi-builder-workspace/.derivedData/Build/Intermediates.noindex/ErrorReporter.build/Debug-watchos/ErrorReporter-t.build/ErrorReporter.DependencyMetadataFileList
WriteAuxiliaryFile /Users/admin/builder/spi-builder-workspace/.derivedData/Build/Intermediates.noindex/ErrorReporter.build/Debug-watchos/ErrorReporter-t.build/DerivedSources/resource_bundle_accessor.swift (in target 'ErrorReporter' from project 'ErrorReporter')
    cd /Users/admin/builder/spi-builder-workspace
    write-file /Users/admin/builder/spi-builder-workspace/.derivedData/Build/Intermediates.noindex/ErrorReporter.build/Debug-watchos/ErrorReporter-t.build/DerivedSources/resource_bundle_accessor.swift
Copy /Users/admin/builder/spi-builder-workspace/.derivedData/Build/Intermediates.noindex/GeneratedModuleMaps-watchos/ErrorReporter.modulemap /Users/admin/builder/spi-builder-workspace/.derivedData/Build/Intermediates.noindex/ErrorReporter.build/Debug-watchos/ErrorReporter-t.build/ErrorReporter.modulemap (in target 'ErrorReporter' from project 'ErrorReporter')
    cd /Users/admin/builder/spi-builder-workspace
    builtin-copy -exclude .DS_Store -exclude CVS -exclude .svn -exclude .git -exclude .hg -resolve-src-symlinks /Users/admin/builder/spi-builder-workspace/.derivedData/Build/Intermediates.noindex/ErrorReporter.build/Debug-watchos/ErrorReporter-t.build/ErrorReporter.modulemap /Users/admin/builder/spi-builder-workspace/.derivedData/Build/Intermediates.noindex/GeneratedModuleMaps-watchos
ProcessInfoPlistFile /Users/admin/builder/spi-builder-workspace/.derivedData/Build/Products/Debug-watchos/ErrorReporter_ErrorReporter.bundle/Info.plist /Users/admin/builder/spi-builder-workspace/.derivedData/Build/Intermediates.noindex/ErrorReporter.build/Debug-watchos/ErrorReporter_ErrorReporter-b.build/empty-ErrorReporter_ErrorReporter.plist (in target 'ErrorReporter_ErrorReporter' from project 'ErrorReporter')
    cd /Users/admin/builder/spi-builder-workspace
    builtin-infoPlistUtility /Users/admin/builder/spi-builder-workspace/.derivedData/Build/Intermediates.noindex/ErrorReporter.build/Debug-watchos/ErrorReporter_ErrorReporter-b.build/empty-ErrorReporter_ErrorReporter.plist -producttype com.apple.product-type.bundle -expandbuildsettings -format binary -platform watchos -o /Users/admin/builder/spi-builder-workspace/.derivedData/Build/Products/Debug-watchos/ErrorReporter_ErrorReporter.bundle/Info.plist
CpResource /Users/admin/builder/spi-builder-workspace/.derivedData/Build/Products/Debug-watchos/ErrorReporter_ErrorReporter.bundle/PrivacyInfo.xcprivacy /Users/admin/builder/spi-builder-workspace/Sources/ErrorReporter/Resources/PrivacyInfo.xcprivacy (in target 'ErrorReporter_ErrorReporter' from project 'ErrorReporter')
    cd /Users/admin/builder/spi-builder-workspace
    builtin-copy -exclude .DS_Store -exclude CVS -exclude .svn -exclude .git -exclude .hg -resolve-src-symlinks /Users/admin/builder/spi-builder-workspace/Sources/ErrorReporter/Resources/PrivacyInfo.xcprivacy /Users/admin/builder/spi-builder-workspace/.derivedData/Build/Products/Debug-watchos/ErrorReporter_ErrorReporter.bundle
RegisterExecutionPolicyException /Users/admin/builder/spi-builder-workspace/.derivedData/Build/Products/Debug-watchos/ErrorReporter_ErrorReporter.bundle (in target 'ErrorReporter_ErrorReporter' from project 'ErrorReporter')
    cd /Users/admin/builder/spi-builder-workspace
    builtin-RegisterExecutionPolicyException /Users/admin/builder/spi-builder-workspace/.derivedData/Build/Products/Debug-watchos/ErrorReporter_ErrorReporter.bundle
Touch /Users/admin/builder/spi-builder-workspace/.derivedData/Build/Products/Debug-watchos/ErrorReporter_ErrorReporter.bundle (in target 'ErrorReporter_ErrorReporter' from project 'ErrorReporter')
    cd /Users/admin/builder/spi-builder-workspace
    /usr/bin/touch -c /Users/admin/builder/spi-builder-workspace/.derivedData/Build/Products/Debug-watchos/ErrorReporter_ErrorReporter.bundle
SwiftDriver ErrorReporter normal arm64_32 com.apple.xcode.tools.swift.compiler (in target 'ErrorReporter' from project 'ErrorReporter')
    cd /Users/admin/builder/spi-builder-workspace/.swiftpm/xcode
    builtin-SwiftDriver -- /Applications/Xcode-27.0.0-Release.Candidate.app/Contents/Developer/Toolchains/XcodeDefault.xctoolchain/usr/bin/swiftc -parse-as-library -module-name ErrorReporter -Onone @/Users/admin/builder/spi-builder-workspace/.derivedData/Build/Intermediates.noindex/ErrorReporter.build/Debug-watchos/ErrorReporter-t.build/Objects-normal/arm64_32/ErrorReporter.SwiftFileList -DSWIFT_PACKAGE -DDEBUG -DSWIFT_MODULE_RESOURCE_BUNDLE_AVAILABLE -DXcode -plugin-path /Applications/Xcode-27.0.0-Release.Candidate.app/Contents/Developer/Toolchains/XcodeDefault.xctoolchain/usr/lib/swift/host/plugins/testing -enable-experimental-feature DebugDescriptionMacro -sdk /Applications/Xcode-27.0.0-Release.Candidate.app/Contents/Developer/Platforms/WatchOS.platform/Developer/SDKs/WatchOS27.0.sdk -target arm64_32-apple-watchos9.0 -g -module-cache-path /Users/admin/builder/spi-builder-workspace/.derivedData/ModuleCache.noindex -Xfrontend -serialize-debugging-options -enable-testing -index-store-path /Users/admin/builder/spi-builder-workspace/.derivedData/Index.noindex/DataStore -Xcc -D_LIBCPP_HARDENING_MODE\=_LIBCPP_HARDENING_MODE_DEBUG -swift-version 5 -I /Users/admin/builder/spi-builder-workspace/.derivedData/Build/Products/Debug-watchos -Isystem /Applications/Xcode-27.0.0-Release.Candidate.app/Contents/Developer/Platforms/WatchOS.platform/Developer/usr/lib -F /Users/admin/builder/spi-builder-workspace/.derivedData/Build/Products/Debug-watchos -F /Applications/Xcode-27.0.0-Release.Candidate.app/Contents/Developer/Platforms/WatchOS.platform/Developer/Library/Frameworks -F /Applications/Xcode-27.0.0-Release.Candidate.app/Contents/Developer/Platforms/WatchOS.platform/Developer/SDKs/WatchOS27.0.sdk/Developer/Library/Frameworks -c -j10 -enable-batch-mode -incremental -Xcc -ivfsstatcache -Xcc /Users/admin/builder/spi-builder-workspace/.derivedData/SDKStatCaches.noindex/watchos27.0-24R360-e829b21a6f8c9b70876ba0858053c04477534ef55a1706bf4c1112bbb242f0a2.sdkstatcache -output-file-map /Users/admin/builder/spi-builder-workspace/.derivedData/Build/Intermediates.noindex/ErrorReporter.build/Debug-watchos/ErrorReporter-t.build/Objects-normal/arm64_32/ErrorReporter-OutputFileMap.json -save-temps -no-color-diagnostics -explicit-module-build -module-cache-path /Users/admin/builder/spi-builder-workspace/.derivedData/Build/Intermediates.noindex/SwiftExplicitPrecompiledModules -clang-scanner-module-cache-path /Users/admin/builder/spi-builder-workspace/.derivedData/ModuleCache.noindex -sdk-module-cache-path /Users/admin/builder/spi-builder-workspace/.derivedData/SDKExplicitPrecompiledModules -emit-dependencies -emit-module -emit-module-path /Users/admin/builder/spi-builder-workspace/.derivedData/Build/Intermediates.noindex/ErrorReporter.build/Debug-watchos/ErrorReporter-t.build/Objects-normal/arm64_32/ErrorReporter.swiftmodule -serialize-diagnostics -dependency-scan-serialize-diagnostics-path /Users/admin/builder/spi-builder-workspace/.derivedData/Build/Intermediates.noindex/ErrorReporter.build/Debug-watchos/ErrorReporter-t.build/Objects-normal/arm64_32/ErrorReporter-dependency-scan.dia -validate-clang-modules-once -clang-build-session-file /Users/admin/builder/spi-builder-workspace/.derivedData/ModuleCache.noindex/Session.modulevalidation -Xcc -fmodules-prune-interval\=86400 -Xcc -fmodules-prune-after\=345600 -emit-const-values -const-gather-protocols-list /Users/admin/builder/spi-builder-workspace/.derivedData/Build/Intermediates.noindex/ErrorReporter.build/Debug-watchos/ErrorReporter-t.build/Objects-normal/arm64_32/ErrorReporter_const_extract_protocols.json -Xcc -I/Users/admin/builder/spi-builder-workspace/.derivedData/Build/Products/Debug-watchos/include -Xcc -I/Users/admin/builder/spi-builder-workspace/.derivedData/Build/Intermediates.noindex/ErrorReporter.build/Debug-watchos/ErrorReporter-t.build/DerivedSources-normal/arm64_32 -Xcc -I/Users/admin/builder/spi-builder-workspace/.derivedData/Build/Intermediates.noindex/ErrorReporter.build/Debug-watchos/ErrorReporter-t.build/DerivedSources/arm64_32 -Xcc -I/Users/admin/builder/spi-builder-workspace/.derivedData/Build/Intermediates.noindex/ErrorReporter.build/Debug-watchos/ErrorReporter-t.build/DerivedSources -Xcc -DSWIFT_PACKAGE -Xcc -DDEBUG\=1 -emit-objc-header -emit-objc-header-path /Users/admin/builder/spi-builder-workspace/.derivedData/Build/Intermediates.noindex/ErrorReporter.build/Debug-watchos/ErrorReporter-t.build/Objects-normal/arm64_32/ErrorReporter-Swift.h -working-directory /Users/admin/builder/spi-builder-workspace/.swiftpm/xcode -experimental-emit-module-separately -disable-cmo
/Users/admin/builder/spi-builder-workspace/Sources/ErrorReporter/ErrorAlert.swift:6:8: error: Unable to resolve module dependency: 'AppKit' (in target 'ErrorReporter' from project 'ErrorReporter')
    note: A dependency of main module 'ErrorReporter'
    /Users/admin/builder/spi-builder-workspace/Sources/ErrorReporter/TextEmailer.swift:6:8: note: Also imported here
/Users/admin/builder/spi-builder-workspace/Sources/ErrorReporter/ErrorAlert.swift:6:8: note: A dependency of main module 'ErrorReporter'
import AppKit
       ^ (in target 'ErrorReporter' from project 'ErrorReporter')
/Users/admin/builder/spi-builder-workspace/Sources/ErrorReporter/TextEmailer.swift:6:8: note: Also imported here
import AppKit
       ^ (in target 'ErrorReporter' from project 'ErrorReporter')
SwiftDriver ErrorReporter normal arm64 com.apple.xcode.tools.swift.compiler (in target 'ErrorReporter' from project 'ErrorReporter')
    cd /Users/admin/builder/spi-builder-workspace/.swiftpm/xcode
    builtin-SwiftDriver -- /Applications/Xcode-27.0.0-Release.Candidate.app/Contents/Developer/Toolchains/XcodeDefault.xctoolchain/usr/bin/swiftc -parse-as-library -module-name ErrorReporter -Onone @/Users/admin/builder/spi-builder-workspace/.derivedData/Build/Intermediates.noindex/ErrorReporter.build/Debug-watchos/ErrorReporter-t.build/Objects-normal/arm64/ErrorReporter.SwiftFileList -DSWIFT_PACKAGE -DDEBUG -DSWIFT_MODULE_RESOURCE_BUNDLE_AVAILABLE -DXcode -plugin-path /Applications/Xcode-27.0.0-Release.Candidate.app/Contents/Developer/Toolchains/XcodeDefault.xctoolchain/usr/lib/swift/host/plugins/testing -enable-experimental-feature DebugDescriptionMacro -sdk /Applications/Xcode-27.0.0-Release.Candidate.app/Contents/Developer/Platforms/WatchOS.platform/Developer/SDKs/WatchOS27.0.sdk -target arm64-apple-watchos9.0 -g -module-cache-path /Users/admin/builder/spi-builder-workspace/.derivedData/ModuleCache.noindex -Xfrontend -serialize-debugging-options -enable-testing -index-store-path /Users/admin/builder/spi-builder-workspace/.derivedData/Index.noindex/DataStore -Xcc -D_LIBCPP_HARDENING_MODE\=_LIBCPP_HARDENING_MODE_DEBUG -swift-version 5 -I /Users/admin/builder/spi-builder-workspace/.derivedData/Build/Products/Debug-watchos -Isystem /Applications/Xcode-27.0.0-Release.Candidate.app/Contents/Developer/Platforms/WatchOS.platform/Developer/usr/lib -F /Users/admin/builder/spi-builder-workspace/.derivedData/Build/Products/Debug-watchos -F /Applications/Xcode-27.0.0-Release.Candidate.app/Contents/Developer/Platforms/WatchOS.platform/Developer/Library/Frameworks -F /Applications/Xcode-27.0.0-Release.Candidate.app/Contents/Developer/Platforms/WatchOS.platform/Developer/SDKs/WatchOS27.0.sdk/Developer/Library/Frameworks -c -j10 -enable-batch-mode -incremental -Xcc -ivfsstatcache -Xcc /Users/admin/builder/spi-builder-workspace/.derivedData/SDKStatCaches.noindex/watchos27.0-24R360-e829b21a6f8c9b70876ba0858053c04477534ef55a1706bf4c1112bbb242f0a2.sdkstatcache -output-file-map /Users/admin/builder/spi-builder-workspace/.derivedData/Build/Intermediates.noindex/ErrorReporter.build/Debug-watchos/ErrorReporter-t.build/Objects-normal/arm64/ErrorReporter-OutputFileMap.json -save-temps -no-color-diagnostics -explicit-module-build -module-cache-path /Users/admin/builder/spi-builder-workspace/.derivedData/Build/Intermediates.noindex/SwiftExplicitPrecompiledModules -clang-scanner-module-cache-path /Users/admin/builder/spi-builder-workspace/.derivedData/ModuleCache.noindex -sdk-module-cache-path /Users/admin/builder/spi-builder-workspace/.derivedData/SDKExplicitPrecompiledModules -emit-dependencies -emit-module -emit-module-path /Users/admin/builder/spi-builder-workspace/.derivedData/Build/Intermediates.noindex/ErrorReporter.build/Debug-watchos/ErrorReporter-t.build/Objects-normal/arm64/ErrorReporter.swiftmodule -serialize-diagnostics -dependency-scan-serialize-diagnostics-path /Users/admin/builder/spi-builder-workspace/.derivedData/Build/Intermediates.noindex/ErrorReporter.build/Debug-watchos/ErrorReporter-t.build/Objects-normal/arm64/ErrorReporter-dependency-scan.dia -validate-clang-modules-once -clang-build-session-file /Users/admin/builder/spi-builder-workspace/.derivedData/ModuleCache.noindex/Session.modulevalidation -Xcc -fmodules-prune-interval\=86400 -Xcc -fmodules-prune-after\=345600 -emit-const-values -const-gather-protocols-list /Users/admin/builder/spi-builder-workspace/.derivedData/Build/Intermediates.noindex/ErrorReporter.build/Debug-watchos/ErrorReporter-t.build/Objects-normal/arm64/ErrorReporter_const_extract_protocols.json -Xcc -I/Users/admin/builder/spi-builder-workspace/.derivedData/Build/Products/Debug-watchos/include -Xcc -I/Users/admin/builder/spi-builder-workspace/.derivedData/Build/Intermediates.noindex/ErrorReporter.build/Debug-watchos/ErrorReporter-t.build/DerivedSources-normal/arm64 -Xcc -I/Users/admin/builder/spi-builder-workspace/.derivedData/Build/Intermediates.noindex/ErrorReporter.build/Debug-watchos/ErrorReporter-t.build/DerivedSources/arm64 -Xcc -I/Users/admin/builder/spi-builder-workspace/.derivedData/Build/Intermediates.noindex/ErrorReporter.build/Debug-watchos/ErrorReporter-t.build/DerivedSources -Xcc -DSWIFT_PACKAGE -Xcc -DDEBUG\=1 -emit-objc-header -emit-objc-header-path /Users/admin/builder/spi-builder-workspace/.derivedData/Build/Intermediates.noindex/ErrorReporter.build/Debug-watchos/ErrorReporter-t.build/Objects-normal/arm64/ErrorReporter-Swift.h -working-directory /Users/admin/builder/spi-builder-workspace/.swiftpm/xcode -experimental-emit-module-separately -disable-cmo
/Users/admin/builder/spi-builder-workspace/Sources/ErrorReporter/ErrorAlert.swift:6:8: error: Unable to resolve module dependency: 'AppKit' (in target 'ErrorReporter' from project 'ErrorReporter')
    note: A dependency of main module 'ErrorReporter'
    /Users/admin/builder/spi-builder-workspace/Sources/ErrorReporter/TextEmailer.swift:6:8: note: Also imported here
/Users/admin/builder/spi-builder-workspace/Sources/ErrorReporter/ErrorAlert.swift:6:8: note: A dependency of main module 'ErrorReporter'
import AppKit
       ^ (in target 'ErrorReporter' from project 'ErrorReporter')
/Users/admin/builder/spi-builder-workspace/Sources/ErrorReporter/TextEmailer.swift:6:8: note: Also imported here
import AppKit
       ^ (in target 'ErrorReporter' from project 'ErrorReporter')
PruneExplicitPrecompiledModules /Users/admin/builder/spi-builder-workspace/.derivedData/Build/Intermediates.noindex/SwiftExplicitPrecompiledModules
PruneExplicitPrecompiledModules /Users/admin/builder/spi-builder-workspace/.derivedData/Build/Intermediates.noindex/ExplicitPrecompiledModules
PruneExplicitPrecompiledModules /Users/admin/builder/spi-builder-workspace/.derivedData/SDKExplicitPrecompiledModules
2026-09-20 13:21:24.590 xcodebuild[649:4219] [MT] IDERunDestination: Supported platforms for the buildables in the current scheme is empty.
** BUILD FAILED **
The following build commands failed:
	SwiftDriver ErrorReporter normal arm64_32 com.apple.xcode.tools.swift.compiler (in target 'ErrorReporter' from project 'ErrorReporter')
	SwiftDriver ErrorReporter normal arm64 com.apple.xcode.tools.swift.compiler (in target 'ErrorReporter' from project 'ErrorReporter')
	Building workspace ErrorReporter with scheme ErrorReporter
(3 failures)
Command line invocation:
    /Applications/Xcode-27.0.0-Release.Candidate.app/Contents/Developer/usr/bin/xcodebuild -IDEClonedSourcePackagesDirPathOverride=/Users/admin/builder/spi-builder-workspace/.dependencies -resolvePackageDependencies
Resolve Package Graph
Resolved source packages:
  ErrorReporter: /Users/admin/builder/spi-builder-workspace
resolved source packages: ErrorReporter
2026-09-20 13:21:27.660 xcodebuild[665:4416] [MT] IDERunDestination: Supported platforms for the buildables in the current scheme is empty.
{
  "dependencies" : [
  ],
  "manifest_display_name" : "ErrorReporter",
  "name" : "ErrorReporter",
  "path" : "/Users/admin/builder/spi-builder-workspace",
  "platforms" : [
    {
      "name" : "macos",
      "version" : "10.13"
    }
  ],
  "products" : [
    {
      "name" : "ErrorReporter",
      "targets" : [
        "ErrorReporter"
      ],
      "type" : {
        "library" : [
          "automatic"
        ]
      }
    }
  ],
  "targets" : [
    {
      "c99name" : "ErrorReporter",
      "module_type" : "SwiftTarget",
      "name" : "ErrorReporter",
      "path" : "Sources/ErrorReporter",
      "product_memberships" : [
        "ErrorReporter"
      ],
      "resources" : [
        {
          "path" : "/Users/admin/builder/spi-builder-workspace/Sources/ErrorReporter/Resources/PrivacyInfo.xcprivacy",
          "rule" : {
            "process" : {
            }
          }
        }
      ],
      "sources" : [
        "ErrorAlert.swift",
        "Optional.swift",
        "Report.swift",
        "TextEmailer.swift"
      ],
      "type" : "library"
    }
  ],
  "tools_version" : "5.6"
}
{
  "workspace" : {
    "name" : "ErrorReporter",
    "schemes" : [
      "ErrorReporter"
    ]
  }
}
2026-09-20 13:21:28.910 xcodebuild[673:4475] [MT] IDERunDestination: Supported platforms for the buildables in the current scheme is empty.
Running build ...
env DEVELOPER_DIR=/Applications/Xcode-27.0.0-Release.Candidate.app xcrun xcodebuild -IDEClonedSourcePackagesDirPathOverride=$PWD/.dependencies -skipMacroValidation -skipPackagePluginValidation -derivedDataPath $PWD/.derivedData build -scheme ErrorReporter -destination generic/platform=watchOS
Command line invocation:
    /Applications/Xcode-27.0.0-Release.Candidate.app/Contents/Developer/usr/bin/xcodebuild -IDEClonedSourcePackagesDirPathOverride=/Users/admin/builder/spi-builder-workspace/.dependencies -skipMacroValidation -skipPackagePluginValidation -derivedDataPath /Users/admin/builder/spi-builder-workspace/.derivedData build -scheme ErrorReporter -destination generic/platform=watchOS
Resolve Package Graph
Resolved source packages:
  ErrorReporter: /Users/admin/builder/spi-builder-workspace
ComputePackagePrebuildTargetDependencyGraph
Prepare packages
CreateBuildRequest
SendProjectDescription
CreateBuildOperation
ComputeTargetDependencyGraph
note: Building targets in dependency order
note: Target dependency graph (3 targets)
    Target 'ErrorReporter-product' in project 'ErrorReporter'
        ➜ Explicit dependency on target 'ErrorReporter' in project 'ErrorReporter'
        ➜ Explicit dependency on target 'ErrorReporter_ErrorReporter' in project 'ErrorReporter'
    Target 'ErrorReporter' in project 'ErrorReporter'
        ➜ Explicit dependency on target 'ErrorReporter_ErrorReporter' in project 'ErrorReporter'
    Target 'ErrorReporter_ErrorReporter' in project 'ErrorReporter' (no dependencies)
GatherProvisioningInputs
CreateBuildDescription
ClangStatCache /Applications/Xcode-27.0.0-Release.Candidate.app/Contents/Developer/Toolchains/XcodeDefault.xctoolchain/usr/bin/clang-stat-cache /Applications/Xcode-27.0.0-Release.Candidate.app/Contents/Developer/Platforms/WatchOS.platform/Developer/SDKs/WatchOS27.0.sdk /Users/admin/builder/spi-builder-workspace/.derivedData/SDKStatCaches.noindex/watchos27.0-24R360-e829b21a6f8c9b70876ba0858053c04477534ef55a1706bf4c1112bbb242f0a2.sdkstatcache
    cd /Users/admin/builder/spi-builder-workspace/.swiftpm/xcode
    /Applications/Xcode-27.0.0-Release.Candidate.app/Contents/Developer/Toolchains/XcodeDefault.xctoolchain/usr/bin/clang-stat-cache /Applications/Xcode-27.0.0-Release.Candidate.app/Contents/Developer/Platforms/WatchOS.platform/Developer/SDKs/WatchOS27.0.sdk -o /Users/admin/builder/spi-builder-workspace/.derivedData/SDKStatCaches.noindex/watchos27.0-24R360-e829b21a6f8c9b70876ba0858053c04477534ef55a1706bf4c1112bbb242f0a2.sdkstatcache
SwiftDriver ErrorReporter normal arm64_32 com.apple.xcode.tools.swift.compiler (in target 'ErrorReporter' from project 'ErrorReporter')
    cd /Users/admin/builder/spi-builder-workspace/.swiftpm/xcode
    builtin-SwiftDriver -- /Applications/Xcode-27.0.0-Release.Candidate.app/Contents/Developer/Toolchains/XcodeDefault.xctoolchain/usr/bin/swiftc -parse-as-library -module-name ErrorReporter -Onone @/Users/admin/builder/spi-builder-workspace/.derivedData/Build/Intermediates.noindex/ErrorReporter.build/Debug-watchos/ErrorReporter-t.build/Objects-normal/arm64_32/ErrorReporter.SwiftFileList -DSWIFT_PACKAGE -DDEBUG -DSWIFT_MODULE_RESOURCE_BUNDLE_AVAILABLE -DXcode -plugin-path /Applications/Xcode-27.0.0-Release.Candidate.app/Contents/Developer/Toolchains/XcodeDefault.xctoolchain/usr/lib/swift/host/plugins/testing -enable-experimental-feature DebugDescriptionMacro -sdk /Applications/Xcode-27.0.0-Release.Candidate.app/Contents/Developer/Platforms/WatchOS.platform/Developer/SDKs/WatchOS27.0.sdk -target arm64_32-apple-watchos9.0 -g -module-cache-path /Users/admin/builder/spi-builder-workspace/.derivedData/ModuleCache.noindex -Xfrontend -serialize-debugging-options -enable-testing -index-store-path /Users/admin/builder/spi-builder-workspace/.derivedData/Index.noindex/DataStore -Xcc -D_LIBCPP_HARDENING_MODE\=_LIBCPP_HARDENING_MODE_DEBUG -swift-version 5 -I /Users/admin/builder/spi-builder-workspace/.derivedData/Build/Products/Debug-watchos -Isystem /Applications/Xcode-27.0.0-Release.Candidate.app/Contents/Developer/Platforms/WatchOS.platform/Developer/usr/lib -F /Users/admin/builder/spi-builder-workspace/.derivedData/Build/Products/Debug-watchos -F /Applications/Xcode-27.0.0-Release.Candidate.app/Contents/Developer/Platforms/WatchOS.platform/Developer/Library/Frameworks -F /Applications/Xcode-27.0.0-Release.Candidate.app/Contents/Developer/Platforms/WatchOS.platform/Developer/SDKs/WatchOS27.0.sdk/Developer/Library/Frameworks -c -j10 -enable-batch-mode -incremental -Xcc -ivfsstatcache -Xcc /Users/admin/builder/spi-builder-workspace/.derivedData/SDKStatCaches.noindex/watchos27.0-24R360-e829b21a6f8c9b70876ba0858053c04477534ef55a1706bf4c1112bbb242f0a2.sdkstatcache -output-file-map /Users/admin/builder/spi-builder-workspace/.derivedData/Build/Intermediates.noindex/ErrorReporter.build/Debug-watchos/ErrorReporter-t.build/Objects-normal/arm64_32/ErrorReporter-OutputFileMap.json -save-temps -no-color-diagnostics -explicit-module-build -module-cache-path /Users/admin/builder/spi-builder-workspace/.derivedData/Build/Intermediates.noindex/SwiftExplicitPrecompiledModules -clang-scanner-module-cache-path /Users/admin/builder/spi-builder-workspace/.derivedData/ModuleCache.noindex -sdk-module-cache-path /Users/admin/builder/spi-builder-workspace/.derivedData/SDKExplicitPrecompiledModules -emit-dependencies -emit-module -emit-module-path /Users/admin/builder/spi-builder-workspace/.derivedData/Build/Intermediates.noindex/ErrorReporter.build/Debug-watchos/ErrorReporter-t.build/Objects-normal/arm64_32/ErrorReporter.swiftmodule -serialize-diagnostics -dependency-scan-serialize-diagnostics-path /Users/admin/builder/spi-builder-workspace/.derivedData/Build/Intermediates.noindex/ErrorReporter.build/Debug-watchos/ErrorReporter-t.build/Objects-normal/arm64_32/ErrorReporter-dependency-scan.dia -validate-clang-modules-once -clang-build-session-file /Users/admin/builder/spi-builder-workspace/.derivedData/ModuleCache.noindex/Session.modulevalidation -Xcc -fmodules-prune-interval\=86400 -Xcc -fmodules-prune-after\=345600 -emit-const-values -const-gather-protocols-list /Users/admin/builder/spi-builder-workspace/.derivedData/Build/Intermediates.noindex/ErrorReporter.build/Debug-watchos/ErrorReporter-t.build/Objects-normal/arm64_32/ErrorReporter_const_extract_protocols.json -Xcc -I/Users/admin/builder/spi-builder-workspace/.derivedData/Build/Products/Debug-watchos/include -Xcc -I/Users/admin/builder/spi-builder-workspace/.derivedData/Build/Intermediates.noindex/ErrorReporter.build/Debug-watchos/ErrorReporter-t.build/DerivedSources-normal/arm64_32 -Xcc -I/Users/admin/builder/spi-builder-workspace/.derivedData/Build/Intermediates.noindex/ErrorReporter.build/Debug-watchos/ErrorReporter-t.build/DerivedSources/arm64_32 -Xcc -I/Users/admin/builder/spi-builder-workspace/.derivedData/Build/Intermediates.noindex/ErrorReporter.build/Debug-watchos/ErrorReporter-t.build/DerivedSources -Xcc -DSWIFT_PACKAGE -Xcc -DDEBUG\=1 -emit-objc-header -emit-objc-header-path /Users/admin/builder/spi-builder-workspace/.derivedData/Build/Intermediates.noindex/ErrorReporter.build/Debug-watchos/ErrorReporter-t.build/Objects-normal/arm64_32/ErrorReporter-Swift.h -working-directory /Users/admin/builder/spi-builder-workspace/.swiftpm/xcode -experimental-emit-module-separately -disable-cmo
/Users/admin/builder/spi-builder-workspace/Sources/ErrorReporter/ErrorAlert.swift:6:8: error: Unable to resolve module dependency: 'AppKit' (in target 'ErrorReporter' from project 'ErrorReporter')
    note: A dependency of main module 'ErrorReporter'
    /Users/admin/builder/spi-builder-workspace/Sources/ErrorReporter/TextEmailer.swift:6:8: note: Also imported here
/Users/admin/builder/spi-builder-workspace/Sources/ErrorReporter/ErrorAlert.swift:6:8: note: A dependency of main module 'ErrorReporter'
import AppKit
       ^ (in target 'ErrorReporter' from project 'ErrorReporter')
/Users/admin/builder/spi-builder-workspace/Sources/ErrorReporter/TextEmailer.swift:6:8: note: Also imported here
import AppKit
       ^ (in target 'ErrorReporter' from project 'ErrorReporter')
SwiftDriver ErrorReporter normal arm64 com.apple.xcode.tools.swift.compiler (in target 'ErrorReporter' from project 'ErrorReporter')
    cd /Users/admin/builder/spi-builder-workspace/.swiftpm/xcode
    builtin-SwiftDriver -- /Applications/Xcode-27.0.0-Release.Candidate.app/Contents/Developer/Toolchains/XcodeDefault.xctoolchain/usr/bin/swiftc -parse-as-library -module-name ErrorReporter -Onone @/Users/admin/builder/spi-builder-workspace/.derivedData/Build/Intermediates.noindex/ErrorReporter.build/Debug-watchos/ErrorReporter-t.build/Objects-normal/arm64/ErrorReporter.SwiftFileList -DSWIFT_PACKAGE -DDEBUG -DSWIFT_MODULE_RESOURCE_BUNDLE_AVAILABLE -DXcode -plugin-path /Applications/Xcode-27.0.0-Release.Candidate.app/Contents/Developer/Toolchains/XcodeDefault.xctoolchain/usr/lib/swift/host/plugins/testing -enable-experimental-feature DebugDescriptionMacro -sdk /Applications/Xcode-27.0.0-Release.Candidate.app/Contents/Developer/Platforms/WatchOS.platform/Developer/SDKs/WatchOS27.0.sdk -target arm64-apple-watchos9.0 -g -module-cache-path /Users/admin/builder/spi-builder-workspace/.derivedData/ModuleCache.noindex -Xfrontend -serialize-debugging-options -enable-testing -index-store-path /Users/admin/builder/spi-builder-workspace/.derivedData/Index.noindex/DataStore -Xcc -D_LIBCPP_HARDENING_MODE\=_LIBCPP_HARDENING_MODE_DEBUG -swift-version 5 -I /Users/admin/builder/spi-builder-workspace/.derivedData/Build/Products/Debug-watchos -Isystem /Applications/Xcode-27.0.0-Release.Candidate.app/Contents/Developer/Platforms/WatchOS.platform/Developer/usr/lib -F /Users/admin/builder/spi-builder-workspace/.derivedData/Build/Products/Debug-watchos -F /Applications/Xcode-27.0.0-Release.Candidate.app/Contents/Developer/Platforms/WatchOS.platform/Developer/Library/Frameworks -F /Applications/Xcode-27.0.0-Release.Candidate.app/Contents/Developer/Platforms/WatchOS.platform/Developer/SDKs/WatchOS27.0.sdk/Developer/Library/Frameworks -c -j10 -enable-batch-mode -incremental -Xcc -ivfsstatcache -Xcc /Users/admin/builder/spi-builder-workspace/.derivedData/SDKStatCaches.noindex/watchos27.0-24R360-e829b21a6f8c9b70876ba0858053c04477534ef55a1706bf4c1112bbb242f0a2.sdkstatcache -output-file-map /Users/admin/builder/spi-builder-workspace/.derivedData/Build/Intermediates.noindex/ErrorReporter.build/Debug-watchos/ErrorReporter-t.build/Objects-normal/arm64/ErrorReporter-OutputFileMap.json -save-temps -no-color-diagnostics -explicit-module-build -module-cache-path /Users/admin/builder/spi-builder-workspace/.derivedData/Build/Intermediates.noindex/SwiftExplicitPrecompiledModules -clang-scanner-module-cache-path /Users/admin/builder/spi-builder-workspace/.derivedData/ModuleCache.noindex -sdk-module-cache-path /Users/admin/builder/spi-builder-workspace/.derivedData/SDKExplicitPrecompiledModules -emit-dependencies -emit-module -emit-module-path /Users/admin/builder/spi-builder-workspace/.derivedData/Build/Intermediates.noindex/ErrorReporter.build/Debug-watchos/ErrorReporter-t.build/Objects-normal/arm64/ErrorReporter.swiftmodule -serialize-diagnostics -dependency-scan-serialize-diagnostics-path /Users/admin/builder/spi-builder-workspace/.derivedData/Build/Intermediates.noindex/ErrorReporter.build/Debug-watchos/ErrorReporter-t.build/Objects-normal/arm64/ErrorReporter-dependency-scan.dia -validate-clang-modules-once -clang-build-session-file /Users/admin/builder/spi-builder-workspace/.derivedData/ModuleCache.noindex/Session.modulevalidation -Xcc -fmodules-prune-interval\=86400 -Xcc -fmodules-prune-after\=345600 -emit-const-values -const-gather-protocols-list /Users/admin/builder/spi-builder-workspace/.derivedData/Build/Intermediates.noindex/ErrorReporter.build/Debug-watchos/ErrorReporter-t.build/Objects-normal/arm64/ErrorReporter_const_extract_protocols.json -Xcc -I/Users/admin/builder/spi-builder-workspace/.derivedData/Build/Products/Debug-watchos/include -Xcc -I/Users/admin/builder/spi-builder-workspace/.derivedData/Build/Intermediates.noindex/ErrorReporter.build/Debug-watchos/ErrorReporter-t.build/DerivedSources-normal/arm64 -Xcc -I/Users/admin/builder/spi-builder-workspace/.derivedData/Build/Intermediates.noindex/ErrorReporter.build/Debug-watchos/ErrorReporter-t.build/DerivedSources/arm64 -Xcc -I/Users/admin/builder/spi-builder-workspace/.derivedData/Build/Intermediates.noindex/ErrorReporter.build/Debug-watchos/ErrorReporter-t.build/DerivedSources -Xcc -DSWIFT_PACKAGE -Xcc -DDEBUG\=1 -emit-objc-header -emit-objc-header-path /Users/admin/builder/spi-builder-workspace/.derivedData/Build/Intermediates.noindex/ErrorReporter.build/Debug-watchos/ErrorReporter-t.build/Objects-normal/arm64/ErrorReporter-Swift.h -working-directory /Users/admin/builder/spi-builder-workspace/.swiftpm/xcode -experimental-emit-module-separately -disable-cmo
/Users/admin/builder/spi-builder-workspace/Sources/ErrorReporter/ErrorAlert.swift:6:8: error: Unable to resolve module dependency: 'AppKit' (in target 'ErrorReporter' from project 'ErrorReporter')
    note: A dependency of main module 'ErrorReporter'
    /Users/admin/builder/spi-builder-workspace/Sources/ErrorReporter/TextEmailer.swift:6:8: note: Also imported here
/Users/admin/builder/spi-builder-workspace/Sources/ErrorReporter/ErrorAlert.swift:6:8: note: A dependency of main module 'ErrorReporter'
import AppKit
       ^ (in target 'ErrorReporter' from project 'ErrorReporter')
/Users/admin/builder/spi-builder-workspace/Sources/ErrorReporter/TextEmailer.swift:6:8: note: Also imported here
import AppKit
       ^ (in target 'ErrorReporter' from project 'ErrorReporter')
PruneExplicitPrecompiledModules /Users/admin/builder/spi-builder-workspace/.derivedData/Build/Intermediates.noindex/SwiftExplicitPrecompiledModules
PruneExplicitPrecompiledModules /Users/admin/builder/spi-builder-workspace/.derivedData/Build/Intermediates.noindex/ExplicitPrecompiledModules
PruneExplicitPrecompiledModules /Users/admin/builder/spi-builder-workspace/.derivedData/SDKExplicitPrecompiledModules
2026-09-20 13:21:29.870 xcodebuild[674:4505] [MT] IDERunDestination: Supported platforms for the buildables in the current scheme is empty.
** BUILD FAILED **
The following build commands failed:
	SwiftDriver ErrorReporter normal arm64_32 com.apple.xcode.tools.swift.compiler (in target 'ErrorReporter' from project 'ErrorReporter')
	SwiftDriver ErrorReporter normal arm64 com.apple.xcode.tools.swift.compiler (in target 'ErrorReporter' from project 'ErrorReporter')
	Building workspace ErrorReporter with scheme ErrorReporter
(3 failures)
BUILD FAILURE 6.4 watchOS