The Swift Package Index logo.Swift Package Index

Build Information

Failed to build ProximaKit, reference main (9074a5), with Swift 6.4 for watchOS using Xcode 27.0 on 26 Sep 2026 02:12:35 UTC.

Build Command

env DEVELOPER_DIR=/Applications/Xcode-27.0.0-Release.Candidate.app xcrun xcodebuild -IDEClonedSourcePackagesDirPathOverride=$PWD/.dependencies -skipMacroValidation -skipPackagePluginValidation -derivedDataPath $PWD/.derivedData build -scheme ProximaKit-Package -destination generic/platform=watchOS

Build Log

    cd /Users/admin/builder/spi-builder-workspace
    write-file /Users/admin/builder/spi-builder-workspace/.derivedData/Build/Intermediates.noindex/ProximaKit.build/Debug-watchos/ProximaEmbeddings-t.build/ProximaEmbeddings.modulemap
WriteAuxiliaryFile /Users/admin/builder/spi-builder-workspace/.derivedData/Build/Intermediates.noindex/ProximaKit.build/Debug-watchos/ProximaEmbeddings-t.build/ProximaEmbeddings.DependencyMetadataFileList (in target 'ProximaEmbeddings' from project 'ProximaKit')
    cd /Users/admin/builder/spi-builder-workspace
    write-file /Users/admin/builder/spi-builder-workspace/.derivedData/Build/Intermediates.noindex/ProximaKit.build/Debug-watchos/ProximaEmbeddings-t.build/ProximaEmbeddings.DependencyMetadataFileList
WriteAuxiliaryFile /Users/admin/builder/spi-builder-workspace/.derivedData/Build/Intermediates.noindex/ProximaKit.build/Debug-watchos/ProximaEmbeddings-t.build/Objects-normal/arm64_32/ProximaEmbeddings_const_extract_protocols.json (in target 'ProximaEmbeddings' from project 'ProximaKit')
    cd /Users/admin/builder/spi-builder-workspace
    write-file /Users/admin/builder/spi-builder-workspace/.derivedData/Build/Intermediates.noindex/ProximaKit.build/Debug-watchos/ProximaEmbeddings-t.build/Objects-normal/arm64_32/ProximaEmbeddings_const_extract_protocols.json
WriteAuxiliaryFile /Users/admin/builder/spi-builder-workspace/.derivedData/Build/Intermediates.noindex/ProximaKit.build/Debug-watchos/ProximaEmbeddings-t.build/Objects-normal/arm64_32/ProximaEmbeddings.SwiftFileList (in target 'ProximaEmbeddings' from project 'ProximaKit')
    cd /Users/admin/builder/spi-builder-workspace
    write-file /Users/admin/builder/spi-builder-workspace/.derivedData/Build/Intermediates.noindex/ProximaKit.build/Debug-watchos/ProximaEmbeddings-t.build/Objects-normal/arm64_32/ProximaEmbeddings.SwiftFileList
WriteAuxiliaryFile /Users/admin/builder/spi-builder-workspace/.derivedData/Build/Intermediates.noindex/ProximaKit.build/Debug-watchos/ProximaEmbeddings-t.build/Objects-normal/arm64_32/ProximaEmbeddings.SwiftConstValuesFileList (in target 'ProximaEmbeddings' from project 'ProximaKit')
    cd /Users/admin/builder/spi-builder-workspace
    write-file /Users/admin/builder/spi-builder-workspace/.derivedData/Build/Intermediates.noindex/ProximaKit.build/Debug-watchos/ProximaEmbeddings-t.build/Objects-normal/arm64_32/ProximaEmbeddings.SwiftConstValuesFileList
WriteAuxiliaryFile /Users/admin/builder/spi-builder-workspace/.derivedData/Build/Intermediates.noindex/ProximaKit.build/Debug-watchos/ProximaEmbeddings-t.build/Objects-normal/arm64_32/ProximaEmbeddings.LinkFileList (in target 'ProximaEmbeddings' from project 'ProximaKit')
    cd /Users/admin/builder/spi-builder-workspace
    write-file /Users/admin/builder/spi-builder-workspace/.derivedData/Build/Intermediates.noindex/ProximaKit.build/Debug-watchos/ProximaEmbeddings-t.build/Objects-normal/arm64_32/ProximaEmbeddings.LinkFileList
WriteAuxiliaryFile /Users/admin/builder/spi-builder-workspace/.derivedData/Build/Intermediates.noindex/ProximaKit.build/Debug-watchos/ProximaEmbeddings-t.build/Objects-normal/arm64_32/ProximaEmbeddings-OutputFileMap.json (in target 'ProximaEmbeddings' from project 'ProximaKit')
    cd /Users/admin/builder/spi-builder-workspace
    write-file /Users/admin/builder/spi-builder-workspace/.derivedData/Build/Intermediates.noindex/ProximaKit.build/Debug-watchos/ProximaEmbeddings-t.build/Objects-normal/arm64_32/ProximaEmbeddings-OutputFileMap.json
WriteAuxiliaryFile /Users/admin/builder/spi-builder-workspace/.derivedData/Build/Intermediates.noindex/ProximaKit.build/Debug-watchos/ProximaEmbeddings-t.build/Objects-normal/arm64/ProximaEmbeddings.SwiftFileList (in target 'ProximaEmbeddings' from project 'ProximaKit')
    cd /Users/admin/builder/spi-builder-workspace
    write-file /Users/admin/builder/spi-builder-workspace/.derivedData/Build/Intermediates.noindex/ProximaKit.build/Debug-watchos/ProximaEmbeddings-t.build/Objects-normal/arm64/ProximaEmbeddings.SwiftFileList
WriteAuxiliaryFile /Users/admin/builder/spi-builder-workspace/.derivedData/Build/Intermediates.noindex/ProximaKit.build/Debug-watchos/ProximaEmbeddings-t.build/Objects-normal/arm64/ProximaEmbeddings_const_extract_protocols.json (in target 'ProximaEmbeddings' from project 'ProximaKit')
    cd /Users/admin/builder/spi-builder-workspace
    write-file /Users/admin/builder/spi-builder-workspace/.derivedData/Build/Intermediates.noindex/ProximaKit.build/Debug-watchos/ProximaEmbeddings-t.build/Objects-normal/arm64/ProximaEmbeddings_const_extract_protocols.json
WriteAuxiliaryFile /Users/admin/builder/spi-builder-workspace/.derivedData/Build/Intermediates.noindex/ProximaKit.build/Debug-watchos/ProximaEmbeddings-t.build/Objects-normal/arm64/ProximaEmbeddings.SwiftConstValuesFileList (in target 'ProximaEmbeddings' from project 'ProximaKit')
    cd /Users/admin/builder/spi-builder-workspace
    write-file /Users/admin/builder/spi-builder-workspace/.derivedData/Build/Intermediates.noindex/ProximaKit.build/Debug-watchos/ProximaEmbeddings-t.build/Objects-normal/arm64/ProximaEmbeddings.SwiftConstValuesFileList
WriteAuxiliaryFile /Users/admin/builder/spi-builder-workspace/.derivedData/Build/Intermediates.noindex/ProximaKit.build/Debug-watchos/ProximaEmbeddings-t.build/Objects-normal/arm64/ProximaEmbeddings.LinkFileList (in target 'ProximaEmbeddings' from project 'ProximaKit')
    cd /Users/admin/builder/spi-builder-workspace
    write-file /Users/admin/builder/spi-builder-workspace/.derivedData/Build/Intermediates.noindex/ProximaKit.build/Debug-watchos/ProximaEmbeddings-t.build/Objects-normal/arm64/ProximaEmbeddings.LinkFileList
WriteAuxiliaryFile /Users/admin/builder/spi-builder-workspace/.derivedData/Build/Intermediates.noindex/ProximaKit.build/Debug-watchos/ProximaEmbeddings-t.build/Objects-normal/arm64/ProximaEmbeddings-OutputFileMap.json (in target 'ProximaEmbeddings' from project 'ProximaKit')
    cd /Users/admin/builder/spi-builder-workspace
    write-file /Users/admin/builder/spi-builder-workspace/.derivedData/Build/Intermediates.noindex/ProximaKit.build/Debug-watchos/ProximaEmbeddings-t.build/Objects-normal/arm64/ProximaEmbeddings-OutputFileMap.json
Copy /Users/admin/builder/spi-builder-workspace/.derivedData/Build/Intermediates.noindex/GeneratedModuleMaps-watchos/ProximaEmbeddings.modulemap /Users/admin/builder/spi-builder-workspace/.derivedData/Build/Intermediates.noindex/ProximaKit.build/Debug-watchos/ProximaEmbeddings-t.build/ProximaEmbeddings.modulemap (in target 'ProximaEmbeddings' from project 'ProximaKit')
    cd /Users/admin/builder/spi-builder-workspace
    builtin-copy -exclude .DS_Store -exclude CVS -exclude .svn -exclude .git -exclude .hg -resolve-src-symlinks /Users/admin/builder/spi-builder-workspace/.derivedData/Build/Intermediates.noindex/ProximaKit.build/Debug-watchos/ProximaEmbeddings-t.build/ProximaEmbeddings.modulemap /Users/admin/builder/spi-builder-workspace/.derivedData/Build/Intermediates.noindex/GeneratedModuleMaps-watchos
WriteAuxiliaryFile /Users/admin/builder/spi-builder-workspace/.derivedData/Build/Intermediates.noindex/ProximaKit.build/Debug-watchos/ProximaDemo-p.build/ProximaDemo.DependencyStaticMetadataFileList (in target 'ProximaDemo-product' from project 'ProximaKit')
    cd /Users/admin/builder/spi-builder-workspace
    write-file /Users/admin/builder/spi-builder-workspace/.derivedData/Build/Intermediates.noindex/ProximaKit.build/Debug-watchos/ProximaDemo-p.build/ProximaDemo.DependencyStaticMetadataFileList
WriteAuxiliaryFile /Users/admin/builder/spi-builder-workspace/.derivedData/Build/Intermediates.noindex/ProximaKit.build/Debug-watchos/ProximaDemo-p.build/ProximaDemo.DependencyMetadataFileList (in target 'ProximaDemo-product' from project 'ProximaKit')
    cd /Users/admin/builder/spi-builder-workspace
    write-file /Users/admin/builder/spi-builder-workspace/.derivedData/Build/Intermediates.noindex/ProximaKit.build/Debug-watchos/ProximaDemo-p.build/ProximaDemo.DependencyMetadataFileList
WriteAuxiliaryFile /Users/admin/builder/spi-builder-workspace/.derivedData/Build/Intermediates.noindex/ProximaKit.build/Debug-watchos/ProximaDemo-p.build/Objects-normal/arm64_32/ProximaDemo.SwiftFileList (in target 'ProximaDemo-product' from project 'ProximaKit')
    cd /Users/admin/builder/spi-builder-workspace
    write-file /Users/admin/builder/spi-builder-workspace/.derivedData/Build/Intermediates.noindex/ProximaKit.build/Debug-watchos/ProximaDemo-p.build/Objects-normal/arm64_32/ProximaDemo.SwiftFileList
WriteAuxiliaryFile /Users/admin/builder/spi-builder-workspace/.derivedData/Build/Intermediates.noindex/ProximaKit.build/Debug-watchos/ProximaDemo-p.build/Objects-normal/arm64_32/ProximaDemo_const_extract_protocols.json (in target 'ProximaDemo-product' from project 'ProximaKit')
    cd /Users/admin/builder/spi-builder-workspace
    write-file /Users/admin/builder/spi-builder-workspace/.derivedData/Build/Intermediates.noindex/ProximaKit.build/Debug-watchos/ProximaDemo-p.build/Objects-normal/arm64_32/ProximaDemo_const_extract_protocols.json
WriteAuxiliaryFile /Users/admin/builder/spi-builder-workspace/.derivedData/Build/Intermediates.noindex/ProximaKit.build/Debug-watchos/ProximaDemo-p.build/Objects-normal/arm64_32/ProximaDemo.LinkFileList (in target 'ProximaDemo-product' from project 'ProximaKit')
    cd /Users/admin/builder/spi-builder-workspace
    write-file /Users/admin/builder/spi-builder-workspace/.derivedData/Build/Intermediates.noindex/ProximaKit.build/Debug-watchos/ProximaDemo-p.build/Objects-normal/arm64_32/ProximaDemo.LinkFileList
WriteAuxiliaryFile /Users/admin/builder/spi-builder-workspace/.derivedData/Build/Intermediates.noindex/ProximaKit.build/Debug-watchos/ProximaDemo-p.build/Objects-normal/arm64_32/ProximaDemo-OutputFileMap.json (in target 'ProximaDemo-product' from project 'ProximaKit')
    cd /Users/admin/builder/spi-builder-workspace
    write-file /Users/admin/builder/spi-builder-workspace/.derivedData/Build/Intermediates.noindex/ProximaKit.build/Debug-watchos/ProximaDemo-p.build/Objects-normal/arm64_32/ProximaDemo-OutputFileMap.json
WriteAuxiliaryFile /Users/admin/builder/spi-builder-workspace/.derivedData/Build/Intermediates.noindex/ProximaKit.build/Debug-watchos/ProximaDemo-p.build/Objects-normal/arm64/ProximaDemo_const_extract_protocols.json (in target 'ProximaDemo-product' from project 'ProximaKit')
    cd /Users/admin/builder/spi-builder-workspace
    write-file /Users/admin/builder/spi-builder-workspace/.derivedData/Build/Intermediates.noindex/ProximaKit.build/Debug-watchos/ProximaDemo-p.build/Objects-normal/arm64/ProximaDemo_const_extract_protocols.json
WriteAuxiliaryFile /Users/admin/builder/spi-builder-workspace/.derivedData/Build/Intermediates.noindex/ProximaKit.build/Debug-watchos/ProximaDemo-p.build/Objects-normal/arm64/ProximaDemo.SwiftFileList (in target 'ProximaDemo-product' from project 'ProximaKit')
    cd /Users/admin/builder/spi-builder-workspace
    write-file /Users/admin/builder/spi-builder-workspace/.derivedData/Build/Intermediates.noindex/ProximaKit.build/Debug-watchos/ProximaDemo-p.build/Objects-normal/arm64/ProximaDemo.SwiftFileList
WriteAuxiliaryFile /Users/admin/builder/spi-builder-workspace/.derivedData/Build/Intermediates.noindex/ProximaKit.build/Debug-watchos/ProximaDemo-p.build/Objects-normal/arm64/ProximaDemo.LinkFileList (in target 'ProximaDemo-product' from project 'ProximaKit')
    cd /Users/admin/builder/spi-builder-workspace
    write-file /Users/admin/builder/spi-builder-workspace/.derivedData/Build/Intermediates.noindex/ProximaKit.build/Debug-watchos/ProximaDemo-p.build/Objects-normal/arm64/ProximaDemo.LinkFileList
WriteAuxiliaryFile /Users/admin/builder/spi-builder-workspace/.derivedData/Build/Intermediates.noindex/ProximaKit.build/Debug-watchos/ProximaDemo-p.build/Objects-normal/arm64/ProximaDemo-OutputFileMap.json (in target 'ProximaDemo-product' from project 'ProximaKit')
    cd /Users/admin/builder/spi-builder-workspace
    write-file /Users/admin/builder/spi-builder-workspace/.derivedData/Build/Intermediates.noindex/ProximaKit.build/Debug-watchos/ProximaDemo-p.build/Objects-normal/arm64/ProximaDemo-OutputFileMap.json
WriteAuxiliaryFile /Users/admin/builder/spi-builder-workspace/.derivedData/Build/Intermediates.noindex/ProximaKit.build/Debug-watchos/OnDeviceRAG-p.build/OnDeviceRAG.DependencyMetadataFileList (in target 'OnDeviceRAG-product' from project 'ProximaKit')
    cd /Users/admin/builder/spi-builder-workspace
    write-file /Users/admin/builder/spi-builder-workspace/.derivedData/Build/Intermediates.noindex/ProximaKit.build/Debug-watchos/OnDeviceRAG-p.build/OnDeviceRAG.DependencyMetadataFileList
WriteAuxiliaryFile /Users/admin/builder/spi-builder-workspace/.derivedData/Build/Intermediates.noindex/ProximaKit.build/Debug-watchos/OnDeviceRAG-p.build/OnDeviceRAG.DependencyStaticMetadataFileList (in target 'OnDeviceRAG-product' from project 'ProximaKit')
    cd /Users/admin/builder/spi-builder-workspace
    write-file /Users/admin/builder/spi-builder-workspace/.derivedData/Build/Intermediates.noindex/ProximaKit.build/Debug-watchos/OnDeviceRAG-p.build/OnDeviceRAG.DependencyStaticMetadataFileList
WriteAuxiliaryFile /Users/admin/builder/spi-builder-workspace/.derivedData/Build/Intermediates.noindex/ProximaKit.build/Debug-watchos/OnDeviceRAG-p.build/Objects-normal/arm64_32/OnDeviceRAG_const_extract_protocols.json (in target 'OnDeviceRAG-product' from project 'ProximaKit')
    cd /Users/admin/builder/spi-builder-workspace
    write-file /Users/admin/builder/spi-builder-workspace/.derivedData/Build/Intermediates.noindex/ProximaKit.build/Debug-watchos/OnDeviceRAG-p.build/Objects-normal/arm64_32/OnDeviceRAG_const_extract_protocols.json
WriteAuxiliaryFile /Users/admin/builder/spi-builder-workspace/.derivedData/Build/Intermediates.noindex/ProximaKit.build/Debug-watchos/OnDeviceRAG-p.build/Objects-normal/arm64_32/OnDeviceRAG.SwiftFileList (in target 'OnDeviceRAG-product' from project 'ProximaKit')
    cd /Users/admin/builder/spi-builder-workspace
    write-file /Users/admin/builder/spi-builder-workspace/.derivedData/Build/Intermediates.noindex/ProximaKit.build/Debug-watchos/OnDeviceRAG-p.build/Objects-normal/arm64_32/OnDeviceRAG.SwiftFileList
WriteAuxiliaryFile /Users/admin/builder/spi-builder-workspace/.derivedData/Build/Intermediates.noindex/ProximaKit.build/Debug-watchos/OnDeviceRAG-p.build/Objects-normal/arm64_32/OnDeviceRAG.LinkFileList (in target 'OnDeviceRAG-product' from project 'ProximaKit')
    cd /Users/admin/builder/spi-builder-workspace
    write-file /Users/admin/builder/spi-builder-workspace/.derivedData/Build/Intermediates.noindex/ProximaKit.build/Debug-watchos/OnDeviceRAG-p.build/Objects-normal/arm64_32/OnDeviceRAG.LinkFileList
WriteAuxiliaryFile /Users/admin/builder/spi-builder-workspace/.derivedData/Build/Intermediates.noindex/ProximaKit.build/Debug-watchos/OnDeviceRAG-p.build/Objects-normal/arm64_32/OnDeviceRAG-OutputFileMap.json (in target 'OnDeviceRAG-product' from project 'ProximaKit')
    cd /Users/admin/builder/spi-builder-workspace
    write-file /Users/admin/builder/spi-builder-workspace/.derivedData/Build/Intermediates.noindex/ProximaKit.build/Debug-watchos/OnDeviceRAG-p.build/Objects-normal/arm64_32/OnDeviceRAG-OutputFileMap.json
WriteAuxiliaryFile /Users/admin/builder/spi-builder-workspace/.derivedData/Build/Intermediates.noindex/ProximaKit.build/Debug-watchos/OnDeviceRAG-p.build/Objects-normal/arm64/OnDeviceRAG_const_extract_protocols.json (in target 'OnDeviceRAG-product' from project 'ProximaKit')
    cd /Users/admin/builder/spi-builder-workspace
    write-file /Users/admin/builder/spi-builder-workspace/.derivedData/Build/Intermediates.noindex/ProximaKit.build/Debug-watchos/OnDeviceRAG-p.build/Objects-normal/arm64/OnDeviceRAG_const_extract_protocols.json
WriteAuxiliaryFile /Users/admin/builder/spi-builder-workspace/.derivedData/Build/Intermediates.noindex/ProximaKit.build/Debug-watchos/OnDeviceRAG-p.build/Objects-normal/arm64/OnDeviceRAG.SwiftFileList (in target 'OnDeviceRAG-product' from project 'ProximaKit')
    cd /Users/admin/builder/spi-builder-workspace
    write-file /Users/admin/builder/spi-builder-workspace/.derivedData/Build/Intermediates.noindex/ProximaKit.build/Debug-watchos/OnDeviceRAG-p.build/Objects-normal/arm64/OnDeviceRAG.SwiftFileList
WriteAuxiliaryFile /Users/admin/builder/spi-builder-workspace/.derivedData/Build/Intermediates.noindex/ProximaKit.build/Debug-watchos/OnDeviceRAG-p.build/Objects-normal/arm64/OnDeviceRAG.LinkFileList (in target 'OnDeviceRAG-product' from project 'ProximaKit')
    cd /Users/admin/builder/spi-builder-workspace
    write-file /Users/admin/builder/spi-builder-workspace/.derivedData/Build/Intermediates.noindex/ProximaKit.build/Debug-watchos/OnDeviceRAG-p.build/Objects-normal/arm64/OnDeviceRAG.LinkFileList
WriteAuxiliaryFile /Users/admin/builder/spi-builder-workspace/.derivedData/Build/Intermediates.noindex/ProximaKit.build/Debug-watchos/OnDeviceRAG-p.build/Objects-normal/arm64/OnDeviceRAG-OutputFileMap.json (in target 'OnDeviceRAG-product' from project 'ProximaKit')
    cd /Users/admin/builder/spi-builder-workspace
    write-file /Users/admin/builder/spi-builder-workspace/.derivedData/Build/Intermediates.noindex/ProximaKit.build/Debug-watchos/OnDeviceRAG-p.build/Objects-normal/arm64/OnDeviceRAG-OutputFileMap.json
SwiftDriver ProximaKit normal arm64_32 com.apple.xcode.tools.swift.compiler (in target 'ProximaKit' from project 'ProximaKit')
    cd /Users/admin/builder/spi-builder-workspace/.swiftpm/xcode
    builtin-SwiftDriver -- /Applications/Xcode-27.0.0-Release.Candidate.app/Contents/Developer/Toolchains/XcodeDefault.xctoolchain/usr/bin/swiftc -parse-as-library -module-name ProximaKit -Onone @/Users/admin/builder/spi-builder-workspace/.derivedData/Build/Intermediates.noindex/ProximaKit.build/Debug-watchos/ProximaKit-t.build/Objects-normal/arm64_32/ProximaKit.SwiftFileList -DSWIFT_PACKAGE -DDEBUG -DSWIFT_MODULE_RESOURCE_BUNDLE_UNAVAILABLE -DXcode -enable-experimental-feature StrictConcurrency -plugin-path /Applications/Xcode-27.0.0-Release.Candidate.app/Contents/Developer/Toolchains/XcodeDefault.xctoolchain/usr/lib/swift/host/plugins/testing -enable-experimental-feature DebugDescriptionMacro -sdk /Applications/Xcode-27.0.0-Release.Candidate.app/Contents/Developer/Platforms/WatchOS.platform/Developer/SDKs/WatchOS27.0.sdk -target arm64_32-apple-watchos10.0 -g -module-cache-path /Users/admin/builder/spi-builder-workspace/.derivedData/ModuleCache.noindex -Xfrontend -serialize-debugging-options -profile-coverage-mapping -profile-generate -enable-testing -index-store-path /Users/admin/builder/spi-builder-workspace/.derivedData/Index.noindex/DataStore -Xcc -D_LIBCPP_HARDENING_MODE\=_LIBCPP_HARDENING_MODE_DEBUG -swift-version 5 -I /Users/admin/builder/spi-builder-workspace/.derivedData/Build/Products/Debug-watchos -Isystem /Applications/Xcode-27.0.0-Release.Candidate.app/Contents/Developer/Platforms/WatchOS.platform/Developer/usr/lib -F /Users/admin/builder/spi-builder-workspace/.derivedData/Build/Products/Debug-watchos -F /Applications/Xcode-27.0.0-Release.Candidate.app/Contents/Developer/Platforms/WatchOS.platform/Developer/Library/Frameworks -F /Applications/Xcode-27.0.0-Release.Candidate.app/Contents/Developer/Platforms/WatchOS.platform/Developer/SDKs/WatchOS27.0.sdk/Developer/Library/Frameworks -c -j10 -enable-batch-mode -incremental -Xcc -ivfsstatcache -Xcc /Users/admin/builder/spi-builder-workspace/.derivedData/SDKStatCaches.noindex/watchos27.0-24R360-e829b21a6f8c9b70876ba0858053c04477534ef55a1706bf4c1112bbb242f0a2.sdkstatcache -output-file-map /Users/admin/builder/spi-builder-workspace/.derivedData/Build/Intermediates.noindex/ProximaKit.build/Debug-watchos/ProximaKit-t.build/Objects-normal/arm64_32/ProximaKit-OutputFileMap.json -save-temps -no-color-diagnostics -explicit-module-build -module-cache-path /Users/admin/builder/spi-builder-workspace/.derivedData/Build/Intermediates.noindex/SwiftExplicitPrecompiledModules -clang-scanner-module-cache-path /Users/admin/builder/spi-builder-workspace/.derivedData/ModuleCache.noindex -sdk-module-cache-path /Users/admin/builder/spi-builder-workspace/.derivedData/SDKExplicitPrecompiledModules -emit-dependencies -emit-module -emit-module-path /Users/admin/builder/spi-builder-workspace/.derivedData/Build/Intermediates.noindex/ProximaKit.build/Debug-watchos/ProximaKit-t.build/Objects-normal/arm64_32/ProximaKit.swiftmodule -serialize-diagnostics -dependency-scan-serialize-diagnostics-path /Users/admin/builder/spi-builder-workspace/.derivedData/Build/Intermediates.noindex/ProximaKit.build/Debug-watchos/ProximaKit-t.build/Objects-normal/arm64_32/ProximaKit-dependency-scan.dia -validate-clang-modules-once -clang-build-session-file /Users/admin/builder/spi-builder-workspace/.derivedData/ModuleCache.noindex/Session.modulevalidation -Xcc -fmodules-prune-interval\=86400 -Xcc -fmodules-prune-after\=345600 -package-name spi_builder_workspace -emit-const-values -const-gather-protocols-list /Users/admin/builder/spi-builder-workspace/.derivedData/Build/Intermediates.noindex/ProximaKit.build/Debug-watchos/ProximaKit-t.build/Objects-normal/arm64_32/ProximaKit_const_extract_protocols.json -Xcc -I/Users/admin/builder/spi-builder-workspace/.derivedData/Build/Products/Debug-watchos/include -Xcc -I/Users/admin/builder/spi-builder-workspace/.derivedData/Build/Intermediates.noindex/ProximaKit.build/Debug-watchos/ProximaKit-t.build/DerivedSources-normal/arm64_32 -Xcc -I/Users/admin/builder/spi-builder-workspace/.derivedData/Build/Intermediates.noindex/ProximaKit.build/Debug-watchos/ProximaKit-t.build/DerivedSources/arm64_32 -Xcc -I/Users/admin/builder/spi-builder-workspace/.derivedData/Build/Intermediates.noindex/ProximaKit.build/Debug-watchos/ProximaKit-t.build/DerivedSources -Xcc -DSWIFT_PACKAGE -Xcc -DDEBUG\=1 -emit-objc-header -emit-objc-header-path /Users/admin/builder/spi-builder-workspace/.derivedData/Build/Intermediates.noindex/ProximaKit.build/Debug-watchos/ProximaKit-t.build/Objects-normal/arm64_32/ProximaKit-Swift.h -working-directory /Users/admin/builder/spi-builder-workspace/.swiftpm/xcode -experimental-emit-module-separately -disable-cmo
SwiftDriver ProximaKit normal arm64 com.apple.xcode.tools.swift.compiler (in target 'ProximaKit' from project 'ProximaKit')
    cd /Users/admin/builder/spi-builder-workspace/.swiftpm/xcode
    builtin-SwiftDriver -- /Applications/Xcode-27.0.0-Release.Candidate.app/Contents/Developer/Toolchains/XcodeDefault.xctoolchain/usr/bin/swiftc -parse-as-library -module-name ProximaKit -Onone @/Users/admin/builder/spi-builder-workspace/.derivedData/Build/Intermediates.noindex/ProximaKit.build/Debug-watchos/ProximaKit-t.build/Objects-normal/arm64/ProximaKit.SwiftFileList -DSWIFT_PACKAGE -DDEBUG -DSWIFT_MODULE_RESOURCE_BUNDLE_UNAVAILABLE -DXcode -enable-experimental-feature StrictConcurrency -plugin-path /Applications/Xcode-27.0.0-Release.Candidate.app/Contents/Developer/Toolchains/XcodeDefault.xctoolchain/usr/lib/swift/host/plugins/testing -enable-experimental-feature DebugDescriptionMacro -sdk /Applications/Xcode-27.0.0-Release.Candidate.app/Contents/Developer/Platforms/WatchOS.platform/Developer/SDKs/WatchOS27.0.sdk -target arm64-apple-watchos10.0 -g -module-cache-path /Users/admin/builder/spi-builder-workspace/.derivedData/ModuleCache.noindex -Xfrontend -serialize-debugging-options -profile-coverage-mapping -profile-generate -enable-testing -index-store-path /Users/admin/builder/spi-builder-workspace/.derivedData/Index.noindex/DataStore -Xcc -D_LIBCPP_HARDENING_MODE\=_LIBCPP_HARDENING_MODE_DEBUG -swift-version 5 -I /Users/admin/builder/spi-builder-workspace/.derivedData/Build/Products/Debug-watchos -Isystem /Applications/Xcode-27.0.0-Release.Candidate.app/Contents/Developer/Platforms/WatchOS.platform/Developer/usr/lib -F /Users/admin/builder/spi-builder-workspace/.derivedData/Build/Products/Debug-watchos -F /Applications/Xcode-27.0.0-Release.Candidate.app/Contents/Developer/Platforms/WatchOS.platform/Developer/Library/Frameworks -F /Applications/Xcode-27.0.0-Release.Candidate.app/Contents/Developer/Platforms/WatchOS.platform/Developer/SDKs/WatchOS27.0.sdk/Developer/Library/Frameworks -c -j10 -enable-batch-mode -incremental -Xcc -ivfsstatcache -Xcc /Users/admin/builder/spi-builder-workspace/.derivedData/SDKStatCaches.noindex/watchos27.0-24R360-e829b21a6f8c9b70876ba0858053c04477534ef55a1706bf4c1112bbb242f0a2.sdkstatcache -output-file-map /Users/admin/builder/spi-builder-workspace/.derivedData/Build/Intermediates.noindex/ProximaKit.build/Debug-watchos/ProximaKit-t.build/Objects-normal/arm64/ProximaKit-OutputFileMap.json -save-temps -no-color-diagnostics -explicit-module-build -module-cache-path /Users/admin/builder/spi-builder-workspace/.derivedData/Build/Intermediates.noindex/SwiftExplicitPrecompiledModules -clang-scanner-module-cache-path /Users/admin/builder/spi-builder-workspace/.derivedData/ModuleCache.noindex -sdk-module-cache-path /Users/admin/builder/spi-builder-workspace/.derivedData/SDKExplicitPrecompiledModules -emit-dependencies -emit-module -emit-module-path /Users/admin/builder/spi-builder-workspace/.derivedData/Build/Intermediates.noindex/ProximaKit.build/Debug-watchos/ProximaKit-t.build/Objects-normal/arm64/ProximaKit.swiftmodule -serialize-diagnostics -dependency-scan-serialize-diagnostics-path /Users/admin/builder/spi-builder-workspace/.derivedData/Build/Intermediates.noindex/ProximaKit.build/Debug-watchos/ProximaKit-t.build/Objects-normal/arm64/ProximaKit-dependency-scan.dia -validate-clang-modules-once -clang-build-session-file /Users/admin/builder/spi-builder-workspace/.derivedData/ModuleCache.noindex/Session.modulevalidation -Xcc -fmodules-prune-interval\=86400 -Xcc -fmodules-prune-after\=345600 -package-name spi_builder_workspace -emit-const-values -const-gather-protocols-list /Users/admin/builder/spi-builder-workspace/.derivedData/Build/Intermediates.noindex/ProximaKit.build/Debug-watchos/ProximaKit-t.build/Objects-normal/arm64/ProximaKit_const_extract_protocols.json -Xcc -I/Users/admin/builder/spi-builder-workspace/.derivedData/Build/Products/Debug-watchos/include -Xcc -I/Users/admin/builder/spi-builder-workspace/.derivedData/Build/Intermediates.noindex/ProximaKit.build/Debug-watchos/ProximaKit-t.build/DerivedSources-normal/arm64 -Xcc -I/Users/admin/builder/spi-builder-workspace/.derivedData/Build/Intermediates.noindex/ProximaKit.build/Debug-watchos/ProximaKit-t.build/DerivedSources/arm64 -Xcc -I/Users/admin/builder/spi-builder-workspace/.derivedData/Build/Intermediates.noindex/ProximaKit.build/Debug-watchos/ProximaKit-t.build/DerivedSources -Xcc -DSWIFT_PACKAGE -Xcc -DDEBUG\=1 -emit-objc-header -emit-objc-header-path /Users/admin/builder/spi-builder-workspace/.derivedData/Build/Intermediates.noindex/ProximaKit.build/Debug-watchos/ProximaKit-t.build/Objects-normal/arm64/ProximaKit-Swift.h -working-directory /Users/admin/builder/spi-builder-workspace/.swiftpm/xcode -experimental-emit-module-separately -disable-cmo
SwiftExplicitDependencyGeneratePcm arm64 /Users/admin/builder/spi-builder-workspace/.derivedData/SDKExplicitPrecompiledModules/_Builtin_stdbool-83J96QSOFE9VX04AAS6310UAE.pcm
SwiftExplicitDependencyGeneratePcm arm64 /Users/admin/builder/spi-builder-workspace/.derivedData/SDKExplicitPrecompiledModules/_Builtin_stdarg-A7UU8LE6MP85SM26YO7PBZNUQ.pcm
SwiftExplicitDependencyGeneratePcm arm64 /Users/admin/builder/spi-builder-workspace/.derivedData/SDKExplicitPrecompiledModules/ptrcheck-AIF0NDOYZ8ORBNHQAQR5NNB8M.pcm
SwiftExplicitDependencyGeneratePcm arm64_32 /Users/admin/builder/spi-builder-workspace/.derivedData/SDKExplicitPrecompiledModules/_AvailabilityInternal-244WAN3Z1QBT7PIA64EZEFY1R.pcm
SwiftExplicitDependencyGeneratePcm arm64_32 /Users/admin/builder/spi-builder-workspace/.derivedData/SDKExplicitPrecompiledModules/ptrauth-BFXF358ME5AK535N5A9Z766WU.pcm
SwiftExplicitDependencyGeneratePcm arm64_32 /Users/admin/builder/spi-builder-workspace/.derivedData/SDKExplicitPrecompiledModules/_Builtin_stddef-H44EFHQX6XSS5MZ7QP6YJZ76.pcm
SwiftExplicitDependencyGeneratePcm arm64_32 /Users/admin/builder/spi-builder-workspace/.derivedData/SDKExplicitPrecompiledModules/_Builtin_stdbool-A967K8W8YUYEC9SN52KJ7OO88.pcm
SwiftExplicitDependencyGeneratePcm arm64_32 /Users/admin/builder/spi-builder-workspace/.derivedData/SDKExplicitPrecompiledModules/_Builtin_stdarg-D305JG44A2WPI6CJY37X3QJE8.pcm
SwiftExplicitDependencyGeneratePcm arm64_32 /Users/admin/builder/spi-builder-workspace/.derivedData/SDKExplicitPrecompiledModules/ptrcheck-7ELIH9BTIGVKX3UBITM9N72WD.pcm
SwiftExplicitDependencyGeneratePcm arm64_32 /Users/admin/builder/spi-builder-workspace/.derivedData/SDKExplicitPrecompiledModules/_Builtin_float-6KO8O3PEWRCA4WC6PPLOYO6WJ.pcm
SwiftExplicitDependencyGeneratePcm arm64_32 /Users/admin/builder/spi-builder-workspace/.derivedData/SDKExplicitPrecompiledModules/_SwiftConcurrencyShims-6RTBPQ03V7BM9SPRK8SUE055H.pcm
SwiftExplicitDependencyGeneratePcm arm64 /Users/admin/builder/spi-builder-workspace/.derivedData/SDKExplicitPrecompiledModules/_Builtin_float-C0CW5Q4HGBQYKE77TC42IAFB5.pcm
SwiftExplicitDependencyGeneratePcm arm64 /Users/admin/builder/spi-builder-workspace/.derivedData/SDKExplicitPrecompiledModules/_Builtin_stddef-1FU30Y8SWFB7OUUHMJQH5J6FM.pcm
SwiftExplicitDependencyGeneratePcm arm64_32 /Users/admin/builder/spi-builder-workspace/.derivedData/SDKExplicitPrecompiledModules/SwiftShims-9CQQGWTSNTN9EB5NSHDWUJICH.pcm
SwiftExplicitDependencyGeneratePcm arm64 /Users/admin/builder/spi-builder-workspace/.derivedData/SDKExplicitPrecompiledModules/_SwiftConcurrencyShims-659N52XSKR5F0QSB880BH2FJR.pcm
SwiftExplicitDependencyGeneratePcm arm64 /Users/admin/builder/spi-builder-workspace/.derivedData/SDKExplicitPrecompiledModules/_AvailabilityInternal-BUNV3UXM65NT37THI4W1AM0SF.pcm
SwiftExplicitDependencyGeneratePcm arm64 /Users/admin/builder/spi-builder-workspace/.derivedData/SDKExplicitPrecompiledModules/ptrauth-3TZ9WJCGLYD25HQPWH4968ONX.pcm
SwiftExplicitDependencyGeneratePcm arm64 /Users/admin/builder/spi-builder-workspace/.derivedData/SDKExplicitPrecompiledModules/SwiftShims-4MXFZPV6FEB0XBYXCGPWAMQGL.pcm
SwiftExplicitDependencyGeneratePcm arm64_32 /Users/admin/builder/spi-builder-workspace/.derivedData/SDKExplicitPrecompiledModules/_DarwinFoundation1-2GWF9RFMPLQW4PDHS3NARVI3G.pcm
SwiftExplicitDependencyGeneratePcm arm64 /Users/admin/builder/spi-builder-workspace/.derivedData/SDKExplicitPrecompiledModules/_DarwinFoundation1-7SPX3MD0HMP55E4OLNCPNDQ53.pcm
SwiftExplicitDependencyGeneratePcm arm64_32 /Users/admin/builder/spi-builder-workspace/.derivedData/SDKExplicitPrecompiledModules/_DarwinFoundation2-9MY8GOSYRO0M9MKNXF6D3MBNK.pcm
SwiftExplicitDependencyGeneratePcm arm64_32 /Users/admin/builder/spi-builder-workspace/.derivedData/SDKExplicitPrecompiledModules/_Builtin_limits-3VKBU2AFTD65PAJZ5CJ3LHFM2.pcm
SwiftExplicitDependencyGeneratePcm arm64 /Users/admin/builder/spi-builder-workspace/.derivedData/SDKExplicitPrecompiledModules/_DarwinFoundation2-D0XAPJU49S5E9XMKYOFGSTB1Q.pcm
SwiftExplicitDependencyGeneratePcm arm64 /Users/admin/builder/spi-builder-workspace/.derivedData/SDKExplicitPrecompiledModules/_Builtin_limits-9GWPA2B0H20DYUNYHYCWKABJG.pcm
SwiftExplicitDependencyGeneratePcm arm64_32 /Users/admin/builder/spi-builder-workspace/.derivedData/SDKExplicitPrecompiledModules/_Builtin_tgmath-23PGCKURCQILXMK0MYZRYDCOU.pcm
SwiftExplicitDependencyGeneratePcm arm64_32 /Users/admin/builder/spi-builder-workspace/.derivedData/SDKExplicitPrecompiledModules/string_h-BFVLUQUSBZWYMLCU9QI7VZALW.pcm
SwiftExplicitDependencyGeneratePcm arm64_32 /Users/admin/builder/spi-builder-workspace/.derivedData/SDKExplicitPrecompiledModules/_Builtin_stdint-1HMXWI3V0V4TXHRWZOMZGZ80Y.pcm
SwiftExplicitDependencyGeneratePcm arm64_32 /Users/admin/builder/spi-builder-workspace/.derivedData/SDKExplicitPrecompiledModules/sys_types-8TLLMW08ZJWDGIIPKOYFGHHZW.pcm
SwiftExplicitDependencyGeneratePcm arm64_32 /Users/admin/builder/spi-builder-workspace/.derivedData/SDKExplicitPrecompiledModules/_Builtin_stdatomic-1TY035TURL76BF2U98PZPPZRX.pcm
SwiftExplicitDependencyGeneratePcm arm64_32 /Users/admin/builder/spi-builder-workspace/.derivedData/SDKExplicitPrecompiledModules/_DarwinFoundation3-3DUTYQDQSD9HUAAVY947NMWOI.pcm
SwiftExplicitDependencyGeneratePcm arm64_32 /Users/admin/builder/spi-builder-workspace/.derivedData/SDKExplicitPrecompiledModules/_Builtin_intrinsics-196IIAKDQVU42DLOZP9OQCV76.pcm
SwiftExplicitDependencyGeneratePcm arm64 /Users/admin/builder/spi-builder-workspace/.derivedData/SDKExplicitPrecompiledModules/_Builtin_stdint-8XMILLJZEGRN2XG7XZUXZ5RLX.pcm
SwiftExplicitDependencyGeneratePcm arm64 /Users/admin/builder/spi-builder-workspace/.derivedData/SDKExplicitPrecompiledModules/_Builtin_tgmath-8NQ96OZ0YHXEC24JI95P01UF8.pcm
SwiftExplicitDependencyGeneratePcm arm64 /Users/admin/builder/spi-builder-workspace/.derivedData/SDKExplicitPrecompiledModules/sys_types-2KXQLI78OUCDP779AE68GZJ2.pcm
SwiftExplicitDependencyGeneratePcm arm64 /Users/admin/builder/spi-builder-workspace/.derivedData/SDKExplicitPrecompiledModules/string_h-E6PRXK75PHIPCZFWOFCQ3QBMK.pcm
SwiftExplicitDependencyGeneratePcm arm64 /Users/admin/builder/spi-builder-workspace/.derivedData/SDKExplicitPrecompiledModules/_Builtin_stdatomic-7JEFA3KBJJJN6TKJWY3OG1VG5.pcm
SwiftExplicitDependencyGeneratePcm arm64 /Users/admin/builder/spi-builder-workspace/.derivedData/SDKExplicitPrecompiledModules/_Builtin_intrinsics-75960HIPCIYA06IUW8FIIPQT.pcm
SwiftExplicitDependencyGeneratePcm arm64 /Users/admin/builder/spi-builder-workspace/.derivedData/SDKExplicitPrecompiledModules/_DarwinFoundation3-B97LRG0E9GON2NUE65TVG81HU.pcm
SwiftExplicitDependencyGeneratePcm arm64_32 /Users/admin/builder/spi-builder-workspace/.derivedData/SDKExplicitPrecompiledModules/_Builtin_inttypes-D2KPCR4PEX9AQA33NGLUT5SBR.pcm
SwiftExplicitDependencyGeneratePcm arm64_32 /Users/admin/builder/spi-builder-workspace/.derivedData/SDKExplicitPrecompiledModules/Darwin-3FVT1SKLN2ZQ5RVOABMTQBB34.pcm
SwiftExplicitDependencyGeneratePcm arm64 /Users/admin/builder/spi-builder-workspace/.derivedData/SDKExplicitPrecompiledModules/_Builtin_inttypes-3UQSCM7WNM9EK4HZML8TY5J3D.pcm
SwiftExplicitDependencyGeneratePcm arm64 /Users/admin/builder/spi-builder-workspace/.derivedData/SDKExplicitPrecompiledModules/Darwin-3984OXKFNSPE77NT743WK8SEX.pcm
SwiftExplicitDependencyGeneratePcm arm64_32 /Users/admin/builder/spi-builder-workspace/.derivedData/SDKExplicitPrecompiledModules/simd-21UNWYOBUZI1LVSQ99S1XBLMO.pcm
SwiftExplicitDependencyGeneratePcm arm64 /Users/admin/builder/spi-builder-workspace/.derivedData/SDKExplicitPrecompiledModules/simd-EH08NODU6574T74ZKU61VP9BW.pcm
SwiftExplicitDependencyGeneratePcm arm64_32 /Users/admin/builder/spi-builder-workspace/.derivedData/SDKExplicitPrecompiledModules/MachO-56838ZJ0NC1EBAJ0O6O8QMPDX.pcm
SwiftExplicitDependencyGeneratePcm arm64_32 /Users/admin/builder/spi-builder-workspace/.derivedData/SDKExplicitPrecompiledModules/ObjectiveC-6IJNELR2E80E7LUKESVCP2KET.pcm
SwiftExplicitDependencyGeneratePcm arm64 /Users/admin/builder/spi-builder-workspace/.derivedData/SDKExplicitPrecompiledModules/ObjectiveC-72IVD3VS2RS8Q28D9PIMY0KQP.pcm
SwiftExplicitDependencyGeneratePcm arm64 /Users/admin/builder/spi-builder-workspace/.derivedData/SDKExplicitPrecompiledModules/MachO-2U90NNSAQILBNBPS1SA4F8TYP.pcm
SwiftExplicitDependencyGeneratePcm arm64_32 /Users/admin/builder/spi-builder-workspace/.derivedData/SDKExplicitPrecompiledModules/os_object-5YWTC6L4756IWSTPGXS5NM0D0.pcm
SwiftExplicitDependencyGeneratePcm arm64 /Users/admin/builder/spi-builder-workspace/.derivedData/SDKExplicitPrecompiledModules/os_object-3SDKD7F87FTZ26OON37DRYT6O.pcm
SwiftExplicitDependencyGeneratePcm arm64_32 /Users/admin/builder/spi-builder-workspace/.derivedData/SDKExplicitPrecompiledModules/os_workgroup-5JHTPDMNBUNHLJI8LPHKQK1JK.pcm
SwiftExplicitDependencyGeneratePcm arm64 /Users/admin/builder/spi-builder-workspace/.derivedData/SDKExplicitPrecompiledModules/os_workgroup-89GG5G7YC2D0ZTK6AZXXQ20DH.pcm
SwiftExplicitDependencyGeneratePcm arm64_32 /Users/admin/builder/spi-builder-workspace/.derivedData/SDKExplicitPrecompiledModules/Dispatch-2P62F1T4XV63S4P99TUDTOK2Q.pcm
SwiftExplicitDependencyGeneratePcm arm64 /Users/admin/builder/spi-builder-workspace/.derivedData/SDKExplicitPrecompiledModules/Dispatch-1NLJOVAK60XP0DUB05XA59EIM.pcm
SwiftExplicitDependencyGeneratePcm arm64_32 /Users/admin/builder/spi-builder-workspace/.derivedData/SDKExplicitPrecompiledModules/CoreFoundation-8E6Y4BA3EXYKUGJ24GT9LGV3N.pcm
SwiftExplicitDependencyGeneratePcm arm64_32 /Users/admin/builder/spi-builder-workspace/.derivedData/SDKExplicitPrecompiledModules/XPC-81Y45QFY96XYYFCW2GT6FY8S4.pcm
SwiftExplicitDependencyGeneratePcm arm64 /Users/admin/builder/spi-builder-workspace/.derivedData/SDKExplicitPrecompiledModules/CoreFoundation-8T2L24YC5NU7WO6WQJWRY7W08.pcm
SwiftExplicitDependencyGeneratePcm arm64 /Users/admin/builder/spi-builder-workspace/.derivedData/SDKExplicitPrecompiledModules/XPC-40DR0X1DHKGCV4J1IOLFS8MOU.pcm
SwiftExplicitDependencyGeneratePcm arm64_32 /Users/admin/builder/spi-builder-workspace/.derivedData/SDKExplicitPrecompiledModules/os-E5IGB442IA6SBB25TTCOLK2OC.pcm
SwiftExplicitDependencyGeneratePcm arm64_32 /Users/admin/builder/spi-builder-workspace/.derivedData/SDKExplicitPrecompiledModules/Security-D7TOWF88VWF67TB9HAFP5UWB1.pcm
SwiftExplicitDependencyGeneratePcm arm64_32 /Users/admin/builder/spi-builder-workspace/.derivedData/SDKExplicitPrecompiledModules/CoreGraphics-9FDXYX6BKBUT6TJ2VF819E7T5.pcm
SwiftExplicitDependencyGeneratePcm arm64 /Users/admin/builder/spi-builder-workspace/.derivedData/SDKExplicitPrecompiledModules/os-5DIL6Z9LFIGLMZAHM7X2T5435.pcm
SwiftExplicitDependencyGeneratePcm arm64 /Users/admin/builder/spi-builder-workspace/.derivedData/SDKExplicitPrecompiledModules/Security-6RZ6YBRU8WCUHRFFRVUK5WKMM.pcm
SwiftExplicitDependencyGeneratePcm arm64 /Users/admin/builder/spi-builder-workspace/.derivedData/SDKExplicitPrecompiledModules/CoreGraphics-DWNZ73GEH98SBJXZ7DEXB420K.pcm
SwiftExplicitDependencyGeneratePcm arm64_32 /Users/admin/builder/spi-builder-workspace/.derivedData/SDKExplicitPrecompiledModules/Foundation-BJ2VQGI3OGR34500MEQ1VKHPH.pcm
SwiftExplicitDependencyGeneratePcm arm64_32 /Users/admin/builder/spi-builder-workspace/.derivedData/SDKExplicitPrecompiledModules/CoreVideo-2P8HI0403J99LBDPKNFJ5D4DL.pcm
SwiftExplicitDependencyGeneratePcm arm64 /Users/admin/builder/spi-builder-workspace/.derivedData/SDKExplicitPrecompiledModules/Foundation-DLBKUSGXN8QHAT8W0OARR9S8A.pcm
SwiftExplicitDependencyGeneratePcm arm64 /Users/admin/builder/spi-builder-workspace/.derivedData/SDKExplicitPrecompiledModules/CoreVideo-8MRR5MNWUOAW2DBPGUQ8FKK4.pcm
SwiftExplicitDependencyGeneratePcm arm64_32 /Users/admin/builder/spi-builder-workspace/.derivedData/SDKExplicitPrecompiledModules/Accelerate-34RID1ZBY3BK39CTD4WYM062U.pcm
SwiftExplicitDependencyGeneratePcm arm64 /Users/admin/builder/spi-builder-workspace/.derivedData/SDKExplicitPrecompiledModules/Accelerate-28ES2UAMDN4QG4BXE6ZO309NT.pcm
SwiftEmitModule normal arm64_32 Emitting\ module\ for\ ProximaKit (in target 'ProximaKit' from project 'ProximaKit')
SwiftCompile normal arm64_32 (in target 'ProximaKit' from project 'ProximaKit')
    cd /Users/admin/builder/spi-builder-workspace/.swiftpm/xcode

SwiftCompile normal arm64_32 Compiling\ VectorIndex.swift,\ MappedVectorRegion.swift,\ PersistenceEngine.swift,\ PersistenceError.swift /Users/admin/builder/spi-builder-workspace/Sources/ProximaKit/Index/VectorIndex.swift /Users/admin/builder/spi-builder-workspace/Sources/ProximaKit/Persistence/MappedVectorRegion.swift /Users/admin/builder/spi-builder-workspace/Sources/ProximaKit/Persistence/PersistenceEngine.swift /Users/admin/builder/spi-builder-workspace/Sources/ProximaKit/Persistence/PersistenceError.swift (in target 'ProximaKit' from project 'ProximaKit')
SwiftCompile normal arm64_32 /Users/admin/builder/spi-builder-workspace/Sources/ProximaKit/Index/VectorIndex.swift (in target 'ProximaKit' from project 'ProximaKit')
    cd /Users/admin/builder/spi-builder-workspace/.swiftpm/xcode
    builtin-SwiftPerFileCompile VectorIndex.swift
SwiftCompile normal arm64_32 /Users/admin/builder/spi-builder-workspace/Sources/ProximaKit/Persistence/MappedVectorRegion.swift (in target 'ProximaKit' from project 'ProximaKit')
    cd /Users/admin/builder/spi-builder-workspace/.swiftpm/xcode
    builtin-SwiftPerFileCompile MappedVectorRegion.swift
SwiftCompile normal arm64_32 /Users/admin/builder/spi-builder-workspace/Sources/ProximaKit/Persistence/PersistenceEngine.swift (in target 'ProximaKit' from project 'ProximaKit')
    cd /Users/admin/builder/spi-builder-workspace/.swiftpm/xcode
    builtin-SwiftPerFileCompile PersistenceEngine.swift
SwiftCompile normal arm64_32 /Users/admin/builder/spi-builder-workspace/Sources/ProximaKit/Persistence/PersistenceError.swift (in target 'ProximaKit' from project 'ProximaKit')
    cd /Users/admin/builder/spi-builder-workspace/.swiftpm/xcode
    builtin-SwiftPerFileCompile PersistenceError.swift
SwiftCompile normal arm64_32 Compiling\ ScalarQuantizedHNSWIndex.swift,\ ScalarQuantizedHNSWIndexPersistence.swift,\ SparseIndex.swift,\ SparseVectorIndex.swift /Users/admin/builder/spi-builder-workspace/Sources/ProximaKit/Index/ScalarQuantizedHNSWIndex.swift /Users/admin/builder/spi-builder-workspace/Sources/ProximaKit/Index/ScalarQuantizedHNSWIndexPersistence.swift /Users/admin/builder/spi-builder-workspace/Sources/ProximaKit/Index/SparseIndex.swift /Users/admin/builder/spi-builder-workspace/Sources/ProximaKit/Index/SparseVectorIndex.swift (in target 'ProximaKit' from project 'ProximaKit')
SwiftCompile normal arm64_32 /Users/admin/builder/spi-builder-workspace/Sources/ProximaKit/Index/ScalarQuantizedHNSWIndex.swift (in target 'ProximaKit' from project 'ProximaKit')
    cd /Users/admin/builder/spi-builder-workspace/.swiftpm/xcode
    builtin-SwiftPerFileCompile ScalarQuantizedHNSWIndex.swift
SwiftCompile normal arm64_32 /Users/admin/builder/spi-builder-workspace/Sources/ProximaKit/Index/ScalarQuantizedHNSWIndexPersistence.swift (in target 'ProximaKit' from project 'ProximaKit')
    cd /Users/admin/builder/spi-builder-workspace/.swiftpm/xcode
    builtin-SwiftPerFileCompile ScalarQuantizedHNSWIndexPersistence.swift
SwiftCompile normal arm64_32 /Users/admin/builder/spi-builder-workspace/Sources/ProximaKit/Index/SparseIndex.swift (in target 'ProximaKit' from project 'ProximaKit')
    cd /Users/admin/builder/spi-builder-workspace/.swiftpm/xcode
    builtin-SwiftPerFileCompile SparseIndex.swift
SwiftCompile normal arm64_32 /Users/admin/builder/spi-builder-workspace/Sources/ProximaKit/Index/SparseVectorIndex.swift (in target 'ProximaKit' from project 'ProximaKit')
    cd /Users/admin/builder/spi-builder-workspace/.swiftpm/xcode
    builtin-SwiftPerFileCompile SparseVectorIndex.swift
SwiftCompile normal arm64_32 Compiling\ BM25Tokenizer.swift,\ BruteForceIndex.swift,\ HNSWIndex.swift,\ Heap.swift /Users/admin/builder/spi-builder-workspace/Sources/ProximaKit/Index/BM25Tokenizer.swift /Users/admin/builder/spi-builder-workspace/Sources/ProximaKit/Index/BruteForceIndex.swift /Users/admin/builder/spi-builder-workspace/Sources/ProximaKit/Index/HNSWIndex.swift /Users/admin/builder/spi-builder-workspace/Sources/ProximaKit/Index/Heap.swift (in target 'ProximaKit' from project 'ProximaKit')
SwiftCompile normal arm64_32 /Users/admin/builder/spi-builder-workspace/Sources/ProximaKit/Index/BM25Tokenizer.swift (in target 'ProximaKit' from project 'ProximaKit')
    cd /Users/admin/builder/spi-builder-workspace/.swiftpm/xcode
    builtin-SwiftPerFileCompile BM25Tokenizer.swift
SwiftCompile normal arm64_32 /Users/admin/builder/spi-builder-workspace/Sources/ProximaKit/Index/BruteForceIndex.swift (in target 'ProximaKit' from project 'ProximaKit')
    cd /Users/admin/builder/spi-builder-workspace/.swiftpm/xcode
    builtin-SwiftPerFileCompile BruteForceIndex.swift
SwiftCompile normal arm64_32 /Users/admin/builder/spi-builder-workspace/Sources/ProximaKit/Index/HNSWIndex.swift (in target 'ProximaKit' from project 'ProximaKit')
    cd /Users/admin/builder/spi-builder-workspace/.swiftpm/xcode
    builtin-SwiftPerFileCompile HNSWIndex.swift
SwiftCompile normal arm64_32 /Users/admin/builder/spi-builder-workspace/Sources/ProximaKit/Index/Heap.swift (in target 'ProximaKit' from project 'ProximaKit')
    cd /Users/admin/builder/spi-builder-workspace/.swiftpm/xcode
    builtin-SwiftPerFileCompile Heap.swift
SwiftCompile normal arm64_32 Compiling\ HybridIndex.swift,\ IndexResidency.swift,\ QuantizedHNSWIndex.swift,\ QuantizedHNSWIndexPersistence.swift /Users/admin/builder/spi-builder-workspace/Sources/ProximaKit/Index/HybridIndex.swift /Users/admin/builder/spi-builder-workspace/Sources/ProximaKit/Index/IndexResidency.swift /Users/admin/builder/spi-builder-workspace/Sources/ProximaKit/Index/QuantizedHNSWIndex.swift /Users/admin/builder/spi-builder-workspace/Sources/ProximaKit/Index/QuantizedHNSWIndexPersistence.swift (in target 'ProximaKit' from project 'ProximaKit')
SwiftCompile normal arm64_32 /Users/admin/builder/spi-builder-workspace/Sources/ProximaKit/Index/HybridIndex.swift (in target 'ProximaKit' from project 'ProximaKit')
    cd /Users/admin/builder/spi-builder-workspace/.swiftpm/xcode
    builtin-SwiftPerFileCompile HybridIndex.swift
SwiftCompile normal arm64_32 /Users/admin/builder/spi-builder-workspace/Sources/ProximaKit/Index/IndexResidency.swift (in target 'ProximaKit' from project 'ProximaKit')
    cd /Users/admin/builder/spi-builder-workspace/.swiftpm/xcode
    builtin-SwiftPerFileCompile IndexResidency.swift
SwiftCompile normal arm64_32 /Users/admin/builder/spi-builder-workspace/Sources/ProximaKit/Index/QuantizedHNSWIndex.swift (in target 'ProximaKit' from project 'ProximaKit')
    cd /Users/admin/builder/spi-builder-workspace/.swiftpm/xcode
    builtin-SwiftPerFileCompile QuantizedHNSWIndex.swift
SwiftCompile normal arm64_32 /Users/admin/builder/spi-builder-workspace/Sources/ProximaKit/Index/QuantizedHNSWIndexPersistence.swift (in target 'ProximaKit' from project 'ProximaKit')
    cd /Users/admin/builder/spi-builder-workspace/.swiftpm/xcode
    builtin-SwiftPerFileCompile QuantizedHNSWIndexPersistence.swift
SwiftCompile normal arm64_32 Compiling\ ProximaKit.swift,\ ProductQuantizer.swift,\ ProductQuantizerError.swift /Users/admin/builder/spi-builder-workspace/Sources/ProximaKit/ProximaKit.swift /Users/admin/builder/spi-builder-workspace/Sources/ProximaKit/Quantization/ProductQuantizer.swift /Users/admin/builder/spi-builder-workspace/Sources/ProximaKit/Quantization/ProductQuantizerError.swift (in target 'ProximaKit' from project 'ProximaKit')
SwiftCompile normal arm64_32 /Users/admin/builder/spi-builder-workspace/Sources/ProximaKit/ProximaKit.swift (in target 'ProximaKit' from project 'ProximaKit')
    cd /Users/admin/builder/spi-builder-workspace/.swiftpm/xcode
    builtin-SwiftPerFileCompile ProximaKit.swift
SwiftCompile normal arm64_32 /Users/admin/builder/spi-builder-workspace/Sources/ProximaKit/Quantization/ProductQuantizer.swift (in target 'ProximaKit' from project 'ProximaKit')
    cd /Users/admin/builder/spi-builder-workspace/.swiftpm/xcode
    builtin-SwiftPerFileCompile ProductQuantizer.swift
SwiftCompile normal arm64_32 /Users/admin/builder/spi-builder-workspace/Sources/ProximaKit/Quantization/ProductQuantizerError.swift (in target 'ProximaKit' from project 'ProximaKit')
    cd /Users/admin/builder/spi-builder-workspace/.swiftpm/xcode
    builtin-SwiftPerFileCompile ProductQuantizerError.swift
SwiftCompile normal arm64_32 Compiling\ BatchDistance.swift,\ DistanceMetric.swift,\ DistanceMetricType.swift,\ MetalBatchDistance.swift /Users/admin/builder/spi-builder-workspace/Sources/ProximaKit/Distance/BatchDistance.swift /Users/admin/builder/spi-builder-workspace/Sources/ProximaKit/Distance/DistanceMetric.swift /Users/admin/builder/spi-builder-workspace/Sources/ProximaKit/Distance/DistanceMetricType.swift /Users/admin/builder/spi-builder-workspace/Sources/ProximaKit/Distance/MetalBatchDistance.swift (in target 'ProximaKit' from project 'ProximaKit')
/Users/admin/builder/spi-builder-workspace/Sources/ProximaKit/Distance/DistanceMetric.swift:390:39: error: cannot convert return expression of type '__CLPK_integer' (aka 'Int') to return type 'Int32'
388 |         // Step 1: LU factorization in place.
389 |         sgetrf_(&rows, &n, &matrix, &lda, &ipiv, &info)
390 |         guard info == 0 else { return info }
    |                                       `- error: cannot convert return expression of type '__CLPK_integer' (aka 'Int') to return type 'Int32'
391 |
392 |         // Step 2: Workspace query, then invert from the LU factors.
/Users/admin/builder/spi-builder-workspace/Sources/ProximaKit/Distance/DistanceMetric.swift:396:39: error: cannot convert return expression of type '__CLPK_integer' (aka 'Int') to return type 'Int32'
394 |         var workQuery: Float = 0
395 |         sgetri_(&n, &matrix, &lda, &ipiv, &workQuery, &lwork, &info)
396 |         guard info == 0 else { return info }
    |                                       `- error: cannot convert return expression of type '__CLPK_integer' (aka 'Int') to return type 'Int32'
397 |
398 |         lwork = __CLPK_integer(workQuery)
/Users/admin/builder/spi-builder-workspace/Sources/ProximaKit/Distance/DistanceMetric.swift:401:16: error: cannot convert return expression of type '__CLPK_integer' (aka 'Int') to return type 'Int32'
399 |         var work = [Float](repeating: 0, count: max(Int(lwork), 1))
400 |         sgetri_(&n, &matrix, &lda, &ipiv, &work, &lwork, &info)
401 |         return info
    |                `- error: cannot convert return expression of type '__CLPK_integer' (aka 'Int') to return type 'Int32'
402 |     }
403 | }
Failed frontend command:
/Applications/Xcode-27.0.0-Release.Candidate.app/Contents/Developer/Toolchains/XcodeDefault.xctoolchain/usr/bin/swift-frontend -frontend -c -primary-file /Users/admin/builder/spi-builder-workspace/Sources/ProximaKit/Distance/BatchDistance.swift -primary-file /Users/admin/builder/spi-builder-workspace/Sources/ProximaKit/Distance/DistanceMetric.swift -primary-file /Users/admin/builder/spi-builder-workspace/Sources/ProximaKit/Distance/DistanceMetricType.swift -primary-file /Users/admin/builder/spi-builder-workspace/Sources/ProximaKit/Distance/MetalBatchDistance.swift /Users/admin/builder/spi-builder-workspace/Sources/ProximaKit/Index/BM25Tokenizer.swift /Users/admin/builder/spi-builder-workspace/Sources/ProximaKit/Index/BruteForceIndex.swift /Users/admin/builder/spi-builder-workspace/Sources/ProximaKit/Index/HNSWIndex.swift /Users/admin/builder/spi-builder-workspace/Sources/ProximaKit/Index/Heap.swift /Users/admin/builder/spi-builder-workspace/Sources/ProximaKit/Index/HybridIndex.swift /Users/admin/builder/spi-builder-workspace/Sources/ProximaKit/Index/IndexResidency.swift /Users/admin/builder/spi-builder-workspace/Sources/ProximaKit/Index/QuantizedHNSWIndex.swift /Users/admin/builder/spi-builder-workspace/Sources/ProximaKit/Index/QuantizedHNSWIndexPersistence.swift /Users/admin/builder/spi-builder-workspace/Sources/ProximaKit/Index/ScalarQuantizedHNSWIndex.swift /Users/admin/builder/spi-builder-workspace/Sources/ProximaKit/Index/ScalarQuantizedHNSWIndexPersistence.swift /Users/admin/builder/spi-builder-workspace/Sources/ProximaKit/Index/SparseIndex.swift /Users/admin/builder/spi-builder-workspace/Sources/ProximaKit/Index/SparseVectorIndex.swift /Users/admin/builder/spi-builder-workspace/Sources/ProximaKit/Index/VectorIndex.swift /Users/admin/builder/spi-builder-workspace/Sources/ProximaKit/Persistence/MappedVectorRegion.swift /Users/admin/builder/spi-builder-workspace/Sources/ProximaKit/Persistence/PersistenceEngine.swift /Users/admin/builder/spi-builder-workspace/Sources/ProximaKit/Persistence/PersistenceError.swift /Users/admin/builder/spi-builder-workspace/Sources/ProximaKit/Persistence/SparseIndexPersistence.swift /Users/admin/builder/spi-builder-workspace/Sources/ProximaKit/Persistence/WALFormat.swift /Users/admin/builder/spi-builder-workspace/Sources/ProximaKit/Persistence/WALJournal.swift /Users/admin/builder/spi-builder-workspace/Sources/ProximaKit/ProximaKit.swift /Users/admin/builder/spi-builder-workspace/Sources/ProximaKit/Quantization/ProductQuantizer.swift /Users/admin/builder/spi-builder-workspace/Sources/ProximaKit/Quantization/ProductQuantizerError.swift /Users/admin/builder/spi-builder-workspace/Sources/ProximaKit/Quantization/ProductQuantizerPersistence.swift /Users/admin/builder/spi-builder-workspace/Sources/ProximaKit/Quantization/ScalarQuantizer.swift /Users/admin/builder/spi-builder-workspace/Sources/ProximaKit/Query/SearchResult.swift /Users/admin/builder/spi-builder-workspace/Sources/ProximaKit/Store/ChunkMetadata.swift /Users/admin/builder/spi-builder-workspace/Sources/ProximaKit/Store/HybridVectorStore.swift /Users/admin/builder/spi-builder-workspace/Sources/ProximaKit/Store/TextEmbedder.swift /Users/admin/builder/spi-builder-workspace/Sources/ProximaKit/Store/VectorStore.swift /Users/admin/builder/spi-builder-workspace/Sources/ProximaKit/Store/VectorStoreError.swift /Users/admin/builder/spi-builder-workspace/Sources/ProximaKit/Vector.swift -supplementary-output-file-map /Users/admin/builder/spi-builder-workspace/.derivedData/Build/Intermediates.noindex/ProximaKit.build/Debug-watchos/ProximaKit-t.build/Objects-normal/arm64_32/supplementaryOutputs-1 -target arm64_32-apple-watchos10.0 -module-can-import-version Darwin 428.0.10 0 -disable-cross-import-overlay-search -swift-module-cross-import Darwin /Applications/Xcode-27.0.0-Release.Candidate.app/Contents/Developer/Platforms/WatchOS.platform/Developer/SDKs/WatchOS.sdk/usr/include/Darwin.swiftcrossimport/xlocale.swiftoverlay -load-resolved-plugin /Applications/Xcode-27.0.0-Release.Candidate.app/Contents/Developer/Platforms/WatchOS.platform/Developer/usr/lib/swift/host/plugins/libFoundationMacros.dylib\#/Applications/Xcode-27.0.0-Release.Candidate.app/Contents/Developer/Platforms/WatchOS.platform/Developer/usr/bin/swift-plugin-server\#FoundationMacros -load-resolved-plugin /Applications/Xcode-27.0.0-Release.Candidate.app/Contents/Developer/Platforms/WatchOS.platform/Developer/usr/lib/swift/host/plugins/libObservationMacros.dylib\#/Applications/Xcode-27.0.0-Release.Candidate.app/Contents/Developer/Platforms/WatchOS.platform/Developer/usr/bin/swift-plugin-server\#ObservationMacros -load-resolved-plugin /Applications/Xcode-27.0.0-Release.Candidate.app/Contents/Developer/Platforms/WatchOS.platform/Developer/usr/lib/swift/host/plugins/libSwiftMacros.dylib\#/Applications/Xcode-27.0.0-Release.Candidate.app/Contents/Developer/Platforms/WatchOS.platform/Developer/usr/bin/swift-plugin-server\#SwiftMacros -disable-implicit-swift-modules -Xcc -fno-implicit-modules -Xcc -fno-implicit-module-maps -explicit-swift-module-map-file /Users/admin/builder/spi-builder-workspace/.derivedData/Build/Intermediates.noindex/ProximaKit.build/Debug-watchos/ProximaKit-t.build/Objects-normal/arm64_32/ProximaKit-dependencies-2.json -enable-objc-interop -sdk /Applications/Xcode-27.0.0-Release.Candidate.app/Contents/Developer/Platforms/WatchOS.platform/Developer/SDKs/WatchOS27.0.sdk -I /Users/admin/builder/spi-builder-workspace/.derivedData/Build/Products/Debug-watchos -Isystem /Applications/Xcode-27.0.0-Release.Candidate.app/Contents/Developer/Platforms/WatchOS.platform/Developer/usr/lib -F /Users/admin/builder/spi-builder-workspace/.derivedData/Build/Products/Debug-watchos -F /Applications/Xcode-27.0.0-Release.Candidate.app/Contents/Developer/Platforms/WatchOS.platform/Developer/Library/Frameworks -F /Applications/Xcode-27.0.0-Release.Candidate.app/Contents/Developer/Platforms/WatchOS.platform/Developer/SDKs/WatchOS27.0.sdk/Developer/Library/Frameworks -module-cache-path /Users/admin/builder/spi-builder-workspace/.derivedData/Build/Intermediates.noindex/SwiftExplicitPrecompiledModules -no-color-diagnostics -Xcc -fno-color-diagnostics -enable-testing -g -debug-info-format\=dwarf -dwarf-version\=4 -profile-generate -profile-coverage-mapping -swift-version 5 -Onone -D SWIFT_PACKAGE -D DEBUG -D SWIFT_MODULE_RESOURCE_BUNDLE_UNAVAILABLE -D Xcode -serialize-debugging-options -enable-experimental-feature StrictConcurrency -enable-experimental-feature DebugDescriptionMacro -empty-abi-descriptor -validate-clang-modules-once -clang-build-session-file /Users/admin/builder/spi-builder-workspace/.derivedData/ModuleCache.noindex/Session.modulevalidation -Xcc -working-directory -Xcc /Users/admin/builder/spi-builder-workspace/.swiftpm/xcode -enable-anonymous-context-mangled-names -file-compilation-dir /Users/admin/builder/spi-builder-workspace/.swiftpm/xcode -Xcc -D_LIBCPP_HARDENING_MODE\=_LIBCPP_HARDENING_MODE_DEBUG -Xcc -ivfsstatcache -Xcc /Users/admin/builder/spi-builder-workspace/.derivedData/SDKStatCaches.noindex/watchos27.0-24R360-e829b21a6f8c9b70876ba0858053c04477534ef55a1706bf4c1112bbb242f0a2.sdkstatcache -Xcc -fmodules-prune-interval\=86400 -Xcc -fmodules-prune-after\=345600 -Xcc -I/Users/admin/builder/spi-builder-workspace/.derivedData/Build/Products/Debug-watchos/include -Xcc -I/Users/admin/builder/spi-builder-workspace/.derivedData/Build/Intermediates.noindex/ProximaKit.build/Debug-watchos/ProximaKit-t.build/DerivedSources-normal/arm64_32 -Xcc -I/Users/admin/builder/spi-builder-workspace/.derivedData/Build/Intermediates.noindex/ProximaKit.build/Debug-watchos/ProximaKit-t.build/DerivedSources/arm64_32 -Xcc -I/Users/admin/builder/spi-builder-workspace/.derivedData/Build/Intermediates.noindex/ProximaKit.build/Debug-watchos/ProximaKit-t.build/DerivedSources -Xcc -DSWIFT_PACKAGE -Xcc -DDEBUG\=1 -no-auto-bridging-header-chaining -module-name ProximaKit -package-name spi_builder_workspace -const-gather-protocols-file /Users/admin/builder/spi-builder-workspace/.derivedData/Build/Intermediates.noindex/ProximaKit.build/Debug-watchos/ProximaKit-t.build/Objects-normal/arm64_32/ProximaKit_const_extract_protocols.json -disable-clang-spi -clang-target arm64_32-apple-watchos27.0 -target-sdk-version 27.0 -target-sdk-name watchos27.0 -in-process-plugin-server-path /Applications/Xcode-27.0.0-Release.Candidate.app/Contents/Developer/Toolchains/XcodeDefault.xctoolchain/usr/lib/swift/host/libSwiftInProcPluginServer.dylib -parse-as-library -o /Users/admin/builder/spi-builder-workspace/.derivedData/Build/Intermediates.noindex/ProximaKit.build/Debug-watchos/ProximaKit-t.build/Objects-normal/arm64_32/BatchDistance.o -o /Users/admin/builder/spi-builder-workspace/.derivedData/Build/Intermediates.noindex/ProximaKit.build/Debug-watchos/ProximaKit-t.build/Objects-normal/arm64_32/DistanceMetric.o -o /Users/admin/builder/spi-builder-workspace/.derivedData/Build/Intermediates.noindex/ProximaKit.build/Debug-watchos/ProximaKit-t.build/Objects-normal/arm64_32/DistanceMetricType.o -o /Users/admin/builder/spi-builder-workspace/.derivedData/Build/Intermediates.noindex/ProximaKit.build/Debug-watchos/ProximaKit-t.build/Objects-normal/arm64_32/MetalBatchDistance.o -debug-module-path /Users/admin/builder/spi-builder-workspace/.derivedData/Build/Intermediates.noindex/ProximaKit.build/Debug-watchos/ProximaKit-t.build/Objects-normal/arm64_32/ProximaKit.swiftmodule -index-unit-output-path /ProximaKit.build/Debug-watchos/ProximaKit-t.build/Objects-normal/arm64_32/BatchDistance.o -index-unit-output-path /ProximaKit.build/Debug-watchos/ProximaKit-t.build/Objects-normal/arm64_32/DistanceMetric.o -index-unit-output-path /ProximaKit.build/Debug-watchos/ProximaKit-t.build/Objects-normal/arm64_32/DistanceMetricType.o -index-unit-output-path /ProximaKit.build/Debug-watchos/ProximaKit-t.build/Objects-normal/arm64_32/MetalBatchDistance.o -index-store-path /Users/admin/builder/spi-builder-workspace/.derivedData/Index.noindex/DataStore -index-system-modules
SwiftCompile normal arm64_32 /Users/admin/builder/spi-builder-workspace/Sources/ProximaKit/Distance/BatchDistance.swift (in target 'ProximaKit' from project 'ProximaKit')
    cd /Users/admin/builder/spi-builder-workspace/.swiftpm/xcode
    builtin-SwiftPerFileCompile BatchDistance.swift
SwiftCompile normal arm64_32 /Users/admin/builder/spi-builder-workspace/Sources/ProximaKit/Distance/DistanceMetric.swift (in target 'ProximaKit' from project 'ProximaKit')
    cd /Users/admin/builder/spi-builder-workspace/.swiftpm/xcode
    builtin-SwiftPerFileCompile DistanceMetric.swift
SwiftCompile normal arm64_32 /Users/admin/builder/spi-builder-workspace/Sources/ProximaKit/Distance/DistanceMetricType.swift (in target 'ProximaKit' from project 'ProximaKit')
    cd /Users/admin/builder/spi-builder-workspace/.swiftpm/xcode
    builtin-SwiftPerFileCompile DistanceMetricType.swift
SwiftCompile normal arm64_32 /Users/admin/builder/spi-builder-workspace/Sources/ProximaKit/Distance/MetalBatchDistance.swift (in target 'ProximaKit' from project 'ProximaKit')
    cd /Users/admin/builder/spi-builder-workspace/.swiftpm/xcode
    builtin-SwiftPerFileCompile MetalBatchDistance.swift
SwiftCompile normal arm64_32 Compiling\ SparseIndexPersistence.swift,\ WALFormat.swift,\ WALJournal.swift /Users/admin/builder/spi-builder-workspace/Sources/ProximaKit/Persistence/SparseIndexPersistence.swift /Users/admin/builder/spi-builder-workspace/Sources/ProximaKit/Persistence/WALFormat.swift /Users/admin/builder/spi-builder-workspace/Sources/ProximaKit/Persistence/WALJournal.swift (in target 'ProximaKit' from project 'ProximaKit')
SwiftCompile normal arm64_32 /Users/admin/builder/spi-builder-workspace/Sources/ProximaKit/Persistence/SparseIndexPersistence.swift (in target 'ProximaKit' from project 'ProximaKit')
    cd /Users/admin/builder/spi-builder-workspace/.swiftpm/xcode
    builtin-SwiftPerFileCompile SparseIndexPersistence.swift
SwiftCompile normal arm64_32 /Users/admin/builder/spi-builder-workspace/Sources/ProximaKit/Persistence/WALFormat.swift (in target 'ProximaKit' from project 'ProximaKit')
    cd /Users/admin/builder/spi-builder-workspace/.swiftpm/xcode
    builtin-SwiftPerFileCompile WALFormat.swift
SwiftCompile normal arm64_32 /Users/admin/builder/spi-builder-workspace/Sources/ProximaKit/Persistence/WALJournal.swift (in target 'ProximaKit' from project 'ProximaKit')
    cd /Users/admin/builder/spi-builder-workspace/.swiftpm/xcode
    builtin-SwiftPerFileCompile WALJournal.swift
SwiftCompile normal arm64_32 Compiling\ VectorStore.swift,\ VectorStoreError.swift,\ Vector.swift /Users/admin/builder/spi-builder-workspace/Sources/ProximaKit/Store/VectorStore.swift /Users/admin/builder/spi-builder-workspace/Sources/ProximaKit/Store/VectorStoreError.swift /Users/admin/builder/spi-builder-workspace/Sources/ProximaKit/Vector.swift (in target 'ProximaKit' from project 'ProximaKit')
SwiftCompile normal arm64_32 /Users/admin/builder/spi-builder-workspace/Sources/ProximaKit/Store/VectorStore.swift (in target 'ProximaKit' from project 'ProximaKit')
    cd /Users/admin/builder/spi-builder-workspace/.swiftpm/xcode
    builtin-SwiftPerFileCompile VectorStore.swift
SwiftCompile normal arm64_32 /Users/admin/builder/spi-builder-workspace/Sources/ProximaKit/Store/VectorStoreError.swift (in target 'ProximaKit' from project 'ProximaKit')
    cd /Users/admin/builder/spi-builder-workspace/.swiftpm/xcode
    builtin-SwiftPerFileCompile VectorStoreError.swift
SwiftCompile normal arm64_32 /Users/admin/builder/spi-builder-workspace/Sources/ProximaKit/Vector.swift (in target 'ProximaKit' from project 'ProximaKit')
    cd /Users/admin/builder/spi-builder-workspace/.swiftpm/xcode
    builtin-SwiftPerFileCompile Vector.swift
SwiftCompile normal arm64_32 Compiling\ ProductQuantizerPersistence.swift,\ ScalarQuantizer.swift,\ SearchResult.swift /Users/admin/builder/spi-builder-workspace/Sources/ProximaKit/Quantization/ProductQuantizerPersistence.swift /Users/admin/builder/spi-builder-workspace/Sources/ProximaKit/Quantization/ScalarQuantizer.swift /Users/admin/builder/spi-builder-workspace/Sources/ProximaKit/Query/SearchResult.swift (in target 'ProximaKit' from project 'ProximaKit')
SwiftCompile normal arm64_32 /Users/admin/builder/spi-builder-workspace/Sources/ProximaKit/Quantization/ProductQuantizerPersistence.swift (in target 'ProximaKit' from project 'ProximaKit')
    cd /Users/admin/builder/spi-builder-workspace/.swiftpm/xcode
    builtin-SwiftPerFileCompile ProductQuantizerPersistence.swift
SwiftCompile normal arm64_32 /Users/admin/builder/spi-builder-workspace/Sources/ProximaKit/Quantization/ScalarQuantizer.swift (in target 'ProximaKit' from project 'ProximaKit')
    cd /Users/admin/builder/spi-builder-workspace/.swiftpm/xcode
    builtin-SwiftPerFileCompile ScalarQuantizer.swift
SwiftCompile normal arm64_32 /Users/admin/builder/spi-builder-workspace/Sources/ProximaKit/Query/SearchResult.swift (in target 'ProximaKit' from project 'ProximaKit')
    cd /Users/admin/builder/spi-builder-workspace/.swiftpm/xcode
    builtin-SwiftPerFileCompile SearchResult.swift
SwiftEmitModule normal arm64 Emitting\ module\ for\ ProximaKit (in target 'ProximaKit' from project 'ProximaKit')
SwiftCompile normal arm64 (in target 'ProximaKit' from project 'ProximaKit')
    cd /Users/admin/builder/spi-builder-workspace/.swiftpm/xcode

SwiftDriverJobDiscovery normal arm64_32 Emitting module for ProximaKit (in target 'ProximaKit' from project 'ProximaKit')
SwiftDriver\ Compilation\ Requirements ProximaKit normal arm64_32 com.apple.xcode.tools.swift.compiler (in target 'ProximaKit' from project 'ProximaKit')
    cd /Users/admin/builder/spi-builder-workspace/.swiftpm/xcode
    builtin-Swift-Compilation-Requirements -- /Applications/Xcode-27.0.0-Release.Candidate.app/Contents/Developer/Toolchains/XcodeDefault.xctoolchain/usr/bin/swiftc -parse-as-library -module-name ProximaKit -Onone @/Users/admin/builder/spi-builder-workspace/.derivedData/Build/Intermediates.noindex/ProximaKit.build/Debug-watchos/ProximaKit-t.build/Objects-normal/arm64_32/ProximaKit.SwiftFileList -DSWIFT_PACKAGE -DDEBUG -DSWIFT_MODULE_RESOURCE_BUNDLE_UNAVAILABLE -DXcode -enable-experimental-feature StrictConcurrency -plugin-path /Applications/Xcode-27.0.0-Release.Candidate.app/Contents/Developer/Toolchains/XcodeDefault.xctoolchain/usr/lib/swift/host/plugins/testing -enable-experimental-feature DebugDescriptionMacro -sdk /Applications/Xcode-27.0.0-Release.Candidate.app/Contents/Developer/Platforms/WatchOS.platform/Developer/SDKs/WatchOS27.0.sdk -target arm64_32-apple-watchos10.0 -g -module-cache-path /Users/admin/builder/spi-builder-workspace/.derivedData/ModuleCache.noindex -Xfrontend -serialize-debugging-options -profile-coverage-mapping -profile-generate -enable-testing -index-store-path /Users/admin/builder/spi-builder-workspace/.derivedData/Index.noindex/DataStore -Xcc -D_LIBCPP_HARDENING_MODE\=_LIBCPP_HARDENING_MODE_DEBUG -swift-version 5 -I /Users/admin/builder/spi-builder-workspace/.derivedData/Build/Products/Debug-watchos -Isystem /Applications/Xcode-27.0.0-Release.Candidate.app/Contents/Developer/Platforms/WatchOS.platform/Developer/usr/lib -F /Users/admin/builder/spi-builder-workspace/.derivedData/Build/Products/Debug-watchos -F /Applications/Xcode-27.0.0-Release.Candidate.app/Contents/Developer/Platforms/WatchOS.platform/Developer/Library/Frameworks -F /Applications/Xcode-27.0.0-Release.Candidate.app/Contents/Developer/Platforms/WatchOS.platform/Developer/SDKs/WatchOS27.0.sdk/Developer/Library/Frameworks -c -j10 -enable-batch-mode -incremental -Xcc -ivfsstatcache -Xcc /Users/admin/builder/spi-builder-workspace/.derivedData/SDKStatCaches.noindex/watchos27.0-24R360-e829b21a6f8c9b70876ba0858053c04477534ef55a1706bf4c1112bbb242f0a2.sdkstatcache -output-file-map /Users/admin/builder/spi-builder-workspace/.derivedData/Build/Intermediates.noindex/ProximaKit.build/Debug-watchos/ProximaKit-t.build/Objects-normal/arm64_32/ProximaKit-OutputFileMap.json -save-temps -no-color-diagnostics -explicit-module-build -module-cache-path /Users/admin/builder/spi-builder-workspace/.derivedData/Build/Intermediates.noindex/SwiftExplicitPrecompiledModules -clang-scanner-module-cache-path /Users/admin/builder/spi-builder-workspace/.derivedData/ModuleCache.noindex -sdk-module-cache-path /Users/admin/builder/spi-builder-workspace/.derivedData/SDKExplicitPrecompiledModules -emit-dependencies -emit-module -emit-module-path /Users/admin/builder/spi-builder-workspace/.derivedData/Build/Intermediates.noindex/ProximaKit.build/Debug-watchos/ProximaKit-t.build/Objects-normal/arm64_32/ProximaKit.swiftmodule -serialize-diagnostics -dependency-scan-serialize-diagnostics-path /Users/admin/builder/spi-builder-workspace/.derivedData/Build/Intermediates.noindex/ProximaKit.build/Debug-watchos/ProximaKit-t.build/Objects-normal/arm64_32/ProximaKit-dependency-scan.dia -validate-clang-modules-once -clang-build-session-file /Users/admin/builder/spi-builder-workspace/.derivedData/ModuleCache.noindex/Session.modulevalidation -Xcc -fmodules-prune-interval\=86400 -Xcc -fmodules-prune-after\=345600 -package-name spi_builder_workspace -emit-const-values -const-gather-protocols-list /Users/admin/builder/spi-builder-workspace/.derivedData/Build/Intermediates.noindex/ProximaKit.build/Debug-watchos/ProximaKit-t.build/Objects-normal/arm64_32/ProximaKit_const_extract_protocols.json -Xcc -I/Users/admin/builder/spi-builder-workspace/.derivedData/Build/Products/Debug-watchos/include -Xcc -I/Users/admin/builder/spi-builder-workspace/.derivedData/Build/Intermediates.noindex/ProximaKit.build/Debug-watchos/ProximaKit-t.build/DerivedSources-normal/arm64_32 -Xcc -I/Users/admin/builder/spi-builder-workspace/.derivedData/Build/Intermediates.noindex/ProximaKit.build/Debug-watchos/ProximaKit-t.build/DerivedSources/arm64_32 -Xcc -I/Users/admin/builder/spi-builder-workspace/.derivedData/Build/Intermediates.noindex/ProximaKit.build/Debug-watchos/ProximaKit-t.build/DerivedSources -Xcc -DSWIFT_PACKAGE -Xcc -DDEBUG\=1 -emit-objc-header -emit-objc-header-path /Users/admin/builder/spi-builder-workspace/.derivedData/Build/Intermediates.noindex/ProximaKit.build/Debug-watchos/ProximaKit-t.build/Objects-normal/arm64_32/ProximaKit-Swift.h -working-directory /Users/admin/builder/spi-builder-workspace/.swiftpm/xcode -experimental-emit-module-separately -disable-cmo
SwiftDriverJobDiscovery normal arm64 Emitting module for ProximaKit (in target 'ProximaKit' from project 'ProximaKit')
SwiftDriver\ Compilation\ Requirements ProximaKit normal arm64 com.apple.xcode.tools.swift.compiler (in target 'ProximaKit' from project 'ProximaKit')
    cd /Users/admin/builder/spi-builder-workspace/.swiftpm/xcode
    builtin-Swift-Compilation-Requirements -- /Applications/Xcode-27.0.0-Release.Candidate.app/Contents/Developer/Toolchains/XcodeDefault.xctoolchain/usr/bin/swiftc -parse-as-library -module-name ProximaKit -Onone @/Users/admin/builder/spi-builder-workspace/.derivedData/Build/Intermediates.noindex/ProximaKit.build/Debug-watchos/ProximaKit-t.build/Objects-normal/arm64/ProximaKit.SwiftFileList -DSWIFT_PACKAGE -DDEBUG -DSWIFT_MODULE_RESOURCE_BUNDLE_UNAVAILABLE -DXcode -enable-experimental-feature StrictConcurrency -plugin-path /Applications/Xcode-27.0.0-Release.Candidate.app/Contents/Developer/Toolchains/XcodeDefault.xctoolchain/usr/lib/swift/host/plugins/testing -enable-experimental-feature DebugDescriptionMacro -sdk /Applications/Xcode-27.0.0-Release.Candidate.app/Contents/Developer/Platforms/WatchOS.platform/Developer/SDKs/WatchOS27.0.sdk -target arm64-apple-watchos10.0 -g -module-cache-path /Users/admin/builder/spi-builder-workspace/.derivedData/ModuleCache.noindex -Xfrontend -serialize-debugging-options -profile-coverage-mapping -profile-generate -enable-testing -index-store-path /Users/admin/builder/spi-builder-workspace/.derivedData/Index.noindex/DataStore -Xcc -D_LIBCPP_HARDENING_MODE\=_LIBCPP_HARDENING_MODE_DEBUG -swift-version 5 -I /Users/admin/builder/spi-builder-workspace/.derivedData/Build/Products/Debug-watchos -Isystem /Applications/Xcode-27.0.0-Release.Candidate.app/Contents/Developer/Platforms/WatchOS.platform/Developer/usr/lib -F /Users/admin/builder/spi-builder-workspace/.derivedData/Build/Products/Debug-watchos -F /Applications/Xcode-27.0.0-Release.Candidate.app/Contents/Developer/Platforms/WatchOS.platform/Developer/Library/Frameworks -F /Applications/Xcode-27.0.0-Release.Candidate.app/Contents/Developer/Platforms/WatchOS.platform/Developer/SDKs/WatchOS27.0.sdk/Developer/Library/Frameworks -c -j10 -enable-batch-mode -incremental -Xcc -ivfsstatcache -Xcc /Users/admin/builder/spi-builder-workspace/.derivedData/SDKStatCaches.noindex/watchos27.0-24R360-e829b21a6f8c9b70876ba0858053c04477534ef55a1706bf4c1112bbb242f0a2.sdkstatcache -output-file-map /Users/admin/builder/spi-builder-workspace/.derivedData/Build/Intermediates.noindex/ProximaKit.build/Debug-watchos/ProximaKit-t.build/Objects-normal/arm64/ProximaKit-OutputFileMap.json -save-temps -no-color-diagnostics -explicit-module-build -module-cache-path /Users/admin/builder/spi-builder-workspace/.derivedData/Build/Intermediates.noindex/SwiftExplicitPrecompiledModules -clang-scanner-module-cache-path /Users/admin/builder/spi-builder-workspace/.derivedData/ModuleCache.noindex -sdk-module-cache-path /Users/admin/builder/spi-builder-workspace/.derivedData/SDKExplicitPrecompiledModules -emit-dependencies -emit-module -emit-module-path /Users/admin/builder/spi-builder-workspace/.derivedData/Build/Intermediates.noindex/ProximaKit.build/Debug-watchos/ProximaKit-t.build/Objects-normal/arm64/ProximaKit.swiftmodule -serialize-diagnostics -dependency-scan-serialize-diagnostics-path /Users/admin/builder/spi-builder-workspace/.derivedData/Build/Intermediates.noindex/ProximaKit.build/Debug-watchos/ProximaKit-t.build/Objects-normal/arm64/ProximaKit-dependency-scan.dia -validate-clang-modules-once -clang-build-session-file /Users/admin/builder/spi-builder-workspace/.derivedData/ModuleCache.noindex/Session.modulevalidation -Xcc -fmodules-prune-interval\=86400 -Xcc -fmodules-prune-after\=345600 -package-name spi_builder_workspace -emit-const-values -const-gather-protocols-list /Users/admin/builder/spi-builder-workspace/.derivedData/Build/Intermediates.noindex/ProximaKit.build/Debug-watchos/ProximaKit-t.build/Objects-normal/arm64/ProximaKit_const_extract_protocols.json -Xcc -I/Users/admin/builder/spi-builder-workspace/.derivedData/Build/Products/Debug-watchos/include -Xcc -I/Users/admin/builder/spi-builder-workspace/.derivedData/Build/Intermediates.noindex/ProximaKit.build/Debug-watchos/ProximaKit-t.build/DerivedSources-normal/arm64 -Xcc -I/Users/admin/builder/spi-builder-workspace/.derivedData/Build/Intermediates.noindex/ProximaKit.build/Debug-watchos/ProximaKit-t.build/DerivedSources/arm64 -Xcc -I/Users/admin/builder/spi-builder-workspace/.derivedData/Build/Intermediates.noindex/ProximaKit.build/Debug-watchos/ProximaKit-t.build/DerivedSources -Xcc -DSWIFT_PACKAGE -Xcc -DDEBUG\=1 -emit-objc-header -emit-objc-header-path /Users/admin/builder/spi-builder-workspace/.derivedData/Build/Intermediates.noindex/ProximaKit.build/Debug-watchos/ProximaKit-t.build/Objects-normal/arm64/ProximaKit-Swift.h -working-directory /Users/admin/builder/spi-builder-workspace/.swiftpm/xcode -experimental-emit-module-separately -disable-cmo
SwiftCompile normal arm64 Compiling\ ChunkMetadata.swift,\ HybridVectorStore.swift,\ TextEmbedder.swift /Users/admin/builder/spi-builder-workspace/Sources/ProximaKit/Store/ChunkMetadata.swift /Users/admin/builder/spi-builder-workspace/Sources/ProximaKit/Store/HybridVectorStore.swift /Users/admin/builder/spi-builder-workspace/Sources/ProximaKit/Store/TextEmbedder.swift (in target 'ProximaKit' from project 'ProximaKit')
SwiftCompile normal arm64 /Users/admin/builder/spi-builder-workspace/Sources/ProximaKit/Store/ChunkMetadata.swift (in target 'ProximaKit' from project 'ProximaKit')
    cd /Users/admin/builder/spi-builder-workspace/.swiftpm/xcode
    builtin-SwiftPerFileCompile ChunkMetadata.swift
SwiftCompile normal arm64 /Users/admin/builder/spi-builder-workspace/Sources/ProximaKit/Store/HybridVectorStore.swift (in target 'ProximaKit' from project 'ProximaKit')
    cd /Users/admin/builder/spi-builder-workspace/.swiftpm/xcode
    builtin-SwiftPerFileCompile HybridVectorStore.swift
SwiftCompile normal arm64 /Users/admin/builder/spi-builder-workspace/Sources/ProximaKit/Store/TextEmbedder.swift (in target 'ProximaKit' from project 'ProximaKit')
    cd /Users/admin/builder/spi-builder-workspace/.swiftpm/xcode
    builtin-SwiftPerFileCompile TextEmbedder.swift
SwiftMergeGeneratedHeaders /Users/admin/builder/spi-builder-workspace/.derivedData/Build/Intermediates.noindex/GeneratedModuleMaps-watchos/ProximaKit-Swift.h /Users/admin/builder/spi-builder-workspace/.derivedData/Build/Intermediates.noindex/ProximaKit.build/Debug-watchos/ProximaKit-t.build/Objects-normal/arm64/ProximaKit-Swift.h /Users/admin/builder/spi-builder-workspace/.derivedData/Build/Intermediates.noindex/ProximaKit.build/Debug-watchos/ProximaKit-t.build/Objects-normal/arm64_32/ProximaKit-Swift.h (in target 'ProximaKit' from project 'ProximaKit')
    cd /Users/admin/builder/spi-builder-workspace
    builtin-swiftHeaderTool -arch arm64 /Users/admin/builder/spi-builder-workspace/.derivedData/Build/Intermediates.noindex/ProximaKit.build/Debug-watchos/ProximaKit-t.build/Objects-normal/arm64/ProximaKit-Swift.h -arch arm64_32 /Users/admin/builder/spi-builder-workspace/.derivedData/Build/Intermediates.noindex/ProximaKit.build/Debug-watchos/ProximaKit-t.build/Objects-normal/arm64_32/ProximaKit-Swift.h -o /Users/admin/builder/spi-builder-workspace/.derivedData/Build/Intermediates.noindex/GeneratedModuleMaps-watchos/ProximaKit-Swift.h
SwiftDriverJobDiscovery normal arm64_32 Compiling ProductQuantizerPersistence.swift, ScalarQuantizer.swift, SearchResult.swift (in target 'ProximaKit' from project 'ProximaKit')
Copy /Users/admin/builder/spi-builder-workspace/.derivedData/Build/Products/Debug-watchos/ProximaKit.swiftmodule/arm64_32-apple-watchos.swiftmodule /Users/admin/builder/spi-builder-workspace/.derivedData/Build/Intermediates.noindex/ProximaKit.build/Debug-watchos/ProximaKit-t.build/Objects-normal/arm64_32/ProximaKit.swiftmodule (in target 'ProximaKit' from project 'ProximaKit')
    cd /Users/admin/builder/spi-builder-workspace
    builtin-copy -exclude .DS_Store -exclude CVS -exclude .svn -exclude .git -exclude .hg -resolve-src-symlinks -rename /Users/admin/builder/spi-builder-workspace/.derivedData/Build/Intermediates.noindex/ProximaKit.build/Debug-watchos/ProximaKit-t.build/Objects-normal/arm64_32/ProximaKit.swiftmodule /Users/admin/builder/spi-builder-workspace/.derivedData/Build/Products/Debug-watchos/ProximaKit.swiftmodule/arm64_32-apple-watchos.swiftmodule
Copy /Users/admin/builder/spi-builder-workspace/.derivedData/Build/Products/Debug-watchos/ProximaKit.swiftmodule/arm64_32-apple-watchos.swiftdoc /Users/admin/builder/spi-builder-workspace/.derivedData/Build/Intermediates.noindex/ProximaKit.build/Debug-watchos/ProximaKit-t.build/Objects-normal/arm64_32/ProximaKit.swiftdoc (in target 'ProximaKit' from project 'ProximaKit')
    cd /Users/admin/builder/spi-builder-workspace
    builtin-copy -exclude .DS_Store -exclude CVS -exclude .svn -exclude .git -exclude .hg -resolve-src-symlinks -rename /Users/admin/builder/spi-builder-workspace/.derivedData/Build/Intermediates.noindex/ProximaKit.build/Debug-watchos/ProximaKit-t.build/Objects-normal/arm64_32/ProximaKit.swiftdoc /Users/admin/builder/spi-builder-workspace/.derivedData/Build/Products/Debug-watchos/ProximaKit.swiftmodule/arm64_32-apple-watchos.swiftdoc
Copy /Users/admin/builder/spi-builder-workspace/.derivedData/Build/Products/Debug-watchos/ProximaKit.swiftmodule/arm64_32-apple-watchos.abi.json /Users/admin/builder/spi-builder-workspace/.derivedData/Build/Intermediates.noindex/ProximaKit.build/Debug-watchos/ProximaKit-t.build/Objects-normal/arm64_32/ProximaKit.abi.json (in target 'ProximaKit' from project 'ProximaKit')
    cd /Users/admin/builder/spi-builder-workspace
    builtin-copy -exclude .DS_Store -exclude CVS -exclude .svn -exclude .git -exclude .hg -resolve-src-symlinks -rename /Users/admin/builder/spi-builder-workspace/.derivedData/Build/Intermediates.noindex/ProximaKit.build/Debug-watchos/ProximaKit-t.build/Objects-normal/arm64_32/ProximaKit.abi.json /Users/admin/builder/spi-builder-workspace/.derivedData/Build/Products/Debug-watchos/ProximaKit.swiftmodule/arm64_32-apple-watchos.abi.json
SwiftDriverJobDiscovery normal arm64_32 Compiling SparseIndexPersistence.swift, WALFormat.swift, WALJournal.swift (in target 'ProximaKit' from project 'ProximaKit')
Copy /Users/admin/builder/spi-builder-workspace/.derivedData/Build/Products/Debug-watchos/ProximaKit.swiftmodule/arm64-apple-watchos.swiftmodule /Users/admin/builder/spi-builder-workspace/.derivedData/Build/Intermediates.noindex/ProximaKit.build/Debug-watchos/ProximaKit-t.build/Objects-normal/arm64/ProximaKit.swiftmodule (in target 'ProximaKit' from project 'ProximaKit')
    cd /Users/admin/builder/spi-builder-workspace
    builtin-copy -exclude .DS_Store -exclude CVS -exclude .svn -exclude .git -exclude .hg -resolve-src-symlinks -rename /Users/admin/builder/spi-builder-workspace/.derivedData/Build/Intermediates.noindex/ProximaKit.build/Debug-watchos/ProximaKit-t.build/Objects-normal/arm64/ProximaKit.swiftmodule /Users/admin/builder/spi-builder-workspace/.derivedData/Build/Products/Debug-watchos/ProximaKit.swiftmodule/arm64-apple-watchos.swiftmodule
Copy /Users/admin/builder/spi-builder-workspace/.derivedData/Build/Products/Debug-watchos/ProximaKit.swiftmodule/arm64-apple-watchos.swiftdoc /Users/admin/builder/spi-builder-workspace/.derivedData/Build/Intermediates.noindex/ProximaKit.build/Debug-watchos/ProximaKit-t.build/Objects-normal/arm64/ProximaKit.swiftdoc (in target 'ProximaKit' from project 'ProximaKit')
    cd /Users/admin/builder/spi-builder-workspace
    builtin-copy -exclude .DS_Store -exclude CVS -exclude .svn -exclude .git -exclude .hg -resolve-src-symlinks -rename /Users/admin/builder/spi-builder-workspace/.derivedData/Build/Intermediates.noindex/ProximaKit.build/Debug-watchos/ProximaKit-t.build/Objects-normal/arm64/ProximaKit.swiftdoc /Users/admin/builder/spi-builder-workspace/.derivedData/Build/Products/Debug-watchos/ProximaKit.swiftmodule/arm64-apple-watchos.swiftdoc
Copy /Users/admin/builder/spi-builder-workspace/.derivedData/Build/Products/Debug-watchos/ProximaKit.swiftmodule/arm64-apple-watchos.abi.json /Users/admin/builder/spi-builder-workspace/.derivedData/Build/Intermediates.noindex/ProximaKit.build/Debug-watchos/ProximaKit-t.build/Objects-normal/arm64/ProximaKit.abi.json (in target 'ProximaKit' from project 'ProximaKit')
    cd /Users/admin/builder/spi-builder-workspace
    builtin-copy -exclude .DS_Store -exclude CVS -exclude .svn -exclude .git -exclude .hg -resolve-src-symlinks -rename /Users/admin/builder/spi-builder-workspace/.derivedData/Build/Intermediates.noindex/ProximaKit.build/Debug-watchos/ProximaKit-t.build/Objects-normal/arm64/ProximaKit.abi.json /Users/admin/builder/spi-builder-workspace/.derivedData/Build/Products/Debug-watchos/ProximaKit.swiftmodule/arm64-apple-watchos.abi.json
Copy /Users/admin/builder/spi-builder-workspace/.derivedData/Build/Products/Debug-watchos/ProximaKit.swiftmodule/Project/arm64_32-apple-watchos.swiftsourceinfo /Users/admin/builder/spi-builder-workspace/.derivedData/Build/Intermediates.noindex/ProximaKit.build/Debug-watchos/ProximaKit-t.build/Objects-normal/arm64_32/ProximaKit.swiftsourceinfo (in target 'ProximaKit' from project 'ProximaKit')
    cd /Users/admin/builder/spi-builder-workspace
    builtin-copy -exclude .DS_Store -exclude CVS -exclude .svn -exclude .git -exclude .hg -resolve-src-symlinks -rename /Users/admin/builder/spi-builder-workspace/.derivedData/Build/Intermediates.noindex/ProximaKit.build/Debug-watchos/ProximaKit-t.build/Objects-normal/arm64_32/ProximaKit.swiftsourceinfo /Users/admin/builder/spi-builder-workspace/.derivedData/Build/Products/Debug-watchos/ProximaKit.swiftmodule/Project/arm64_32-apple-watchos.swiftsourceinfo
Copy /Users/admin/builder/spi-builder-workspace/.derivedData/Build/Products/Debug-watchos/ProximaKit.swiftmodule/Project/arm64-apple-watchos.swiftsourceinfo /Users/admin/builder/spi-builder-workspace/.derivedData/Build/Intermediates.noindex/ProximaKit.build/Debug-watchos/ProximaKit-t.build/Objects-normal/arm64/ProximaKit.swiftsourceinfo (in target 'ProximaKit' from project 'ProximaKit')
    cd /Users/admin/builder/spi-builder-workspace
    builtin-copy -exclude .DS_Store -exclude CVS -exclude .svn -exclude .git -exclude .hg -resolve-src-symlinks -rename /Users/admin/builder/spi-builder-workspace/.derivedData/Build/Intermediates.noindex/ProximaKit.build/Debug-watchos/ProximaKit-t.build/Objects-normal/arm64/ProximaKit.swiftsourceinfo /Users/admin/builder/spi-builder-workspace/.derivedData/Build/Products/Debug-watchos/ProximaKit.swiftmodule/Project/arm64-apple-watchos.swiftsourceinfo
SwiftCompile normal arm64 Compiling\ BatchDistance.swift,\ DistanceMetric.swift,\ DistanceMetricType.swift,\ MetalBatchDistance.swift /Users/admin/builder/spi-builder-workspace/Sources/ProximaKit/Distance/BatchDistance.swift /Users/admin/builder/spi-builder-workspace/Sources/ProximaKit/Distance/DistanceMetric.swift /Users/admin/builder/spi-builder-workspace/Sources/ProximaKit/Distance/DistanceMetricType.swift /Users/admin/builder/spi-builder-workspace/Sources/ProximaKit/Distance/MetalBatchDistance.swift (in target 'ProximaKit' from project 'ProximaKit')
SwiftCompile normal arm64 /Users/admin/builder/spi-builder-workspace/Sources/ProximaKit/Distance/BatchDistance.swift (in target 'ProximaKit' from project 'ProximaKit')
    cd /Users/admin/builder/spi-builder-workspace/.swiftpm/xcode
    builtin-SwiftPerFileCompile BatchDistance.swift
SwiftCompile normal arm64 /Users/admin/builder/spi-builder-workspace/Sources/ProximaKit/Distance/DistanceMetric.swift (in target 'ProximaKit' from project 'ProximaKit')
    cd /Users/admin/builder/spi-builder-workspace/.swiftpm/xcode
    builtin-SwiftPerFileCompile DistanceMetric.swift
SwiftCompile normal arm64 /Users/admin/builder/spi-builder-workspace/Sources/ProximaKit/Distance/DistanceMetricType.swift (in target 'ProximaKit' from project 'ProximaKit')
    cd /Users/admin/builder/spi-builder-workspace/.swiftpm/xcode
    builtin-SwiftPerFileCompile DistanceMetricType.swift
SwiftCompile normal arm64 /Users/admin/builder/spi-builder-workspace/Sources/ProximaKit/Distance/MetalBatchDistance.swift (in target 'ProximaKit' from project 'ProximaKit')
    cd /Users/admin/builder/spi-builder-workspace/.swiftpm/xcode
    builtin-SwiftPerFileCompile MetalBatchDistance.swift
SwiftDriverJobDiscovery normal arm64_32 Compiling VectorStore.swift, VectorStoreError.swift, Vector.swift (in target 'ProximaKit' from project 'ProximaKit')
SwiftCompile normal arm64 Compiling\ ScalarQuantizedHNSWIndex.swift,\ ScalarQuantizedHNSWIndexPersistence.swift,\ SparseIndex.swift,\ SparseVectorIndex.swift /Users/admin/builder/spi-builder-workspace/Sources/ProximaKit/Index/ScalarQuantizedHNSWIndex.swift /Users/admin/builder/spi-builder-workspace/Sources/ProximaKit/Index/ScalarQuantizedHNSWIndexPersistence.swift /Users/admin/builder/spi-builder-workspace/Sources/ProximaKit/Index/SparseIndex.swift /Users/admin/builder/spi-builder-workspace/Sources/ProximaKit/Index/SparseVectorIndex.swift (in target 'ProximaKit' from project 'ProximaKit')
SwiftCompile normal arm64 /Users/admin/builder/spi-builder-workspace/Sources/ProximaKit/Index/ScalarQuantizedHNSWIndex.swift (in target 'ProximaKit' from project 'ProximaKit')
    cd /Users/admin/builder/spi-builder-workspace/.swiftpm/xcode
    builtin-SwiftPerFileCompile ScalarQuantizedHNSWIndex.swift
SwiftCompile normal arm64 /Users/admin/builder/spi-builder-workspace/Sources/ProximaKit/Index/ScalarQuantizedHNSWIndexPersistence.swift (in target 'ProximaKit' from project 'ProximaKit')
    cd /Users/admin/builder/spi-builder-workspace/.swiftpm/xcode
    builtin-SwiftPerFileCompile ScalarQuantizedHNSWIndexPersistence.swift
SwiftCompile normal arm64 /Users/admin/builder/spi-builder-workspace/Sources/ProximaKit/Index/SparseIndex.swift (in target 'ProximaKit' from project 'ProximaKit')
    cd /Users/admin/builder/spi-builder-workspace/.swiftpm/xcode
    builtin-SwiftPerFileCompile SparseIndex.swift
SwiftCompile normal arm64 /Users/admin/builder/spi-builder-workspace/Sources/ProximaKit/Index/SparseVectorIndex.swift (in target 'ProximaKit' from project 'ProximaKit')
    cd /Users/admin/builder/spi-builder-workspace/.swiftpm/xcode
    builtin-SwiftPerFileCompile SparseVectorIndex.swift
SwiftCompile normal arm64 Compiling\ VectorIndex.swift,\ MappedVectorRegion.swift,\ PersistenceEngine.swift,\ PersistenceError.swift /Users/admin/builder/spi-builder-workspace/Sources/ProximaKit/Index/VectorIndex.swift /Users/admin/builder/spi-builder-workspace/Sources/ProximaKit/Persistence/MappedVectorRegion.swift /Users/admin/builder/spi-builder-workspace/Sources/ProximaKit/Persistence/PersistenceEngine.swift /Users/admin/builder/spi-builder-workspace/Sources/ProximaKit/Persistence/PersistenceError.swift (in target 'ProximaKit' from project 'ProximaKit')
SwiftCompile normal arm64 /Users/admin/builder/spi-builder-workspace/Sources/ProximaKit/Index/VectorIndex.swift (in target 'ProximaKit' from project 'ProximaKit')
    cd /Users/admin/builder/spi-builder-workspace/.swiftpm/xcode
    builtin-SwiftPerFileCompile VectorIndex.swift
SwiftCompile normal arm64 /Users/admin/builder/spi-builder-workspace/Sources/ProximaKit/Persistence/MappedVectorRegion.swift (in target 'ProximaKit' from project 'ProximaKit')
    cd /Users/admin/builder/spi-builder-workspace/.swiftpm/xcode
    builtin-SwiftPerFileCompile MappedVectorRegion.swift
SwiftCompile normal arm64 /Users/admin/builder/spi-builder-workspace/Sources/ProximaKit/Persistence/PersistenceEngine.swift (in target 'ProximaKit' from project 'ProximaKit')
    cd /Users/admin/builder/spi-builder-workspace/.swiftpm/xcode
    builtin-SwiftPerFileCompile PersistenceEngine.swift
SwiftCompile normal arm64 /Users/admin/builder/spi-builder-workspace/Sources/ProximaKit/Persistence/PersistenceError.swift (in target 'ProximaKit' from project 'ProximaKit')
    cd /Users/admin/builder/spi-builder-workspace/.swiftpm/xcode
    builtin-SwiftPerFileCompile PersistenceError.swift
SwiftDriverJobDiscovery normal arm64_32 Compiling BM25Tokenizer.swift, BruteForceIndex.swift, HNSWIndex.swift, Heap.swift (in target 'ProximaKit' from project 'ProximaKit')
SwiftCompile normal arm64 Compiling\ SparseIndexPersistence.swift,\ WALFormat.swift,\ WALJournal.swift /Users/admin/builder/spi-builder-workspace/Sources/ProximaKit/Persistence/SparseIndexPersistence.swift /Users/admin/builder/spi-builder-workspace/Sources/ProximaKit/Persistence/WALFormat.swift /Users/admin/builder/spi-builder-workspace/Sources/ProximaKit/Persistence/WALJournal.swift (in target 'ProximaKit' from project 'ProximaKit')
SwiftCompile normal arm64 /Users/admin/builder/spi-builder-workspace/Sources/ProximaKit/Persistence/SparseIndexPersistence.swift (in target 'ProximaKit' from project 'ProximaKit')
    cd /Users/admin/builder/spi-builder-workspace/.swiftpm/xcode
    builtin-SwiftPerFileCompile SparseIndexPersistence.swift
SwiftCompile normal arm64 /Users/admin/builder/spi-builder-workspace/Sources/ProximaKit/Persistence/WALFormat.swift (in target 'ProximaKit' from project 'ProximaKit')
    cd /Users/admin/builder/spi-builder-workspace/.swiftpm/xcode
    builtin-SwiftPerFileCompile WALFormat.swift
SwiftCompile normal arm64 /Users/admin/builder/spi-builder-workspace/Sources/ProximaKit/Persistence/WALJournal.swift (in target 'ProximaKit' from project 'ProximaKit')
    cd /Users/admin/builder/spi-builder-workspace/.swiftpm/xcode
    builtin-SwiftPerFileCompile WALJournal.swift
SwiftCompile normal arm64 Compiling\ ProductQuantizerPersistence.swift,\ ScalarQuantizer.swift,\ SearchResult.swift /Users/admin/builder/spi-builder-workspace/Sources/ProximaKit/Quantization/ProductQuantizerPersistence.swift /Users/admin/builder/spi-builder-workspace/Sources/ProximaKit/Quantization/ScalarQuantizer.swift /Users/admin/builder/spi-builder-workspace/Sources/ProximaKit/Query/SearchResult.swift (in target 'ProximaKit' from project 'ProximaKit')
SwiftCompile normal arm64 /Users/admin/builder/spi-builder-workspace/Sources/ProximaKit/Quantization/ProductQuantizerPersistence.swift (in target 'ProximaKit' from project 'ProximaKit')
    cd /Users/admin/builder/spi-builder-workspace/.swiftpm/xcode
    builtin-SwiftPerFileCompile ProductQuantizerPersistence.swift
SwiftCompile normal arm64 /Users/admin/builder/spi-builder-workspace/Sources/ProximaKit/Quantization/ScalarQuantizer.swift (in target 'ProximaKit' from project 'ProximaKit')
    cd /Users/admin/builder/spi-builder-workspace/.swiftpm/xcode
    builtin-SwiftPerFileCompile ScalarQuantizer.swift
SwiftCompile normal arm64 /Users/admin/builder/spi-builder-workspace/Sources/ProximaKit/Query/SearchResult.swift (in target 'ProximaKit' from project 'ProximaKit')
    cd /Users/admin/builder/spi-builder-workspace/.swiftpm/xcode
    builtin-SwiftPerFileCompile SearchResult.swift
SwiftCompile normal arm64 Compiling\ HybridIndex.swift,\ IndexResidency.swift,\ QuantizedHNSWIndex.swift,\ QuantizedHNSWIndexPersistence.swift /Users/admin/builder/spi-builder-workspace/Sources/ProximaKit/Index/HybridIndex.swift /Users/admin/builder/spi-builder-workspace/Sources/ProximaKit/Index/IndexResidency.swift /Users/admin/builder/spi-builder-workspace/Sources/ProximaKit/Index/QuantizedHNSWIndex.swift /Users/admin/builder/spi-builder-workspace/Sources/ProximaKit/Index/QuantizedHNSWIndexPersistence.swift (in target 'ProximaKit' from project 'ProximaKit')
SwiftCompile normal arm64 /Users/admin/builder/spi-builder-workspace/Sources/ProximaKit/Index/HybridIndex.swift (in target 'ProximaKit' from project 'ProximaKit')
    cd /Users/admin/builder/spi-builder-workspace/.swiftpm/xcode
    builtin-SwiftPerFileCompile HybridIndex.swift
SwiftCompile normal arm64 /Users/admin/builder/spi-builder-workspace/Sources/ProximaKit/Index/IndexResidency.swift (in target 'ProximaKit' from project 'ProximaKit')
    cd /Users/admin/builder/spi-builder-workspace/.swiftpm/xcode
    builtin-SwiftPerFileCompile IndexResidency.swift
SwiftCompile normal arm64 /Users/admin/builder/spi-builder-workspace/Sources/ProximaKit/Index/QuantizedHNSWIndex.swift (in target 'ProximaKit' from project 'ProximaKit')
    cd /Users/admin/builder/spi-builder-workspace/.swiftpm/xcode
    builtin-SwiftPerFileCompile QuantizedHNSWIndex.swift
SwiftCompile normal arm64 /Users/admin/builder/spi-builder-workspace/Sources/ProximaKit/Index/QuantizedHNSWIndexPersistence.swift (in target 'ProximaKit' from project 'ProximaKit')
    cd /Users/admin/builder/spi-builder-workspace/.swiftpm/xcode
    builtin-SwiftPerFileCompile QuantizedHNSWIndexPersistence.swift
SwiftDriverJobDiscovery normal arm64_32 Compiling ScalarQuantizedHNSWIndex.swift, ScalarQuantizedHNSWIndexPersistence.swift, SparseIndex.swift, SparseVectorIndex.swift (in target 'ProximaKit' from project 'ProximaKit')
SwiftDriverJobDiscovery normal arm64_32 Compiling HybridIndex.swift, IndexResidency.swift, QuantizedHNSWIndex.swift, QuantizedHNSWIndexPersistence.swift (in target 'ProximaKit' from project 'ProximaKit')
SwiftDriverJobDiscovery normal arm64_32 Compiling VectorIndex.swift, MappedVectorRegion.swift, PersistenceEngine.swift, PersistenceError.swift (in target 'ProximaKit' from project 'ProximaKit')
SwiftCompile normal arm64 Compiling\ ProximaKit.swift,\ ProductQuantizer.swift,\ ProductQuantizerError.swift /Users/admin/builder/spi-builder-workspace/Sources/ProximaKit/ProximaKit.swift /Users/admin/builder/spi-builder-workspace/Sources/ProximaKit/Quantization/ProductQuantizer.swift /Users/admin/builder/spi-builder-workspace/Sources/ProximaKit/Quantization/ProductQuantizerError.swift (in target 'ProximaKit' from project 'ProximaKit')
SwiftCompile normal arm64 /Users/admin/builder/spi-builder-workspace/Sources/ProximaKit/ProximaKit.swift (in target 'ProximaKit' from project 'ProximaKit')
    cd /Users/admin/builder/spi-builder-workspace/.swiftpm/xcode
    builtin-SwiftPerFileCompile ProximaKit.swift
SwiftCompile normal arm64 /Users/admin/builder/spi-builder-workspace/Sources/ProximaKit/Quantization/ProductQuantizer.swift (in target 'ProximaKit' from project 'ProximaKit')
    cd /Users/admin/builder/spi-builder-workspace/.swiftpm/xcode
    builtin-SwiftPerFileCompile ProductQuantizer.swift
SwiftCompile normal arm64 /Users/admin/builder/spi-builder-workspace/Sources/ProximaKit/Quantization/ProductQuantizerError.swift (in target 'ProximaKit' from project 'ProximaKit')
    cd /Users/admin/builder/spi-builder-workspace/.swiftpm/xcode
    builtin-SwiftPerFileCompile ProductQuantizerError.swift
PruneExplicitPrecompiledModules /Users/admin/builder/spi-builder-workspace/.derivedData/SDKExplicitPrecompiledModules
PruneExplicitPrecompiledModules /Users/admin/builder/spi-builder-workspace/.derivedData/Build/Intermediates.noindex/SwiftExplicitPrecompiledModules
PruneExplicitPrecompiledModules /Users/admin/builder/spi-builder-workspace/.derivedData/Build/Intermediates.noindex/ExplicitPrecompiledModules
2026-09-25 22:11:58.560 xcodebuild[884:5417] [MT] IDERunDestination: Supported platforms for the buildables in the current scheme is empty.
** BUILD FAILED **
The following build commands failed:
	SwiftCompile normal arm64_32 Compiling\ BatchDistance.swift,\ DistanceMetric.swift,\ DistanceMetricType.swift,\ MetalBatchDistance.swift /Users/admin/builder/spi-builder-workspace/Sources/ProximaKit/Distance/BatchDistance.swift /Users/admin/builder/spi-builder-workspace/Sources/ProximaKit/Distance/DistanceMetric.swift /Users/admin/builder/spi-builder-workspace/Sources/ProximaKit/Distance/DistanceMetricType.swift /Users/admin/builder/spi-builder-workspace/Sources/ProximaKit/Distance/MetalBatchDistance.swift (in target 'ProximaKit' from project 'ProximaKit')
	SwiftCompile normal arm64_32 /Users/admin/builder/spi-builder-workspace/Sources/ProximaKit/Distance/DistanceMetric.swift (in target 'ProximaKit' from project 'ProximaKit')
	Building workspace ProximaKit with scheme ProximaKit-Package
(3 failures)
Command line invocation:
    /Applications/Xcode-27.0.0-Release.Candidate.app/Contents/Developer/usr/bin/xcodebuild -IDEClonedSourcePackagesDirPathOverride=/Users/admin/builder/spi-builder-workspace/.dependencies -resolvePackageDependencies
Resolve Package Graph
Resolved source packages:
  SwiftDocCPlugin: https://github.com/swiftlang/swift-docc-plugin @ 1.5.0
  SymbolKit: https://github.com/swiftlang/swift-docc-symbolkit @ 1.0.0
  ProximaKit: /Users/admin/builder/spi-builder-workspace
resolved source packages: SwiftDocCPlugin, SymbolKit, ProximaKit
2026-09-25 22:12:17.958 xcodebuild[1104:6628] [MT] IDERunDestination: Supported platforms for the buildables in the current scheme is empty.
{
  "dependencies" : [
    {
      "identity" : "swift-docc-plugin",
      "requirement" : {
        "range" : [
          {
            "lower_bound" : "1.0.0",
            "upper_bound" : "2.0.0"
          }
        ]
      },
      "type" : "sourceControl",
      "url" : "https://github.com/swiftlang/swift-docc-plugin"
    }
  ],
  "manifest_display_name" : "ProximaKit",
  "name" : "ProximaKit",
  "path" : "/Users/admin/builder/spi-builder-workspace",
  "platforms" : [
    {
      "name" : "ios",
      "version" : "17.0"
    },
    {
      "name" : "macos",
      "version" : "14.0"
    },
    {
      "name" : "visionos",
      "version" : "1.0"
    }
  ],
  "products" : [
    {
      "name" : "ProximaKit",
      "targets" : [
        "ProximaKit"
      ],
      "type" : {
        "library" : [
          "automatic"
        ]
      }
    },
    {
      "name" : "ProximaEmbeddings",
      "targets" : [
        "ProximaEmbeddings"
      ],
      "type" : {
        "library" : [
          "automatic"
        ]
      }
    },
    {
      "name" : "OnDeviceRAG",
      "targets" : [
        "OnDeviceRAG"
      ],
      "type" : {
        "executable" : null
      }
    },
    {
      "name" : "WALKillWriter",
      "targets" : [
        "WALKillWriter"
      ],
      "type" : {
        "executable" : null
      }
    },
    {
      "name" : "ProximaDemo",
      "targets" : [
        "ProximaDemo"
      ],
      "type" : {
        "executable" : null
      }
    }
  ],
  "targets" : [
    {
      "c99name" : "WALKillWriter",
      "module_type" : "SwiftTarget",
      "name" : "WALKillWriter",
      "path" : "Sources/WALKillWriter",
      "product_memberships" : [
        "WALKillWriter"
      ],
      "sources" : [
        "main.swift"
      ],
      "target_dependencies" : [
        "ProximaKit"
      ],
      "type" : "executable"
    },
    {
      "c99name" : "ProximaKitTests",
      "module_type" : "SwiftTarget",
      "name" : "ProximaKitTests",
      "path" : "Tests/ProximaKitTests",
      "sources" : [
        "BM25TokenizerDeterminismTests.swift",
        "BruteForceIndexTests.swift",
        "CompactionTests.swift",
        "CompositeEdgeCaseTests.swift",
        "ConcurrencyStressTests.swift",
        "CustomRAGWrapperRecipeTests.swift",
        "DistanceTests.swift",
        "FileExtensionTests.swift",
        "FilteredSearchSelectivityTests.swift",
        "HNSWGraphRepairTests.swift",
        "HNSWGraphSnapshotTests.swift",
        "HNSWTests.swift",
        "HybridIndexTests.swift",
        "HybridVectorStoreTests.swift",
        "MetalBatchDistanceTests.swift",
        "MetalBuildIntegrationDecisionTests.swift",
        "MigrationCrashSafetyTests.swift",
        "MigrationRewriterTests.swift",
        "NewMetricsTests.swift",
        "PQBenchmarkTests.swift",
        "PQDeterminismTests.swift",
        "PQHWFormatV3CorruptionTests.swift",
        "PQHWFormatV3Tests.swift",
        "PQRerankTests.swift",
        "PagedOriginalsCorruptionTests.swift",
        "PagedOriginalsMemoryTests.swift",
        "PagedOriginalsMigrationTests.swift",
        "PagedOriginalsParityTests.swift",
        "PagedVectorCorruptionTests.swift",
        "PagedVectorMemoryTests.swift",
        "PagedVectorParityTests.swift",
        "PersistenceCorruptionTests.swift",
        "PersistenceTests.swift",
        "ProductQuantizerTests.swift",
        "ProximaKitTests.swift",
        "PublicAPICompatibilityTests.swift",
        "QuantizedBuildAlignmentTests.swift",
        "QuantizedHNSWIndexTests.swift",
        "QuantizedReverseAdjacencyTests.swift",
        "RealEmbeddingRecallTests.swift",
        "RecallBenchmarkTests.swift",
        "ResidentRerankBenchTests.swift",
        "ReverseAdjacencyTests.swift",
        "SIMDBenchmarkTests.swift",
        "ScalarQuantizationPersistenceTests.swift",
        "ScalarQuantizedHNSWIndexTests.swift",
        "ScalarQuantizerTests.swift",
        "SeededRandom.swift",
        "SparseIndexTests.swift",
        "StoreAutoCheckpointTests.swift",
        "StoreJournalRecoveryTests.swift",
        "StoreReentrancyTests.swift",
        "TombstoneLivenessTests.swift",
        "VectorStoreTests.swift",
        "VectorTests.swift",
        "VersionConsistencyTests.swift",
        "WALKillRecoveryTests.swift",
        "WALRecoveryTests.swift",
        "WALTruncationSweepTests.swift"
      ],
      "target_dependencies" : [
        "ProximaKit"
      ],
      "type" : "test"
    },
    {
      "c99name" : "ProximaKit",
      "module_type" : "SwiftTarget",
      "name" : "ProximaKit",
      "path" : "Sources/ProximaKit",
      "product_memberships" : [
        "ProximaKit",
        "ProximaEmbeddings",
        "OnDeviceRAG",
        "WALKillWriter",
        "ProximaDemo"
      ],
      "sources" : [
        "Distance/BatchDistance.swift",
        "Distance/DistanceMetric.swift",
        "Distance/DistanceMetricType.swift",
        "Distance/MetalBatchDistance.swift",
        "Index/BM25Tokenizer.swift",
        "Index/BruteForceIndex.swift",
        "Index/HNSWIndex.swift",
        "Index/Heap.swift",
        "Index/HybridIndex.swift",
        "Index/IndexResidency.swift",
        "Index/QuantizedHNSWIndex.swift",
        "Index/QuantizedHNSWIndexPersistence.swift",
        "Index/ScalarQuantizedHNSWIndex.swift",
        "Index/ScalarQuantizedHNSWIndexPersistence.swift",
        "Index/SparseIndex.swift",
        "Index/SparseVectorIndex.swift",
        "Index/VectorIndex.swift",
        "Persistence/MappedVectorRegion.swift",
        "Persistence/PersistenceEngine.swift",
        "Persistence/PersistenceError.swift",
        "Persistence/SparseIndexPersistence.swift",
        "Persistence/WALFormat.swift",
        "Persistence/WALJournal.swift",
        "ProximaKit.swift",
        "Quantization/ProductQuantizer.swift",
        "Quantization/ProductQuantizerError.swift",
        "Quantization/ProductQuantizerPersistence.swift",
        "Quantization/ScalarQuantizer.swift",
        "Query/SearchResult.swift",
        "Store/ChunkMetadata.swift",
        "Store/HybridVectorStore.swift",
        "Store/TextEmbedder.swift",
        "Store/VectorStore.swift",
        "Store/VectorStoreError.swift",
        "Vector.swift"
      ],
      "type" : "library"
    },
    {
      "c99name" : "ProximaEmbeddingsTests",
      "module_type" : "SwiftTarget",
      "name" : "ProximaEmbeddingsTests",
      "path" : "Tests/ProximaEmbeddingsTests",
      "sources" : [
        "CoreMLEmbeddingProviderTests.swift",
        "NLEmbeddingProviderTests.swift",
        "ProximaEmbeddingsTests.swift",
        "VisionEmbeddingProviderTests.swift"
      ],
      "target_dependencies" : [
        "ProximaEmbeddings"
      ],
      "type" : "test"
    },
    {
      "c99name" : "ProximaEmbeddings",
      "module_type" : "SwiftTarget",
      "name" : "ProximaEmbeddings",
      "path" : "Sources/ProximaEmbeddings",
      "product_memberships" : [
        "ProximaEmbeddings",
        "OnDeviceRAG",
        "ProximaDemo"
      ],
      "sources" : [
        "CoreMLEmbeddingProvider.swift",
        "EmbeddingProvider.swift",
        "NLEmbeddingProvider.swift",
        "ProximaEmbeddings.swift",
        "VisionEmbeddingProvider.swift",
        "WordPieceTokenizer.swift"
      ],
      "target_dependencies" : [
        "ProximaKit"
      ],
      "type" : "library"
    },
    {
      "c99name" : "ProximaDemo",
      "module_type" : "SwiftTarget",
      "name" : "ProximaDemo",
      "path" : "Sources/ProximaDemo",
      "product_memberships" : [
        "ProximaDemo"
      ],
      "sources" : [
        "ProximaDemoApp.swift",
        "SampleData.swift"
      ],
      "target_dependencies" : [
        "ProximaKit",
        "ProximaEmbeddings"
      ],
      "type" : "executable"
    },
    {
      "c99name" : "OnDeviceRAG",
      "module_type" : "SwiftTarget",
      "name" : "OnDeviceRAG",
      "path" : "Examples/OnDeviceRAG",
      "product_memberships" : [
        "OnDeviceRAG"
      ],
      "sources" : [
        "LanguageModel.swift",
        "OnDeviceRAG.swift",
        "SampleNotes.swift"
      ],
      "target_dependencies" : [
        "ProximaKit",
        "ProximaEmbeddings"
      ],
      "type" : "executable"
    }
  ],
  "tools_version" : "5.9"
}
{
  "workspace" : {
    "name" : "ProximaKit",
    "schemes" : [
      "OnDeviceRAG",
      "ProximaDemo",
      "ProximaEmbeddings",
      "ProximaKit",
      "ProximaKit-Package",
      "WALKillWriter"
    ]
  }
}
2026-09-25 22:12:25.050 xcodebuild[1162:7009] [MT] IDERunDestination: Supported platforms for the buildables in the current scheme is empty.
Running build ...
env DEVELOPER_DIR=/Applications/Xcode-27.0.0-Release.Candidate.app xcrun xcodebuild -IDEClonedSourcePackagesDirPathOverride=$PWD/.dependencies -skipMacroValidation -skipPackagePluginValidation -derivedDataPath $PWD/.derivedData build -scheme ProximaKit-Package -destination generic/platform=watchOS
Command line invocation:
    /Applications/Xcode-27.0.0-Release.Candidate.app/Contents/Developer/usr/bin/xcodebuild -IDEClonedSourcePackagesDirPathOverride=/Users/admin/builder/spi-builder-workspace/.dependencies -skipMacroValidation -skipPackagePluginValidation -derivedDataPath /Users/admin/builder/spi-builder-workspace/.derivedData build -scheme ProximaKit-Package -destination generic/platform=watchOS
Resolve Package Graph
Resolved source packages:
  ProximaKit: /Users/admin/builder/spi-builder-workspace
  SwiftDocCPlugin: https://github.com/swiftlang/swift-docc-plugin @ 1.5.0
  SymbolKit: https://github.com/swiftlang/swift-docc-symbolkit @ 1.0.0
ComputePackagePrebuildTargetDependencyGraph
Prepare packages
CreateBuildRequest
SendProjectDescription
CreateBuildOperation
ComputeTargetDependencyGraph
note: Building targets in dependency order
note: Target dependency graph (7 targets)
    Target 'ProximaDemo-product' in project 'ProximaKit'
        ➜ Explicit dependency on target 'ProximaKit' in project 'ProximaKit'
        ➜ Explicit dependency on target 'ProximaEmbeddings' in project 'ProximaKit'
    Target 'WALKillWriter-product' in project 'ProximaKit'
        ➜ Explicit dependency on target 'ProximaKit' in project 'ProximaKit'
    Target 'OnDeviceRAG-product' in project 'ProximaKit'
        ➜ Explicit dependency on target 'ProximaKit' in project 'ProximaKit'
        ➜ Explicit dependency on target 'ProximaEmbeddings' in project 'ProximaKit'
    Target 'ProximaEmbeddings-product' in project 'ProximaKit'
        ➜ Explicit dependency on target 'ProximaEmbeddings' in project 'ProximaKit'
        ➜ Explicit dependency on target 'ProximaKit' in project 'ProximaKit'
    Target 'ProximaEmbeddings' in project 'ProximaKit'
        ➜ Explicit dependency on target 'ProximaKit' in project 'ProximaKit'
    Target 'ProximaKit-product' in project 'ProximaKit'
        ➜ Explicit dependency on target 'ProximaKit' in project 'ProximaKit'
    Target 'ProximaKit' in project 'ProximaKit' (no dependencies)
GatherProvisioningInputs
CreateBuildDescription
ClangStatCache /Applications/Xcode-27.0.0-Release.Candidate.app/Contents/Developer/Toolchains/XcodeDefault.xctoolchain/usr/bin/clang-stat-cache /Applications/Xcode-27.0.0-Release.Candidate.app/Contents/Developer/Platforms/WatchOS.platform/Developer/SDKs/WatchOS27.0.sdk /Users/admin/builder/spi-builder-workspace/.derivedData/SDKStatCaches.noindex/watchos27.0-24R360-e829b21a6f8c9b70876ba0858053c04477534ef55a1706bf4c1112bbb242f0a2.sdkstatcache
    cd /Users/admin/builder/spi-builder-workspace/.swiftpm/xcode
    /Applications/Xcode-27.0.0-Release.Candidate.app/Contents/Developer/Toolchains/XcodeDefault.xctoolchain/usr/bin/clang-stat-cache /Applications/Xcode-27.0.0-Release.Candidate.app/Contents/Developer/Platforms/WatchOS.platform/Developer/SDKs/WatchOS27.0.sdk -o /Users/admin/builder/spi-builder-workspace/.derivedData/SDKStatCaches.noindex/watchos27.0-24R360-e829b21a6f8c9b70876ba0858053c04477534ef55a1706bf4c1112bbb242f0a2.sdkstatcache
SwiftDriver ProximaKit normal arm64_32 com.apple.xcode.tools.swift.compiler (in target 'ProximaKit' from project 'ProximaKit')
    cd /Users/admin/builder/spi-builder-workspace/.swiftpm/xcode
    builtin-SwiftDriver -- /Applications/Xcode-27.0.0-Release.Candidate.app/Contents/Developer/Toolchains/XcodeDefault.xctoolchain/usr/bin/swiftc -parse-as-library -module-name ProximaKit -Onone @/Users/admin/builder/spi-builder-workspace/.derivedData/Build/Intermediates.noindex/ProximaKit.build/Debug-watchos/ProximaKit-t.build/Objects-normal/arm64_32/ProximaKit.SwiftFileList -DSWIFT_PACKAGE -DDEBUG -DSWIFT_MODULE_RESOURCE_BUNDLE_UNAVAILABLE -DXcode -enable-experimental-feature StrictConcurrency -plugin-path /Applications/Xcode-27.0.0-Release.Candidate.app/Contents/Developer/Toolchains/XcodeDefault.xctoolchain/usr/lib/swift/host/plugins/testing -enable-experimental-feature DebugDescriptionMacro -sdk /Applications/Xcode-27.0.0-Release.Candidate.app/Contents/Developer/Platforms/WatchOS.platform/Developer/SDKs/WatchOS27.0.sdk -target arm64_32-apple-watchos10.0 -g -module-cache-path /Users/admin/builder/spi-builder-workspace/.derivedData/ModuleCache.noindex -Xfrontend -serialize-debugging-options -profile-coverage-mapping -profile-generate -enable-testing -index-store-path /Users/admin/builder/spi-builder-workspace/.derivedData/Index.noindex/DataStore -Xcc -D_LIBCPP_HARDENING_MODE\=_LIBCPP_HARDENING_MODE_DEBUG -swift-version 5 -I /Users/admin/builder/spi-builder-workspace/.derivedData/Build/Products/Debug-watchos -Isystem /Applications/Xcode-27.0.0-Release.Candidate.app/Contents/Developer/Platforms/WatchOS.platform/Developer/usr/lib -F /Users/admin/builder/spi-builder-workspace/.derivedData/Build/Products/Debug-watchos -F /Applications/Xcode-27.0.0-Release.Candidate.app/Contents/Developer/Platforms/WatchOS.platform/Developer/Library/Frameworks -F /Applications/Xcode-27.0.0-Release.Candidate.app/Contents/Developer/Platforms/WatchOS.platform/Developer/SDKs/WatchOS27.0.sdk/Developer/Library/Frameworks -c -j10 -enable-batch-mode -incremental -Xcc -ivfsstatcache -Xcc /Users/admin/builder/spi-builder-workspace/.derivedData/SDKStatCaches.noindex/watchos27.0-24R360-e829b21a6f8c9b70876ba0858053c04477534ef55a1706bf4c1112bbb242f0a2.sdkstatcache -output-file-map /Users/admin/builder/spi-builder-workspace/.derivedData/Build/Intermediates.noindex/ProximaKit.build/Debug-watchos/ProximaKit-t.build/Objects-normal/arm64_32/ProximaKit-OutputFileMap.json -save-temps -no-color-diagnostics -explicit-module-build -module-cache-path /Users/admin/builder/spi-builder-workspace/.derivedData/Build/Intermediates.noindex/SwiftExplicitPrecompiledModules -clang-scanner-module-cache-path /Users/admin/builder/spi-builder-workspace/.derivedData/ModuleCache.noindex -sdk-module-cache-path /Users/admin/builder/spi-builder-workspace/.derivedData/SDKExplicitPrecompiledModules -emit-dependencies -emit-module -emit-module-path /Users/admin/builder/spi-builder-workspace/.derivedData/Build/Intermediates.noindex/ProximaKit.build/Debug-watchos/ProximaKit-t.build/Objects-normal/arm64_32/ProximaKit.swiftmodule -serialize-diagnostics -dependency-scan-serialize-diagnostics-path /Users/admin/builder/spi-builder-workspace/.derivedData/Build/Intermediates.noindex/ProximaKit.build/Debug-watchos/ProximaKit-t.build/Objects-normal/arm64_32/ProximaKit-dependency-scan.dia -validate-clang-modules-once -clang-build-session-file /Users/admin/builder/spi-builder-workspace/.derivedData/ModuleCache.noindex/Session.modulevalidation -Xcc -fmodules-prune-interval\=86400 -Xcc -fmodules-prune-after\=345600 -package-name spi_builder_workspace -emit-const-values -const-gather-protocols-list /Users/admin/builder/spi-builder-workspace/.derivedData/Build/Intermediates.noindex/ProximaKit.build/Debug-watchos/ProximaKit-t.build/Objects-normal/arm64_32/ProximaKit_const_extract_protocols.json -Xcc -I/Users/admin/builder/spi-builder-workspace/.derivedData/Build/Products/Debug-watchos/include -Xcc -I/Users/admin/builder/spi-builder-workspace/.derivedData/Build/Intermediates.noindex/ProximaKit.build/Debug-watchos/ProximaKit-t.build/DerivedSources-normal/arm64_32 -Xcc -I/Users/admin/builder/spi-builder-workspace/.derivedData/Build/Intermediates.noindex/ProximaKit.build/Debug-watchos/ProximaKit-t.build/DerivedSources/arm64_32 -Xcc -I/Users/admin/builder/spi-builder-workspace/.derivedData/Build/Intermediates.noindex/ProximaKit.build/Debug-watchos/ProximaKit-t.build/DerivedSources -Xcc -DSWIFT_PACKAGE -Xcc -DDEBUG\=1 -emit-objc-header -emit-objc-header-path /Users/admin/builder/spi-builder-workspace/.derivedData/Build/Intermediates.noindex/ProximaKit.build/Debug-watchos/ProximaKit-t.build/Objects-normal/arm64_32/ProximaKit-Swift.h -working-directory /Users/admin/builder/spi-builder-workspace/.swiftpm/xcode -experimental-emit-module-separately -disable-cmo
SwiftDriver ProximaKit normal arm64 com.apple.xcode.tools.swift.compiler (in target 'ProximaKit' from project 'ProximaKit')
    cd /Users/admin/builder/spi-builder-workspace/.swiftpm/xcode
    builtin-SwiftDriver -- /Applications/Xcode-27.0.0-Release.Candidate.app/Contents/Developer/Toolchains/XcodeDefault.xctoolchain/usr/bin/swiftc -parse-as-library -module-name ProximaKit -Onone @/Users/admin/builder/spi-builder-workspace/.derivedData/Build/Intermediates.noindex/ProximaKit.build/Debug-watchos/ProximaKit-t.build/Objects-normal/arm64/ProximaKit.SwiftFileList -DSWIFT_PACKAGE -DDEBUG -DSWIFT_MODULE_RESOURCE_BUNDLE_UNAVAILABLE -DXcode -enable-experimental-feature StrictConcurrency -plugin-path /Applications/Xcode-27.0.0-Release.Candidate.app/Contents/Developer/Toolchains/XcodeDefault.xctoolchain/usr/lib/swift/host/plugins/testing -enable-experimental-feature DebugDescriptionMacro -sdk /Applications/Xcode-27.0.0-Release.Candidate.app/Contents/Developer/Platforms/WatchOS.platform/Developer/SDKs/WatchOS27.0.sdk -target arm64-apple-watchos10.0 -g -module-cache-path /Users/admin/builder/spi-builder-workspace/.derivedData/ModuleCache.noindex -Xfrontend -serialize-debugging-options -profile-coverage-mapping -profile-generate -enable-testing -index-store-path /Users/admin/builder/spi-builder-workspace/.derivedData/Index.noindex/DataStore -Xcc -D_LIBCPP_HARDENING_MODE\=_LIBCPP_HARDENING_MODE_DEBUG -swift-version 5 -I /Users/admin/builder/spi-builder-workspace/.derivedData/Build/Products/Debug-watchos -Isystem /Applications/Xcode-27.0.0-Release.Candidate.app/Contents/Developer/Platforms/WatchOS.platform/Developer/usr/lib -F /Users/admin/builder/spi-builder-workspace/.derivedData/Build/Products/Debug-watchos -F /Applications/Xcode-27.0.0-Release.Candidate.app/Contents/Developer/Platforms/WatchOS.platform/Developer/Library/Frameworks -F /Applications/Xcode-27.0.0-Release.Candidate.app/Contents/Developer/Platforms/WatchOS.platform/Developer/SDKs/WatchOS27.0.sdk/Developer/Library/Frameworks -c -j10 -enable-batch-mode -incremental -Xcc -ivfsstatcache -Xcc /Users/admin/builder/spi-builder-workspace/.derivedData/SDKStatCaches.noindex/watchos27.0-24R360-e829b21a6f8c9b70876ba0858053c04477534ef55a1706bf4c1112bbb242f0a2.sdkstatcache -output-file-map /Users/admin/builder/spi-builder-workspace/.derivedData/Build/Intermediates.noindex/ProximaKit.build/Debug-watchos/ProximaKit-t.build/Objects-normal/arm64/ProximaKit-OutputFileMap.json -save-temps -no-color-diagnostics -explicit-module-build -module-cache-path /Users/admin/builder/spi-builder-workspace/.derivedData/Build/Intermediates.noindex/SwiftExplicitPrecompiledModules -clang-scanner-module-cache-path /Users/admin/builder/spi-builder-workspace/.derivedData/ModuleCache.noindex -sdk-module-cache-path /Users/admin/builder/spi-builder-workspace/.derivedData/SDKExplicitPrecompiledModules -emit-dependencies -emit-module -emit-module-path /Users/admin/builder/spi-builder-workspace/.derivedData/Build/Intermediates.noindex/ProximaKit.build/Debug-watchos/ProximaKit-t.build/Objects-normal/arm64/ProximaKit.swiftmodule -serialize-diagnostics -dependency-scan-serialize-diagnostics-path /Users/admin/builder/spi-builder-workspace/.derivedData/Build/Intermediates.noindex/ProximaKit.build/Debug-watchos/ProximaKit-t.build/Objects-normal/arm64/ProximaKit-dependency-scan.dia -validate-clang-modules-once -clang-build-session-file /Users/admin/builder/spi-builder-workspace/.derivedData/ModuleCache.noindex/Session.modulevalidation -Xcc -fmodules-prune-interval\=86400 -Xcc -fmodules-prune-after\=345600 -package-name spi_builder_workspace -emit-const-values -const-gather-protocols-list /Users/admin/builder/spi-builder-workspace/.derivedData/Build/Intermediates.noindex/ProximaKit.build/Debug-watchos/ProximaKit-t.build/Objects-normal/arm64/ProximaKit_const_extract_protocols.json -Xcc -I/Users/admin/builder/spi-builder-workspace/.derivedData/Build/Products/Debug-watchos/include -Xcc -I/Users/admin/builder/spi-builder-workspace/.derivedData/Build/Intermediates.noindex/ProximaKit.build/Debug-watchos/ProximaKit-t.build/DerivedSources-normal/arm64 -Xcc -I/Users/admin/builder/spi-builder-workspace/.derivedData/Build/Intermediates.noindex/ProximaKit.build/Debug-watchos/ProximaKit-t.build/DerivedSources/arm64 -Xcc -I/Users/admin/builder/spi-builder-workspace/.derivedData/Build/Intermediates.noindex/ProximaKit.build/Debug-watchos/ProximaKit-t.build/DerivedSources -Xcc -DSWIFT_PACKAGE -Xcc -DDEBUG\=1 -emit-objc-header -emit-objc-header-path /Users/admin/builder/spi-builder-workspace/.derivedData/Build/Intermediates.noindex/ProximaKit.build/Debug-watchos/ProximaKit-t.build/Objects-normal/arm64/ProximaKit-Swift.h -working-directory /Users/admin/builder/spi-builder-workspace/.swiftpm/xcode -experimental-emit-module-separately -disable-cmo
SwiftDriver WALKillWriter normal arm64_32 com.apple.xcode.tools.swift.compiler (in target 'WALKillWriter-product' from project 'ProximaKit')
    cd /Users/admin/builder/spi-builder-workspace/.swiftpm/xcode
    builtin-SwiftDriver -- /Applications/Xcode-27.0.0-Release.Candidate.app/Contents/Developer/Toolchains/XcodeDefault.xctoolchain/usr/bin/swiftc -module-name WALKillWriter -Onone @/Users/admin/builder/spi-builder-workspace/.derivedData/Build/Intermediates.noindex/ProximaKit.build/Debug-watchos/WALKillWriter-p.build/Objects-normal/arm64_32/WALKillWriter.SwiftFileList -DSWIFT_PACKAGE -DDEBUG -DXcode -enable-experimental-feature StrictConcurrency -plugin-path /Applications/Xcode-27.0.0-Release.Candidate.app/Contents/Developer/Toolchains/XcodeDefault.xctoolchain/usr/lib/swift/host/plugins/testing -enable-experimental-feature DebugDescriptionMacro -sdk /Applications/Xcode-27.0.0-Release.Candidate.app/Contents/Developer/Platforms/WatchOS.platform/Developer/SDKs/WatchOS27.0.sdk -target arm64_32-apple-watchos10.0 -g -module-cache-path /Users/admin/builder/spi-builder-workspace/.derivedData/ModuleCache.noindex -Xfrontend -serialize-debugging-options -profile-coverage-mapping -profile-generate -enable-testing -index-store-path /Users/admin/builder/spi-builder-workspace/.derivedData/Index.noindex/DataStore -Xcc -D_LIBCPP_HARDENING_MODE\=_LIBCPP_HARDENING_MODE_DEBUG -swift-version 5 -I /Users/admin/builder/spi-builder-workspace/.derivedData/Build/Products/Debug-watchos -Isystem /Applications/Xcode-27.0.0-Release.Candidate.app/Contents/Developer/Platforms/WatchOS.platform/Developer/usr/lib -F /Users/admin/builder/spi-builder-workspace/.derivedData/Build/Products/Debug-watchos/PackageFrameworks -F /Users/admin/builder/spi-builder-workspace/.derivedData/Build/Products/Debug-watchos -F /Applications/Xcode-27.0.0-Release.Candidate.app/Contents/Developer/Platforms/WatchOS.platform/Developer/Library/Frameworks -F /Applications/Xcode-27.0.0-Release.Candidate.app/Contents/Developer/Platforms/WatchOS.platform/Developer/SDKs/WatchOS27.0.sdk/Developer/Library/Frameworks -c -j10 -enable-batch-mode -incremental -Xcc -ivfsstatcache -Xcc /Users/admin/builder/spi-builder-workspace/.derivedData/SDKStatCaches.noindex/watchos27.0-24R360-e829b21a6f8c9b70876ba0858053c04477534ef55a1706bf4c1112bbb242f0a2.sdkstatcache -output-file-map /Users/admin/builder/spi-builder-workspace/.derivedData/Build/Intermediates.noindex/ProximaKit.build/Debug-watchos/WALKillWriter-p.build/Objects-normal/arm64_32/WALKillWriter-OutputFileMap.json -save-temps -no-color-diagnostics -explicit-module-build -module-cache-path /Users/admin/builder/spi-builder-workspace/.derivedData/Build/Intermediates.noindex/SwiftExplicitPrecompiledModules -clang-scanner-module-cache-path /Users/admin/builder/spi-builder-workspace/.derivedData/ModuleCache.noindex -sdk-module-cache-path /Users/admin/builder/spi-builder-workspace/.derivedData/SDKExplicitPrecompiledModules -emit-dependencies -emit-module -emit-module-path /Users/admin/builder/spi-builder-workspace/.derivedData/Build/Intermediates.noindex/ProximaKit.build/Debug-watchos/WALKillWriter-p.build/Objects-normal/arm64_32/WALKillWriter.swiftmodule -serialize-diagnostics -dependency-scan-serialize-diagnostics-path /Users/admin/builder/spi-builder-workspace/.derivedData/Build/Intermediates.noindex/ProximaKit.build/Debug-watchos/WALKillWriter-p.build/Objects-normal/arm64_32/WALKillWriter-dependency-scan.dia -validate-clang-modules-once -clang-build-session-file /Users/admin/builder/spi-builder-workspace/.derivedData/ModuleCache.noindex/Session.modulevalidation -Xcc -fmodules-prune-interval\=86400 -Xcc -fmodules-prune-after\=345600 -package-name spi_builder_workspace -emit-const-values -const-gather-protocols-list /Users/admin/builder/spi-builder-workspace/.derivedData/Build/Intermediates.noindex/ProximaKit.build/Debug-watchos/WALKillWriter-p.build/Objects-normal/arm64_32/WALKillWriter_const_extract_protocols.json -Xcc -I/Users/admin/builder/spi-builder-workspace/.derivedData/Build/Products/Debug-watchos/include -Xcc -I/Users/admin/builder/spi-builder-workspace/.derivedData/Build/Intermediates.noindex/ProximaKit.build/Debug-watchos/WALKillWriter-p.build/DerivedSources-normal/arm64_32 -Xcc -I/Users/admin/builder/spi-builder-workspace/.derivedData/Build/Intermediates.noindex/ProximaKit.build/Debug-watchos/WALKillWriter-p.build/DerivedSources/arm64_32 -Xcc -I/Users/admin/builder/spi-builder-workspace/.derivedData/Build/Intermediates.noindex/ProximaKit.build/Debug-watchos/WALKillWriter-p.build/DerivedSources -Xcc -DSWIFT_PACKAGE -Xcc -DDEBUG\=1 -working-directory /Users/admin/builder/spi-builder-workspace/.swiftpm/xcode -experimental-emit-module-separately -disable-cmo
SwiftDriver WALKillWriter normal arm64 com.apple.xcode.tools.swift.compiler (in target 'WALKillWriter-product' from project 'ProximaKit')
    cd /Users/admin/builder/spi-builder-workspace/.swiftpm/xcode
    builtin-SwiftDriver -- /Applications/Xcode-27.0.0-Release.Candidate.app/Contents/Developer/Toolchains/XcodeDefault.xctoolchain/usr/bin/swiftc -module-name WALKillWriter -Onone @/Users/admin/builder/spi-builder-workspace/.derivedData/Build/Intermediates.noindex/ProximaKit.build/Debug-watchos/WALKillWriter-p.build/Objects-normal/arm64/WALKillWriter.SwiftFileList -DSWIFT_PACKAGE -DDEBUG -DXcode -enable-experimental-feature StrictConcurrency -plugin-path /Applications/Xcode-27.0.0-Release.Candidate.app/Contents/Developer/Toolchains/XcodeDefault.xctoolchain/usr/lib/swift/host/plugins/testing -enable-experimental-feature DebugDescriptionMacro -sdk /Applications/Xcode-27.0.0-Release.Candidate.app/Contents/Developer/Platforms/WatchOS.platform/Developer/SDKs/WatchOS27.0.sdk -target arm64-apple-watchos10.0 -g -module-cache-path /Users/admin/builder/spi-builder-workspace/.derivedData/ModuleCache.noindex -Xfrontend -serialize-debugging-options -profile-coverage-mapping -profile-generate -enable-testing -index-store-path /Users/admin/builder/spi-builder-workspace/.derivedData/Index.noindex/DataStore -Xcc -D_LIBCPP_HARDENING_MODE\=_LIBCPP_HARDENING_MODE_DEBUG -swift-version 5 -I /Users/admin/builder/spi-builder-workspace/.derivedData/Build/Products/Debug-watchos -Isystem /Applications/Xcode-27.0.0-Release.Candidate.app/Contents/Developer/Platforms/WatchOS.platform/Developer/usr/lib -F /Users/admin/builder/spi-builder-workspace/.derivedData/Build/Products/Debug-watchos/PackageFrameworks -F /Users/admin/builder/spi-builder-workspace/.derivedData/Build/Products/Debug-watchos -F /Applications/Xcode-27.0.0-Release.Candidate.app/Contents/Developer/Platforms/WatchOS.platform/Developer/Library/Frameworks -F /Applications/Xcode-27.0.0-Release.Candidate.app/Contents/Developer/Platforms/WatchOS.platform/Developer/SDKs/WatchOS27.0.sdk/Developer/Library/Frameworks -c -j10 -enable-batch-mode -incremental -Xcc -ivfsstatcache -Xcc /Users/admin/builder/spi-builder-workspace/.derivedData/SDKStatCaches.noindex/watchos27.0-24R360-e829b21a6f8c9b70876ba0858053c04477534ef55a1706bf4c1112bbb242f0a2.sdkstatcache -output-file-map /Users/admin/builder/spi-builder-workspace/.derivedData/Build/Intermediates.noindex/ProximaKit.build/Debug-watchos/WALKillWriter-p.build/Objects-normal/arm64/WALKillWriter-OutputFileMap.json -save-temps -no-color-diagnostics -explicit-module-build -module-cache-path /Users/admin/builder/spi-builder-workspace/.derivedData/Build/Intermediates.noindex/SwiftExplicitPrecompiledModules -clang-scanner-module-cache-path /Users/admin/builder/spi-builder-workspace/.derivedData/ModuleCache.noindex -sdk-module-cache-path /Users/admin/builder/spi-builder-workspace/.derivedData/SDKExplicitPrecompiledModules -emit-dependencies -emit-module -emit-module-path /Users/admin/builder/spi-builder-workspace/.derivedData/Build/Intermediates.noindex/ProximaKit.build/Debug-watchos/WALKillWriter-p.build/Objects-normal/arm64/WALKillWriter.swiftmodule -serialize-diagnostics -dependency-scan-serialize-diagnostics-path /Users/admin/builder/spi-builder-workspace/.derivedData/Build/Intermediates.noindex/ProximaKit.build/Debug-watchos/WALKillWriter-p.build/Objects-normal/arm64/WALKillWriter-dependency-scan.dia -validate-clang-modules-once -clang-build-session-file /Users/admin/builder/spi-builder-workspace/.derivedData/ModuleCache.noindex/Session.modulevalidation -Xcc -fmodules-prune-interval\=86400 -Xcc -fmodules-prune-after\=345600 -package-name spi_builder_workspace -emit-const-values -const-gather-protocols-list /Users/admin/builder/spi-builder-workspace/.derivedData/Build/Intermediates.noindex/ProximaKit.build/Debug-watchos/WALKillWriter-p.build/Objects-normal/arm64/WALKillWriter_const_extract_protocols.json -Xcc -I/Users/admin/builder/spi-builder-workspace/.derivedData/Build/Products/Debug-watchos/include -Xcc -I/Users/admin/builder/spi-builder-workspace/.derivedData/Build/Intermediates.noindex/ProximaKit.build/Debug-watchos/WALKillWriter-p.build/DerivedSources-normal/arm64 -Xcc -I/Users/admin/builder/spi-builder-workspace/.derivedData/Build/Intermediates.noindex/ProximaKit.build/Debug-watchos/WALKillWriter-p.build/DerivedSources/arm64 -Xcc -I/Users/admin/builder/spi-builder-workspace/.derivedData/Build/Intermediates.noindex/ProximaKit.build/Debug-watchos/WALKillWriter-p.build/DerivedSources -Xcc -DSWIFT_PACKAGE -Xcc -DDEBUG\=1 -working-directory /Users/admin/builder/spi-builder-workspace/.swiftpm/xcode -experimental-emit-module-separately -disable-cmo
SwiftDriver ProximaEmbeddings normal arm64 com.apple.xcode.tools.swift.compiler (in target 'ProximaEmbeddings' from project 'ProximaKit')
    cd /Users/admin/builder/spi-builder-workspace/.swiftpm/xcode
    builtin-SwiftDriver -- /Applications/Xcode-27.0.0-Release.Candidate.app/Contents/Developer/Toolchains/XcodeDefault.xctoolchain/usr/bin/swiftc -parse-as-library -module-name ProximaEmbeddings -Onone @/Users/admin/builder/spi-builder-workspace/.derivedData/Build/Intermediates.noindex/ProximaKit.build/Debug-watchos/ProximaEmbeddings-t.build/Objects-normal/arm64/ProximaEmbeddings.SwiftFileList -DSWIFT_PACKAGE -DDEBUG -DSWIFT_MODULE_RESOURCE_BUNDLE_UNAVAILABLE -DXcode -enable-experimental-feature StrictConcurrency -plugin-path /Applications/Xcode-27.0.0-Release.Candidate.app/Contents/Developer/Toolchains/XcodeDefault.xctoolchain/usr/lib/swift/host/plugins/testing -enable-experimental-feature DebugDescriptionMacro -sdk /Applications/Xcode-27.0.0-Release.Candidate.app/Contents/Developer/Platforms/WatchOS.platform/Developer/SDKs/WatchOS27.0.sdk -target arm64-apple-watchos10.0 -g -module-cache-path /Users/admin/builder/spi-builder-workspace/.derivedData/ModuleCache.noindex -Xfrontend -serialize-debugging-options -profile-coverage-mapping -profile-generate -enable-testing -index-store-path /Users/admin/builder/spi-builder-workspace/.derivedData/Index.noindex/DataStore -Xcc -D_LIBCPP_HARDENING_MODE\=_LIBCPP_HARDENING_MODE_DEBUG -swift-version 5 -I /Users/admin/builder/spi-builder-workspace/.derivedData/Build/Products/Debug-watchos -Isystem /Applications/Xcode-27.0.0-Release.Candidate.app/Contents/Developer/Platforms/WatchOS.platform/Developer/usr/lib -F /Users/admin/builder/spi-builder-workspace/.derivedData/Build/Products/Debug-watchos/PackageFrameworks -F /Users/admin/builder/spi-builder-workspace/.derivedData/Build/Products/Debug-watchos -F /Applications/Xcode-27.0.0-Release.Candidate.app/Contents/Developer/Platforms/WatchOS.platform/Developer/Library/Frameworks -F /Applications/Xcode-27.0.0-Release.Candidate.app/Contents/Developer/Platforms/WatchOS.platform/Developer/SDKs/WatchOS27.0.sdk/Developer/Library/Frameworks -c -j10 -enable-batch-mode -incremental -Xcc -ivfsstatcache -Xcc /Users/admin/builder/spi-builder-workspace/.derivedData/SDKStatCaches.noindex/watchos27.0-24R360-e829b21a6f8c9b70876ba0858053c04477534ef55a1706bf4c1112bbb242f0a2.sdkstatcache -output-file-map /Users/admin/builder/spi-builder-workspace/.derivedData/Build/Intermediates.noindex/ProximaKit.build/Debug-watchos/ProximaEmbeddings-t.build/Objects-normal/arm64/ProximaEmbeddings-OutputFileMap.json -save-temps -no-color-diagnostics -explicit-module-build -module-cache-path /Users/admin/builder/spi-builder-workspace/.derivedData/Build/Intermediates.noindex/SwiftExplicitPrecompiledModules -clang-scanner-module-cache-path /Users/admin/builder/spi-builder-workspace/.derivedData/ModuleCache.noindex -sdk-module-cache-path /Users/admin/builder/spi-builder-workspace/.derivedData/SDKExplicitPrecompiledModules -emit-dependencies -emit-module -emit-module-path /Users/admin/builder/spi-builder-workspace/.derivedData/Build/Intermediates.noindex/ProximaKit.build/Debug-watchos/ProximaEmbeddings-t.build/Objects-normal/arm64/ProximaEmbeddings.swiftmodule -serialize-diagnostics -dependency-scan-serialize-diagnostics-path /Users/admin/builder/spi-builder-workspace/.derivedData/Build/Intermediates.noindex/ProximaKit.build/Debug-watchos/ProximaEmbeddings-t.build/Objects-normal/arm64/ProximaEmbeddings-dependency-scan.dia -validate-clang-modules-once -clang-build-session-file /Users/admin/builder/spi-builder-workspace/.derivedData/ModuleCache.noindex/Session.modulevalidation -Xcc -fmodules-prune-interval\=86400 -Xcc -fmodules-prune-after\=345600 -package-name spi_builder_workspace -emit-const-values -const-gather-protocols-list /Users/admin/builder/spi-builder-workspace/.derivedData/Build/Intermediates.noindex/ProximaKit.build/Debug-watchos/ProximaEmbeddings-t.build/Objects-normal/arm64/ProximaEmbeddings_const_extract_protocols.json -Xcc -I/Users/admin/builder/spi-builder-workspace/.derivedData/Build/Products/Debug-watchos/include -Xcc -I/Users/admin/builder/spi-builder-workspace/.derivedData/Build/Intermediates.noindex/ProximaKit.build/Debug-watchos/ProximaEmbeddings-t.build/DerivedSources-normal/arm64 -Xcc -I/Users/admin/builder/spi-builder-workspace/.derivedData/Build/Intermediates.noindex/ProximaKit.build/Debug-watchos/ProximaEmbeddings-t.build/DerivedSources/arm64 -Xcc -I/Users/admin/builder/spi-builder-workspace/.derivedData/Build/Intermediates.noindex/ProximaKit.build/Debug-watchos/ProximaEmbeddings-t.build/DerivedSources -Xcc -DSWIFT_PACKAGE -Xcc -DDEBUG\=1 -emit-objc-header -emit-objc-header-path /Users/admin/builder/spi-builder-workspace/.derivedData/Build/Intermediates.noindex/ProximaKit.build/Debug-watchos/ProximaEmbeddings-t.build/Objects-normal/arm64/ProximaEmbeddings-Swift.h -working-directory /Users/admin/builder/spi-builder-workspace/.swiftpm/xcode -experimental-emit-module-separately -disable-cmo
SwiftDriver ProximaEmbeddings normal arm64_32 com.apple.xcode.tools.swift.compiler (in target 'ProximaEmbeddings' from project 'ProximaKit')
    cd /Users/admin/builder/spi-builder-workspace/.swiftpm/xcode
    builtin-SwiftDriver -- /Applications/Xcode-27.0.0-Release.Candidate.app/Contents/Developer/Toolchains/XcodeDefault.xctoolchain/usr/bin/swiftc -parse-as-library -module-name ProximaEmbeddings -Onone @/Users/admin/builder/spi-builder-workspace/.derivedData/Build/Intermediates.noindex/ProximaKit.build/Debug-watchos/ProximaEmbeddings-t.build/Objects-normal/arm64_32/ProximaEmbeddings.SwiftFileList -DSWIFT_PACKAGE -DDEBUG -DSWIFT_MODULE_RESOURCE_BUNDLE_UNAVAILABLE -DXcode -enable-experimental-feature StrictConcurrency -plugin-path /Applications/Xcode-27.0.0-Release.Candidate.app/Contents/Developer/Toolchains/XcodeDefault.xctoolchain/usr/lib/swift/host/plugins/testing -enable-experimental-feature DebugDescriptionMacro -sdk /Applications/Xcode-27.0.0-Release.Candidate.app/Contents/Developer/Platforms/WatchOS.platform/Developer/SDKs/WatchOS27.0.sdk -target arm64_32-apple-watchos10.0 -g -module-cache-path /Users/admin/builder/spi-builder-workspace/.derivedData/ModuleCache.noindex -Xfrontend -serialize-debugging-options -profile-coverage-mapping -profile-generate -enable-testing -index-store-path /Users/admin/builder/spi-builder-workspace/.derivedData/Index.noindex/DataStore -Xcc -D_LIBCPP_HARDENING_MODE\=_LIBCPP_HARDENING_MODE_DEBUG -swift-version 5 -I /Users/admin/builder/spi-builder-workspace/.derivedData/Build/Products/Debug-watchos -Isystem /Applications/Xcode-27.0.0-Release.Candidate.app/Contents/Developer/Platforms/WatchOS.platform/Developer/usr/lib -F /Users/admin/builder/spi-builder-workspace/.derivedData/Build/Products/Debug-watchos/PackageFrameworks -F /Users/admin/builder/spi-builder-workspace/.derivedData/Build/Products/Debug-watchos -F /Applications/Xcode-27.0.0-Release.Candidate.app/Contents/Developer/Platforms/WatchOS.platform/Developer/Library/Frameworks -F /Applications/Xcode-27.0.0-Release.Candidate.app/Contents/Developer/Platforms/WatchOS.platform/Developer/SDKs/WatchOS27.0.sdk/Developer/Library/Frameworks -c -j10 -enable-batch-mode -incremental -Xcc -ivfsstatcache -Xcc /Users/admin/builder/spi-builder-workspace/.derivedData/SDKStatCaches.noindex/watchos27.0-24R360-e829b21a6f8c9b70876ba0858053c04477534ef55a1706bf4c1112bbb242f0a2.sdkstatcache -output-file-map /Users/admin/builder/spi-builder-workspace/.derivedData/Build/Intermediates.noindex/ProximaKit.build/Debug-watchos/ProximaEmbeddings-t.build/Objects-normal/arm64_32/ProximaEmbeddings-OutputFileMap.json -save-temps -no-color-diagnostics -explicit-module-build -module-cache-path /Users/admin/builder/spi-builder-workspace/.derivedData/Build/Intermediates.noindex/SwiftExplicitPrecompiledModules -clang-scanner-module-cache-path /Users/admin/builder/spi-builder-workspace/.derivedData/ModuleCache.noindex -sdk-module-cache-path /Users/admin/builder/spi-builder-workspace/.derivedData/SDKExplicitPrecompiledModules -emit-dependencies -emit-module -emit-module-path /Users/admin/builder/spi-builder-workspace/.derivedData/Build/Intermediates.noindex/ProximaKit.build/Debug-watchos/ProximaEmbeddings-t.build/Objects-normal/arm64_32/ProximaEmbeddings.swiftmodule -serialize-diagnostics -dependency-scan-serialize-diagnostics-path /Users/admin/builder/spi-builder-workspace/.derivedData/Build/Intermediates.noindex/ProximaKit.build/Debug-watchos/ProximaEmbeddings-t.build/Objects-normal/arm64_32/ProximaEmbeddings-dependency-scan.dia -validate-clang-modules-once -clang-build-session-file /Users/admin/builder/spi-builder-workspace/.derivedData/ModuleCache.noindex/Session.modulevalidation -Xcc -fmodules-prune-interval\=86400 -Xcc -fmodules-prune-after\=345600 -package-name spi_builder_workspace -emit-const-values -const-gather-protocols-list /Users/admin/builder/spi-builder-workspace/.derivedData/Build/Intermediates.noindex/ProximaKit.build/Debug-watchos/ProximaEmbeddings-t.build/Objects-normal/arm64_32/ProximaEmbeddings_const_extract_protocols.json -Xcc -I/Users/admin/builder/spi-builder-workspace/.derivedData/Build/Products/Debug-watchos/include -Xcc -I/Users/admin/builder/spi-builder-workspace/.derivedData/Build/Intermediates.noindex/ProximaKit.build/Debug-watchos/ProximaEmbeddings-t.build/DerivedSources-normal/arm64_32 -Xcc -I/Users/admin/builder/spi-builder-workspace/.derivedData/Build/Intermediates.noindex/ProximaKit.build/Debug-watchos/ProximaEmbeddings-t.build/DerivedSources/arm64_32 -Xcc -I/Users/admin/builder/spi-builder-workspace/.derivedData/Build/Intermediates.noindex/ProximaKit.build/Debug-watchos/ProximaEmbeddings-t.build/DerivedSources -Xcc -DSWIFT_PACKAGE -Xcc -DDEBUG\=1 -emit-objc-header -emit-objc-header-path /Users/admin/builder/spi-builder-workspace/.derivedData/Build/Intermediates.noindex/ProximaKit.build/Debug-watchos/ProximaEmbeddings-t.build/Objects-normal/arm64_32/ProximaEmbeddings-Swift.h -working-directory /Users/admin/builder/spi-builder-workspace/.swiftpm/xcode -experimental-emit-module-separately -disable-cmo
SwiftCompile normal arm64 Compiling\ HybridIndex.swift,\ IndexResidency.swift,\ QuantizedHNSWIndex.swift,\ QuantizedHNSWIndexPersistence.swift /Users/admin/builder/spi-builder-workspace/Sources/ProximaKit/Index/HybridIndex.swift /Users/admin/builder/spi-builder-workspace/Sources/ProximaKit/Index/IndexResidency.swift /Users/admin/builder/spi-builder-workspace/Sources/ProximaKit/Index/QuantizedHNSWIndex.swift /Users/admin/builder/spi-builder-workspace/Sources/ProximaKit/Index/QuantizedHNSWIndexPersistence.swift (in target 'ProximaKit' from project 'ProximaKit')
SwiftCompile normal arm64 /Users/admin/builder/spi-builder-workspace/Sources/ProximaKit/Index/HybridIndex.swift (in target 'ProximaKit' from project 'ProximaKit')
    cd /Users/admin/builder/spi-builder-workspace/.swiftpm/xcode
    builtin-SwiftPerFileCompile HybridIndex.swift
SwiftCompile normal arm64 /Users/admin/builder/spi-builder-workspace/Sources/ProximaKit/Index/IndexResidency.swift (in target 'ProximaKit' from project 'ProximaKit')
    cd /Users/admin/builder/spi-builder-workspace/.swiftpm/xcode
    builtin-SwiftPerFileCompile IndexResidency.swift
SwiftCompile normal arm64 /Users/admin/builder/spi-builder-workspace/Sources/ProximaKit/Index/QuantizedHNSWIndex.swift (in target 'ProximaKit' from project 'ProximaKit')
    cd /Users/admin/builder/spi-builder-workspace/.swiftpm/xcode
    builtin-SwiftPerFileCompile QuantizedHNSWIndex.swift
SwiftCompile normal arm64 /Users/admin/builder/spi-builder-workspace/Sources/ProximaKit/Index/QuantizedHNSWIndexPersistence.swift (in target 'ProximaKit' from project 'ProximaKit')
    cd /Users/admin/builder/spi-builder-workspace/.swiftpm/xcode
    builtin-SwiftPerFileCompile QuantizedHNSWIndexPersistence.swift
SwiftCompile normal arm64 Compiling\ BM25Tokenizer.swift,\ BruteForceIndex.swift,\ HNSWIndex.swift,\ Heap.swift /Users/admin/builder/spi-builder-workspace/Sources/ProximaKit/Index/BM25Tokenizer.swift /Users/admin/builder/spi-builder-workspace/Sources/ProximaKit/Index/BruteForceIndex.swift /Users/admin/builder/spi-builder-workspace/Sources/ProximaKit/Index/HNSWIndex.swift /Users/admin/builder/spi-builder-workspace/Sources/ProximaKit/Index/Heap.swift (in target 'ProximaKit' from project 'ProximaKit')
SwiftCompile normal arm64 /Users/admin/builder/spi-builder-workspace/Sources/ProximaKit/Index/BM25Tokenizer.swift (in target 'ProximaKit' from project 'ProximaKit')
    cd /Users/admin/builder/spi-builder-workspace/.swiftpm/xcode
    builtin-SwiftPerFileCompile BM25Tokenizer.swift
SwiftCompile normal arm64 /Users/admin/builder/spi-builder-workspace/Sources/ProximaKit/Index/BruteForceIndex.swift (in target 'ProximaKit' from project 'ProximaKit')
    cd /Users/admin/builder/spi-builder-workspace/.swiftpm/xcode
    builtin-SwiftPerFileCompile BruteForceIndex.swift
SwiftCompile normal arm64 /Users/admin/builder/spi-builder-workspace/Sources/ProximaKit/Index/HNSWIndex.swift (in target 'ProximaKit' from project 'ProximaKit')
    cd /Users/admin/builder/spi-builder-workspace/.swiftpm/xcode
    builtin-SwiftPerFileCompile HNSWIndex.swift
SwiftCompile normal arm64 /Users/admin/builder/spi-builder-workspace/Sources/ProximaKit/Index/Heap.swift (in target 'ProximaKit' from project 'ProximaKit')
    cd /Users/admin/builder/spi-builder-workspace/.swiftpm/xcode
    builtin-SwiftPerFileCompile Heap.swift
SwiftCompile normal arm64 Compiling\ VectorIndex.swift,\ MappedVectorRegion.swift,\ PersistenceEngine.swift,\ PersistenceError.swift /Users/admin/builder/spi-builder-workspace/Sources/ProximaKit/Index/VectorIndex.swift /Users/admin/builder/spi-builder-workspace/Sources/ProximaKit/Persistence/MappedVectorRegion.swift /Users/admin/builder/spi-builder-workspace/Sources/ProximaKit/Persistence/PersistenceEngine.swift /Users/admin/builder/spi-builder-workspace/Sources/ProximaKit/Persistence/PersistenceError.swift (in target 'ProximaKit' from project 'ProximaKit')
SwiftCompile normal arm64 /Users/admin/builder/spi-builder-workspace/Sources/ProximaKit/Index/VectorIndex.swift (in target 'ProximaKit' from project 'ProximaKit')
    cd /Users/admin/builder/spi-builder-workspace/.swiftpm/xcode
    builtin-SwiftPerFileCompile VectorIndex.swift
SwiftCompile normal arm64 /Users/admin/builder/spi-builder-workspace/Sources/ProximaKit/Persistence/MappedVectorRegion.swift (in target 'ProximaKit' from project 'ProximaKit')
    cd /Users/admin/builder/spi-builder-workspace/.swiftpm/xcode
    builtin-SwiftPerFileCompile MappedVectorRegion.swift
SwiftCompile normal arm64 /Users/admin/builder/spi-builder-workspace/Sources/ProximaKit/Persistence/PersistenceEngine.swift (in target 'ProximaKit' from project 'ProximaKit')
    cd /Users/admin/builder/spi-builder-workspace/.swiftpm/xcode
    builtin-SwiftPerFileCompile PersistenceEngine.swift
SwiftCompile normal arm64 /Users/admin/builder/spi-builder-workspace/Sources/ProximaKit/Persistence/PersistenceError.swift (in target 'ProximaKit' from project 'ProximaKit')
    cd /Users/admin/builder/spi-builder-workspace/.swiftpm/xcode
    builtin-SwiftPerFileCompile PersistenceError.swift
SwiftCompile normal arm64 Compiling\ BatchDistance.swift,\ DistanceMetric.swift,\ DistanceMetricType.swift,\ MetalBatchDistance.swift /Users/admin/builder/spi-builder-workspace/Sources/ProximaKit/Distance/BatchDistance.swift /Users/admin/builder/spi-builder-workspace/Sources/ProximaKit/Distance/DistanceMetric.swift /Users/admin/builder/spi-builder-workspace/Sources/ProximaKit/Distance/DistanceMetricType.swift /Users/admin/builder/spi-builder-workspace/Sources/ProximaKit/Distance/MetalBatchDistance.swift (in target 'ProximaKit' from project 'ProximaKit')
SwiftCompile normal arm64 /Users/admin/builder/spi-builder-workspace/Sources/ProximaKit/Distance/BatchDistance.swift (in target 'ProximaKit' from project 'ProximaKit')
    cd /Users/admin/builder/spi-builder-workspace/.swiftpm/xcode
    builtin-SwiftPerFileCompile BatchDistance.swift
SwiftCompile normal arm64 /Users/admin/builder/spi-builder-workspace/Sources/ProximaKit/Distance/DistanceMetric.swift (in target 'ProximaKit' from project 'ProximaKit')
    cd /Users/admin/builder/spi-builder-workspace/.swiftpm/xcode
    builtin-SwiftPerFileCompile DistanceMetric.swift
SwiftCompile normal arm64 /Users/admin/builder/spi-builder-workspace/Sources/ProximaKit/Distance/DistanceMetricType.swift (in target 'ProximaKit' from project 'ProximaKit')
    cd /Users/admin/builder/spi-builder-workspace/.swiftpm/xcode
    builtin-SwiftPerFileCompile DistanceMetricType.swift
SwiftCompile normal arm64 /Users/admin/builder/spi-builder-workspace/Sources/ProximaKit/Distance/MetalBatchDistance.swift (in target 'ProximaKit' from project 'ProximaKit')
    cd /Users/admin/builder/spi-builder-workspace/.swiftpm/xcode
    builtin-SwiftPerFileCompile MetalBatchDistance.swift
SwiftEmitModule normal arm64 Emitting\ module\ for\ ProximaKit (in target 'ProximaKit' from project 'ProximaKit')
SwiftCompile normal arm64 (in target 'ProximaKit' from project 'ProximaKit')
    cd /Users/admin/builder/spi-builder-workspace/.swiftpm/xcode

SwiftCompile normal arm64 Compiling\ VectorStore.swift,\ VectorStoreError.swift,\ Vector.swift /Users/admin/builder/spi-builder-workspace/Sources/ProximaKit/Store/VectorStore.swift /Users/admin/builder/spi-builder-workspace/Sources/ProximaKit/Store/VectorStoreError.swift /Users/admin/builder/spi-builder-workspace/Sources/ProximaKit/Vector.swift (in target 'ProximaKit' from project 'ProximaKit')
SwiftCompile normal arm64 /Users/admin/builder/spi-builder-workspace/Sources/ProximaKit/Store/VectorStore.swift (in target 'ProximaKit' from project 'ProximaKit')
    cd /Users/admin/builder/spi-builder-workspace/.swiftpm/xcode
    builtin-SwiftPerFileCompile VectorStore.swift
SwiftCompile normal arm64 /Users/admin/builder/spi-builder-workspace/Sources/ProximaKit/Store/VectorStoreError.swift (in target 'ProximaKit' from project 'ProximaKit')
    cd /Users/admin/builder/spi-builder-workspace/.swiftpm/xcode
    builtin-SwiftPerFileCompile VectorStoreError.swift
SwiftCompile normal arm64 /Users/admin/builder/spi-builder-workspace/Sources/ProximaKit/Vector.swift (in target 'ProximaKit' from project 'ProximaKit')
    cd /Users/admin/builder/spi-builder-workspace/.swiftpm/xcode
    builtin-SwiftPerFileCompile Vector.swift
SwiftCompile normal arm64 Compiling\ ChunkMetadata.swift,\ HybridVectorStore.swift,\ TextEmbedder.swift /Users/admin/builder/spi-builder-workspace/Sources/ProximaKit/Store/ChunkMetadata.swift /Users/admin/builder/spi-builder-workspace/Sources/ProximaKit/Store/HybridVectorStore.swift /Users/admin/builder/spi-builder-workspace/Sources/ProximaKit/Store/TextEmbedder.swift (in target 'ProximaKit' from project 'ProximaKit')
SwiftCompile normal arm64 /Users/admin/builder/spi-builder-workspace/Sources/ProximaKit/Store/ChunkMetadata.swift (in target 'ProximaKit' from project 'ProximaKit')
    cd /Users/admin/builder/spi-builder-workspace/.swiftpm/xcode
    builtin-SwiftPerFileCompile ChunkMetadata.swift
SwiftCompile normal arm64 /Users/admin/builder/spi-builder-workspace/Sources/ProximaKit/Store/HybridVectorStore.swift (in target 'ProximaKit' from project 'ProximaKit')
    cd /Users/admin/builder/spi-builder-workspace/.swiftpm/xcode
    builtin-SwiftPerFileCompile HybridVectorStore.swift
SwiftCompile normal arm64 /Users/admin/builder/spi-builder-workspace/Sources/ProximaKit/Store/TextEmbedder.swift (in target 'ProximaKit' from project 'ProximaKit')
    cd /Users/admin/builder/spi-builder-workspace/.swiftpm/xcode
    builtin-SwiftPerFileCompile TextEmbedder.swift
SwiftEmitModule normal arm64_32 Emitting\ module\ for\ WALKillWriter (in target 'WALKillWriter-product' from project 'ProximaKit')
SwiftCompile normal arm64_32 (in target 'WALKillWriter-product' from project 'ProximaKit')
    cd /Users/admin/builder/spi-builder-workspace/.swiftpm/xcode

SwiftEmitModule normal arm64 Emitting\ module\ for\ WALKillWriter (in target 'WALKillWriter-product' from project 'ProximaKit')
SwiftCompile normal arm64 (in target 'WALKillWriter-product' from project 'ProximaKit')
    cd /Users/admin/builder/spi-builder-workspace/.swiftpm/xcode

SwiftEmitModule normal arm64_32 Emitting\ module\ for\ ProximaKit (in target 'ProximaKit' from project 'ProximaKit')
SwiftCompile normal arm64_32 (in target 'ProximaKit' from project 'ProximaKit')
    cd /Users/admin/builder/spi-builder-workspace/.swiftpm/xcode

SwiftExplicitDependencyGeneratePcm arm64 /Users/admin/builder/spi-builder-workspace/.derivedData/SDKExplicitPrecompiledModules/ImageIO-208F4GO13XRG67XXLAMH07N4X.pcm
SwiftDriverJobDiscovery normal arm64_32 Emitting module for WALKillWriter (in target 'WALKillWriter-product' from project 'ProximaKit')
SwiftDriver\ Compilation\ Requirements WALKillWriter normal arm64_32 com.apple.xcode.tools.swift.compiler (in target 'WALKillWriter-product' from project 'ProximaKit')
    cd /Users/admin/builder/spi-builder-workspace/.swiftpm/xcode
    builtin-Swift-Compilation-Requirements -- /Applications/Xcode-27.0.0-Release.Candidate.app/Contents/Developer/Toolchains/XcodeDefault.xctoolchain/usr/bin/swiftc -module-name WALKillWriter -Onone @/Users/admin/builder/spi-builder-workspace/.derivedData/Build/Intermediates.noindex/ProximaKit.build/Debug-watchos/WALKillWriter-p.build/Objects-normal/arm64_32/WALKillWriter.SwiftFileList -DSWIFT_PACKAGE -DDEBUG -DXcode -enable-experimental-feature StrictConcurrency -plugin-path /Applications/Xcode-27.0.0-Release.Candidate.app/Contents/Developer/Toolchains/XcodeDefault.xctoolchain/usr/lib/swift/host/plugins/testing -enable-experimental-feature DebugDescriptionMacro -sdk /Applications/Xcode-27.0.0-Release.Candidate.app/Contents/Developer/Platforms/WatchOS.platform/Developer/SDKs/WatchOS27.0.sdk -target arm64_32-apple-watchos10.0 -g -module-cache-path /Users/admin/builder/spi-builder-workspace/.derivedData/ModuleCache.noindex -Xfrontend -serialize-debugging-options -profile-coverage-mapping -profile-generate -enable-testing -index-store-path /Users/admin/builder/spi-builder-workspace/.derivedData/Index.noindex/DataStore -Xcc -D_LIBCPP_HARDENING_MODE\=_LIBCPP_HARDENING_MODE_DEBUG -swift-version 5 -I /Users/admin/builder/spi-builder-workspace/.derivedData/Build/Products/Debug-watchos -Isystem /Applications/Xcode-27.0.0-Release.Candidate.app/Contents/Developer/Platforms/WatchOS.platform/Developer/usr/lib -F /Users/admin/builder/spi-builder-workspace/.derivedData/Build/Products/Debug-watchos/PackageFrameworks -F /Users/admin/builder/spi-builder-workspace/.derivedData/Build/Products/Debug-watchos -F /Applications/Xcode-27.0.0-Release.Candidate.app/Contents/Developer/Platforms/WatchOS.platform/Developer/Library/Frameworks -F /Applications/Xcode-27.0.0-Release.Candidate.app/Contents/Developer/Platforms/WatchOS.platform/Developer/SDKs/WatchOS27.0.sdk/Developer/Library/Frameworks -c -j10 -enable-batch-mode -incremental -Xcc -ivfsstatcache -Xcc /Users/admin/builder/spi-builder-workspace/.derivedData/SDKStatCaches.noindex/watchos27.0-24R360-e829b21a6f8c9b70876ba0858053c04477534ef55a1706bf4c1112bbb242f0a2.sdkstatcache -output-file-map /Users/admin/builder/spi-builder-workspace/.derivedData/Build/Intermediates.noindex/ProximaKit.build/Debug-watchos/WALKillWriter-p.build/Objects-normal/arm64_32/WALKillWriter-OutputFileMap.json -save-temps -no-color-diagnostics -explicit-module-build -module-cache-path /Users/admin/builder/spi-builder-workspace/.derivedData/Build/Intermediates.noindex/SwiftExplicitPrecompiledModules -clang-scanner-module-cache-path /Users/admin/builder/spi-builder-workspace/.derivedData/ModuleCache.noindex -sdk-module-cache-path /Users/admin/builder/spi-builder-workspace/.derivedData/SDKExplicitPrecompiledModules -emit-dependencies -emit-module -emit-module-path /Users/admin/builder/spi-builder-workspace/.derivedData/Build/Intermediates.noindex/ProximaKit.build/Debug-watchos/WALKillWriter-p.build/Objects-normal/arm64_32/WALKillWriter.swiftmodule -serialize-diagnostics -dependency-scan-serialize-diagnostics-path /Users/admin/builder/spi-builder-workspace/.derivedData/Build/Intermediates.noindex/ProximaKit.build/Debug-watchos/WALKillWriter-p.build/Objects-normal/arm64_32/WALKillWriter-dependency-scan.dia -validate-clang-modules-once -clang-build-session-file /Users/admin/builder/spi-builder-workspace/.derivedData/ModuleCache.noindex/Session.modulevalidation -Xcc -fmodules-prune-interval\=86400 -Xcc -fmodules-prune-after\=345600 -package-name spi_builder_workspace -emit-const-values -const-gather-protocols-list /Users/admin/builder/spi-builder-workspace/.derivedData/Build/Intermediates.noindex/ProximaKit.build/Debug-watchos/WALKillWriter-p.build/Objects-normal/arm64_32/WALKillWriter_const_extract_protocols.json -Xcc -I/Users/admin/builder/spi-builder-workspace/.derivedData/Build/Products/Debug-watchos/include -Xcc -I/Users/admin/builder/spi-builder-workspace/.derivedData/Build/Intermediates.noindex/ProximaKit.build/Debug-watchos/WALKillWriter-p.build/DerivedSources-normal/arm64_32 -Xcc -I/Users/admin/builder/spi-builder-workspace/.derivedData/Build/Intermediates.noindex/ProximaKit.build/Debug-watchos/WALKillWriter-p.build/DerivedSources/arm64_32 -Xcc -I/Users/admin/builder/spi-builder-workspace/.derivedData/Build/Intermediates.noindex/ProximaKit.build/Debug-watchos/WALKillWriter-p.build/DerivedSources -Xcc -DSWIFT_PACKAGE -Xcc -DDEBUG\=1 -working-directory /Users/admin/builder/spi-builder-workspace/.swiftpm/xcode -experimental-emit-module-separately -disable-cmo
SwiftDriverJobDiscovery normal arm64 Emitting module for WALKillWriter (in target 'WALKillWriter-product' from project 'ProximaKit')
SwiftDriver\ Compilation\ Requirements WALKillWriter normal arm64 com.apple.xcode.tools.swift.compiler (in target 'WALKillWriter-product' from project 'ProximaKit')
    cd /Users/admin/builder/spi-builder-workspace/.swiftpm/xcode
    builtin-Swift-Compilation-Requirements -- /Applications/Xcode-27.0.0-Release.Candidate.app/Contents/Developer/Toolchains/XcodeDefault.xctoolchain/usr/bin/swiftc -module-name WALKillWriter -Onone @/Users/admin/builder/spi-builder-workspace/.derivedData/Build/Intermediates.noindex/ProximaKit.build/Debug-watchos/WALKillWriter-p.build/Objects-normal/arm64/WALKillWriter.SwiftFileList -DSWIFT_PACKAGE -DDEBUG -DXcode -enable-experimental-feature StrictConcurrency -plugin-path /Applications/Xcode-27.0.0-Release.Candidate.app/Contents/Developer/Toolchains/XcodeDefault.xctoolchain/usr/lib/swift/host/plugins/testing -enable-experimental-feature DebugDescriptionMacro -sdk /Applications/Xcode-27.0.0-Release.Candidate.app/Contents/Developer/Platforms/WatchOS.platform/Developer/SDKs/WatchOS27.0.sdk -target arm64-apple-watchos10.0 -g -module-cache-path /Users/admin/builder/spi-builder-workspace/.derivedData/ModuleCache.noindex -Xfrontend -serialize-debugging-options -profile-coverage-mapping -profile-generate -enable-testing -index-store-path /Users/admin/builder/spi-builder-workspace/.derivedData/Index.noindex/DataStore -Xcc -D_LIBCPP_HARDENING_MODE\=_LIBCPP_HARDENING_MODE_DEBUG -swift-version 5 -I /Users/admin/builder/spi-builder-workspace/.derivedData/Build/Products/Debug-watchos -Isystem /Applications/Xcode-27.0.0-Release.Candidate.app/Contents/Developer/Platforms/WatchOS.platform/Developer/usr/lib -F /Users/admin/builder/spi-builder-workspace/.derivedData/Build/Products/Debug-watchos/PackageFrameworks -F /Users/admin/builder/spi-builder-workspace/.derivedData/Build/Products/Debug-watchos -F /Applications/Xcode-27.0.0-Release.Candidate.app/Contents/Developer/Platforms/WatchOS.platform/Developer/Library/Frameworks -F /Applications/Xcode-27.0.0-Release.Candidate.app/Contents/Developer/Platforms/WatchOS.platform/Developer/SDKs/WatchOS27.0.sdk/Developer/Library/Frameworks -c -j10 -enable-batch-mode -incremental -Xcc -ivfsstatcache -Xcc /Users/admin/builder/spi-builder-workspace/.derivedData/SDKStatCaches.noindex/watchos27.0-24R360-e829b21a6f8c9b70876ba0858053c04477534ef55a1706bf4c1112bbb242f0a2.sdkstatcache -output-file-map /Users/admin/builder/spi-builder-workspace/.derivedData/Build/Intermediates.noindex/ProximaKit.build/Debug-watchos/WALKillWriter-p.build/Objects-normal/arm64/WALKillWriter-OutputFileMap.json -save-temps -no-color-diagnostics -explicit-module-build -module-cache-path /Users/admin/builder/spi-builder-workspace/.derivedData/Build/Intermediates.noindex/SwiftExplicitPrecompiledModules -clang-scanner-module-cache-path /Users/admin/builder/spi-builder-workspace/.derivedData/ModuleCache.noindex -sdk-module-cache-path /Users/admin/builder/spi-builder-workspace/.derivedData/SDKExplicitPrecompiledModules -emit-dependencies -emit-module -emit-module-path /Users/admin/builder/spi-builder-workspace/.derivedData/Build/Intermediates.noindex/ProximaKit.build/Debug-watchos/WALKillWriter-p.build/Objects-normal/arm64/WALKillWriter.swiftmodule -serialize-diagnostics -dependency-scan-serialize-diagnostics-path /Users/admin/builder/spi-builder-workspace/.derivedData/Build/Intermediates.noindex/ProximaKit.build/Debug-watchos/WALKillWriter-p.build/Objects-normal/arm64/WALKillWriter-dependency-scan.dia -validate-clang-modules-once -clang-build-session-file /Users/admin/builder/spi-builder-workspace/.derivedData/ModuleCache.noindex/Session.modulevalidation -Xcc -fmodules-prune-interval\=86400 -Xcc -fmodules-prune-after\=345600 -package-name spi_builder_workspace -emit-const-values -const-gather-protocols-list /Users/admin/builder/spi-builder-workspace/.derivedData/Build/Intermediates.noindex/ProximaKit.build/Debug-watchos/WALKillWriter-p.build/Objects-normal/arm64/WALKillWriter_const_extract_protocols.json -Xcc -I/Users/admin/builder/spi-builder-workspace/.derivedData/Build/Products/Debug-watchos/include -Xcc -I/Users/admin/builder/spi-builder-workspace/.derivedData/Build/Intermediates.noindex/ProximaKit.build/Debug-watchos/WALKillWriter-p.build/DerivedSources-normal/arm64 -Xcc -I/Users/admin/builder/spi-builder-workspace/.derivedData/Build/Intermediates.noindex/ProximaKit.build/Debug-watchos/WALKillWriter-p.build/DerivedSources/arm64 -Xcc -I/Users/admin/builder/spi-builder-workspace/.derivedData/Build/Intermediates.noindex/ProximaKit.build/Debug-watchos/WALKillWriter-p.build/DerivedSources -Xcc -DSWIFT_PACKAGE -Xcc -DDEBUG\=1 -working-directory /Users/admin/builder/spi-builder-workspace/.swiftpm/xcode -experimental-emit-module-separately -disable-cmo
SwiftExplicitDependencyGeneratePcm arm64 /Users/admin/builder/spi-builder-workspace/.derivedData/SDKExplicitPrecompiledModules/QuartzCore-94KFMWNOU7ZLUZNB4T5DLZC9D.pcm
SwiftExplicitDependencyGeneratePcm arm64_32 /Users/admin/builder/spi-builder-workspace/.derivedData/SDKExplicitPrecompiledModules/CoreAudioTypes-9GVB1DHA32M46R4A9NWSI3I2K.pcm
SwiftExplicitDependencyGeneratePcm arm64 /Users/admin/builder/spi-builder-workspace/.derivedData/SDKExplicitPrecompiledModules/CoreML-9IMR58NS6CRUNQL5H60RIBDD8.pcm
SwiftExplicitDependencyGeneratePcm arm64_32 /Users/admin/builder/spi-builder-workspace/.derivedData/SDKExplicitPrecompiledModules/CoreMIDI-8Q3SSIDM9J726670QKKYTPP3W.pcm
SwiftExplicitDependencyGeneratePcm arm64 /Users/admin/builder/spi-builder-workspace/.derivedData/SDKExplicitPrecompiledModules/Vision-5XANX6AK1V549XHH4AWW17PDJ.pcm
SwiftExplicitDependencyGeneratePcm arm64_32 /Users/admin/builder/spi-builder-workspace/.derivedData/SDKExplicitPrecompiledModules/ImageIO-2Y4S05VUFWLNTRW92S35BUMG8.pcm
SwiftExplicitDependencyGeneratePcm arm64 /Users/admin/builder/spi-builder-workspace/.derivedData/SDKExplicitPrecompiledModules/CoreAudioTypes-A9MF7N5LT63G21HNFVM6BT14B.pcm
SwiftExplicitDependencyGeneratePcm arm64_32 /Users/admin/builder/spi-builder-workspace/.derivedData/SDKExplicitPrecompiledModules/UniformTypeIdentifiers-CJZ3NTHPSBH4XWX5EVOG56UZS.pcm
SwiftExplicitDependencyGeneratePcm arm64_32 /Users/admin/builder/spi-builder-workspace/.derivedData/SDKExplicitPrecompiledModules/Compression-4LI7BWTMW76ZLLSQKT5AJYQVL.pcm
SwiftExplicitDependencyGeneratePcm arm64_32 /Users/admin/builder/spi-builder-workspace/.derivedData/SDKExplicitPrecompiledModules/NaturalLanguage-4XVDS3BG5S4PI67KGVDO0D4WV.pcm
SwiftExplicitDependencyGeneratePcm arm64_32 /Users/admin/builder/spi-builder-workspace/.derivedData/SDKExplicitPrecompiledModules/QuartzCore-6375NPYACK5NYVHPMC1QQ8MC2.pcm
SwiftExplicitDependencyGeneratePcm arm64_32 /Users/admin/builder/spi-builder-workspace/.derivedData/SDKExplicitPrecompiledModules/CoreAudio-5W6MX6OUPWBMUR8VD5LHT1PZF.pcm
SwiftExplicitDependencyGeneratePcm arm64 /Users/admin/builder/spi-builder-workspace/.derivedData/SDKExplicitPrecompiledModules/Compression-5JXFQ7U2IJ2UHA3THHV3AF2C6.pcm
SwiftExplicitDependencyGeneratePcm arm64 /Users/admin/builder/spi-builder-workspace/.derivedData/SDKExplicitPrecompiledModules/UniformTypeIdentifiers-8L08Q8DQJV8C4AW84YVGFGTRN.pcm
SwiftExplicitDependencyGeneratePcm arm64_32 /Users/admin/builder/spi-builder-workspace/.derivedData/SDKExplicitPrecompiledModules/CoreMedia-AO387T8CHWTTZODD1DGT0UAFA.pcm
SwiftExplicitDependencyGeneratePcm arm64 /Users/admin/builder/spi-builder-workspace/.derivedData/SDKExplicitPrecompiledModules/NaturalLanguage-DV3Y31LHJV92S5K3XXTFJAJT4.pcm
SwiftExplicitDependencyGeneratePcm arm64_32 /Users/admin/builder/spi-builder-workspace/.derivedData/SDKExplicitPrecompiledModules/Vision-8JD7U36QVYV7P9WXB6ULCJITK.pcm
SwiftExplicitDependencyGeneratePcm arm64 /Users/admin/builder/spi-builder-workspace/.derivedData/SDKExplicitPrecompiledModules/CoreAudio-1B79RJJTP71GE6UY9WLESAN3C.pcm
SwiftExplicitDependencyGeneratePcm arm64_32 /Users/admin/builder/spi-builder-workspace/.derivedData/SDKExplicitPrecompiledModules/CoreML-BTANJPQOKEJF4X1ID6TTJCWEW.pcm
SwiftExplicitDependencyGeneratePcm arm64 /Users/admin/builder/spi-builder-workspace/.derivedData/SDKExplicitPrecompiledModules/CoreMIDI-DMNFPOXYVF7STUO5GNB3DF2BQ.pcm
SwiftCompile normal arm64_32 Compiling\ main.swift /Users/admin/builder/spi-builder-workspace/Sources/WALKillWriter/main.swift (in target 'WALKillWriter-product' from project 'ProximaKit')
SwiftCompile normal arm64_32 /Users/admin/builder/spi-builder-workspace/Sources/WALKillWriter/main.swift (in target 'WALKillWriter-product' from project 'ProximaKit')
    cd /Users/admin/builder/spi-builder-workspace/.swiftpm/xcode
    builtin-SwiftPerFileCompile main.swift
SwiftExplicitDependencyGeneratePcm arm64 /Users/admin/builder/spi-builder-workspace/.derivedData/SDKExplicitPrecompiledModules/CoreMedia-1AJVCUZNAO74KIKMFVFUUHWDI.pcm
SwiftExplicitDependencyGeneratePcm arm64_32 /Users/admin/builder/spi-builder-workspace/.derivedData/SDKExplicitPrecompiledModules/AVFAudio-E592LPPEJNCSUD5VBNV0IP3RS.pcm
SwiftCompile normal arm64 Compiling\ main.swift /Users/admin/builder/spi-builder-workspace/Sources/WALKillWriter/main.swift (in target 'WALKillWriter-product' from project 'ProximaKit')
SwiftCompile normal arm64 /Users/admin/builder/spi-builder-workspace/Sources/WALKillWriter/main.swift (in target 'WALKillWriter-product' from project 'ProximaKit')
    cd /Users/admin/builder/spi-builder-workspace/.swiftpm/xcode
    builtin-SwiftPerFileCompile main.swift
SwiftCompile normal arm64_32 Compiling\ HybridVectorStore.swift /Users/admin/builder/spi-builder-workspace/Sources/ProximaKit/Store/HybridVectorStore.swift (in target 'ProximaKit' from project 'ProximaKit')
SwiftCompile normal arm64_32 /Users/admin/builder/spi-builder-workspace/Sources/ProximaKit/Store/HybridVectorStore.swift (in target 'ProximaKit' from project 'ProximaKit')
    cd /Users/admin/builder/spi-builder-workspace/.swiftpm/xcode
    builtin-SwiftPerFileCompile HybridVectorStore.swift
SwiftExplicitDependencyGeneratePcm arm64 /Users/admin/builder/spi-builder-workspace/.derivedData/SDKExplicitPrecompiledModules/AVFAudio-6A028BJEJQTO3623H6QZ4E26C.pcm
SwiftExplicitDependencyGeneratePcm arm64_32 /Users/admin/builder/spi-builder-workspace/.derivedData/SDKExplicitPrecompiledModules/AVFoundation-EPE1OBOP1126QTAL5QEGZFKYT.pcm
SwiftDriverJobDiscovery normal arm64_32 Compiling main.swift (in target 'WALKillWriter-product' from project 'ProximaKit')
SwiftDriver\ Compilation WALKillWriter normal arm64_32 com.apple.xcode.tools.swift.compiler (in target 'WALKillWriter-product' from project 'ProximaKit')
    cd /Users/admin/builder/spi-builder-workspace/.swiftpm/xcode
    builtin-Swift-Compilation -- /Applications/Xcode-27.0.0-Release.Candidate.app/Contents/Developer/Toolchains/XcodeDefault.xctoolchain/usr/bin/swiftc -module-name WALKillWriter -Onone @/Users/admin/builder/spi-builder-workspace/.derivedData/Build/Intermediates.noindex/ProximaKit.build/Debug-watchos/WALKillWriter-p.build/Objects-normal/arm64_32/WALKillWriter.SwiftFileList -DSWIFT_PACKAGE -DDEBUG -DXcode -enable-experimental-feature StrictConcurrency -plugin-path /Applications/Xcode-27.0.0-Release.Candidate.app/Contents/Developer/Toolchains/XcodeDefault.xctoolchain/usr/lib/swift/host/plugins/testing -enable-experimental-feature DebugDescriptionMacro -sdk /Applications/Xcode-27.0.0-Release.Candidate.app/Contents/Developer/Platforms/WatchOS.platform/Developer/SDKs/WatchOS27.0.sdk -target arm64_32-apple-watchos10.0 -g -module-cache-path /Users/admin/builder/spi-builder-workspace/.derivedData/ModuleCache.noindex -Xfrontend -serialize-debugging-options -profile-coverage-mapping -profile-generate -enable-testing -index-store-path /Users/admin/builder/spi-builder-workspace/.derivedData/Index.noindex/DataStore -Xcc -D_LIBCPP_HARDENING_MODE\=_LIBCPP_HARDENING_MODE_DEBUG -swift-version 5 -I /Users/admin/builder/spi-builder-workspace/.derivedData/Build/Products/Debug-watchos -Isystem /Applications/Xcode-27.0.0-Release.Candidate.app/Contents/Developer/Platforms/WatchOS.platform/Developer/usr/lib -F /Users/admin/builder/spi-builder-workspace/.derivedData/Build/Products/Debug-watchos/PackageFrameworks -F /Users/admin/builder/spi-builder-workspace/.derivedData/Build/Products/Debug-watchos -F /Applications/Xcode-27.0.0-Release.Candidate.app/Contents/Developer/Platforms/WatchOS.platform/Developer/Library/Frameworks -F /Applications/Xcode-27.0.0-Release.Candidate.app/Contents/Developer/Platforms/WatchOS.platform/Developer/SDKs/WatchOS27.0.sdk/Developer/Library/Frameworks -c -j10 -enable-batch-mode -incremental -Xcc -ivfsstatcache -Xcc /Users/admin/builder/spi-builder-workspace/.derivedData/SDKStatCaches.noindex/watchos27.0-24R360-e829b21a6f8c9b70876ba0858053c04477534ef55a1706bf4c1112bbb242f0a2.sdkstatcache -output-file-map /Users/admin/builder/spi-builder-workspace/.derivedData/Build/Intermediates.noindex/ProximaKit.build/Debug-watchos/WALKillWriter-p.build/Objects-normal/arm64_32/WALKillWriter-OutputFileMap.json -save-temps -no-color-diagnostics -explicit-module-build -module-cache-path /Users/admin/builder/spi-builder-workspace/.derivedData/Build/Intermediates.noindex/SwiftExplicitPrecompiledModules -clang-scanner-module-cache-path /Users/admin/builder/spi-builder-workspace/.derivedData/ModuleCache.noindex -sdk-module-cache-path /Users/admin/builder/spi-builder-workspace/.derivedData/SDKExplicitPrecompiledModules -emit-dependencies -emit-module -emit-module-path /Users/admin/builder/spi-builder-workspace/.derivedData/Build/Intermediates.noindex/ProximaKit.build/Debug-watchos/WALKillWriter-p.build/Objects-normal/arm64_32/WALKillWriter.swiftmodule -serialize-diagnostics -dependency-scan-serialize-diagnostics-path /Users/admin/builder/spi-builder-workspace/.derivedData/Build/Intermediates.noindex/ProximaKit.build/Debug-watchos/WALKillWriter-p.build/Objects-normal/arm64_32/WALKillWriter-dependency-scan.dia -validate-clang-modules-once -clang-build-session-file /Users/admin/builder/spi-builder-workspace/.derivedData/ModuleCache.noindex/Session.modulevalidation -Xcc -fmodules-prune-interval\=86400 -Xcc -fmodules-prune-after\=345600 -package-name spi_builder_workspace -emit-const-values -const-gather-protocols-list /Users/admin/builder/spi-builder-workspace/.derivedData/Build/Intermediates.noindex/ProximaKit.build/Debug-watchos/WALKillWriter-p.build/Objects-normal/arm64_32/WALKillWriter_const_extract_protocols.json -Xcc -I/Users/admin/builder/spi-builder-workspace/.derivedData/Build/Products/Debug-watchos/include -Xcc -I/Users/admin/builder/spi-builder-workspace/.derivedData/Build/Intermediates.noindex/ProximaKit.build/Debug-watchos/WALKillWriter-p.build/DerivedSources-normal/arm64_32 -Xcc -I/Users/admin/builder/spi-builder-workspace/.derivedData/Build/Intermediates.noindex/ProximaKit.build/Debug-watchos/WALKillWriter-p.build/DerivedSources/arm64_32 -Xcc -I/Users/admin/builder/spi-builder-workspace/.derivedData/Build/Intermediates.noindex/ProximaKit.build/Debug-watchos/WALKillWriter-p.build/DerivedSources -Xcc -DSWIFT_PACKAGE -Xcc -DDEBUG\=1 -working-directory /Users/admin/builder/spi-builder-workspace/.swiftpm/xcode -experimental-emit-module-separately -disable-cmo
SwiftExplicitDependencyGeneratePcm arm64 /Users/admin/builder/spi-builder-workspace/.derivedData/SDKExplicitPrecompiledModules/AVFoundation-78VW43DHMXH57E9M5JLISD2E9.pcm
SwiftCompile normal arm64_32 Compiling\ MetalBatchDistance.swift /Users/admin/builder/spi-builder-workspace/Sources/ProximaKit/Distance/MetalBatchDistance.swift (in target 'ProximaKit' from project 'ProximaKit')
SwiftCompile normal arm64_32 /Users/admin/builder/spi-builder-workspace/Sources/ProximaKit/Distance/MetalBatchDistance.swift (in target 'ProximaKit' from project 'ProximaKit')
    cd /Users/admin/builder/spi-builder-workspace/.swiftpm/xcode
    builtin-SwiftPerFileCompile MetalBatchDistance.swift
SwiftDriverJobDiscovery normal arm64 Compiling BatchDistance.swift, DistanceMetric.swift, DistanceMetricType.swift, MetalBatchDistance.swift (in target 'ProximaKit' from project 'ProximaKit')
SwiftCompile normal arm64_32 Compiling\ BatchDistance.swift /Users/admin/builder/spi-builder-workspace/Sources/ProximaKit/Distance/BatchDistance.swift (in target 'ProximaKit' from project 'ProximaKit')
SwiftCompile normal arm64_32 /Users/admin/builder/spi-builder-workspace/Sources/ProximaKit/Distance/BatchDistance.swift (in target 'ProximaKit' from project 'ProximaKit')
    cd /Users/admin/builder/spi-builder-workspace/.swiftpm/xcode
    builtin-SwiftPerFileCompile BatchDistance.swift
SwiftDriverJobDiscovery normal arm64 Compiling VectorStore.swift, VectorStoreError.swift, Vector.swift (in target 'ProximaKit' from project 'ProximaKit')
SwiftCompile normal arm64_32 Compiling\ ProximaKit.swift /Users/admin/builder/spi-builder-workspace/Sources/ProximaKit/ProximaKit.swift (in target 'ProximaKit' from project 'ProximaKit')
SwiftCompile normal arm64_32 /Users/admin/builder/spi-builder-workspace/Sources/ProximaKit/ProximaKit.swift (in target 'ProximaKit' from project 'ProximaKit')
    cd /Users/admin/builder/spi-builder-workspace/.swiftpm/xcode
    builtin-SwiftPerFileCompile ProximaKit.swift
SwiftDriverJobDiscovery normal arm64 Compiling ChunkMetadata.swift, HybridVectorStore.swift, TextEmbedder.swift (in target 'ProximaKit' from project 'ProximaKit')
SwiftCompile normal arm64_32 Compiling\ ProductQuantizerError.swift /Users/admin/builder/spi-builder-workspace/Sources/ProximaKit/Quantization/ProductQuantizerError.swift (in target 'ProximaKit' from project 'ProximaKit')
SwiftCompile normal arm64_32 /Users/admin/builder/spi-builder-workspace/Sources/ProximaKit/Quantization/ProductQuantizerError.swift (in target 'ProximaKit' from project 'ProximaKit')
    cd /Users/admin/builder/spi-builder-workspace/.swiftpm/xcode
    builtin-SwiftPerFileCompile ProductQuantizerError.swift
SwiftDriverJobDiscovery normal arm64 Compiling VectorIndex.swift, MappedVectorRegion.swift, PersistenceEngine.swift, PersistenceError.swift (in target 'ProximaKit' from project 'ProximaKit')
SwiftCompile normal arm64_32 Compiling\ TextEmbedder.swift /Users/admin/builder/spi-builder-workspace/Sources/ProximaKit/Store/TextEmbedder.swift (in target 'ProximaKit' from project 'ProximaKit')
SwiftCompile normal arm64_32 /Users/admin/builder/spi-builder-workspace/Sources/ProximaKit/Store/TextEmbedder.swift (in target 'ProximaKit' from project 'ProximaKit')
    cd /Users/admin/builder/spi-builder-workspace/.swiftpm/xcode
    builtin-SwiftPerFileCompile TextEmbedder.swift
SwiftDriverJobDiscovery normal arm64 Compiling HybridIndex.swift, IndexResidency.swift, QuantizedHNSWIndex.swift, QuantizedHNSWIndexPersistence.swift (in target 'ProximaKit' from project 'ProximaKit')
SwiftCompile normal arm64_32 Compiling\ DistanceMetric.swift /Users/admin/builder/spi-builder-workspace/Sources/ProximaKit/Distance/DistanceMetric.swift (in target 'ProximaKit' from project 'ProximaKit')
/Users/admin/builder/spi-builder-workspace/Sources/ProximaKit/Distance/DistanceMetric.swift:390:39: error: cannot convert return expression of type '__CLPK_integer' (aka 'Int') to return type 'Int32'
388 |         // Step 1: LU factorization in place.
389 |         sgetrf_(&rows, &n, &matrix, &lda, &ipiv, &info)
390 |         guard info == 0 else { return info }
    |                                       `- error: cannot convert return expression of type '__CLPK_integer' (aka 'Int') to return type 'Int32'
391 |
392 |         // Step 2: Workspace query, then invert from the LU factors.
/Users/admin/builder/spi-builder-workspace/Sources/ProximaKit/Distance/DistanceMetric.swift:396:39: error: cannot convert return expression of type '__CLPK_integer' (aka 'Int') to return type 'Int32'
394 |         var workQuery: Float = 0
395 |         sgetri_(&n, &matrix, &lda, &ipiv, &workQuery, &lwork, &info)
396 |         guard info == 0 else { return info }
    |                                       `- error: cannot convert return expression of type '__CLPK_integer' (aka 'Int') to return type 'Int32'
397 |
398 |         lwork = __CLPK_integer(workQuery)
/Users/admin/builder/spi-builder-workspace/Sources/ProximaKit/Distance/DistanceMetric.swift:401:16: error: cannot convert return expression of type '__CLPK_integer' (aka 'Int') to return type 'Int32'
399 |         var work = [Float](repeating: 0, count: max(Int(lwork), 1))
400 |         sgetri_(&n, &matrix, &lda, &ipiv, &work, &lwork, &info)
401 |         return info
    |                `- error: cannot convert return expression of type '__CLPK_integer' (aka 'Int') to return type 'Int32'
402 |     }
403 | }
Failed frontend command:
/Applications/Xcode-27.0.0-Release.Candidate.app/Contents/Developer/Toolchains/XcodeDefault.xctoolchain/usr/bin/swift-frontend -frontend -c /Users/admin/builder/spi-builder-workspace/Sources/ProximaKit/Distance/BatchDistance.swift -primary-file /Users/admin/builder/spi-builder-workspace/Sources/ProximaKit/Distance/DistanceMetric.swift /Users/admin/builder/spi-builder-workspace/Sources/ProximaKit/Distance/DistanceMetricType.swift /Users/admin/builder/spi-builder-workspace/Sources/ProximaKit/Distance/MetalBatchDistance.swift /Users/admin/builder/spi-builder-workspace/Sources/ProximaKit/Index/BM25Tokenizer.swift /Users/admin/builder/spi-builder-workspace/Sources/ProximaKit/Index/BruteForceIndex.swift /Users/admin/builder/spi-builder-workspace/Sources/ProximaKit/Index/HNSWIndex.swift /Users/admin/builder/spi-builder-workspace/Sources/ProximaKit/Index/Heap.swift /Users/admin/builder/spi-builder-workspace/Sources/ProximaKit/Index/HybridIndex.swift /Users/admin/builder/spi-builder-workspace/Sources/ProximaKit/Index/IndexResidency.swift /Users/admin/builder/spi-builder-workspace/Sources/ProximaKit/Index/QuantizedHNSWIndex.swift /Users/admin/builder/spi-builder-workspace/Sources/ProximaKit/Index/QuantizedHNSWIndexPersistence.swift /Users/admin/builder/spi-builder-workspace/Sources/ProximaKit/Index/ScalarQuantizedHNSWIndex.swift /Users/admin/builder/spi-builder-workspace/Sources/ProximaKit/Index/ScalarQuantizedHNSWIndexPersistence.swift /Users/admin/builder/spi-builder-workspace/Sources/ProximaKit/Index/SparseIndex.swift /Users/admin/builder/spi-builder-workspace/Sources/ProximaKit/Index/SparseVectorIndex.swift /Users/admin/builder/spi-builder-workspace/Sources/ProximaKit/Index/VectorIndex.swift /Users/admin/builder/spi-builder-workspace/Sources/ProximaKit/Persistence/MappedVectorRegion.swift /Users/admin/builder/spi-builder-workspace/Sources/ProximaKit/Persistence/PersistenceEngine.swift /Users/admin/builder/spi-builder-workspace/Sources/ProximaKit/Persistence/PersistenceError.swift /Users/admin/builder/spi-builder-workspace/Sources/ProximaKit/Persistence/SparseIndexPersistence.swift /Users/admin/builder/spi-builder-workspace/Sources/ProximaKit/Persistence/WALFormat.swift /Users/admin/builder/spi-builder-workspace/Sources/ProximaKit/Persistence/WALJournal.swift /Users/admin/builder/spi-builder-workspace/Sources/ProximaKit/ProximaKit.swift /Users/admin/builder/spi-builder-workspace/Sources/ProximaKit/Quantization/ProductQuantizer.swift /Users/admin/builder/spi-builder-workspace/Sources/ProximaKit/Quantization/ProductQuantizerError.swift /Users/admin/builder/spi-builder-workspace/Sources/ProximaKit/Quantization/ProductQuantizerPersistence.swift /Users/admin/builder/spi-builder-workspace/Sources/ProximaKit/Quantization/ScalarQuantizer.swift /Users/admin/builder/spi-builder-workspace/Sources/ProximaKit/Query/SearchResult.swift /Users/admin/builder/spi-builder-workspace/Sources/ProximaKit/Store/ChunkMetadata.swift /Users/admin/builder/spi-builder-workspace/Sources/ProximaKit/Store/HybridVectorStore.swift /Users/admin/builder/spi-builder-workspace/Sources/ProximaKit/Store/TextEmbedder.swift /Users/admin/builder/spi-builder-workspace/Sources/ProximaKit/Store/VectorStore.swift /Users/admin/builder/spi-builder-workspace/Sources/ProximaKit/Store/VectorStoreError.swift /Users/admin/builder/spi-builder-workspace/Sources/ProximaKit/Vector.swift -emit-dependencies-path /Users/admin/builder/spi-builder-workspace/.derivedData/Build/Intermediates.noindex/ProximaKit.build/Debug-watchos/ProximaKit-t.build/Objects-normal/arm64_32/DistanceMetric.d -emit-const-values-path /Users/admin/builder/spi-builder-workspace/.derivedData/Build/Intermediates.noindex/ProximaKit.build/Debug-watchos/ProximaKit-t.build/Objects-normal/arm64_32/DistanceMetric.swiftconstvalues -emit-reference-dependencies-path /Users/admin/builder/spi-builder-workspace/.derivedData/Build/Intermediates.noindex/ProximaKit.build/Debug-watchos/ProximaKit-t.build/Objects-normal/arm64_32/DistanceMetric.swiftdeps -serialize-diagnostics-path /Users/admin/builder/spi-builder-workspace/.derivedData/Build/Intermediates.noindex/ProximaKit.build/Debug-watchos/ProximaKit-t.build/Objects-normal/arm64_32/DistanceMetric.dia -target arm64_32-apple-watchos10.0 -module-can-import-version Darwin 428.0.10 0 -disable-cross-import-overlay-search -swift-module-cross-import Darwin /Applications/Xcode-27.0.0-Release.Candidate.app/Contents/Developer/Platforms/WatchOS.platform/Developer/SDKs/WatchOS.sdk/usr/include/Darwin.swiftcrossimport/xlocale.swiftoverlay -load-resolved-plugin /Applications/Xcode-27.0.0-Release.Candidate.app/Contents/Developer/Platforms/WatchOS.platform/Developer/usr/lib/swift/host/plugins/libFoundationMacros.dylib\#/Applications/Xcode-27.0.0-Release.Candidate.app/Contents/Developer/Platforms/WatchOS.platform/Developer/usr/bin/swift-plugin-server\#FoundationMacros -load-resolved-plugin /Applications/Xcode-27.0.0-Release.Candidate.app/Contents/Developer/Platforms/WatchOS.platform/Developer/usr/lib/swift/host/plugins/libObservationMacros.dylib\#/Applications/Xcode-27.0.0-Release.Candidate.app/Contents/Developer/Platforms/WatchOS.platform/Developer/usr/bin/swift-plugin-server\#ObservationMacros -load-resolved-plugin /Applications/Xcode-27.0.0-Release.Candidate.app/Contents/Developer/Platforms/WatchOS.platform/Developer/usr/lib/swift/host/plugins/libSwiftMacros.dylib\#/Applications/Xcode-27.0.0-Release.Candidate.app/Contents/Developer/Platforms/WatchOS.platform/Developer/usr/bin/swift-plugin-server\#SwiftMacros -disable-implicit-swift-modules -Xcc -fno-implicit-modules -Xcc -fno-implicit-module-maps -explicit-swift-module-map-file /Users/admin/builder/spi-builder-workspace/.derivedData/Build/Intermediates.noindex/ProximaKit.build/Debug-watchos/ProximaKit-t.build/Objects-normal/arm64_32/ProximaKit-dependencies-2.json -enable-objc-interop -sdk /Applications/Xcode-27.0.0-Release.Candidate.app/Contents/Developer/Platforms/WatchOS.platform/Developer/SDKs/WatchOS27.0.sdk -I /Users/admin/builder/spi-builder-workspace/.derivedData/Build/Products/Debug-watchos -Isystem /Applications/Xcode-27.0.0-Release.Candidate.app/Contents/Developer/Platforms/WatchOS.platform/Developer/usr/lib -F /Users/admin/builder/spi-builder-workspace/.derivedData/Build/Products/Debug-watchos -F /Applications/Xcode-27.0.0-Release.Candidate.app/Contents/Developer/Platforms/WatchOS.platform/Developer/Library/Frameworks -F /Applications/Xcode-27.0.0-Release.Candidate.app/Contents/Developer/Platforms/WatchOS.platform/Developer/SDKs/WatchOS27.0.sdk/Developer/Library/Frameworks -module-cache-path /Users/admin/builder/spi-builder-workspace/.derivedData/Build/Intermediates.noindex/SwiftExplicitPrecompiledModules -no-color-diagnostics -Xcc -fno-color-diagnostics -enable-testing -g -debug-info-format\=dwarf -dwarf-version\=4 -profile-generate -profile-coverage-mapping -swift-version 5 -Onone -D SWIFT_PACKAGE -D DEBUG -D SWIFT_MODULE_RESOURCE_BUNDLE_UNAVAILABLE -D Xcode -serialize-debugging-options -enable-experimental-feature StrictConcurrency -enable-experimental-feature DebugDescriptionMacro -empty-abi-descriptor -validate-clang-modules-once -clang-build-session-file /Users/admin/builder/spi-builder-workspace/.derivedData/ModuleCache.noindex/Session.modulevalidation -Xcc -working-directory -Xcc /Users/admin/builder/spi-builder-workspace/.swiftpm/xcode -enable-anonymous-context-mangled-names -file-compilation-dir /Users/admin/builder/spi-builder-workspace/.swiftpm/xcode -Xcc -D_LIBCPP_HARDENING_MODE\=_LIBCPP_HARDENING_MODE_DEBUG -Xcc -ivfsstatcache -Xcc /Users/admin/builder/spi-builder-workspace/.derivedData/SDKStatCaches.noindex/watchos27.0-24R360-e829b21a6f8c9b70876ba0858053c04477534ef55a1706bf4c1112bbb242f0a2.sdkstatcache -Xcc -fmodules-prune-interval\=86400 -Xcc -fmodules-prune-after\=345600 -Xcc -I/Users/admin/builder/spi-builder-workspace/.derivedData/Build/Products/Debug-watchos/include -Xcc -I/Users/admin/builder/spi-builder-workspace/.derivedData/Build/Intermediates.noindex/ProximaKit.build/Debug-watchos/ProximaKit-t.build/DerivedSources-normal/arm64_32 -Xcc -I/Users/admin/builder/spi-builder-workspace/.derivedData/Build/Intermediates.noindex/ProximaKit.build/Debug-watchos/ProximaKit-t.build/DerivedSources/arm64_32 -Xcc -I/Users/admin/builder/spi-builder-workspace/.derivedData/Build/Intermediates.noindex/ProximaKit.build/Debug-watchos/ProximaKit-t.build/DerivedSources -Xcc -DSWIFT_PACKAGE -Xcc -DDEBUG\=1 -no-auto-bridging-header-chaining -module-name ProximaKit -package-name spi_builder_workspace -const-gather-protocols-file /Users/admin/builder/spi-builder-workspace/.derivedData/Build/Intermediates.noindex/ProximaKit.build/Debug-watchos/ProximaKit-t.build/Objects-normal/arm64_32/ProximaKit_const_extract_protocols.json -disable-clang-spi -clang-target arm64_32-apple-watchos27.0 -target-sdk-version 27.0 -target-sdk-name watchos27.0 -in-process-plugin-server-path /Applications/Xcode-27.0.0-Release.Candidate.app/Contents/Developer/Toolchains/XcodeDefault.xctoolchain/usr/lib/swift/host/libSwiftInProcPluginServer.dylib -parse-as-library -o /Users/admin/builder/spi-builder-workspace/.derivedData/Build/Intermediates.noindex/ProximaKit.build/Debug-watchos/ProximaKit-t.build/Objects-normal/arm64_32/DistanceMetric.o -debug-module-path /Users/admin/builder/spi-builder-workspace/.derivedData/Build/Intermediates.noindex/ProximaKit.build/Debug-watchos/ProximaKit-t.build/Objects-normal/arm64_32/ProximaKit.swiftmodule -index-unit-output-path /ProximaKit.build/Debug-watchos/ProximaKit-t.build/Objects-normal/arm64_32/DistanceMetric.o -index-store-path /Users/admin/builder/spi-builder-workspace/.derivedData/Index.noindex/DataStore -index-system-modules
SwiftCompile normal arm64_32 /Users/admin/builder/spi-builder-workspace/Sources/ProximaKit/Distance/DistanceMetric.swift (in target 'ProximaKit' from project 'ProximaKit')
    cd /Users/admin/builder/spi-builder-workspace/.swiftpm/xcode
    builtin-SwiftPerFileCompile DistanceMetric.swift
SwiftDriverJobDiscovery normal arm64 Compiling BM25Tokenizer.swift, BruteForceIndex.swift, HNSWIndex.swift, Heap.swift (in target 'ProximaKit' from project 'ProximaKit')
SwiftCompile normal arm64 Compiling\ ProximaKit.swift,\ ProductQuantizer.swift,\ ProductQuantizerError.swift /Users/admin/builder/spi-builder-workspace/Sources/ProximaKit/ProximaKit.swift /Users/admin/builder/spi-builder-workspace/Sources/ProximaKit/Quantization/ProductQuantizer.swift /Users/admin/builder/spi-builder-workspace/Sources/ProximaKit/Quantization/ProductQuantizerError.swift (in target 'ProximaKit' from project 'ProximaKit')
SwiftCompile normal arm64 /Users/admin/builder/spi-builder-workspace/Sources/ProximaKit/ProximaKit.swift (in target 'ProximaKit' from project 'ProximaKit')
    cd /Users/admin/builder/spi-builder-workspace/.swiftpm/xcode
    builtin-SwiftPerFileCompile ProximaKit.swift
SwiftCompile normal arm64 /Users/admin/builder/spi-builder-workspace/Sources/ProximaKit/Quantization/ProductQuantizer.swift (in target 'ProximaKit' from project 'ProximaKit')
    cd /Users/admin/builder/spi-builder-workspace/.swiftpm/xcode
    builtin-SwiftPerFileCompile ProductQuantizer.swift
SwiftCompile normal arm64 /Users/admin/builder/spi-builder-workspace/Sources/ProximaKit/Quantization/ProductQuantizerError.swift (in target 'ProximaKit' from project 'ProximaKit')
    cd /Users/admin/builder/spi-builder-workspace/.swiftpm/xcode
    builtin-SwiftPerFileCompile ProductQuantizerError.swift
SwiftDriverJobDiscovery normal arm64_32 Compiling HybridVectorStore.swift (in target 'ProximaKit' from project 'ProximaKit')
SwiftCompile normal arm64 Compiling\ ScalarQuantizedHNSWIndex.swift,\ ScalarQuantizedHNSWIndexPersistence.swift,\ SparseIndex.swift,\ SparseVectorIndex.swift /Users/admin/builder/spi-builder-workspace/Sources/ProximaKit/Index/ScalarQuantizedHNSWIndex.swift /Users/admin/builder/spi-builder-workspace/Sources/ProximaKit/Index/ScalarQuantizedHNSWIndexPersistence.swift /Users/admin/builder/spi-builder-workspace/Sources/ProximaKit/Index/SparseIndex.swift /Users/admin/builder/spi-builder-workspace/Sources/ProximaKit/Index/SparseVectorIndex.swift (in target 'ProximaKit' from project 'ProximaKit')
SwiftCompile normal arm64 /Users/admin/builder/spi-builder-workspace/Sources/ProximaKit/Index/ScalarQuantizedHNSWIndex.swift (in target 'ProximaKit' from project 'ProximaKit')
    cd /Users/admin/builder/spi-builder-workspace/.swiftpm/xcode
    builtin-SwiftPerFileCompile ScalarQuantizedHNSWIndex.swift
SwiftCompile normal arm64 /Users/admin/builder/spi-builder-workspace/Sources/ProximaKit/Index/ScalarQuantizedHNSWIndexPersistence.swift (in target 'ProximaKit' from project 'ProximaKit')
    cd /Users/admin/builder/spi-builder-workspace/.swiftpm/xcode
    builtin-SwiftPerFileCompile ScalarQuantizedHNSWIndexPersistence.swift
SwiftCompile normal arm64 /Users/admin/builder/spi-builder-workspace/Sources/ProximaKit/Index/SparseIndex.swift (in target 'ProximaKit' from project 'ProximaKit')
    cd /Users/admin/builder/spi-builder-workspace/.swiftpm/xcode
    builtin-SwiftPerFileCompile SparseIndex.swift
SwiftCompile normal arm64 /Users/admin/builder/spi-builder-workspace/Sources/ProximaKit/Index/SparseVectorIndex.swift (in target 'ProximaKit' from project 'ProximaKit')
    cd /Users/admin/builder/spi-builder-workspace/.swiftpm/xcode
    builtin-SwiftPerFileCompile SparseVectorIndex.swift
SwiftDriverJobDiscovery normal arm64 Compiling main.swift (in target 'WALKillWriter-product' from project 'ProximaKit')
SwiftDriver\ Compilation WALKillWriter normal arm64 com.apple.xcode.tools.swift.compiler (in target 'WALKillWriter-product' from project 'ProximaKit')
    cd /Users/admin/builder/spi-builder-workspace/.swiftpm/xcode
    builtin-Swift-Compilation -- /Applications/Xcode-27.0.0-Release.Candidate.app/Contents/Developer/Toolchains/XcodeDefault.xctoolchain/usr/bin/swiftc -module-name WALKillWriter -Onone @/Users/admin/builder/spi-builder-workspace/.derivedData/Build/Intermediates.noindex/ProximaKit.build/Debug-watchos/WALKillWriter-p.build/Objects-normal/arm64/WALKillWriter.SwiftFileList -DSWIFT_PACKAGE -DDEBUG -DXcode -enable-experimental-feature StrictConcurrency -plugin-path /Applications/Xcode-27.0.0-Release.Candidate.app/Contents/Developer/Toolchains/XcodeDefault.xctoolchain/usr/lib/swift/host/plugins/testing -enable-experimental-feature DebugDescriptionMacro -sdk /Applications/Xcode-27.0.0-Release.Candidate.app/Contents/Developer/Platforms/WatchOS.platform/Developer/SDKs/WatchOS27.0.sdk -target arm64-apple-watchos10.0 -g -module-cache-path /Users/admin/builder/spi-builder-workspace/.derivedData/ModuleCache.noindex -Xfrontend -serialize-debugging-options -profile-coverage-mapping -profile-generate -enable-testing -index-store-path /Users/admin/builder/spi-builder-workspace/.derivedData/Index.noindex/DataStore -Xcc -D_LIBCPP_HARDENING_MODE\=_LIBCPP_HARDENING_MODE_DEBUG -swift-version 5 -I /Users/admin/builder/spi-builder-workspace/.derivedData/Build/Products/Debug-watchos -Isystem /Applications/Xcode-27.0.0-Release.Candidate.app/Contents/Developer/Platforms/WatchOS.platform/Developer/usr/lib -F /Users/admin/builder/spi-builder-workspace/.derivedData/Build/Products/Debug-watchos/PackageFrameworks -F /Users/admin/builder/spi-builder-workspace/.derivedData/Build/Products/Debug-watchos -F /Applications/Xcode-27.0.0-Release.Candidate.app/Contents/Developer/Platforms/WatchOS.platform/Developer/Library/Frameworks -F /Applications/Xcode-27.0.0-Release.Candidate.app/Contents/Developer/Platforms/WatchOS.platform/Developer/SDKs/WatchOS27.0.sdk/Developer/Library/Frameworks -c -j10 -enable-batch-mode -incremental -Xcc -ivfsstatcache -Xcc /Users/admin/builder/spi-builder-workspace/.derivedData/SDKStatCaches.noindex/watchos27.0-24R360-e829b21a6f8c9b70876ba0858053c04477534ef55a1706bf4c1112bbb242f0a2.sdkstatcache -output-file-map /Users/admin/builder/spi-builder-workspace/.derivedData/Build/Intermediates.noindex/ProximaKit.build/Debug-watchos/WALKillWriter-p.build/Objects-normal/arm64/WALKillWriter-OutputFileMap.json -save-temps -no-color-diagnostics -explicit-module-build -module-cache-path /Users/admin/builder/spi-builder-workspace/.derivedData/Build/Intermediates.noindex/SwiftExplicitPrecompiledModules -clang-scanner-module-cache-path /Users/admin/builder/spi-builder-workspace/.derivedData/ModuleCache.noindex -sdk-module-cache-path /Users/admin/builder/spi-builder-workspace/.derivedData/SDKExplicitPrecompiledModules -emit-dependencies -emit-module -emit-module-path /Users/admin/builder/spi-builder-workspace/.derivedData/Build/Intermediates.noindex/ProximaKit.build/Debug-watchos/WALKillWriter-p.build/Objects-normal/arm64/WALKillWriter.swiftmodule -serialize-diagnostics -dependency-scan-serialize-diagnostics-path /Users/admin/builder/spi-builder-workspace/.derivedData/Build/Intermediates.noindex/ProximaKit.build/Debug-watchos/WALKillWriter-p.build/Objects-normal/arm64/WALKillWriter-dependency-scan.dia -validate-clang-modules-once -clang-build-session-file /Users/admin/builder/spi-builder-workspace/.derivedData/ModuleCache.noindex/Session.modulevalidation -Xcc -fmodules-prune-interval\=86400 -Xcc -fmodules-prune-after\=345600 -package-name spi_builder_workspace -emit-const-values -const-gather-protocols-list /Users/admin/builder/spi-builder-workspace/.derivedData/Build/Intermediates.noindex/ProximaKit.build/Debug-watchos/WALKillWriter-p.build/Objects-normal/arm64/WALKillWriter_const_extract_protocols.json -Xcc -I/Users/admin/builder/spi-builder-workspace/.derivedData/Build/Products/Debug-watchos/include -Xcc -I/Users/admin/builder/spi-builder-workspace/.derivedData/Build/Intermediates.noindex/ProximaKit.build/Debug-watchos/WALKillWriter-p.build/DerivedSources-normal/arm64 -Xcc -I/Users/admin/builder/spi-builder-workspace/.derivedData/Build/Intermediates.noindex/ProximaKit.build/Debug-watchos/WALKillWriter-p.build/DerivedSources/arm64 -Xcc -I/Users/admin/builder/spi-builder-workspace/.derivedData/Build/Intermediates.noindex/ProximaKit.build/Debug-watchos/WALKillWriter-p.build/DerivedSources -Xcc -DSWIFT_PACKAGE -Xcc -DDEBUG\=1 -working-directory /Users/admin/builder/spi-builder-workspace/.swiftpm/xcode -experimental-emit-module-separately -disable-cmo
SwiftDriverJobDiscovery normal arm64_32 Compiling ProximaKit.swift (in target 'ProximaKit' from project 'ProximaKit')
SwiftCompile normal arm64_32 Compiling\ ProductQuantizer.swift /Users/admin/builder/spi-builder-workspace/Sources/ProximaKit/Quantization/ProductQuantizer.swift (in target 'ProximaKit' from project 'ProximaKit')
SwiftCompile normal arm64_32 /Users/admin/builder/spi-builder-workspace/Sources/ProximaKit/Quantization/ProductQuantizer.swift (in target 'ProximaKit' from project 'ProximaKit')
    cd /Users/admin/builder/spi-builder-workspace/.swiftpm/xcode
    builtin-SwiftPerFileCompile ProductQuantizer.swift
SwiftCompile normal arm64_32 Compiling\ VectorStore.swift /Users/admin/builder/spi-builder-workspace/Sources/ProximaKit/Store/VectorStore.swift (in target 'ProximaKit' from project 'ProximaKit')
SwiftCompile normal arm64_32 /Users/admin/builder/spi-builder-workspace/Sources/ProximaKit/Store/VectorStore.swift (in target 'ProximaKit' from project 'ProximaKit')
    cd /Users/admin/builder/spi-builder-workspace/.swiftpm/xcode
    builtin-SwiftPerFileCompile VectorStore.swift
SwiftEmitModule normal arm64_32 Emitting\ module\ for\ ProximaEmbeddings (in target 'ProximaEmbeddings' from project 'ProximaKit')
SwiftCompile normal arm64_32 (in target 'ProximaEmbeddings' from project 'ProximaKit')
    cd /Users/admin/builder/spi-builder-workspace/.swiftpm/xcode

SwiftEmitModule normal arm64 Emitting\ module\ for\ ProximaEmbeddings (in target 'ProximaEmbeddings' from project 'ProximaKit')
SwiftCompile normal arm64 (in target 'ProximaEmbeddings' from project 'ProximaKit')
    cd /Users/admin/builder/spi-builder-workspace/.swiftpm/xcode

SwiftDriverJobDiscovery normal arm64_32 Compiling ProductQuantizerError.swift (in target 'ProximaKit' from project 'ProximaKit')
SwiftCompile normal arm64_32 Compiling\ PersistenceEngine.swift /Users/admin/builder/spi-builder-workspace/Sources/ProximaKit/Persistence/PersistenceEngine.swift (in target 'ProximaKit' from project 'ProximaKit')
SwiftCompile normal arm64_32 /Users/admin/builder/spi-builder-workspace/Sources/ProximaKit/Persistence/PersistenceEngine.swift (in target 'ProximaKit' from project 'ProximaKit')
    cd /Users/admin/builder/spi-builder-workspace/.swiftpm/xcode
    builtin-SwiftPerFileCompile PersistenceEngine.swift
SwiftDriverJobDiscovery normal arm64_32 Compiling TextEmbedder.swift (in target 'ProximaKit' from project 'ProximaKit')
SwiftCompile normal arm64 Compiling\ SparseIndexPersistence.swift,\ WALFormat.swift,\ WALJournal.swift /Users/admin/builder/spi-builder-workspace/Sources/ProximaKit/Persistence/SparseIndexPersistence.swift /Users/admin/builder/spi-builder-workspace/Sources/ProximaKit/Persistence/WALFormat.swift /Users/admin/builder/spi-builder-workspace/Sources/ProximaKit/Persistence/WALJournal.swift (in target 'ProximaKit' from project 'ProximaKit')
SwiftCompile normal arm64 /Users/admin/builder/spi-builder-workspace/Sources/ProximaKit/Persistence/SparseIndexPersistence.swift (in target 'ProximaKit' from project 'ProximaKit')
    cd /Users/admin/builder/spi-builder-workspace/.swiftpm/xcode
    builtin-SwiftPerFileCompile SparseIndexPersistence.swift
SwiftCompile normal arm64 /Users/admin/builder/spi-builder-workspace/Sources/ProximaKit/Persistence/WALFormat.swift (in target 'ProximaKit' from project 'ProximaKit')
    cd /Users/admin/builder/spi-builder-workspace/.swiftpm/xcode
    builtin-SwiftPerFileCompile WALFormat.swift
SwiftCompile normal arm64 /Users/admin/builder/spi-builder-workspace/Sources/ProximaKit/Persistence/WALJournal.swift (in target 'ProximaKit' from project 'ProximaKit')
    cd /Users/admin/builder/spi-builder-workspace/.swiftpm/xcode
    builtin-SwiftPerFileCompile WALJournal.swift
SwiftDriverJobDiscovery normal arm64_32 Compiling MetalBatchDistance.swift (in target 'ProximaKit' from project 'ProximaKit')
SwiftCompile normal arm64_32 Compiling\ ChunkMetadata.swift /Users/admin/builder/spi-builder-workspace/Sources/ProximaKit/Store/ChunkMetadata.swift (in target 'ProximaKit' from project 'ProximaKit')
SwiftCompile normal arm64_32 /Users/admin/builder/spi-builder-workspace/Sources/ProximaKit/Store/ChunkMetadata.swift (in target 'ProximaKit' from project 'ProximaKit')
    cd /Users/admin/builder/spi-builder-workspace/.swiftpm/xcode
    builtin-SwiftPerFileCompile ChunkMetadata.swift
PruneExplicitPrecompiledModules /Users/admin/builder/spi-builder-workspace/.derivedData/Build/Intermediates.noindex/SwiftExplicitPrecompiledModules
PruneExplicitPrecompiledModules /Users/admin/builder/spi-builder-workspace/.derivedData/Build/Intermediates.noindex/ExplicitPrecompiledModules
PruneExplicitPrecompiledModules /Users/admin/builder/spi-builder-workspace/.derivedData/SDKExplicitPrecompiledModules
2026-09-25 22:12:31.907 xcodebuild[1213:7359] [MT] IDERunDestination: Supported platforms for the buildables in the current scheme is empty.
** BUILD FAILED **
The following build commands failed:
	SwiftCompile normal arm64_32 Compiling\ DistanceMetric.swift /Users/admin/builder/spi-builder-workspace/Sources/ProximaKit/Distance/DistanceMetric.swift (in target 'ProximaKit' from project 'ProximaKit')
	SwiftCompile normal arm64_32 /Users/admin/builder/spi-builder-workspace/Sources/ProximaKit/Distance/DistanceMetric.swift (in target 'ProximaKit' from project 'ProximaKit')
	Building workspace ProximaKit with scheme ProximaKit-Package
(3 failures)
BUILD FAILURE 6.4 watchOS