Build Information
Failed to build DewdropAPI, reference main (b5fe7a), with Swift 6.4 for watchOS using Xcode 27.0 on 22 Sep 2026 08:38:41 UTC.
Build Command
No build command. This typically means the build failed at an early stage where we determine the build command.Build Log
========================================
RunAll
========================================
Builder version: 5.1.0
Interrupt handler set up.
========================================
Checkout
========================================
Clone URL: https://github.com/Fleuronic/DewdropAPI.git
Reference: main
Initialized empty Git repository in /Users/admin/builder/spi-builder-workspace/.git/
From https://github.com/Fleuronic/DewdropAPI
* branch main -> FETCH_HEAD
* [new branch] main -> origin/main
HEAD is now at b5fe7a1 Update dependencies
Cloned https://github.com/Fleuronic/DewdropAPI.git
Revision (git rev-parse @):
b5fe7a16106a0f7033ec76c5096ef666a7e4dc86
SUCCESS checkout https://github.com/Fleuronic/DewdropAPI.git at main
========================================
Build
========================================
Selected platform: watchOS
Swift version: 6.4
Building package at path: $PWD
https://github.com/Fleuronic/DewdropAPI.git
Command line invocation:
/Applications/Xcode-27.0.0-Release.Candidate.app/Contents/Developer/usr/bin/xcodebuild -IDEClonedSourcePackagesDirPathOverride=/Users/admin/builder/spi-builder-workspace/.dependencies -resolvePackageDependencies
Resolve Package Graph
the package at '/Users/admin/builder/DewdropService' cannot be accessed (/Users/admin/builder/DewdropService doesn't exist in file system)
Resolve Package Graph
the package at '/Users/admin/builder/DewdropService' cannot be accessed (/Users/admin/builder/DewdropService doesn't exist in file system)
Resolved source packages:
spi-builder-workspace: (null)
2026-09-22 04:38:39.951 xcodebuild[525:3023] Writing error result bundle to /var/folders/xq/y_g06wb113726d38xsyx71_h0000gn/T/ResultBundle_2026-22-09_04-38-0039.xcresult
xcodebuild: error: Could not resolve package dependencies:
the package at '/Users/admin/builder/DewdropService' cannot be accessed (/Users/admin/builder/DewdropService doesn't exist in file system)
Command line invocation:
/Applications/Xcode-27.0.0-Release.Candidate.app/Contents/Developer/usr/bin/xcodebuild -IDEClonedSourcePackagesDirPathOverride=/Users/admin/builder/spi-builder-workspace/.dependencies -resolvePackageDependencies
Resolve Package Graph
the package at '/Users/admin/builder/DewdropService' cannot be accessed (/Users/admin/builder/DewdropService doesn't exist in file system)
Resolved source packages:
spi-builder-workspace: (null)
2026-09-22 04:38:41.035 xcodebuild[593:3622] Writing error result bundle to /var/folders/xq/y_g06wb113726d38xsyx71_h0000gn/T/ResultBundle_2026-22-09_04-38-0041.xcresult
xcodebuild: error: Could not resolve package dependencies:
the package at '/Users/admin/builder/DewdropService' cannot be accessed (/Users/admin/builder/DewdropService doesn't exist in file system)
BUILD FAILURE 6.4 watchOS