The Swift Package Index logo.Swift Package Index

Build Information

Failed to build ProtoKit, reference master (6b7cc5), with Swift 6.3 for watchOS using Xcode 26.4 on 3 Sep 2026 10:12:15 UTC.

Build Command

env DEVELOPER_DIR=/Applications/Xcode-26.5.0.app xcrun xcodebuild -IDEClonedSourcePackagesDirPathOverride=$PWD/.dependencies -skipMacroValidation -skipPackagePluginValidation -derivedDataPath $PWD/.derivedData build -scheme ProtoKit -destination generic/platform=watchOS

Build Log

========================================
RunAll
========================================
Builder version: 5.0.2
Interrupt handler set up.
========================================
Checkout
========================================
Clone URL: https://github.com/moximillian/protokit.git
Reference: master
Initialized empty Git repository in /Users/admin/builder/spi-builder-workspace/.git/
From https://github.com/moximillian/protokit
 * branch            master     -> FETCH_HEAD
 * [new branch]      master     -> origin/master
HEAD is now at 6b7cc59 Update deprecated API usages
Cloned https://github.com/moximillian/protokit.git
Revision (git rev-parse @):
6b7cc5970810209d1e6c6d757976c97400c93527
SUCCESS checkout https://github.com/moximillian/protokit.git at master
========================================
Build
========================================
Selected platform:         watchOS
Swift version:             6.3
Building package at path:  $PWD
https://github.com/moximillian/protokit.git
Command line invocation:
    /Applications/Xcode-26.5.0.app/Contents/Developer/usr/bin/xcodebuild -IDEClonedSourcePackagesDirPathOverride=/Users/admin/builder/spi-builder-workspace/.dependencies -resolvePackageDependencies
Resolve Package Graph
Resolve Package Graph
Resolved source packages:
  ProtoKit: /Users/admin/builder/spi-builder-workspace
resolved source packages: ProtoKit
2026-09-03 06:11:55.215 xcodebuild[534:3048] [MT] IDERunDestination: Supported platforms for the buildables in the current scheme is empty.
{
  "dependencies" : [
  ],
  "manifest_display_name" : "ProtoKit",
  "name" : "ProtoKit",
  "path" : "/Users/admin/builder/spi-builder-workspace",
  "platforms" : [
    {
      "name" : "macos",
      "version" : "26.0"
    },
    {
      "name" : "ios",
      "version" : "26.0"
    },
    {
      "name" : "tvos",
      "version" : "26.0"
    }
  ],
  "products" : [
    {
      "name" : "ProtoKit",
      "targets" : [
        "ProtoKit"
      ],
      "type" : {
        "library" : [
          "automatic"
        ]
      }
    }
  ],
  "targets" : [
    {
      "c99name" : "ProtoKitTests",
      "module_type" : "SwiftTarget",
      "name" : "ProtoKitTests",
      "path" : ".",
      "sources" : [
        "Tests/ClosurableTests.swift",
        "Tests/KVOTests.swift",
        "Tests/NotificationServiceTests.swift",
        "Tests/SelfPresentableTests.swift",
        "Tests/UnifiedCollectionTests.swift"
      ],
      "target_dependencies" : [
        "ProtoKit"
      ],
      "type" : "test"
    },
    {
      "c99name" : "ProtoKit",
      "module_type" : "SwiftTarget",
      "name" : "ProtoKit",
      "path" : ".",
      "product_memberships" : [
        "ProtoKit"
      ],
      "sources" : [
        "Sources/ProtoKit/AssociatedObjectStore.swift",
        "Sources/ProtoKit/Closurable.swift",
        "Sources/ProtoKit/Configurable.swift",
        "Sources/ProtoKit/Error.swift",
        "Sources/ProtoKit/Extensions.swift",
        "Sources/ProtoKit/Instantiable.swift",
        "Sources/ProtoKit/KVO.swift",
        "Sources/ProtoKit/NotificationService.swift",
        "Sources/ProtoKit/SegueHandlerType.swift",
        "Sources/ProtoKit/SelfPresentable.swift",
        "Sources/ProtoKit/SwiftUI/Arrow.swift",
        "Sources/ProtoKit/SwiftUI/CircleShape.swift",
        "Sources/ProtoKit/SwiftUI/Line.swift",
        "Sources/ProtoKit/SwiftUI/ProgressText.swift",
        "Sources/ProtoKit/SwiftUI/SwiftUIExtensions.swift",
        "Sources/ProtoKit/UnifiedCollection.swift"
      ],
      "type" : "library"
    }
  ],
  "tools_version" : "6.3.2"
}
{
  "workspace" : {
    "name" : "spi-builder-workspace",
    "schemes" : [
      "ProtoKit"
    ]
  }
}
2026-09-03 06:12:03.007 xcodebuild[653:3909] [MT] IDERunDestination: Supported platforms for the buildables in the current scheme is empty.
Running build ...
env DEVELOPER_DIR=/Applications/Xcode-26.5.0.app xcrun xcodebuild -IDEClonedSourcePackagesDirPathOverride=$PWD/.dependencies -skipMacroValidation -skipPackagePluginValidation -derivedDataPath $PWD/.derivedData build -scheme ProtoKit -destination generic/platform=watchOS
Command line invocation:
    /Applications/Xcode-26.5.0.app/Contents/Developer/usr/bin/xcodebuild -IDEClonedSourcePackagesDirPathOverride=/Users/admin/builder/spi-builder-workspace/.dependencies -skipMacroValidation -skipPackagePluginValidation -derivedDataPath /Users/admin/builder/spi-builder-workspace/.derivedData build -scheme ProtoKit -destination generic/platform=watchOS
Resolve Package Graph
Resolved source packages:
  ProtoKit: /Users/admin/builder/spi-builder-workspace
ComputePackagePrebuildTargetDependencyGraph
Prepare packages
CreateBuildRequest
SendProjectDescription
CreateBuildOperation
ComputeTargetDependencyGraph
note: Building targets in dependency order
note: Target dependency graph (2 targets)
    Target 'ProtoKit' in project 'ProtoKit'
        ➜ Explicit dependency on target 'ProtoKit' in project 'ProtoKit'
    Target 'ProtoKit' in project 'ProtoKit' (no dependencies)
GatherProvisioningInputs
CreateBuildDescription
ExecuteExternalTool /Applications/Xcode-26.5.0.app/Contents/Developer/Toolchains/XcodeDefault.xctoolchain/usr/bin/clang -v -E -dM -isysroot /Applications/Xcode-26.5.0.app/Contents/Developer/Platforms/WatchOS.platform/Developer/SDKs/WatchOS26.5.sdk -x c -c /dev/null
ExecuteExternalTool /Applications/Xcode-26.5.0.app/Contents/Developer/Toolchains/XcodeDefault.xctoolchain/usr/bin/swiftc --version
ExecuteExternalTool /Applications/Xcode-26.5.0.app/Contents/Developer/Toolchains/XcodeDefault.xctoolchain/usr/bin/ld -version_details
Build description signature: d023c04bbb75dee2bb49dcd39e0b5791
Build description path: /Users/admin/builder/spi-builder-workspace/.derivedData/Build/Intermediates.noindex/XCBuildData/d023c04bbb75dee2bb49dcd39e0b5791.xcbuilddata
CreateBuildDirectory /Users/admin/builder/spi-builder-workspace/.derivedData/Build/Intermediates.noindex
    cd /Users/admin/builder/spi-builder-workspace/.swiftpm/xcode
    builtin-create-build-directory /Users/admin/builder/spi-builder-workspace/.derivedData/Build/Intermediates.noindex
CreateBuildDirectory /Users/admin/builder/spi-builder-workspace/.derivedData/Build/Products
    cd /Users/admin/builder/spi-builder-workspace/.swiftpm/xcode
    builtin-create-build-directory /Users/admin/builder/spi-builder-workspace/.derivedData/Build/Products
ClangStatCache /Applications/Xcode-26.5.0.app/Contents/Developer/Toolchains/XcodeDefault.xctoolchain/usr/bin/clang-stat-cache /Applications/Xcode-26.5.0.app/Contents/Developer/Platforms/WatchOS.platform/Developer/SDKs/WatchOS26.5.sdk /Users/admin/builder/spi-builder-workspace/.derivedData/SDKStatCaches.noindex/watchos26.5-23T570-688ef53f1462e2c8f657fdc38a81448f7931b973dfc65d9472806dbbc3af9379.sdkstatcache
    cd /Users/admin/builder/spi-builder-workspace/.swiftpm/xcode
    /Applications/Xcode-26.5.0.app/Contents/Developer/Toolchains/XcodeDefault.xctoolchain/usr/bin/clang-stat-cache /Applications/Xcode-26.5.0.app/Contents/Developer/Platforms/WatchOS.platform/Developer/SDKs/WatchOS26.5.sdk -o /Users/admin/builder/spi-builder-workspace/.derivedData/SDKStatCaches.noindex/watchos26.5-23T570-688ef53f1462e2c8f657fdc38a81448f7931b973dfc65d9472806dbbc3af9379.sdkstatcache
CreateBuildDirectory /Users/admin/builder/spi-builder-workspace/.derivedData/Build/Intermediates.noindex/SwiftExplicitPrecompiledModules
    cd /Users/admin/builder/spi-builder-workspace/.swiftpm/xcode
    builtin-create-build-directory /Users/admin/builder/spi-builder-workspace/.derivedData/Build/Intermediates.noindex/SwiftExplicitPrecompiledModules
CreateBuildDirectory /Users/admin/builder/spi-builder-workspace/.derivedData/Build/Intermediates.noindex/ExplicitPrecompiledModules
    cd /Users/admin/builder/spi-builder-workspace/.swiftpm/xcode
    builtin-create-build-directory /Users/admin/builder/spi-builder-workspace/.derivedData/Build/Intermediates.noindex/ExplicitPrecompiledModules
CreateBuildDirectory /Users/admin/builder/spi-builder-workspace/.derivedData/Build/Intermediates.noindex/EagerLinkingTBDs/Debug-watchos
    cd /Users/admin/builder/spi-builder-workspace/.swiftpm/xcode
    builtin-create-build-directory /Users/admin/builder/spi-builder-workspace/.derivedData/Build/Intermediates.noindex/EagerLinkingTBDs/Debug-watchos
CreateBuildDirectory /Users/admin/builder/spi-builder-workspace/.derivedData/Build/Products/Debug-watchos
    cd /Users/admin/builder/spi-builder-workspace/.swiftpm/xcode
    builtin-create-build-directory /Users/admin/builder/spi-builder-workspace/.derivedData/Build/Products/Debug-watchos
CreateBuildDirectory /Users/admin/builder/spi-builder-workspace/.derivedData/Build/Products/Debug-watchos/PackageFrameworks
    cd /Users/admin/builder/spi-builder-workspace/.swiftpm/xcode
    builtin-create-build-directory /Users/admin/builder/spi-builder-workspace/.derivedData/Build/Products/Debug-watchos/PackageFrameworks
WriteAuxiliaryFile /Users/admin/builder/spi-builder-workspace/.derivedData/Build/Intermediates.noindex/ProtoKit.build/Debug-watchos/ProtoKit.build/ProtoKit.modulemap (in target 'ProtoKit' from project 'ProtoKit')
    cd /Users/admin/builder/spi-builder-workspace
    write-file /Users/admin/builder/spi-builder-workspace/.derivedData/Build/Intermediates.noindex/ProtoKit.build/Debug-watchos/ProtoKit.build/ProtoKit.modulemap
WriteAuxiliaryFile /Users/admin/builder/spi-builder-workspace/.derivedData/Build/Intermediates.noindex/ProtoKit.build/Debug-watchos/ProtoKit.build/ProtoKit.DependencyMetadataFileList (in target 'ProtoKit' from project 'ProtoKit')
    cd /Users/admin/builder/spi-builder-workspace
    write-file /Users/admin/builder/spi-builder-workspace/.derivedData/Build/Intermediates.noindex/ProtoKit.build/Debug-watchos/ProtoKit.build/ProtoKit.DependencyMetadataFileList
WriteAuxiliaryFile /Users/admin/builder/spi-builder-workspace/.derivedData/Build/Intermediates.noindex/ProtoKit.build/Debug-watchos/ProtoKit.build/ProtoKit.DependencyStaticMetadataFileList (in target 'ProtoKit' from project 'ProtoKit')
    cd /Users/admin/builder/spi-builder-workspace
    write-file /Users/admin/builder/spi-builder-workspace/.derivedData/Build/Intermediates.noindex/ProtoKit.build/Debug-watchos/ProtoKit.build/ProtoKit.DependencyStaticMetadataFileList
WriteAuxiliaryFile /Users/admin/builder/spi-builder-workspace/.derivedData/Build/Intermediates.noindex/ProtoKit.build/Debug-watchos/ProtoKit.build/Objects-normal/arm64_32/ProtoKit-OutputFileMap.json (in target 'ProtoKit' from project 'ProtoKit')
    cd /Users/admin/builder/spi-builder-workspace
    write-file /Users/admin/builder/spi-builder-workspace/.derivedData/Build/Intermediates.noindex/ProtoKit.build/Debug-watchos/ProtoKit.build/Objects-normal/arm64_32/ProtoKit-OutputFileMap.json
WriteAuxiliaryFile /Users/admin/builder/spi-builder-workspace/.derivedData/Build/Intermediates.noindex/ProtoKit.build/Debug-watchos/ProtoKit.build/Objects-normal/arm64_32/ProtoKit.SwiftConstValuesFileList (in target 'ProtoKit' from project 'ProtoKit')
    cd /Users/admin/builder/spi-builder-workspace
    write-file /Users/admin/builder/spi-builder-workspace/.derivedData/Build/Intermediates.noindex/ProtoKit.build/Debug-watchos/ProtoKit.build/Objects-normal/arm64_32/ProtoKit.SwiftConstValuesFileList
WriteAuxiliaryFile /Users/admin/builder/spi-builder-workspace/.derivedData/Build/Intermediates.noindex/ProtoKit.build/Debug-watchos/ProtoKit.build/Objects-normal/arm64_32/ProtoKit.LinkFileList (in target 'ProtoKit' from project 'ProtoKit')
    cd /Users/admin/builder/spi-builder-workspace
    write-file /Users/admin/builder/spi-builder-workspace/.derivedData/Build/Intermediates.noindex/ProtoKit.build/Debug-watchos/ProtoKit.build/Objects-normal/arm64_32/ProtoKit.LinkFileList
WriteAuxiliaryFile /Users/admin/builder/spi-builder-workspace/.derivedData/Build/Intermediates.noindex/ProtoKit.build/Debug-watchos/ProtoKit.build/Objects-normal/arm64_32/ProtoKit_const_extract_protocols.json (in target 'ProtoKit' from project 'ProtoKit')
    cd /Users/admin/builder/spi-builder-workspace
    write-file /Users/admin/builder/spi-builder-workspace/.derivedData/Build/Intermediates.noindex/ProtoKit.build/Debug-watchos/ProtoKit.build/Objects-normal/arm64_32/ProtoKit_const_extract_protocols.json
WriteAuxiliaryFile /Users/admin/builder/spi-builder-workspace/.derivedData/Build/Intermediates.noindex/ProtoKit.build/Debug-watchos/ProtoKit.build/Objects-normal/arm64_32/ProtoKit.SwiftFileList (in target 'ProtoKit' from project 'ProtoKit')
    cd /Users/admin/builder/spi-builder-workspace
    write-file /Users/admin/builder/spi-builder-workspace/.derivedData/Build/Intermediates.noindex/ProtoKit.build/Debug-watchos/ProtoKit.build/Objects-normal/arm64_32/ProtoKit.SwiftFileList
WriteAuxiliaryFile /Users/admin/builder/spi-builder-workspace/.derivedData/Build/Intermediates.noindex/ProtoKit.build/Debug-watchos/ProtoKit.build/Objects-normal/arm64/ProtoKit_const_extract_protocols.json (in target 'ProtoKit' from project 'ProtoKit')
    cd /Users/admin/builder/spi-builder-workspace
    write-file /Users/admin/builder/spi-builder-workspace/.derivedData/Build/Intermediates.noindex/ProtoKit.build/Debug-watchos/ProtoKit.build/Objects-normal/arm64/ProtoKit_const_extract_protocols.json
WriteAuxiliaryFile /Users/admin/builder/spi-builder-workspace/.derivedData/Build/Intermediates.noindex/ProtoKit.build/Debug-watchos/ProtoKit.build/Objects-normal/arm64/ProtoKit.SwiftFileList (in target 'ProtoKit' from project 'ProtoKit')
    cd /Users/admin/builder/spi-builder-workspace
    write-file /Users/admin/builder/spi-builder-workspace/.derivedData/Build/Intermediates.noindex/ProtoKit.build/Debug-watchos/ProtoKit.build/Objects-normal/arm64/ProtoKit.SwiftFileList
WriteAuxiliaryFile /Users/admin/builder/spi-builder-workspace/.derivedData/Build/Intermediates.noindex/ProtoKit.build/Debug-watchos/ProtoKit.build/Objects-normal/arm64/ProtoKit.SwiftConstValuesFileList (in target 'ProtoKit' from project 'ProtoKit')
    cd /Users/admin/builder/spi-builder-workspace
    write-file /Users/admin/builder/spi-builder-workspace/.derivedData/Build/Intermediates.noindex/ProtoKit.build/Debug-watchos/ProtoKit.build/Objects-normal/arm64/ProtoKit.SwiftConstValuesFileList
WriteAuxiliaryFile /Users/admin/builder/spi-builder-workspace/.derivedData/Build/Intermediates.noindex/ProtoKit.build/Debug-watchos/ProtoKit.build/Objects-normal/arm64/ProtoKit.LinkFileList (in target 'ProtoKit' from project 'ProtoKit')
    cd /Users/admin/builder/spi-builder-workspace
    write-file /Users/admin/builder/spi-builder-workspace/.derivedData/Build/Intermediates.noindex/ProtoKit.build/Debug-watchos/ProtoKit.build/Objects-normal/arm64/ProtoKit.LinkFileList
WriteAuxiliaryFile /Users/admin/builder/spi-builder-workspace/.derivedData/Build/Intermediates.noindex/ProtoKit.build/Debug-watchos/ProtoKit.build/Objects-normal/arm64/ProtoKit-OutputFileMap.json (in target 'ProtoKit' from project 'ProtoKit')
    cd /Users/admin/builder/spi-builder-workspace
    write-file /Users/admin/builder/spi-builder-workspace/.derivedData/Build/Intermediates.noindex/ProtoKit.build/Debug-watchos/ProtoKit.build/Objects-normal/arm64/ProtoKit-OutputFileMap.json
Copy /Users/admin/builder/spi-builder-workspace/.derivedData/Build/Intermediates.noindex/GeneratedModuleMaps-watchos/ProtoKit.modulemap /Users/admin/builder/spi-builder-workspace/.derivedData/Build/Intermediates.noindex/ProtoKit.build/Debug-watchos/ProtoKit.build/ProtoKit.modulemap (in target 'ProtoKit' from project 'ProtoKit')
    cd /Users/admin/builder/spi-builder-workspace
    builtin-copy -exclude .DS_Store -exclude CVS -exclude .svn -exclude .git -exclude .hg -resolve-src-symlinks /Users/admin/builder/spi-builder-workspace/.derivedData/Build/Intermediates.noindex/ProtoKit.build/Debug-watchos/ProtoKit.build/ProtoKit.modulemap /Users/admin/builder/spi-builder-workspace/.derivedData/Build/Intermediates.noindex/GeneratedModuleMaps-watchos
SwiftDriver ProtoKit normal arm64 com.apple.xcode.tools.swift.compiler (in target 'ProtoKit' from project 'ProtoKit')
    cd /Users/admin/builder/spi-builder-workspace/.swiftpm/xcode
    builtin-SwiftDriver -- /Applications/Xcode-26.5.0.app/Contents/Developer/Toolchains/XcodeDefault.xctoolchain/usr/bin/swiftc -module-name ProtoKit -Onone @/Users/admin/builder/spi-builder-workspace/.derivedData/Build/Intermediates.noindex/ProtoKit.build/Debug-watchos/ProtoKit.build/Objects-normal/arm64/ProtoKit.SwiftFileList -DSWIFT_PACKAGE -DDEBUG -DSWIFT_MODULE_RESOURCE_BUNDLE_UNAVAILABLE -DXcode -enable-upcoming-feature ExistentialAny -plugin-path /Applications/Xcode-26.5.0.app/Contents/Developer/Toolchains/XcodeDefault.xctoolchain/usr/lib/swift/host/plugins/testing -enable-experimental-feature DebugDescriptionMacro -sdk /Applications/Xcode-26.5.0.app/Contents/Developer/Platforms/WatchOS.platform/Developer/SDKs/WatchOS26.5.sdk -target arm64-apple-watchos26.0 -g -module-cache-path /Users/admin/builder/spi-builder-workspace/.derivedData/ModuleCache.noindex -Xfrontend -serialize-debugging-options -profile-coverage-mapping -profile-generate -enable-testing -index-store-path /Users/admin/builder/spi-builder-workspace/.derivedData/Index.noindex/DataStore -Xcc -D_LIBCPP_HARDENING_MODE\=_LIBCPP_HARDENING_MODE_DEBUG -swift-version 6 -I /Users/admin/builder/spi-builder-workspace/.derivedData/Build/Products/Debug-watchos -Isystem /Applications/Xcode-26.5.0.app/Contents/Developer/Platforms/WatchOS.platform/Developer/usr/lib -F /Users/admin/builder/spi-builder-workspace/.derivedData/Build/Products/Debug-watchos -F /Applications/Xcode-26.5.0.app/Contents/Developer/Platforms/WatchOS.platform/Developer/Library/Frameworks -F /Applications/Xcode-26.5.0.app/Contents/Developer/Platforms/WatchOS.platform/Developer/SDKs/WatchOS26.5.sdk/Developer/Library/Frameworks -c -j10 -enable-batch-mode -incremental -Xcc -ivfsstatcache -Xcc /Users/admin/builder/spi-builder-workspace/.derivedData/SDKStatCaches.noindex/watchos26.5-23T570-688ef53f1462e2c8f657fdc38a81448f7931b973dfc65d9472806dbbc3af9379.sdkstatcache -output-file-map /Users/admin/builder/spi-builder-workspace/.derivedData/Build/Intermediates.noindex/ProtoKit.build/Debug-watchos/ProtoKit.build/Objects-normal/arm64/ProtoKit-OutputFileMap.json -use-frontend-parseable-output -save-temps -no-color-diagnostics -explicit-module-build -module-cache-path /Users/admin/builder/spi-builder-workspace/.derivedData/Build/Intermediates.noindex/SwiftExplicitPrecompiledModules -clang-scanner-module-cache-path /Users/admin/builder/spi-builder-workspace/.derivedData/ModuleCache.noindex -sdk-module-cache-path /Users/admin/builder/spi-builder-workspace/.derivedData/ModuleCache.noindex -serialize-diagnostics -emit-dependencies -emit-module -emit-module-path /Users/admin/builder/spi-builder-workspace/.derivedData/Build/Intermediates.noindex/ProtoKit.build/Debug-watchos/ProtoKit.build/Objects-normal/arm64/ProtoKit.swiftmodule -validate-clang-modules-once -clang-build-session-file /Users/admin/builder/spi-builder-workspace/.derivedData/ModuleCache.noindex/Session.modulevalidation -package-name spi_builder_workspace -Xcc -I/Users/admin/builder/spi-builder-workspace/.derivedData/Build/Intermediates.noindex/ProtoKit.build/Debug-watchos/ProtoKit.build/swift-overrides.hmap -emit-const-values -Xfrontend -const-gather-protocols-file -Xfrontend /Users/admin/builder/spi-builder-workspace/.derivedData/Build/Intermediates.noindex/ProtoKit.build/Debug-watchos/ProtoKit.build/Objects-normal/arm64/ProtoKit_const_extract_protocols.json -Xcc -I/Users/admin/builder/spi-builder-workspace/.derivedData/Build/Products/Debug-watchos/include -Xcc -I/Users/admin/builder/spi-builder-workspace/.derivedData/Build/Intermediates.noindex/ProtoKit.build/Debug-watchos/ProtoKit.build/DerivedSources-normal/arm64 -Xcc -I/Users/admin/builder/spi-builder-workspace/.derivedData/Build/Intermediates.noindex/ProtoKit.build/Debug-watchos/ProtoKit.build/DerivedSources/arm64 -Xcc -I/Users/admin/builder/spi-builder-workspace/.derivedData/Build/Intermediates.noindex/ProtoKit.build/Debug-watchos/ProtoKit.build/DerivedSources -Xcc -DSWIFT_PACKAGE -Xcc -DDEBUG\=1 -emit-objc-header -emit-objc-header-path /Users/admin/builder/spi-builder-workspace/.derivedData/Build/Intermediates.noindex/ProtoKit.build/Debug-watchos/ProtoKit.build/Objects-normal/arm64/ProtoKit-Swift.h -working-directory /Users/admin/builder/spi-builder-workspace/.swiftpm/xcode -experimental-emit-module-separately -disable-cmo
SwiftDriver ProtoKit normal arm64_32 com.apple.xcode.tools.swift.compiler (in target 'ProtoKit' from project 'ProtoKit')
    cd /Users/admin/builder/spi-builder-workspace/.swiftpm/xcode
    builtin-SwiftDriver -- /Applications/Xcode-26.5.0.app/Contents/Developer/Toolchains/XcodeDefault.xctoolchain/usr/bin/swiftc -module-name ProtoKit -Onone @/Users/admin/builder/spi-builder-workspace/.derivedData/Build/Intermediates.noindex/ProtoKit.build/Debug-watchos/ProtoKit.build/Objects-normal/arm64_32/ProtoKit.SwiftFileList -DSWIFT_PACKAGE -DDEBUG -DSWIFT_MODULE_RESOURCE_BUNDLE_UNAVAILABLE -DXcode -enable-upcoming-feature ExistentialAny -plugin-path /Applications/Xcode-26.5.0.app/Contents/Developer/Toolchains/XcodeDefault.xctoolchain/usr/lib/swift/host/plugins/testing -enable-experimental-feature DebugDescriptionMacro -sdk /Applications/Xcode-26.5.0.app/Contents/Developer/Platforms/WatchOS.platform/Developer/SDKs/WatchOS26.5.sdk -target arm64_32-apple-watchos26.0 -g -module-cache-path /Users/admin/builder/spi-builder-workspace/.derivedData/ModuleCache.noindex -Xfrontend -serialize-debugging-options -profile-coverage-mapping -profile-generate -enable-testing -index-store-path /Users/admin/builder/spi-builder-workspace/.derivedData/Index.noindex/DataStore -Xcc -D_LIBCPP_HARDENING_MODE\=_LIBCPP_HARDENING_MODE_DEBUG -swift-version 6 -I /Users/admin/builder/spi-builder-workspace/.derivedData/Build/Products/Debug-watchos -Isystem /Applications/Xcode-26.5.0.app/Contents/Developer/Platforms/WatchOS.platform/Developer/usr/lib -F /Users/admin/builder/spi-builder-workspace/.derivedData/Build/Products/Debug-watchos -F /Applications/Xcode-26.5.0.app/Contents/Developer/Platforms/WatchOS.platform/Developer/Library/Frameworks -F /Applications/Xcode-26.5.0.app/Contents/Developer/Platforms/WatchOS.platform/Developer/SDKs/WatchOS26.5.sdk/Developer/Library/Frameworks -c -j10 -enable-batch-mode -incremental -Xcc -ivfsstatcache -Xcc /Users/admin/builder/spi-builder-workspace/.derivedData/SDKStatCaches.noindex/watchos26.5-23T570-688ef53f1462e2c8f657fdc38a81448f7931b973dfc65d9472806dbbc3af9379.sdkstatcache -output-file-map /Users/admin/builder/spi-builder-workspace/.derivedData/Build/Intermediates.noindex/ProtoKit.build/Debug-watchos/ProtoKit.build/Objects-normal/arm64_32/ProtoKit-OutputFileMap.json -use-frontend-parseable-output -save-temps -no-color-diagnostics -explicit-module-build -module-cache-path /Users/admin/builder/spi-builder-workspace/.derivedData/Build/Intermediates.noindex/SwiftExplicitPrecompiledModules -clang-scanner-module-cache-path /Users/admin/builder/spi-builder-workspace/.derivedData/ModuleCache.noindex -sdk-module-cache-path /Users/admin/builder/spi-builder-workspace/.derivedData/ModuleCache.noindex -serialize-diagnostics -emit-dependencies -emit-module -emit-module-path /Users/admin/builder/spi-builder-workspace/.derivedData/Build/Intermediates.noindex/ProtoKit.build/Debug-watchos/ProtoKit.build/Objects-normal/arm64_32/ProtoKit.swiftmodule -validate-clang-modules-once -clang-build-session-file /Users/admin/builder/spi-builder-workspace/.derivedData/ModuleCache.noindex/Session.modulevalidation -package-name spi_builder_workspace -Xcc -I/Users/admin/builder/spi-builder-workspace/.derivedData/Build/Intermediates.noindex/ProtoKit.build/Debug-watchos/ProtoKit.build/swift-overrides.hmap -emit-const-values -Xfrontend -const-gather-protocols-file -Xfrontend /Users/admin/builder/spi-builder-workspace/.derivedData/Build/Intermediates.noindex/ProtoKit.build/Debug-watchos/ProtoKit.build/Objects-normal/arm64_32/ProtoKit_const_extract_protocols.json -Xcc -I/Users/admin/builder/spi-builder-workspace/.derivedData/Build/Products/Debug-watchos/include -Xcc -I/Users/admin/builder/spi-builder-workspace/.derivedData/Build/Intermediates.noindex/ProtoKit.build/Debug-watchos/ProtoKit.build/DerivedSources-normal/arm64_32 -Xcc -I/Users/admin/builder/spi-builder-workspace/.derivedData/Build/Intermediates.noindex/ProtoKit.build/Debug-watchos/ProtoKit.build/DerivedSources/arm64_32 -Xcc -I/Users/admin/builder/spi-builder-workspace/.derivedData/Build/Intermediates.noindex/ProtoKit.build/Debug-watchos/ProtoKit.build/DerivedSources -Xcc -DSWIFT_PACKAGE -Xcc -DDEBUG\=1 -emit-objc-header -emit-objc-header-path /Users/admin/builder/spi-builder-workspace/.derivedData/Build/Intermediates.noindex/ProtoKit.build/Debug-watchos/ProtoKit.build/Objects-normal/arm64_32/ProtoKit-Swift.h -working-directory /Users/admin/builder/spi-builder-workspace/.swiftpm/xcode -experimental-emit-module-separately -disable-cmo
SwiftExplicitDependencyGeneratePcm arm64_32 /Users/admin/builder/spi-builder-workspace/.derivedData/ModuleCache.noindex/DeveloperToolsSupport-2GO81KTT8NADYY1YLL3E6R3U0.pcm
SwiftExplicitDependencyGeneratePcm arm64_32 /Users/admin/builder/spi-builder-workspace/.derivedData/ModuleCache.noindex/ptrcheck-AUKOWKLJ5LR59DLJDZ0QMNHKP.pcm
SwiftExplicitDependencyGeneratePcm arm64_32 /Users/admin/builder/spi-builder-workspace/.derivedData/ModuleCache.noindex/_SwiftConcurrencyShims-49MSOLZ7F449TZ0TRVKQIVZNP.pcm
SwiftExplicitDependencyGeneratePcm arm64_32 /Users/admin/builder/spi-builder-workspace/.derivedData/ModuleCache.noindex/_Builtin_float-BHCK2B2ROVBMZ91A2DBMECP3P.pcm
SwiftExplicitDependencyGeneratePcm arm64_32 /Users/admin/builder/spi-builder-workspace/.derivedData/ModuleCache.noindex/ptrauth-EIGELRNUEL7SAJU41BKCUDR6K.pcm
SwiftExplicitDependencyGeneratePcm arm64_32 /Users/admin/builder/spi-builder-workspace/.derivedData/ModuleCache.noindex/_Builtin_stddef-44ZBBCAVH9H95PIUL2R06EPNN.pcm
SwiftExplicitDependencyGeneratePcm arm64_32 /Users/admin/builder/spi-builder-workspace/.derivedData/ModuleCache.noindex/_AvailabilityInternal-DLHW2QV8S38P9IRN7DKDTHEP9.pcm
SwiftExplicitDependencyGeneratePcm arm64_32 /Users/admin/builder/spi-builder-workspace/.derivedData/ModuleCache.noindex/_Builtin_stdbool-29VZCTHK280GJHA571SXG9ASG.pcm
SwiftExplicitDependencyGeneratePcm arm64_32 /Users/admin/builder/spi-builder-workspace/.derivedData/ModuleCache.noindex/SwiftShims-Y9UOIV5KSIS0KDX5BDVVAMKQ.pcm
SwiftExplicitDependencyGeneratePcm arm64_32 /Users/admin/builder/spi-builder-workspace/.derivedData/ModuleCache.noindex/_Builtin_stdarg-2846LW51WR3FJYNEE769BGM54.pcm
SwiftExplicitDependencyGeneratePcm arm64 /Users/admin/builder/spi-builder-workspace/.derivedData/ModuleCache.noindex/_SwiftConcurrencyShims-6JV4TIBCO35VV8QOUUP4HYHU8.pcm
SwiftExplicitDependencyGeneratePcm arm64 /Users/admin/builder/spi-builder-workspace/.derivedData/ModuleCache.noindex/_Builtin_float-2WT5Y9SB362ACJMEXFZK7ZNN2.pcm
SwiftExplicitDependencyGeneratePcm arm64 /Users/admin/builder/spi-builder-workspace/.derivedData/ModuleCache.noindex/_Builtin_stddef-7O9IMW3SKT9J5KMH1DFSCTUT2.pcm
SwiftExplicitDependencyGeneratePcm arm64 /Users/admin/builder/spi-builder-workspace/.derivedData/ModuleCache.noindex/DeveloperToolsSupport-3Z5QE87KGVW8G2DDTR9K1HB9K.pcm
SwiftExplicitDependencyGeneratePcm arm64 /Users/admin/builder/spi-builder-workspace/.derivedData/ModuleCache.noindex/_Builtin_stdbool-3K0NS9706ZZKMB26W34N7NRJO.pcm
SwiftExplicitDependencyGeneratePcm arm64 /Users/admin/builder/spi-builder-workspace/.derivedData/ModuleCache.noindex/SwiftShims-BSAA6BK72NLSMMSC85W2FICHH.pcm
SwiftExplicitDependencyGeneratePcm arm64 /Users/admin/builder/spi-builder-workspace/.derivedData/ModuleCache.noindex/ptrcheck-B3DWAI23K1VSBZ9B4HQFDUGA9.pcm
SwiftExplicitDependencyGeneratePcm arm64 /Users/admin/builder/spi-builder-workspace/.derivedData/ModuleCache.noindex/_Builtin_stdarg-30UO0JZ3BZL3UJMXZ8NY7BG2N.pcm
SwiftExplicitDependencyGeneratePcm arm64 /Users/admin/builder/spi-builder-workspace/.derivedData/ModuleCache.noindex/ptrauth-6RRLJFTMP964BUOH3ZA18NCET.pcm
SwiftExplicitDependencyGeneratePcm arm64 /Users/admin/builder/spi-builder-workspace/.derivedData/ModuleCache.noindex/_AvailabilityInternal-EOZA7RNZF83GHAFYVNANSPB7K.pcm
SwiftExplicitDependencyGeneratePcm arm64_32 /Users/admin/builder/spi-builder-workspace/.derivedData/ModuleCache.noindex/_DarwinFoundation1-BH2JKT0EOE6EKNI1RBDKTQWZU.pcm
SwiftExplicitDependencyGeneratePcm arm64 /Users/admin/builder/spi-builder-workspace/.derivedData/ModuleCache.noindex/_DarwinFoundation1-227SNA2OQZAYY2EILOQ4OZWWI.pcm
SwiftExplicitDependencyGeneratePcm arm64_32 /Users/admin/builder/spi-builder-workspace/.derivedData/ModuleCache.noindex/_Builtin_limits-6HWMASE09GWITZD3QJ535CHWD.pcm
SwiftExplicitDependencyGeneratePcm arm64_32 /Users/admin/builder/spi-builder-workspace/.derivedData/ModuleCache.noindex/_DarwinFoundation2-9GSSHE2BT8BHCO2O1DDAW0NKJ.pcm
SwiftExplicitDependencyGeneratePcm arm64 /Users/admin/builder/spi-builder-workspace/.derivedData/ModuleCache.noindex/_DarwinFoundation2-AWB6S4FOQZ2F9R5HPQGPXLQM1.pcm
SwiftExplicitDependencyGeneratePcm arm64 /Users/admin/builder/spi-builder-workspace/.derivedData/ModuleCache.noindex/_Builtin_limits-BZZBOTGJQZJ01O3UJXM4TUTUN.pcm
SwiftExplicitDependencyGeneratePcm arm64_32 /Users/admin/builder/spi-builder-workspace/.derivedData/ModuleCache.noindex/_Builtin_tgmath-CLWIHJL0E1YNNKOM2DFNKXLSN.pcm
SwiftExplicitDependencyGeneratePcm arm64_32 /Users/admin/builder/spi-builder-workspace/.derivedData/ModuleCache.noindex/sys_types-7PPBQQMP9WOPXZY9PV3O6HWOJ.pcm
SwiftExplicitDependencyGeneratePcm arm64_32 /Users/admin/builder/spi-builder-workspace/.derivedData/ModuleCache.noindex/_Builtin_stdint-A5GOZXANJIP53GSEWN310YNNY.pcm
SwiftExplicitDependencyGeneratePcm arm64 /Users/admin/builder/spi-builder-workspace/.derivedData/ModuleCache.noindex/_Builtin_tgmath-52S12NPAFZC0JNVGTPT0KX4GS.pcm
SwiftExplicitDependencyGeneratePcm arm64 /Users/admin/builder/spi-builder-workspace/.derivedData/ModuleCache.noindex/sys_types-44TDJXBNABH6YIBIB1L6UJG2A.pcm
SwiftExplicitDependencyGeneratePcm arm64 /Users/admin/builder/spi-builder-workspace/.derivedData/ModuleCache.noindex/_Builtin_stdint-ZZ44XETV7JCUHQPW9HSEGAW0.pcm
SwiftExplicitDependencyGeneratePcm arm64_32 /Users/admin/builder/spi-builder-workspace/.derivedData/ModuleCache.noindex/_DarwinFoundation3-86NTIOJMBO32S9WDN64L1LC6L.pcm
SwiftExplicitDependencyGeneratePcm arm64_32 /Users/admin/builder/spi-builder-workspace/.derivedData/ModuleCache.noindex/_Builtin_intrinsics-3R0A4SIF6N104KFIOXPA025L7.pcm
SwiftExplicitDependencyGeneratePcm arm64_32 /Users/admin/builder/spi-builder-workspace/.derivedData/ModuleCache.noindex/_Builtin_stdatomic-5U5ITJZ0O5PNT4FRT0VIAZW0S.pcm
SwiftExplicitDependencyGeneratePcm arm64 /Users/admin/builder/spi-builder-workspace/.derivedData/ModuleCache.noindex/_Builtin_stdatomic-4FPXSGJ3807R0A98B7RJ7KO3P.pcm
SwiftExplicitDependencyGeneratePcm arm64 /Users/admin/builder/spi-builder-workspace/.derivedData/ModuleCache.noindex/_DarwinFoundation3-DG1LCR8UJOFMAEKZ4QOY33HZX.pcm
SwiftExplicitDependencyGeneratePcm arm64 /Users/admin/builder/spi-builder-workspace/.derivedData/ModuleCache.noindex/_Builtin_intrinsics-9F51UDMJGCH2YPDOXH60OPSS9.pcm
SwiftExplicitDependencyGeneratePcm arm64_32 /Users/admin/builder/spi-builder-workspace/.derivedData/ModuleCache.noindex/_Builtin_inttypes-IK3B20A93OGK2P0MVMMPHD49.pcm
SwiftExplicitDependencyGeneratePcm arm64 /Users/admin/builder/spi-builder-workspace/.derivedData/ModuleCache.noindex/_Builtin_inttypes-9RH3ZGRF7L0UFIAA3RWNP3416.pcm
SwiftExplicitDependencyGeneratePcm arm64_32 /Users/admin/builder/spi-builder-workspace/.derivedData/ModuleCache.noindex/Darwin-7EOY6B0FYD3NKAS35RMGXP5LK.pcm
SwiftExplicitDependencyGeneratePcm arm64 /Users/admin/builder/spi-builder-workspace/.derivedData/ModuleCache.noindex/Darwin-16I5UGYPDATFKFISIN5OQGOVM.pcm
SwiftExplicitDependencyGeneratePcm arm64_32 /Users/admin/builder/spi-builder-workspace/.derivedData/ModuleCache.noindex/simd-1DNCP4NJ53D3H5JQJ5PMHIZO9.pcm
SwiftExplicitDependencyGeneratePcm arm64 /Users/admin/builder/spi-builder-workspace/.derivedData/ModuleCache.noindex/simd-4FRD9SUHM7EOTN524JYBMDL9S.pcm
SwiftExplicitDependencyGeneratePcm arm64_32 /Users/admin/builder/spi-builder-workspace/.derivedData/ModuleCache.noindex/MachO-AZNX121YHV7UPYG4ADKN4OZAW.pcm
SwiftExplicitDependencyGeneratePcm arm64_32 /Users/admin/builder/spi-builder-workspace/.derivedData/ModuleCache.noindex/ObjectiveC-MY1YPPP48ZKLRCFMRI5GO9R.pcm
SwiftExplicitDependencyGeneratePcm arm64 /Users/admin/builder/spi-builder-workspace/.derivedData/ModuleCache.noindex/ObjectiveC-8UETU9VIN6TLHAJS803FFNIGA.pcm
SwiftExplicitDependencyGeneratePcm arm64 /Users/admin/builder/spi-builder-workspace/.derivedData/ModuleCache.noindex/MachO-5ONAD48ZCP7NZVK80MAC9ZP1V.pcm
SwiftExplicitDependencyGeneratePcm arm64_32 /Users/admin/builder/spi-builder-workspace/.derivedData/ModuleCache.noindex/os_object-E0CVHB9RT7I5F6HKP5IXA5JJN.pcm
SwiftExplicitDependencyGeneratePcm arm64 /Users/admin/builder/spi-builder-workspace/.derivedData/ModuleCache.noindex/os_object-DJJBVMOS2UUUVOJOUK4V18IDX.pcm
SwiftExplicitDependencyGeneratePcm arm64 /Users/admin/builder/spi-builder-workspace/.derivedData/ModuleCache.noindex/os_workgroup-B77XM89IDYHHAHLL7HI5JSCBX.pcm
SwiftExplicitDependencyGeneratePcm arm64_32 /Users/admin/builder/spi-builder-workspace/.derivedData/ModuleCache.noindex/os_workgroup-3O8OVEKEFKDEG3VCH3RTEZ94B.pcm
SwiftExplicitDependencyGeneratePcm arm64_32 /Users/admin/builder/spi-builder-workspace/.derivedData/ModuleCache.noindex/Spatial-85VKLU4REP851J02ULVCRFSGO.pcm
SwiftExplicitDependencyGeneratePcm arm64 /Users/admin/builder/spi-builder-workspace/.derivedData/ModuleCache.noindex/Spatial-9HRB93N5VW6PYLGE8T0EFPCBN.pcm
SwiftExplicitDependencyGeneratePcm arm64 /Users/admin/builder/spi-builder-workspace/.derivedData/ModuleCache.noindex/Dispatch-VJEF7PUQ9LH822JVM5XG6MK1.pcm
SwiftExplicitDependencyGeneratePcm arm64_32 /Users/admin/builder/spi-builder-workspace/.derivedData/ModuleCache.noindex/Dispatch-1FJ1MI5CEQAKDW1VL40ZXGEZX.pcm
SwiftExplicitDependencyGeneratePcm arm64_32 /Users/admin/builder/spi-builder-workspace/.derivedData/ModuleCache.noindex/CoreFoundation-2WN2GWDD3XFIB7PUN7AGTCXVV.pcm
SwiftExplicitDependencyGeneratePcm arm64_32 /Users/admin/builder/spi-builder-workspace/.derivedData/ModuleCache.noindex/XPC-OZIOUFM4EDBR3SQ2IFY2FZJ3.pcm
SwiftExplicitDependencyGeneratePcm arm64 /Users/admin/builder/spi-builder-workspace/.derivedData/ModuleCache.noindex/CoreFoundation-DJJGOYJ4YNQ64CSPYCZOO8QAP.pcm
SwiftExplicitDependencyGeneratePcm arm64 /Users/admin/builder/spi-builder-workspace/.derivedData/ModuleCache.noindex/XPC-BSDTMJV05ILJA5FSICCCI2OL5.pcm
SwiftExplicitDependencyGeneratePcm arm64 /Users/admin/builder/spi-builder-workspace/.derivedData/ModuleCache.noindex/os-7D8S9K5739H2BVJ8T4L2OULD4.pcm
SwiftExplicitDependencyGeneratePcm arm64_32 /Users/admin/builder/spi-builder-workspace/.derivedData/ModuleCache.noindex/os-AZZ732J76QGJY33B6R5MIFKZA.pcm
SwiftExplicitDependencyGeneratePcm arm64_32 /Users/admin/builder/spi-builder-workspace/.derivedData/ModuleCache.noindex/Security-7N2K583MEDYU75HOC5BPDGNTH.pcm
SwiftExplicitDependencyGeneratePcm arm64_32 /Users/admin/builder/spi-builder-workspace/.derivedData/ModuleCache.noindex/CoreGraphics-F524NRJVGDPKYF3PEKGNT518N.pcm
SwiftExplicitDependencyGeneratePcm arm64 /Users/admin/builder/spi-builder-workspace/.derivedData/ModuleCache.noindex/Security-AURWBFXY7JXCFHSY4JJOY36RH.pcm
SwiftExplicitDependencyGeneratePcm arm64 /Users/admin/builder/spi-builder-workspace/.derivedData/ModuleCache.noindex/CoreGraphics-3MA5R5UK6GBUOC4P4OFE5VS19.pcm
SwiftExplicitDependencyGeneratePcm arm64_32 /Users/admin/builder/spi-builder-workspace/.derivedData/ModuleCache.noindex/Foundation-83JWXXASQB5K8FJA2ZIQES3E6.pcm
SwiftExplicitDependencyGeneratePcm arm64 /Users/admin/builder/spi-builder-workspace/.derivedData/ModuleCache.noindex/Foundation-EK2FWRD3ACYA8LSCWDBUAPYS5.pcm
SwiftExplicitDependencyGeneratePcm arm64_32 /Users/admin/builder/spi-builder-workspace/.derivedData/ModuleCache.noindex/CoreText-79NY5LWZ8HPESJI0AO0MYLN5D.pcm
SwiftExplicitDependencyGeneratePcm arm64_32 /Users/admin/builder/spi-builder-workspace/.derivedData/ModuleCache.noindex/CoreVideo-7UOSE33Y508V1V3IPWM55SEZC.pcm
SwiftExplicitDependencyGeneratePcm arm64 /Users/admin/builder/spi-builder-workspace/.derivedData/ModuleCache.noindex/CoreVideo-985TMIA44BSS94Q117Y6639D7.pcm
SwiftExplicitDependencyGeneratePcm arm64 /Users/admin/builder/spi-builder-workspace/.derivedData/ModuleCache.noindex/CoreText-EYJRKUQ27WCB1HTRB56IBRY9B.pcm
SwiftExplicitDependencyGeneratePcm arm64_32 /Users/admin/builder/spi-builder-workspace/.derivedData/ModuleCache.noindex/Symbols-5HQJBE5PYI2IPZ7PAHAX63AGK.pcm
SwiftExplicitDependencyGeneratePcm arm64_32 /Users/admin/builder/spi-builder-workspace/.derivedData/ModuleCache.noindex/_LocationEssentials-9706A5MOX5KXDOCNJXGJGUFY2.pcm
SwiftExplicitDependencyGeneratePcm arm64_32 /Users/admin/builder/spi-builder-workspace/.derivedData/ModuleCache.noindex/UserNotifications-4FDK30O6696DXAYXRVALE4S01.pcm
SwiftExplicitDependencyGeneratePcm arm64_32 /Users/admin/builder/spi-builder-workspace/.derivedData/ModuleCache.noindex/UIUtilities-E19SAMDRKGYT98T5FC7RGOWDF.pcm
SwiftExplicitDependencyGeneratePcm arm64_32 /Users/admin/builder/spi-builder-workspace/.derivedData/ModuleCache.noindex/QuartzCore-12USPEGADCHTKDTUZCOAXAM63.pcm
SwiftExplicitDependencyGeneratePcm arm64_32 /Users/admin/builder/spi-builder-workspace/.derivedData/ModuleCache.noindex/CoreData-14E7KK9ZSVMD3TP8ZW2GV0X4S.pcm
SwiftExplicitDependencyGeneratePcm arm64_32 /Users/admin/builder/spi-builder-workspace/.derivedData/ModuleCache.noindex/OSLog-15NEI8TBYNL7NGXG5C7ESCAFJ.pcm
SwiftExplicitDependencyGeneratePcm arm64_32 /Users/admin/builder/spi-builder-workspace/.derivedData/ModuleCache.noindex/DataDetection-660BRTUFP46NFLQACAZMXQDZB.pcm
SwiftExplicitDependencyGeneratePcm arm64_32 /Users/admin/builder/spi-builder-workspace/.derivedData/ModuleCache.noindex/CoreTransferable-6PBL3PO6Z26Q2BWB0QQ5I7VZX.pcm
SwiftExplicitDependencyGeneratePcm arm64_32 /Users/admin/builder/spi-builder-workspace/.derivedData/ModuleCache.noindex/UniformTypeIdentifiers-DXPJZXQJE91T5VU8IBTRGQ22W.pcm
SwiftExplicitDependencyGeneratePcm arm64 /Users/admin/builder/spi-builder-workspace/.derivedData/ModuleCache.noindex/UIUtilities-1QO3USC2GRAXGF6SE42B3HQP1.pcm
SwiftExplicitDependencyGeneratePcm arm64 /Users/admin/builder/spi-builder-workspace/.derivedData/ModuleCache.noindex/SceneKit-6HYRLALRAOP1AZY7LNZH5YW4P.pcm
SwiftExplicitDependencyGeneratePcm arm64 /Users/admin/builder/spi-builder-workspace/.derivedData/ModuleCache.noindex/_LocationEssentials-DSWGD8ZEJ2T3Y469RUJ3X9HQX.pcm
SwiftExplicitDependencyGeneratePcm arm64 /Users/admin/builder/spi-builder-workspace/.derivedData/ModuleCache.noindex/DataDetection-3EK58L9949CR2MZEX1ZGTH50R.pcm
SwiftExplicitDependencyGeneratePcm arm64 /Users/admin/builder/spi-builder-workspace/.derivedData/ModuleCache.noindex/CoreTransferable-A9D9L35UIWR6GL3GRYS68ZDXA.pcm
SwiftExplicitDependencyGeneratePcm arm64 /Users/admin/builder/spi-builder-workspace/.derivedData/ModuleCache.noindex/UniformTypeIdentifiers-E4TOLLH4NNWUYTNS6P5YENY2U.pcm
SwiftExplicitDependencyGeneratePcm arm64_32 /Users/admin/builder/spi-builder-workspace/.derivedData/ModuleCache.noindex/CoreLocation-GIR83NPBEVL0I6ENJTC7DBH8.pcm
SwiftExplicitDependencyGeneratePcm arm64 /Users/admin/builder/spi-builder-workspace/.derivedData/ModuleCache.noindex/UserNotifications-76B3ZCYYCXK8MRR2RYV6828AT.pcm
SwiftExplicitDependencyGeneratePcm arm64 /Users/admin/builder/spi-builder-workspace/.derivedData/ModuleCache.noindex/Accessibility-6NVQ8KS1ZT8WH1VMRAAMMHEW6.pcm
SwiftExplicitDependencyGeneratePcm arm64_32 /Users/admin/builder/spi-builder-workspace/.derivedData/ModuleCache.noindex/SwiftUICore-7GKJV7A5WP0EZL149SPH61M31.pcm
SwiftExplicitDependencyGeneratePcm arm64_32 /Users/admin/builder/spi-builder-workspace/.derivedData/ModuleCache.noindex/UIKit-6S0NXV803QSHD7MRFKRAJT7GD.pcm
SwiftExplicitDependencyGeneratePcm arm64 /Users/admin/builder/spi-builder-workspace/.derivedData/ModuleCache.noindex/QuartzCore-576A9DFY3Z78V6WR7Q5C98BU1.pcm
SwiftExplicitDependencyGeneratePcm arm64 /Users/admin/builder/spi-builder-workspace/.derivedData/ModuleCache.noindex/Symbols-8BE6DNRL8LFORV399JKUZ6RM1.pcm
SwiftExplicitDependencyGeneratePcm arm64 /Users/admin/builder/spi-builder-workspace/.derivedData/ModuleCache.noindex/CoreLocation-78GSJB7V4F8SP5KDY69F1WWGK.pcm
SwiftExplicitDependencyGeneratePcm arm64_32 /Users/admin/builder/spi-builder-workspace/.derivedData/ModuleCache.noindex/Accessibility-17K8378OMR05GTGTUM9VDIHIV.pcm
SwiftExplicitDependencyGeneratePcm arm64 /Users/admin/builder/spi-builder-workspace/.derivedData/ModuleCache.noindex/CoreData-KH2054L0187VNCJO73VAG9O3.pcm
SwiftExplicitDependencyGeneratePcm arm64_32 /Users/admin/builder/spi-builder-workspace/.derivedData/ModuleCache.noindex/SceneKit-DZKRMK5BXOV0TLACMEA27SHW.pcm
SwiftExplicitDependencyGeneratePcm arm64 /Users/admin/builder/spi-builder-workspace/.derivedData/ModuleCache.noindex/OSLog-BGTA5CIZOXOV3QB3D2PVT5DN0.pcm
SwiftExplicitDependencyGeneratePcm arm64 /Users/admin/builder/spi-builder-workspace/.derivedData/ModuleCache.noindex/UIKit-C5I9NHZ0ZNO9H8865LVB1667Z.pcm
SwiftExplicitDependencyGeneratePcm arm64 /Users/admin/builder/spi-builder-workspace/.derivedData/ModuleCache.noindex/SwiftUICore-9LNO6LEESD9O6WBBN6EGBLDNN.pcm
SwiftExplicitDependencyGeneratePcm arm64_32 /Users/admin/builder/spi-builder-workspace/.derivedData/ModuleCache.noindex/MapKit-12CEZMJRZNHXTHFMD4Y02O9KK.pcm
SwiftExplicitDependencyGeneratePcm arm64_32 /Users/admin/builder/spi-builder-workspace/.derivedData/ModuleCache.noindex/HomeKit-EMRJRHKDIWFWP77UY7M07RU7Q.pcm
SwiftExplicitDependencyGeneratePcm arm64 /Users/admin/builder/spi-builder-workspace/.derivedData/ModuleCache.noindex/MapKit-EDZES24QYIBRWK9AI32W480UY.pcm
SwiftExplicitDependencyGeneratePcm arm64 /Users/admin/builder/spi-builder-workspace/.derivedData/ModuleCache.noindex/HomeKit-3WIXGCOLRTKFPGQP6DP56OPJ5.pcm
SwiftExplicitDependencyGeneratePcm arm64_32 /Users/admin/builder/spi-builder-workspace/.derivedData/ModuleCache.noindex/WatchKit-D66XOXFVU5LFAMA60XKFW15CJ.pcm
SwiftExplicitDependencyGeneratePcm arm64 /Users/admin/builder/spi-builder-workspace/.derivedData/ModuleCache.noindex/WatchKit-17IHUIUIOEW19NIXQ7W20M1X8.pcm
SwiftExplicitDependencyGeneratePcm arm64_32 /Users/admin/builder/spi-builder-workspace/.derivedData/ModuleCache.noindex/SwiftUI-125OTHMG1VS2A2YX0HQ9TNHR.pcm
SwiftCompile normal arm64_32 Compiling\ ProgressText.swift /Users/admin/builder/spi-builder-workspace/Sources/ProtoKit/SwiftUI/ProgressText.swift (in target 'ProtoKit' from project 'ProtoKit')
SwiftCompile normal arm64_32 /Users/admin/builder/spi-builder-workspace/Sources/ProtoKit/SwiftUI/ProgressText.swift (in target 'ProtoKit' from project 'ProtoKit')
    cd /Users/admin/builder/spi-builder-workspace/.swiftpm/xcode

SwiftEmitModule normal arm64_32 Emitting\ module\ for\ ProtoKit (in target 'ProtoKit' from project 'ProtoKit')
Failed frontend command:
/Applications/Xcode-26.5.0.app/Contents/Developer/Toolchains/XcodeDefault.xctoolchain/usr/bin/swift-frontend -frontend -emit-module -experimental-skip-non-inlinable-function-bodies-without-types /Users/admin/builder/spi-builder-workspace/Sources/ProtoKit/AssociatedObjectStore.swift /Users/admin/builder/spi-builder-workspace/Sources/ProtoKit/Closurable.swift /Users/admin/builder/spi-builder-workspace/Sources/ProtoKit/Configurable.swift /Users/admin/builder/spi-builder-workspace/Sources/ProtoKit/Error.swift /Users/admin/builder/spi-builder-workspace/Sources/ProtoKit/Extensions.swift /Users/admin/builder/spi-builder-workspace/Sources/ProtoKit/Instantiable.swift /Users/admin/builder/spi-builder-workspace/Sources/ProtoKit/KVO.swift /Users/admin/builder/spi-builder-workspace/Sources/ProtoKit/NotificationService.swift /Users/admin/builder/spi-builder-workspace/Sources/ProtoKit/SegueHandlerType.swift /Users/admin/builder/spi-builder-workspace/Sources/ProtoKit/SelfPresentable.swift /Users/admin/builder/spi-builder-workspace/Sources/ProtoKit/SwiftUI/Arrow.swift /Users/admin/builder/spi-builder-workspace/Sources/ProtoKit/SwiftUI/CircleShape.swift /Users/admin/builder/spi-builder-workspace/Sources/ProtoKit/SwiftUI/Line.swift /Users/admin/builder/spi-builder-workspace/Sources/ProtoKit/SwiftUI/ProgressText.swift /Users/admin/builder/spi-builder-workspace/Sources/ProtoKit/SwiftUI/SwiftUIExtensions.swift /Users/admin/builder/spi-builder-workspace/Sources/ProtoKit/UnifiedCollection.swift -target arm64_32-apple-watchos26.0 -module-can-import-version UIKit 9126.5.5 9126.5.5 -load-resolved-plugin /Applications/Xcode-26.5.0.app/Contents/Developer/Platforms/WatchOS.platform/Developer/usr/lib/swift/host/plugins/libFoundationMacros.dylib\#/Applications/Xcode-26.5.0.app/Contents/Developer/Platforms/WatchOS.platform/Developer/usr/bin/swift-plugin-server\#FoundationMacros -load-resolved-plugin /Applications/Xcode-26.5.0.app/Contents/Developer/Platforms/WatchOS.platform/Developer/usr/lib/swift/host/plugins/libObservationMacros.dylib\#/Applications/Xcode-26.5.0.app/Contents/Developer/Platforms/WatchOS.platform/Developer/usr/bin/swift-plugin-server\#ObservationMacros -load-resolved-plugin /Applications/Xcode-26.5.0.app/Contents/Developer/Platforms/WatchOS.platform/Developer/usr/lib/swift/host/plugins/libPreviewsMacros.dylib\#/Applications/Xcode-26.5.0.app/Contents/Developer/Platforms/WatchOS.platform/Developer/usr/bin/swift-plugin-server\#PreviewsMacros -load-resolved-plugin /Applications/Xcode-26.5.0.app/Contents/Developer/Platforms/WatchOS.platform/Developer/usr/lib/swift/host/plugins/libSwiftMacros.dylib\#/Applications/Xcode-26.5.0.app/Contents/Developer/Platforms/WatchOS.platform/Developer/usr/bin/swift-plugin-server\#SwiftMacros -load-resolved-plugin /Applications/Xcode-26.5.0.app/Contents/Developer/Platforms/WatchOS.platform/Developer/usr/lib/swift/host/plugins/libSwiftUIMacros.dylib\#/Applications/Xcode-26.5.0.app/Contents/Developer/Platforms/WatchOS.platform/Developer/usr/bin/swift-plugin-server\#SwiftUIMacros -disable-implicit-swift-modules -Xcc -fno-implicit-modules -Xcc -fno-implicit-module-maps -explicit-swift-module-map-file /Users/admin/builder/spi-builder-workspace/.derivedData/Build/Intermediates.noindex/ProtoKit.build/Debug-watchos/ProtoKit.build/Objects-normal/arm64_32/ProtoKit-dependencies-1.json -enable-objc-interop -sdk /Applications/Xcode-26.5.0.app/Contents/Developer/Platforms/WatchOS.platform/Developer/SDKs/WatchOS26.5.sdk -I /Users/admin/builder/spi-builder-workspace/.derivedData/Build/Products/Debug-watchos -Isystem /Applications/Xcode-26.5.0.app/Contents/Developer/Platforms/WatchOS.platform/Developer/usr/lib -F /Users/admin/builder/spi-builder-workspace/.derivedData/Build/Products/Debug-watchos -F /Applications/Xcode-26.5.0.app/Contents/Developer/Platforms/WatchOS.platform/Developer/Library/Frameworks -F /Applications/Xcode-26.5.0.app/Contents/Developer/Platforms/WatchOS.platform/Developer/SDKs/WatchOS26.5.sdk/Developer/Library/Frameworks -no-color-diagnostics -Xcc -fno-color-diagnostics -enable-testing -g -debug-info-format\=dwarf -dwarf-version\=5 -module-cache-path /Users/admin/builder/spi-builder-workspace/.derivedData/Build/Intermediates.noindex/SwiftExplicitPrecompiledModules -profile-generate -profile-coverage-mapping -swift-version 6 -Onone -D SWIFT_PACKAGE -D DEBUG -D SWIFT_MODULE_RESOURCE_BUNDLE_UNAVAILABLE -D Xcode -serialize-debugging-options -const-gather-protocols-file /Users/admin/builder/spi-builder-workspace/.derivedData/Build/Intermediates.noindex/ProtoKit.build/Debug-watchos/ProtoKit.build/Objects-normal/arm64_32/ProtoKit_const_extract_protocols.json -enable-upcoming-feature ExistentialAny -enable-experimental-feature DebugDescriptionMacro -empty-abi-descriptor -validate-clang-modules-once -clang-build-session-file /Users/admin/builder/spi-builder-workspace/.derivedData/ModuleCache.noindex/Session.modulevalidation -Xcc -working-directory -Xcc /Users/admin/builder/spi-builder-workspace/.swiftpm/xcode -enable-anonymous-context-mangled-names -file-compilation-dir /Users/admin/builder/spi-builder-workspace/.swiftpm/xcode -Xcc -D_LIBCPP_HARDENING_MODE\=_LIBCPP_HARDENING_MODE_DEBUG -Xcc -ivfsstatcache -Xcc /Users/admin/builder/spi-builder-workspace/.derivedData/SDKStatCaches.noindex/watchos26.5-23T570-688ef53f1462e2c8f657fdc38a81448f7931b973dfc65d9472806dbbc3af9379.sdkstatcache -Xcc -I/Users/admin/builder/spi-builder-workspace/.derivedData/Build/Intermediates.noindex/ProtoKit.build/Debug-watchos/ProtoKit.build/swift-overrides.hmap -Xcc -I/Users/admin/builder/spi-builder-workspace/.derivedData/Build/Products/Debug-watchos/include -Xcc -I/Users/admin/builder/spi-builder-workspace/.derivedData/Build/Intermediates.noindex/ProtoKit.build/Debug-watchos/ProtoKit.build/DerivedSources-normal/arm64_32 -Xcc -I/Users/admin/builder/spi-builder-workspace/.derivedData/Build/Intermediates.noindex/ProtoKit.build/Debug-watchos/ProtoKit.build/DerivedSources/arm64_32 -Xcc -I/Users/admin/builder/spi-builder-workspace/.derivedData/Build/Intermediates.noindex/ProtoKit.build/Debug-watchos/ProtoKit.build/DerivedSources -Xcc -DSWIFT_PACKAGE -Xcc -DDEBUG\=1 -no-auto-bridging-header-chaining -module-name ProtoKit -package-name spi_builder_workspace -frontend-parseable-output -disable-clang-spi -clang-target arm64_32-apple-watchos26.5 -target-sdk-version 26.5 -target-sdk-name watchos26.5 -in-process-plugin-server-path /Applications/Xcode-26.5.0.app/Contents/Developer/Toolchains/XcodeDefault.xctoolchain/usr/lib/swift/host/libSwiftInProcPluginServer.dylib -emit-module-doc-path /Users/admin/builder/spi-builder-workspace/.derivedData/Build/Intermediates.noindex/ProtoKit.build/Debug-watchos/ProtoKit.build/Objects-normal/arm64_32/ProtoKit.swiftdoc -emit-module-source-info-path /Users/admin/builder/spi-builder-workspace/.derivedData/Build/Intermediates.noindex/ProtoKit.build/Debug-watchos/ProtoKit.build/Objects-normal/arm64_32/ProtoKit.swiftsourceinfo -emit-objc-header-path /Users/admin/builder/spi-builder-workspace/.derivedData/Build/Intermediates.noindex/ProtoKit.build/Debug-watchos/ProtoKit.build/Objects-normal/arm64_32/ProtoKit-Swift.h -serialize-diagnostics-path /Users/admin/builder/spi-builder-workspace/.derivedData/Build/Intermediates.noindex/ProtoKit.build/Debug-watchos/ProtoKit.build/Objects-normal/arm64_32/ProtoKit-primary-emit-module.dia -emit-dependencies-path /Users/admin/builder/spi-builder-workspace/.derivedData/Build/Intermediates.noindex/ProtoKit.build/Debug-watchos/ProtoKit.build/Objects-normal/arm64_32/ProtoKit-primary-emit-module.d -o /Users/admin/builder/spi-builder-workspace/.derivedData/Build/Intermediates.noindex/ProtoKit.build/Debug-watchos/ProtoKit.build/Objects-normal/arm64_32/ProtoKit.swiftmodule -emit-abi-descriptor-path /Users/admin/builder/spi-builder-workspace/.derivedData/Build/Intermediates.noindex/ProtoKit.build/Debug-watchos/ProtoKit.build/Objects-normal/arm64_32/ProtoKit.abi.json
EmitSwiftModule normal arm64_32 (in target 'ProtoKit' from project 'ProtoKit')
    cd /Users/admin/builder/spi-builder-workspace/.swiftpm/xcode

/Users/admin/builder/spi-builder-workspace/Sources/ProtoKit/Closurable.swift:15:37: error: 'UIControl' is unavailable in watchOS
  public typealias UnifiedControl = UIControl
                                    ^~~~~~~~~
/Applications/Xcode-26.5.0.app/Contents/Developer/Platforms/WatchOS.platform/Developer/SDKs/WatchOS26.5.sdk/System/Library/Frameworks/UIKit.framework/Headers/UIControl.h:76:12: note: 'UIControl' has been explicitly marked unavailable here
@interface UIControl : UIView
           ^
/Users/admin/builder/spi-builder-workspace/Sources/ProtoKit/Closurable.swift:16:36: error: 'UIButton' is unavailable in watchOS
  public typealias UnifiedButton = UIButton
                                   ^~~~~~~~
/Applications/Xcode-26.5.0.app/Contents/Developer/Platforms/WatchOS.platform/Developer/SDKs/WatchOS26.5.sdk/System/Library/Frameworks/UIKit.framework/Headers/UIButton.h:49:12: note: 'UIButton' has been explicitly marked unavailable here
@interface UIButton : UIControl <NSCoding>
           ^
/Users/admin/builder/spi-builder-workspace/Sources/ProtoKit/Closurable.swift:17:47: error: 'UIGestureRecognizer' is unavailable in watchOS
  public typealias UnifiedGestureRecognizer = UIGestureRecognizer
                                              ^~~~~~~~~~~~~~~~~~~
/Applications/Xcode-26.5.0.app/Contents/Developer/Platforms/WatchOS.platform/Developer/SDKs/WatchOS26.5.sdk/System/Library/Frameworks/UIKit.framework/Headers/UIGestureRecognizer.h:35:12: note: 'UIGestureRecognizer' has been explicitly marked unavailable here
@interface UIGestureRecognizer : NSObject
           ^
/Users/admin/builder/spi-builder-workspace/Sources/ProtoKit/Closurable.swift:71:57: error: 'UIControl' is unavailable in watchOS
    @MainActor public func addTarget(for controlEvents: UIControl.Event, closure: @escaping (Self) -> Void) {
                                                        ^~~~~~~~~
/Applications/Xcode-26.5.0.app/Contents/Developer/Platforms/WatchOS.platform/Developer/SDKs/WatchOS26.5.sdk/System/Library/Frameworks/UIKit.framework/Headers/UIControl.h:76:12: note: 'UIControl' has been explicitly marked unavailable here
@interface UIControl : UIView
           ^
/Users/admin/builder/spi-builder-workspace/Sources/ProtoKit/Closurable.swift:132:34: error: 'UIBarButtonItem' is unavailable in watchOS
                          style: UIBarButtonItem.Style = .plain,
                                 ^~~~~~~~~~~~~~~
/Applications/Xcode-26.5.0.app/Contents/Developer/Platforms/WatchOS.platform/Developer/SDKs/WatchOS26.5.sdk/System/Library/Frameworks/UIKit.framework/Headers/UIBarButtonItem.h:69:12: note: 'UIBarButtonItem' has been explicitly marked unavailable here
@interface UIBarButtonItem : UIBarItem <NSCoding>
           ^
/Users/admin/builder/spi-builder-workspace/Sources/ProtoKit/Closurable.swift:133:47: error: 'UIBarButtonItem' is unavailable in watchOS
                          closure: @escaping (UIBarButtonItem) -> Void) {
                                              ^~~~~~~~~~~~~~~
/Applications/Xcode-26.5.0.app/Contents/Developer/Platforms/WatchOS.platform/Developer/SDKs/WatchOS26.5.sdk/System/Library/Frameworks/UIKit.framework/Headers/UIBarButtonItem.h:69:12: note: 'UIBarButtonItem' has been explicitly marked unavailable here
@interface UIBarButtonItem : UIBarItem <NSCoding>
           ^
/Users/admin/builder/spi-builder-workspace/Sources/ProtoKit/Closurable.swift:141:34: error: 'UIBarButtonItem' is unavailable in watchOS
                          style: UIBarButtonItem.Style = .plain,
                                 ^~~~~~~~~~~~~~~
/Applications/Xcode-26.5.0.app/Contents/Developer/Platforms/WatchOS.platform/Developer/SDKs/WatchOS26.5.sdk/System/Library/Frameworks/UIKit.framework/Headers/UIBarButtonItem.h:69:12: note: 'UIBarButtonItem' has been explicitly marked unavailable here
@interface UIBarButtonItem : UIBarItem <NSCoding>
           ^
/Users/admin/builder/spi-builder-workspace/Sources/ProtoKit/Closurable.swift:142:47: error: 'UIBarButtonItem' is unavailable in watchOS
                          closure: @escaping (UIBarButtonItem) -> Void) {
                                              ^~~~~~~~~~~~~~~
/Applications/Xcode-26.5.0.app/Contents/Developer/Platforms/WatchOS.platform/Developer/SDKs/WatchOS26.5.sdk/System/Library/Frameworks/UIKit.framework/Headers/UIBarButtonItem.h:69:12: note: 'UIBarButtonItem' has been explicitly marked unavailable here
@interface UIBarButtonItem : UIBarItem <NSCoding>
           ^
/Users/admin/builder/spi-builder-workspace/Sources/ProtoKit/Closurable.swift:149:45: error: 'UIBarButtonItem' is unavailable in watchOS
  public func addTarget(closure: @escaping (UIBarButtonItem) -> Void) {
                                            ^~~~~~~~~~~~~~~
/Applications/Xcode-26.5.0.app/Contents/Developer/Platforms/WatchOS.platform/Developer/SDKs/WatchOS26.5.sdk/System/Library/Frameworks/UIKit.framework/Headers/UIBarButtonItem.h:69:12: note: 'UIBarButtonItem' has been explicitly marked unavailable here
@interface UIBarButtonItem : UIBarItem <NSCoding>
           ^
/Users/admin/builder/spi-builder-workspace/Sources/ProtoKit/Closurable.swift:129:11: error: 'UIBarButtonItem' is unavailable in watchOS
extension UIBarButtonItem: Closurable {
          ^~~~~~~~~~~~~~~
/Applications/Xcode-26.5.0.app/Contents/Developer/Platforms/WatchOS.platform/Developer/SDKs/WatchOS26.5.sdk/System/Library/Frameworks/UIKit.framework/Headers/UIBarButtonItem.h:69:12: note: 'UIBarButtonItem' has been explicitly marked unavailable here
@interface UIBarButtonItem : UIBarItem <NSCoding>
           ^
/Users/admin/builder/spi-builder-workspace/Sources/ProtoKit/Extensions.swift:15:41: error: 'UIApplication' is unavailable in watchOS
  public typealias UnifiedApplication = UIApplication
                                        ^~~~~~~~~~~~~
/Applications/Xcode-26.5.0.app/Contents/Developer/Platforms/WatchOS.platform/Developer/SDKs/WatchOS26.5.sdk/System/Library/Frameworks/UIKit.framework/Headers/UIApplication.h:85:12: note: 'UIApplication' has been explicitly marked unavailable here
@interface UIApplication : UIResponder
           ^
/Users/admin/builder/spi-builder-workspace/Sources/ProtoKit/Extensions.swift:18:39: error: 'UIImageView' is unavailable in watchOS
  public typealias UnifiedImageView = UIImageView
                                      ^~~~~~~~~~~
/Applications/Xcode-26.5.0.app/Contents/Developer/Platforms/WatchOS.platform/Developer/SDKs/WatchOS26.5.sdk/System/Library/Frameworks/UIKit.framework/Headers/UIImageView.h:21:12: note: 'UIImageView' has been explicitly marked unavailable here
@interface UIImageView : UIView
           ^
/Users/admin/builder/spi-builder-workspace/Sources/ProtoKit/Extensions.swift:157:53: error: 'UITableView' is unavailable in watchOS
  public static func dequeueReusable(in collection: UITableView, for indexPath: IndexPath) -> Self {
                                                    ^~~~~~~~~~~
/Applications/Xcode-26.5.0.app/Contents/Developer/Platforms/WatchOS.platform/Developer/SDKs/WatchOS26.5.sdk/System/Library/Frameworks/UIKit.framework/Headers/UITableView.h:347:12: note: 'UITableView' has been explicitly marked unavailable here
@interface UITableView : UIScrollView <NSCoding, UIDataSourceTranslating>
           ^
/Users/admin/builder/spi-builder-workspace/Sources/ProtoKit/Extensions.swift:164:41: error: 'UITableView' is unavailable in watchOS
  public static func register(to table: UITableView) {
                                        ^~~~~~~~~~~
/Applications/Xcode-26.5.0.app/Contents/Developer/Platforms/WatchOS.platform/Developer/SDKs/WatchOS26.5.sdk/System/Library/Frameworks/UIKit.framework/Headers/UITableView.h:347:12: note: 'UITableView' has been explicitly marked unavailable here
@interface UITableView : UIScrollView <NSCoding, UIDataSourceTranslating>
           ^
/Users/admin/builder/spi-builder-workspace/Sources/ProtoKit/Extensions.swift:156:1: warning: unavailable class 'UITableView' was used to satisfy a requirement of protocol 'DequeableCell'; this will be an error in a future Swift language mode
extension UITableViewCell: @MainActor DequeableCell {
^
/Applications/Xcode-26.5.0.app/Contents/Developer/Platforms/WatchOS.platform/Developer/SDKs/WatchOS26.5.sdk/System/Library/Frameworks/UIKit.framework/Headers/UITableView.h:347:12: note: 'UITableView' declared here
@interface UITableView : UIScrollView <NSCoding, UIDataSourceTranslating>
           ^
/Users/admin/builder/spi-builder-workspace/Sources/ProtoKit/UnifiedCollection.swift:41:18: note: requirement 'CollectionType' declared here
  associatedtype CollectionType: UnifiedCollection
                 ^
/Users/admin/builder/spi-builder-workspace/Sources/ProtoKit/Extensions.swift:156:11: error: 'UITableViewCell' is unavailable in watchOS
extension UITableViewCell: @MainActor DequeableCell {
          ^~~~~~~~~~~~~~~
/Applications/Xcode-26.5.0.app/Contents/Developer/Platforms/WatchOS.platform/Developer/SDKs/WatchOS26.5.sdk/System/Library/Frameworks/UIKit.framework/Headers/UITableViewCell.h:81:12: note: 'UITableViewCell' has been explicitly marked unavailable here
@interface UITableViewCell : UIView <NSCoding, UIGestureRecognizerDelegate>
           ^
/Users/admin/builder/spi-builder-workspace/Sources/ProtoKit/Extensions.swift:171:48: error: 'UITableView' is unavailable in watchOS
  public static func dequeueReusable(in table: UITableView) -> Self {
                                               ^~~~~~~~~~~
/Applications/Xcode-26.5.0.app/Contents/Developer/Platforms/WatchOS.platform/Developer/SDKs/WatchOS26.5.sdk/System/Library/Frameworks/UIKit.framework/Headers/UITableView.h:347:12: note: 'UITableView' has been explicitly marked unavailable here
@interface UITableView : UIScrollView <NSCoding, UIDataSourceTranslating>
           ^
/Users/admin/builder/spi-builder-workspace/Sources/ProtoKit/Extensions.swift:178:41: error: 'UITableView' is unavailable in watchOS
  public static func register(to table: UITableView) {
                                        ^~~~~~~~~~~
/Applications/Xcode-26.5.0.app/Contents/Developer/Platforms/WatchOS.platform/Developer/SDKs/WatchOS26.5.sdk/System/Library/Frameworks/UIKit.framework/Headers/UITableView.h:347:12: note: 'UITableView' has been explicitly marked unavailable here
@interface UITableView : UIScrollView <NSCoding, UIDataSourceTranslating>
           ^
/Users/admin/builder/spi-builder-workspace/Sources/ProtoKit/Extensions.swift:170:11: error: 'UITableViewHeaderFooterView' is unavailable in watchOS
extension UITableViewHeaderFooterView {
          ^~~~~~~~~~~~~~~~~~~~~~~~~~~
/Applications/Xcode-26.5.0.app/Contents/Developer/Platforms/WatchOS.platform/Developer/SDKs/WatchOS26.5.sdk/System/Library/Frameworks/UIKit.framework/Headers/UITableViewHeaderFooterView.h:25:12: note: 'UITableViewHeaderFooterView' has been explicitly marked unavailable here
@interface UITableViewHeaderFooterView : UIView
           ^
/Users/admin/builder/spi-builder-workspace/Sources/ProtoKit/Extensions.swift:185:53: error: 'UICollectionView' is unavailable in watchOS
  public static func dequeueReusable(in collection: UICollectionView, for indexPath: IndexPath) -> Self {
                                                    ^~~~~~~~~~~~~~~~
/Applications/Xcode-26.5.0.app/Contents/Developer/Platforms/WatchOS.platform/Developer/SDKs/WatchOS26.5.sdk/System/Library/Frameworks/UIKit.framework/Headers/UICollectionView.h:362:12: note: 'UICollectionView' has been explicitly marked unavailable here
@interface UICollectionView : UIScrollView <UIDataSourceTranslating>
           ^
/Users/admin/builder/spi-builder-workspace/Sources/ProtoKit/Extensions.swift:192:46: error: 'UICollectionView' is unavailable in watchOS
  public static func register(to collection: UICollectionView) {
                                             ^~~~~~~~~~~~~~~~
/Applications/Xcode-26.5.0.app/Contents/Developer/Platforms/WatchOS.platform/Developer/SDKs/WatchOS26.5.sdk/System/Library/Frameworks/UIKit.framework/Headers/UICollectionView.h:362:12: note: 'UICollectionView' has been explicitly marked unavailable here
@interface UICollectionView : UIScrollView <UIDataSourceTranslating>
           ^
/Users/admin/builder/spi-builder-workspace/Sources/ProtoKit/Extensions.swift:184:1: warning: unavailable class 'UICollectionView' was used to satisfy a requirement of protocol 'DequeableCell'; this will be an error in a future Swift language mode
extension UICollectionViewCell: @MainActor DequeableCell {
^
/Applications/Xcode-26.5.0.app/Contents/Developer/Platforms/WatchOS.platform/Developer/SDKs/WatchOS26.5.sdk/System/Library/Frameworks/UIKit.framework/Headers/UICollectionView.h:362:12: note: 'UICollectionView' declared here
@interface UICollectionView : UIScrollView <UIDataSourceTranslating>
           ^
/Users/admin/builder/spi-builder-workspace/Sources/ProtoKit/UnifiedCollection.swift:41:18: note: requirement 'CollectionType' declared here
  associatedtype CollectionType: UnifiedCollection
                 ^
/Users/admin/builder/spi-builder-workspace/Sources/ProtoKit/Extensions.swift:184:11: error: 'UICollectionViewCell' is unavailable in watchOS
extension UICollectionViewCell: @MainActor DequeableCell {
          ^~~~~~~~~~~~~~~~~~~~
/Applications/Xcode-26.5.0.app/Contents/Developer/Platforms/WatchOS.platform/Developer/SDKs/WatchOS26.5.sdk/System/Library/Frameworks/UIKit.framework/Headers/UICollectionViewCell.h:65:12: note: 'UICollectionViewCell' has been explicitly marked unavailable here
@interface UICollectionViewCell : UICollectionReusableView
           ^
/Users/admin/builder/spi-builder-workspace/Sources/ProtoKit/Extensions.swift:199:53: error: 'UICollectionView' is unavailable in watchOS
  public static func dequeueReusable(in collection: UICollectionView, ofKind kind: String,
                                                    ^~~~~~~~~~~~~~~~
/Applications/Xcode-26.5.0.app/Contents/Developer/Platforms/WatchOS.platform/Developer/SDKs/WatchOS26.5.sdk/System/Library/Frameworks/UIKit.framework/Headers/UICollectionView.h:362:12: note: 'UICollectionView' has been explicitly marked unavailable here
@interface UICollectionView : UIScrollView <UIDataSourceTranslating>
           ^
/Users/admin/builder/spi-builder-workspace/Sources/ProtoKit/Extensions.swift:209:46: error: 'UICollectionView' is unavailable in watchOS
  public static func register(to collection: UICollectionView, for kind: String) {
                                             ^~~~~~~~~~~~~~~~
/Applications/Xcode-26.5.0.app/Contents/Developer/Platforms/WatchOS.platform/Developer/SDKs/WatchOS26.5.sdk/System/Library/Frameworks/UIKit.framework/Headers/UICollectionView.h:362:12: note: 'UICollectionView' has been explicitly marked unavailable here
@interface UICollectionView : UIScrollView <UIDataSourceTranslating>
           ^
/Users/admin/builder/spi-builder-workspace/Sources/ProtoKit/Extensions.swift:198:11: error: 'UICollectionReusableView' is unavailable in watchOS
extension UICollectionReusableView {
          ^~~~~~~~~~~~~~~~~~~~~~~~
/Applications/Xcode-26.5.0.app/Contents/Developer/Platforms/WatchOS.platform/Developer/SDKs/WatchOS26.5.sdk/System/Library/Frameworks/UIKit.framework/Headers/UICollectionViewCell.h:38:12: note: 'UICollectionReusableView' has been explicitly marked unavailable here
@interface UICollectionReusableView : UIView
           ^
/Users/admin/builder/spi-builder-workspace/Sources/ProtoKit/Instantiable.swift:15:40: error: 'UIStoryboard' is unavailable in watchOS
  public typealias UnifiedStoryboard = UIStoryboard
                                       ^~~~~~~~~~~~
/Applications/Xcode-26.5.0.app/Contents/Developer/Platforms/WatchOS.platform/Developer/SDKs/WatchOS26.5.sdk/System/Library/Frameworks/UIKit.framework/Headers/UIStoryboard.h:19:12: note: 'UIStoryboard' has been explicitly marked unavailable here
@interface UIStoryboard : NSObject {
           ^
/Users/admin/builder/spi-builder-workspace/Sources/ProtoKit/Instantiable.swift:16:44: error: 'UIViewController' is unavailable in watchOS
  public typealias UnifiedViewController = UIViewController
                                           ^~~~~~~~~~~~~~~~
/Applications/Xcode-26.5.0.app/Contents/Developer/Platforms/WatchOS.platform/Developer/SDKs/WatchOS26.5.sdk/System/Library/Frameworks/UIKit.framework/Headers/UIViewController.h:102:12: note: 'UIViewController' has been explicitly marked unavailable here
@interface UIViewController : UIResponder <NSCoding, UIAppearanceContainer, UITraitEnvironment, UIContentContainer, UIFocusEnvironment>
           ^
/Users/admin/builder/spi-builder-workspace/Sources/ProtoKit/Instantiable.swift:17:34: error: 'UIView' is unavailable in watchOS
  public typealias UnifiedView = UIView
                                 ^~~~~~
/Applications/Xcode-26.5.0.app/Contents/Developer/Platforms/WatchOS.platform/Developer/SDKs/WatchOS26.5.sdk/System/Library/Frameworks/UIKit.framework/Headers/UIView.h:148:12: note: 'UIView' has been explicitly marked unavailable here
@interface UIView : UIResponder <NSCoding, UIAppearance, UIAppearanceContainer, UIDynamicItem, UITraitEnvironment, UICoordinateSpace, UIFocusItem, UIFocusItemContainer, CALayerDelegate>
           ^
/Users/admin/builder/spi-builder-workspace/Sources/ProtoKit/SegueHandlerType.swift:15:45: error: 'UIStoryboardSegue' is unavailable in watchOS
  public typealias UnifiedStoryboardSegue = UIStoryboardSegue
                                            ^~~~~~~~~~~~~~~~~
/Applications/Xcode-26.5.0.app/Contents/Developer/Platforms/WatchOS.platform/Developer/SDKs/WatchOS26.5.sdk/System/Library/Frameworks/UIKit.framework/Headers/UIStoryboardSegue.h:17:12: note: 'UIStoryboardSegue' has been explicitly marked unavailable here
@interface UIStoryboardSegue : NSObject
           ^
/Users/admin/builder/spi-builder-workspace/Sources/ProtoKit/SwiftUI/SwiftUIExtensions.swift:21:35: error: cannot find type 'UIHostingController' in scope
  public var uiHostingController: UIHostingController<Self> {
                                  ^~~~~~~~~~~~~~~~~~~
/Users/admin/builder/spi-builder-workspace/Sources/ProtoKit/SwiftUI/SwiftUIExtensions.swift:28:22: error: 'UIView' is unavailable in watchOS
  public var uiView: UIView { self.uiHostingController.view }
                     ^~~~~~
/Applications/Xcode-26.5.0.app/Contents/Developer/Platforms/WatchOS.platform/Developer/SDKs/WatchOS26.5.sdk/System/Library/Frameworks/UIKit.framework/Headers/UIView.h:148:12: note: 'UIView' has been explicitly marked unavailable here
@interface UIView : UIResponder <NSCoding, UIAppearance, UIAppearanceContainer, UIDynamicItem, UITraitEnvironment, UICoordinateSpace, UIFocusItem, UIFocusItemContainer, CALayerDelegate>
           ^
/Users/admin/builder/spi-builder-workspace/Sources/ProtoKit/UnifiedCollection.swift:33:11: error: 'UITableView' is unavailable in watchOS
extension UITableView: UnifiedCollection {}
          ^~~~~~~~~~~
/Applications/Xcode-26.5.0.app/Contents/Developer/Platforms/WatchOS.platform/Developer/SDKs/WatchOS26.5.sdk/System/Library/Frameworks/UIKit.framework/Headers/UITableView.h:347:12: note: 'UITableView' has been explicitly marked unavailable here
@interface UITableView : UIScrollView <NSCoding, UIDataSourceTranslating>
           ^
/Users/admin/builder/spi-builder-workspace/Sources/ProtoKit/UnifiedCollection.swift:34:11: error: 'UICollectionView' is unavailable in watchOS
extension UICollectionView: UnifiedCollection {}
          ^~~~~~~~~~~~~~~~
/Applications/Xcode-26.5.0.app/Contents/Developer/Platforms/WatchOS.platform/Developer/SDKs/WatchOS26.5.sdk/System/Library/Frameworks/UIKit.framework/Headers/UICollectionView.h:362:12: note: 'UICollectionView' has been explicitly marked unavailable here
@interface UICollectionView : UIScrollView <UIDataSourceTranslating>
           ^
/Users/admin/builder/spi-builder-workspace/Sources/ProtoKit/UnifiedCollection.swift:65:72: error: 'UITableViewDataSource' is unavailable in watchOS
  public static func dataSource(sections: [SectionData<Item>]) -> some UITableViewDataSource {
                                                                       ^~~~~~~~~~~~~~~~~~~~~
/Applications/Xcode-26.5.0.app/Contents/Developer/Platforms/WatchOS.platform/Developer/SDKs/WatchOS26.5.sdk/System/Library/Frameworks/UIKit.framework/Headers/UITableView.h:539:11: note: 'UITableViewDataSource' has been explicitly marked unavailable here
@protocol UITableViewDataSource<NSObject>
          ^
/Users/admin/builder/spi-builder-workspace/Sources/ProtoKit/UnifiedCollection.swift:70:83: error: 'UITableViewDataSource' is unavailable in watchOS
  public static func dataSource(_ variadicSections: SectionData<Item>...) -> some UITableViewDataSource {
                                                                                  ^~~~~~~~~~~~~~~~~~~~~
/Applications/Xcode-26.5.0.app/Contents/Developer/Platforms/WatchOS.platform/Developer/SDKs/WatchOS26.5.sdk/System/Library/Frameworks/UIKit.framework/Headers/UITableView.h:539:11: note: 'UITableViewDataSource' has been explicitly marked unavailable here
@protocol UITableViewDataSource<NSObject>
          ^
/Users/admin/builder/spi-builder-workspace/Sources/ProtoKit/UnifiedCollection.swift:63:35: error: 'UITableViewCell' is unavailable in watchOS
extension UnifiedCell where Self: UITableViewCell {
                                  ^~~~~~~~~~~~~~~
/Applications/Xcode-26.5.0.app/Contents/Developer/Platforms/WatchOS.platform/Developer/SDKs/WatchOS26.5.sdk/System/Library/Frameworks/UIKit.framework/Headers/UITableViewCell.h:81:12: note: 'UITableViewCell' has been explicitly marked unavailable here
@interface UITableViewCell : UIView <NSCoding, UIGestureRecognizerDelegate>
           ^
/Users/admin/builder/spi-builder-workspace/Sources/ProtoKit/UnifiedCollection.swift:77:40: error: 'UICollectionReusableView' is unavailable in watchOS
  public static func dataSource<Title: UICollectionReusableView & UnifiedTitle>(titleType: Title.Type,
                                       ^~~~~~~~~~~~~~~~~~~~~~~~
/Applications/Xcode-26.5.0.app/Contents/Developer/Platforms/WatchOS.platform/Developer/SDKs/WatchOS26.5.sdk/System/Library/Frameworks/UIKit.framework/Headers/UICollectionViewCell.h:38:12: note: 'UICollectionReusableView' has been explicitly marked unavailable here
@interface UICollectionReusableView : UIView
           ^
/Users/admin/builder/spi-builder-workspace/Sources/ProtoKit/UnifiedCollection.swift:79:59: error: 'UICollectionViewDataSource' is unavailable in watchOS
                                                  -> some UICollectionViewDataSource where Item == Title.Item {
                                                          ^~~~~~~~~~~~~~~~~~~~~~~~~~
/Applications/Xcode-26.5.0.app/Contents/Developer/Platforms/WatchOS.platform/Developer/SDKs/WatchOS26.5.sdk/System/Library/Frameworks/UIKit.framework/Headers/UICollectionView.h:73:11: note: 'UICollectionViewDataSource' has been explicitly marked unavailable here
@protocol UICollectionViewDataSource <NSObject>
          ^
/Users/admin/builder/spi-builder-workspace/Sources/ProtoKit/UnifiedCollection.swift:84:40: error: 'UICollectionReusableView' is unavailable in watchOS
  public static func dataSource<Title: UICollectionReusableView & UnifiedTitle>(titleType: Title.Type,
                                       ^~~~~~~~~~~~~~~~~~~~~~~~
/Applications/Xcode-26.5.0.app/Contents/Developer/Platforms/WatchOS.platform/Developer/SDKs/WatchOS26.5.sdk/System/Library/Frameworks/UIKit.framework/Headers/UICollectionViewCell.h:38:12: note: 'UICollectionReusableView' has been explicitly marked unavailable here
@interface UICollectionReusableView : UIView
           ^
/Users/admin/builder/spi-builder-workspace/Sources/ProtoKit/UnifiedCollection.swift:86:59: error: 'UICollectionViewDataSource' is unavailable in watchOS
                                                  -> some UICollectionViewDataSource where Item == Title.Item {
                                                          ^~~~~~~~~~~~~~~~~~~~~~~~~~
/Applications/Xcode-26.5.0.app/Contents/Developer/Platforms/WatchOS.platform/Developer/SDKs/WatchOS26.5.sdk/System/Library/Frameworks/UIKit.framework/Headers/UICollectionView.h:73:11: note: 'UICollectionViewDataSource' has been explicitly marked unavailable here
@protocol UICollectionViewDataSource <NSObject>
          ^
/Users/admin/builder/spi-builder-workspace/Sources/ProtoKit/UnifiedCollection.swift:75:35: error: 'UICollectionViewCell' is unavailable in watchOS
extension UnifiedCell where Self: UICollectionViewCell {
                                  ^~~~~~~~~~~~~~~~~~~~
/Applications/Xcode-26.5.0.app/Contents/Developer/Platforms/WatchOS.platform/Developer/SDKs/WatchOS26.5.sdk/System/Library/Frameworks/UIKit.framework/Headers/UICollectionViewCell.h:65:12: note: 'UICollectionViewCell' has been explicitly marked unavailable here
@interface UICollectionViewCell : UICollectionReusableView
           ^
/Users/admin/builder/spi-builder-workspace/Sources/ProtoKit/UnifiedCollection.swift:119:39: error: 'UITableView' is unavailable in watchOS
  func numberOfSections(in tableView: UITableView) -> Int {
                                      ^~~~~~~~~~~
/Applications/Xcode-26.5.0.app/Contents/Developer/Platforms/WatchOS.platform/Developer/SDKs/WatchOS26.5.sdk/System/Library/Frameworks/UIKit.framework/Headers/UITableView.h:347:12: note: 'UITableView' has been explicitly marked unavailable here
@interface UITableView : UIScrollView <NSCoding, UIDataSourceTranslating>
           ^
/Users/admin/builder/spi-builder-workspace/Sources/ProtoKit/UnifiedCollection.swift:123:31: error: 'UITableView' is unavailable in watchOS
  func tableView(_ tableView: UITableView, numberOfRowsInSection section: Int) -> Int {
                              ^~~~~~~~~~~
/Applications/Xcode-26.5.0.app/Contents/Developer/Platforms/WatchOS.platform/Developer/SDKs/WatchOS26.5.sdk/System/Library/Frameworks/UIKit.framework/Headers/UITableView.h:347:12: note: 'UITableView' has been explicitly marked unavailable here
@interface UITableView : UIScrollView <NSCoding, UIDataSourceTranslating>
           ^
/Users/admin/builder/spi-builder-workspace/Sources/ProtoKit/UnifiedCollection.swift:127:31: error: 'UITableView' is unavailable in watchOS
  func tableView(_ tableView: UITableView, titleForHeaderInSection section: Int) -> String? {
                              ^~~~~~~~~~~
/Applications/Xcode-26.5.0.app/Contents/Developer/Platforms/WatchOS.platform/Developer/SDKs/WatchOS26.5.sdk/System/Library/Frameworks/UIKit.framework/Headers/UITableView.h:347:12: note: 'UITableView' has been explicitly marked unavailable here
@interface UITableView : UIScrollView <NSCoding, UIDataSourceTranslating>
           ^
/Users/admin/builder/spi-builder-workspace/Sources/ProtoKit/UnifiedCollection.swift:131:31: error: 'UITableView' is unavailable in watchOS
  func tableView(_ tableView: UITableView, titleForFooterInSection section: Int) -> String? {
                              ^~~~~~~~~~~
/Applications/Xcode-26.5.0.app/Contents/Developer/Platforms/WatchOS.platform/Developer/SDKs/WatchOS26.5.sdk/System/Library/Frameworks/UIKit.framework/Headers/UITableView.h:347:12: note: 'UITableView' has been explicitly marked unavailable here
@interface UITableView : UIScrollView <NSCoding, UIDataSourceTranslating>
           ^
/Users/admin/builder/spi-builder-workspace/Sources/ProtoKit/UnifiedCollection.swift:135:31: error: 'UITableView' is unavailable in watchOS
  func tableView(_ tableView: UITableView, cellForRowAt indexPath: IndexPath) -> UITableViewCell {
                              ^~~~~~~~~~~
/Applications/Xcode-26.5.0.app/Contents/Developer/Platforms/WatchOS.platform/Developer/SDKs/WatchOS26.5.sdk/System/Library/Frameworks/UIKit.framework/Headers/UITableView.h:347:12: note: 'UITableView' has been explicitly marked unavailable here
@interface UITableView : UIScrollView <NSCoding, UIDataSourceTranslating>
           ^
/Users/admin/builder/spi-builder-workspace/Sources/ProtoKit/UnifiedCollection.swift:135:82: error: 'UITableViewCell' is unavailable in watchOS
  func tableView(_ tableView: UITableView, cellForRowAt indexPath: IndexPath) -> UITableViewCell {
                                                                                 ^~~~~~~~~~~~~~~
/Applications/Xcode-26.5.0.app/Contents/Developer/Platforms/WatchOS.platform/Developer/SDKs/WatchOS26.5.sdk/System/Library/Frameworks/UIKit.framework/Headers/UITableViewCell.h:81:12: note: 'UITableViewCell' has been explicitly marked unavailable here
@interface UITableViewCell : UIView <NSCoding, UIGestureRecognizerDelegate>
           ^
/Users/admin/builder/spi-builder-workspace/Sources/ProtoKit/UnifiedCollection.swift:116:9: error: 'UITableViewCell' is unavailable in watchOS
  Cell: UITableViewCell & UnifiedCell
        ^~~~~~~~~~~~~~~
/Applications/Xcode-26.5.0.app/Contents/Developer/Platforms/WatchOS.platform/Developer/SDKs/WatchOS26.5.sdk/System/Library/Frameworks/UIKit.framework/Headers/UITableViewCell.h:81:12: note: 'UITableViewCell' has been explicitly marked unavailable here
@interface UITableViewCell : UIView <NSCoding, UIGestureRecognizerDelegate>
           ^
/Users/admin/builder/spi-builder-workspace/Sources/ProtoKit/UnifiedCollection.swift:117:29: error: 'UITableViewDataSource' is unavailable in watchOS
>: UnifiedDataSource<Cell>, UITableViewDataSource {
                            ^~~~~~~~~~~~~~~~~~~~~
/Applications/Xcode-26.5.0.app/Contents/Developer/Platforms/WatchOS.platform/Developer/SDKs/WatchOS26.5.sdk/System/Library/Frameworks/UIKit.framework/Headers/UITableView.h:539:11: note: 'UITableViewDataSource' has been explicitly marked unavailable here
@protocol UITableViewDataSource<NSObject>
          ^
/Users/admin/builder/spi-builder-workspace/Sources/ProtoKit/UnifiedCollection.swift:148:44: error: 'UICollectionView' is unavailable in watchOS
  func numberOfSections(in collectionView: UICollectionView) -> Int {
                                           ^~~~~~~~~~~~~~~~
/Applications/Xcode-26.5.0.app/Contents/Developer/Platforms/WatchOS.platform/Developer/SDKs/WatchOS26.5.sdk/System/Library/Frameworks/UIKit.framework/Headers/UICollectionView.h:362:12: note: 'UICollectionView' has been explicitly marked unavailable here
@interface UICollectionView : UIScrollView <UIDataSourceTranslating>
           ^
/Users/admin/builder/spi-builder-workspace/Sources/ProtoKit/UnifiedCollection.swift:152:41: error: 'UICollectionView' is unavailable in watchOS
  func collectionView(_ collectionView: UICollectionView, numberOfItemsInSection section: Int) -> Int {
                                        ^~~~~~~~~~~~~~~~
/Applications/Xcode-26.5.0.app/Contents/Developer/Platforms/WatchOS.platform/Developer/SDKs/WatchOS26.5.sdk/System/Library/Frameworks/UIKit.framework/Headers/UICollectionView.h:362:12: note: 'UICollectionView' has been explicitly marked unavailable here
@interface UICollectionView : UIScrollView <UIDataSourceTranslating>
           ^
/Users/admin/builder/spi-builder-workspace/Sources/ProtoKit/UnifiedCollection.swift:156:41: error: 'UICollectionView' is unavailable in watchOS
  func collectionView(_ collectionView: UICollectionView,
                                        ^~~~~~~~~~~~~~~~
/Applications/Xcode-26.5.0.app/Contents/Developer/Platforms/WatchOS.platform/Developer/SDKs/WatchOS26.5.sdk/System/Library/Frameworks/UIKit.framework/Headers/UICollectionView.h:362:12: note: 'UICollectionView' has been explicitly marked unavailable here
@interface UICollectionView : UIScrollView <UIDataSourceTranslating>
           ^
/Users/admin/builder/spi-builder-workspace/Sources/ProtoKit/UnifiedCollection.swift:158:51: error: 'UICollectionReusableView' is unavailable in watchOS
                      at indexPath: IndexPath) -> UICollectionReusableView {
                                                  ^~~~~~~~~~~~~~~~~~~~~~~~
/Applications/Xcode-26.5.0.app/Contents/Developer/Platforms/WatchOS.platform/Developer/SDKs/WatchOS26.5.sdk/System/Library/Frameworks/UIKit.framework/Headers/UICollectionViewCell.h:38:12: note: 'UICollectionReusableView' has been explicitly marked unavailable here
@interface UICollectionReusableView : UIView
           ^
/Users/admin/builder/spi-builder-workspace/Sources/ProtoKit/UnifiedCollection.swift:164:41: error: 'UICollectionView' is unavailable in watchOS
  func collectionView(_ collectionView: UICollectionView, cellForItemAt indexPath: IndexPath) -> UICollectionViewCell {
                                        ^~~~~~~~~~~~~~~~
/Applications/Xcode-26.5.0.app/Contents/Developer/Platforms/WatchOS.platform/Developer/SDKs/WatchOS26.5.sdk/System/Library/Frameworks/UIKit.framework/Headers/UICollectionView.h:362:12: note: 'UICollectionView' has been explicitly marked unavailable here
@interface UICollectionView : UIScrollView <UIDataSourceTranslating>
           ^
/Users/admin/builder/spi-builder-workspace/Sources/ProtoKit/UnifiedCollection.swift:164:98: error: 'UICollectionViewCell' is unavailable in watchOS
  func collectionView(_ collectionView: UICollectionView, cellForItemAt indexPath: IndexPath) -> UICollectionViewCell {
                                                                                                 ^~~~~~~~~~~~~~~~~~~~
/Applications/Xcode-26.5.0.app/Contents/Developer/Platforms/WatchOS.platform/Developer/SDKs/WatchOS26.5.sdk/System/Library/Frameworks/UIKit.framework/Headers/UICollectionViewCell.h:65:12: note: 'UICollectionViewCell' has been explicitly marked unavailable here
@interface UICollectionViewCell : UICollectionReusableView
           ^
/Users/admin/builder/spi-builder-workspace/Sources/ProtoKit/UnifiedCollection.swift:144:9: error: 'UICollectionViewCell' is unavailable in watchOS
  Cell: UICollectionViewCell & UnifiedCell,
        ^~~~~~~~~~~~~~~~~~~~
/Applications/Xcode-26.5.0.app/Contents/Developer/Platforms/WatchOS.platform/Developer/SDKs/WatchOS26.5.sdk/System/Library/Frameworks/UIKit.framework/Headers/UICollectionViewCell.h:65:12: note: 'UICollectionViewCell' has been explicitly marked unavailable here
@interface UICollectionViewCell : UICollectionReusableView
           ^
/Users/admin/builder/spi-builder-workspace/Sources/ProtoKit/UnifiedCollection.swift:145:10: error: 'UICollectionReusableView' is unavailable in watchOS
  Title: UICollectionReusableView & UnifiedTitle
         ^~~~~~~~~~~~~~~~~~~~~~~~
/Applications/Xcode-26.5.0.app/Contents/Developer/Platforms/WatchOS.platform/Developer/SDKs/WatchOS26.5.sdk/System/Library/Frameworks/UIKit.framework/Headers/UICollectionViewCell.h:38:12: note: 'UICollectionReusableView' has been explicitly marked unavailable here
@interface UICollectionReusableView : UIView
           ^
/Users/admin/builder/spi-builder-workspace/Sources/ProtoKit/UnifiedCollection.swift:146:29: error: 'UICollectionViewDataSource' is unavailable in watchOS
>: UnifiedDataSource<Cell>, UICollectionViewDataSource where Cell.Item == Title.Item {
                            ^~~~~~~~~~~~~~~~~~~~~~~~~~
/Applications/Xcode-26.5.0.app/Contents/Developer/Platforms/WatchOS.platform/Developer/SDKs/WatchOS26.5.sdk/System/Library/Frameworks/UIKit.framework/Headers/UICollectionView.h:73:11: note: 'UICollectionViewDataSource' has been explicitly marked unavailable here
@protocol UICollectionViewDataSource <NSObject>
          ^
SwiftCompile normal arm64_32 Compiling\ SwiftUIExtensions.swift /Users/admin/builder/spi-builder-workspace/Sources/ProtoKit/SwiftUI/SwiftUIExtensions.swift (in target 'ProtoKit' from project 'ProtoKit')
SwiftCompile normal arm64_32 /Users/admin/builder/spi-builder-workspace/Sources/ProtoKit/SwiftUI/SwiftUIExtensions.swift (in target 'ProtoKit' from project 'ProtoKit')
    cd /Users/admin/builder/spi-builder-workspace/.swiftpm/xcode

SwiftCompile normal arm64_32 Compiling\ SegueHandlerType.swift,\ SelfPresentable.swift /Users/admin/builder/spi-builder-workspace/Sources/ProtoKit/SegueHandlerType.swift /Users/admin/builder/spi-builder-workspace/Sources/ProtoKit/SelfPresentable.swift (in target 'ProtoKit' from project 'ProtoKit')
SwiftCompile normal arm64_32 /Users/admin/builder/spi-builder-workspace/Sources/ProtoKit/SegueHandlerType.swift (in target 'ProtoKit' from project 'ProtoKit')
    cd /Users/admin/builder/spi-builder-workspace/.swiftpm/xcode

SwiftCompile normal arm64_32 /Users/admin/builder/spi-builder-workspace/Sources/ProtoKit/SelfPresentable.swift (in target 'ProtoKit' from project 'ProtoKit')
    cd /Users/admin/builder/spi-builder-workspace/.swiftpm/xcode

SwiftCompile normal arm64_32 Compiling\ Extensions.swift,\ Instantiable.swift /Users/admin/builder/spi-builder-workspace/Sources/ProtoKit/Extensions.swift /Users/admin/builder/spi-builder-workspace/Sources/ProtoKit/Instantiable.swift (in target 'ProtoKit' from project 'ProtoKit')
SwiftCompile normal arm64_32 /Users/admin/builder/spi-builder-workspace/Sources/ProtoKit/Extensions.swift (in target 'ProtoKit' from project 'ProtoKit')
    cd /Users/admin/builder/spi-builder-workspace/.swiftpm/xcode

SwiftCompile normal arm64_32 /Users/admin/builder/spi-builder-workspace/Sources/ProtoKit/Instantiable.swift (in target 'ProtoKit' from project 'ProtoKit')
    cd /Users/admin/builder/spi-builder-workspace/.swiftpm/xcode

SwiftCompile normal arm64_32 Compiling\ Line.swift /Users/admin/builder/spi-builder-workspace/Sources/ProtoKit/SwiftUI/Line.swift (in target 'ProtoKit' from project 'ProtoKit')
SwiftCompile normal arm64_32 /Users/admin/builder/spi-builder-workspace/Sources/ProtoKit/SwiftUI/Line.swift (in target 'ProtoKit' from project 'ProtoKit')
    cd /Users/admin/builder/spi-builder-workspace/.swiftpm/xcode

SwiftCompile normal arm64_32 Compiling\ Configurable.swift,\ Error.swift /Users/admin/builder/spi-builder-workspace/Sources/ProtoKit/Configurable.swift /Users/admin/builder/spi-builder-workspace/Sources/ProtoKit/Error.swift (in target 'ProtoKit' from project 'ProtoKit')
SwiftCompile normal arm64_32 /Users/admin/builder/spi-builder-workspace/Sources/ProtoKit/Configurable.swift (in target 'ProtoKit' from project 'ProtoKit')
    cd /Users/admin/builder/spi-builder-workspace/.swiftpm/xcode

SwiftCompile normal arm64_32 /Users/admin/builder/spi-builder-workspace/Sources/ProtoKit/Error.swift (in target 'ProtoKit' from project 'ProtoKit')
    cd /Users/admin/builder/spi-builder-workspace/.swiftpm/xcode

SwiftCompile normal arm64_32 Compiling\ AssociatedObjectStore.swift,\ Closurable.swift /Users/admin/builder/spi-builder-workspace/Sources/ProtoKit/AssociatedObjectStore.swift /Users/admin/builder/spi-builder-workspace/Sources/ProtoKit/Closurable.swift (in target 'ProtoKit' from project 'ProtoKit')
SwiftCompile normal arm64_32 /Users/admin/builder/spi-builder-workspace/Sources/ProtoKit/AssociatedObjectStore.swift (in target 'ProtoKit' from project 'ProtoKit')
    cd /Users/admin/builder/spi-builder-workspace/.swiftpm/xcode

SwiftCompile normal arm64_32 /Users/admin/builder/spi-builder-workspace/Sources/ProtoKit/Closurable.swift (in target 'ProtoKit' from project 'ProtoKit')
    cd /Users/admin/builder/spi-builder-workspace/.swiftpm/xcode

SwiftCompile normal arm64_32 Compiling\ Arrow.swift,\ CircleShape.swift /Users/admin/builder/spi-builder-workspace/Sources/ProtoKit/SwiftUI/Arrow.swift /Users/admin/builder/spi-builder-workspace/Sources/ProtoKit/SwiftUI/CircleShape.swift (in target 'ProtoKit' from project 'ProtoKit')
SwiftCompile normal arm64_32 /Users/admin/builder/spi-builder-workspace/Sources/ProtoKit/SwiftUI/Arrow.swift (in target 'ProtoKit' from project 'ProtoKit')
    cd /Users/admin/builder/spi-builder-workspace/.swiftpm/xcode

SwiftCompile normal arm64_32 /Users/admin/builder/spi-builder-workspace/Sources/ProtoKit/SwiftUI/CircleShape.swift (in target 'ProtoKit' from project 'ProtoKit')
    cd /Users/admin/builder/spi-builder-workspace/.swiftpm/xcode

SwiftCompile normal arm64_32 Compiling\ KVO.swift,\ NotificationService.swift /Users/admin/builder/spi-builder-workspace/Sources/ProtoKit/KVO.swift /Users/admin/builder/spi-builder-workspace/Sources/ProtoKit/NotificationService.swift (in target 'ProtoKit' from project 'ProtoKit')
SwiftCompile normal arm64_32 /Users/admin/builder/spi-builder-workspace/Sources/ProtoKit/KVO.swift (in target 'ProtoKit' from project 'ProtoKit')
    cd /Users/admin/builder/spi-builder-workspace/.swiftpm/xcode

SwiftCompile normal arm64_32 /Users/admin/builder/spi-builder-workspace/Sources/ProtoKit/NotificationService.swift (in target 'ProtoKit' from project 'ProtoKit')
    cd /Users/admin/builder/spi-builder-workspace/.swiftpm/xcode

SwiftExplicitDependencyGeneratePcm arm64 /Users/admin/builder/spi-builder-workspace/.derivedData/ModuleCache.noindex/SwiftUI-CG6ECLZX98OUCDX22DNETYRI5.pcm
SwiftDriverJobDiscovery normal arm64_32 Compiling Configurable.swift, Error.swift (in target 'ProtoKit' from project 'ProtoKit')
SwiftCompile normal arm64_32 Compiling\ UnifiedCollection.swift /Users/admin/builder/spi-builder-workspace/Sources/ProtoKit/UnifiedCollection.swift (in target 'ProtoKit' from project 'ProtoKit')
SwiftCompile normal arm64_32 /Users/admin/builder/spi-builder-workspace/Sources/ProtoKit/UnifiedCollection.swift (in target 'ProtoKit' from project 'ProtoKit')
    cd /Users/admin/builder/spi-builder-workspace/.swiftpm/xcode

SwiftEmitModule normal arm64 Emitting\ module\ for\ ProtoKit (in target 'ProtoKit' from project 'ProtoKit')
2026-09-03 06:12:04.397 xcodebuild[660:3978] [MT] IDERunDestination: Supported platforms for the buildables in the current scheme is empty.
** BUILD FAILED **
The following build commands failed:
	SwiftEmitModule normal arm64_32 Emitting\ module\ for\ ProtoKit (in target 'ProtoKit' from project 'ProtoKit')
	EmitSwiftModule normal arm64_32 (in target 'ProtoKit' from project 'ProtoKit')
	Building workspace spi-builder-workspace with scheme ProtoKit
(3 failures)
Command line invocation:
    /Applications/Xcode-26.5.0.app/Contents/Developer/usr/bin/xcodebuild -IDEClonedSourcePackagesDirPathOverride=/Users/admin/builder/spi-builder-workspace/.dependencies -resolvePackageDependencies
Resolve Package Graph
Resolved source packages:
  ProtoKit: /Users/admin/builder/spi-builder-workspace
resolved source packages: ProtoKit
2026-09-03 06:12:12.248 xcodebuild[802:4513] [MT] IDERunDestination: Supported platforms for the buildables in the current scheme is empty.
{
  "dependencies" : [
  ],
  "manifest_display_name" : "ProtoKit",
  "name" : "ProtoKit",
  "path" : "/Users/admin/builder/spi-builder-workspace",
  "platforms" : [
    {
      "name" : "macos",
      "version" : "26.0"
    },
    {
      "name" : "ios",
      "version" : "26.0"
    },
    {
      "name" : "tvos",
      "version" : "26.0"
    }
  ],
  "products" : [
    {
      "name" : "ProtoKit",
      "targets" : [
        "ProtoKit"
      ],
      "type" : {
        "library" : [
          "automatic"
        ]
      }
    }
  ],
  "targets" : [
    {
      "c99name" : "ProtoKitTests",
      "module_type" : "SwiftTarget",
      "name" : "ProtoKitTests",
      "path" : ".",
      "sources" : [
        "Tests/ClosurableTests.swift",
        "Tests/KVOTests.swift",
        "Tests/NotificationServiceTests.swift",
        "Tests/SelfPresentableTests.swift",
        "Tests/UnifiedCollectionTests.swift"
      ],
      "target_dependencies" : [
        "ProtoKit"
      ],
      "type" : "test"
    },
    {
      "c99name" : "ProtoKit",
      "module_type" : "SwiftTarget",
      "name" : "ProtoKit",
      "path" : ".",
      "product_memberships" : [
        "ProtoKit"
      ],
      "sources" : [
        "Sources/ProtoKit/AssociatedObjectStore.swift",
        "Sources/ProtoKit/Closurable.swift",
        "Sources/ProtoKit/Configurable.swift",
        "Sources/ProtoKit/Error.swift",
        "Sources/ProtoKit/Extensions.swift",
        "Sources/ProtoKit/Instantiable.swift",
        "Sources/ProtoKit/KVO.swift",
        "Sources/ProtoKit/NotificationService.swift",
        "Sources/ProtoKit/SegueHandlerType.swift",
        "Sources/ProtoKit/SelfPresentable.swift",
        "Sources/ProtoKit/SwiftUI/Arrow.swift",
        "Sources/ProtoKit/SwiftUI/CircleShape.swift",
        "Sources/ProtoKit/SwiftUI/Line.swift",
        "Sources/ProtoKit/SwiftUI/ProgressText.swift",
        "Sources/ProtoKit/SwiftUI/SwiftUIExtensions.swift",
        "Sources/ProtoKit/UnifiedCollection.swift"
      ],
      "type" : "library"
    }
  ],
  "tools_version" : "6.3.2"
}
{
  "workspace" : {
    "name" : "spi-builder-workspace",
    "schemes" : [
      "ProtoKit"
    ]
  }
}
2026-09-03 06:12:13.357 xcodebuild[812:4589] [MT] IDERunDestination: Supported platforms for the buildables in the current scheme is empty.
Running build ...
env DEVELOPER_DIR=/Applications/Xcode-26.5.0.app xcrun xcodebuild -IDEClonedSourcePackagesDirPathOverride=$PWD/.dependencies -skipMacroValidation -skipPackagePluginValidation -derivedDataPath $PWD/.derivedData build -scheme ProtoKit -destination generic/platform=watchOS
Command line invocation:
    /Applications/Xcode-26.5.0.app/Contents/Developer/usr/bin/xcodebuild -IDEClonedSourcePackagesDirPathOverride=/Users/admin/builder/spi-builder-workspace/.dependencies -skipMacroValidation -skipPackagePluginValidation -derivedDataPath /Users/admin/builder/spi-builder-workspace/.derivedData build -scheme ProtoKit -destination generic/platform=watchOS
Resolve Package Graph
Resolved source packages:
  ProtoKit: /Users/admin/builder/spi-builder-workspace
ComputePackagePrebuildTargetDependencyGraph
Prepare packages
CreateBuildRequest
SendProjectDescription
CreateBuildOperation
ComputeTargetDependencyGraph
note: Building targets in dependency order
note: Target dependency graph (2 targets)
    Target 'ProtoKit' in project 'ProtoKit'
        ➜ Explicit dependency on target 'ProtoKit' in project 'ProtoKit'
    Target 'ProtoKit' in project 'ProtoKit' (no dependencies)
GatherProvisioningInputs
CreateBuildDescription
ClangStatCache /Applications/Xcode-26.5.0.app/Contents/Developer/Toolchains/XcodeDefault.xctoolchain/usr/bin/clang-stat-cache /Applications/Xcode-26.5.0.app/Contents/Developer/Platforms/WatchOS.platform/Developer/SDKs/WatchOS26.5.sdk /Users/admin/builder/spi-builder-workspace/.derivedData/SDKStatCaches.noindex/watchos26.5-23T570-688ef53f1462e2c8f657fdc38a81448f7931b973dfc65d9472806dbbc3af9379.sdkstatcache
    cd /Users/admin/builder/spi-builder-workspace/.swiftpm/xcode
    /Applications/Xcode-26.5.0.app/Contents/Developer/Toolchains/XcodeDefault.xctoolchain/usr/bin/clang-stat-cache /Applications/Xcode-26.5.0.app/Contents/Developer/Platforms/WatchOS.platform/Developer/SDKs/WatchOS26.5.sdk -o /Users/admin/builder/spi-builder-workspace/.derivedData/SDKStatCaches.noindex/watchos26.5-23T570-688ef53f1462e2c8f657fdc38a81448f7931b973dfc65d9472806dbbc3af9379.sdkstatcache
SwiftDriver ProtoKit normal arm64_32 com.apple.xcode.tools.swift.compiler (in target 'ProtoKit' from project 'ProtoKit')
    cd /Users/admin/builder/spi-builder-workspace/.swiftpm/xcode
    builtin-SwiftDriver -- /Applications/Xcode-26.5.0.app/Contents/Developer/Toolchains/XcodeDefault.xctoolchain/usr/bin/swiftc -module-name ProtoKit -Onone @/Users/admin/builder/spi-builder-workspace/.derivedData/Build/Intermediates.noindex/ProtoKit.build/Debug-watchos/ProtoKit.build/Objects-normal/arm64_32/ProtoKit.SwiftFileList -DSWIFT_PACKAGE -DDEBUG -DSWIFT_MODULE_RESOURCE_BUNDLE_UNAVAILABLE -DXcode -enable-upcoming-feature ExistentialAny -plugin-path /Applications/Xcode-26.5.0.app/Contents/Developer/Toolchains/XcodeDefault.xctoolchain/usr/lib/swift/host/plugins/testing -enable-experimental-feature DebugDescriptionMacro -sdk /Applications/Xcode-26.5.0.app/Contents/Developer/Platforms/WatchOS.platform/Developer/SDKs/WatchOS26.5.sdk -target arm64_32-apple-watchos26.0 -g -module-cache-path /Users/admin/builder/spi-builder-workspace/.derivedData/ModuleCache.noindex -Xfrontend -serialize-debugging-options -profile-coverage-mapping -profile-generate -enable-testing -index-store-path /Users/admin/builder/spi-builder-workspace/.derivedData/Index.noindex/DataStore -Xcc -D_LIBCPP_HARDENING_MODE\=_LIBCPP_HARDENING_MODE_DEBUG -swift-version 6 -I /Users/admin/builder/spi-builder-workspace/.derivedData/Build/Products/Debug-watchos -Isystem /Applications/Xcode-26.5.0.app/Contents/Developer/Platforms/WatchOS.platform/Developer/usr/lib -F /Users/admin/builder/spi-builder-workspace/.derivedData/Build/Products/Debug-watchos -F /Applications/Xcode-26.5.0.app/Contents/Developer/Platforms/WatchOS.platform/Developer/Library/Frameworks -F /Applications/Xcode-26.5.0.app/Contents/Developer/Platforms/WatchOS.platform/Developer/SDKs/WatchOS26.5.sdk/Developer/Library/Frameworks -c -j10 -enable-batch-mode -incremental -Xcc -ivfsstatcache -Xcc /Users/admin/builder/spi-builder-workspace/.derivedData/SDKStatCaches.noindex/watchos26.5-23T570-688ef53f1462e2c8f657fdc38a81448f7931b973dfc65d9472806dbbc3af9379.sdkstatcache -output-file-map /Users/admin/builder/spi-builder-workspace/.derivedData/Build/Intermediates.noindex/ProtoKit.build/Debug-watchos/ProtoKit.build/Objects-normal/arm64_32/ProtoKit-OutputFileMap.json -use-frontend-parseable-output -save-temps -no-color-diagnostics -explicit-module-build -module-cache-path /Users/admin/builder/spi-builder-workspace/.derivedData/Build/Intermediates.noindex/SwiftExplicitPrecompiledModules -clang-scanner-module-cache-path /Users/admin/builder/spi-builder-workspace/.derivedData/ModuleCache.noindex -sdk-module-cache-path /Users/admin/builder/spi-builder-workspace/.derivedData/ModuleCache.noindex -serialize-diagnostics -emit-dependencies -emit-module -emit-module-path /Users/admin/builder/spi-builder-workspace/.derivedData/Build/Intermediates.noindex/ProtoKit.build/Debug-watchos/ProtoKit.build/Objects-normal/arm64_32/ProtoKit.swiftmodule -validate-clang-modules-once -clang-build-session-file /Users/admin/builder/spi-builder-workspace/.derivedData/ModuleCache.noindex/Session.modulevalidation -package-name spi_builder_workspace -Xcc -I/Users/admin/builder/spi-builder-workspace/.derivedData/Build/Intermediates.noindex/ProtoKit.build/Debug-watchos/ProtoKit.build/swift-overrides.hmap -emit-const-values -Xfrontend -const-gather-protocols-file -Xfrontend /Users/admin/builder/spi-builder-workspace/.derivedData/Build/Intermediates.noindex/ProtoKit.build/Debug-watchos/ProtoKit.build/Objects-normal/arm64_32/ProtoKit_const_extract_protocols.json -Xcc -I/Users/admin/builder/spi-builder-workspace/.derivedData/Build/Products/Debug-watchos/include -Xcc -I/Users/admin/builder/spi-builder-workspace/.derivedData/Build/Intermediates.noindex/ProtoKit.build/Debug-watchos/ProtoKit.build/DerivedSources-normal/arm64_32 -Xcc -I/Users/admin/builder/spi-builder-workspace/.derivedData/Build/Intermediates.noindex/ProtoKit.build/Debug-watchos/ProtoKit.build/DerivedSources/arm64_32 -Xcc -I/Users/admin/builder/spi-builder-workspace/.derivedData/Build/Intermediates.noindex/ProtoKit.build/Debug-watchos/ProtoKit.build/DerivedSources -Xcc -DSWIFT_PACKAGE -Xcc -DDEBUG\=1 -emit-objc-header -emit-objc-header-path /Users/admin/builder/spi-builder-workspace/.derivedData/Build/Intermediates.noindex/ProtoKit.build/Debug-watchos/ProtoKit.build/Objects-normal/arm64_32/ProtoKit-Swift.h -working-directory /Users/admin/builder/spi-builder-workspace/.swiftpm/xcode -experimental-emit-module-separately -disable-cmo
SwiftDriver ProtoKit normal arm64 com.apple.xcode.tools.swift.compiler (in target 'ProtoKit' from project 'ProtoKit')
    cd /Users/admin/builder/spi-builder-workspace/.swiftpm/xcode
    builtin-SwiftDriver -- /Applications/Xcode-26.5.0.app/Contents/Developer/Toolchains/XcodeDefault.xctoolchain/usr/bin/swiftc -module-name ProtoKit -Onone @/Users/admin/builder/spi-builder-workspace/.derivedData/Build/Intermediates.noindex/ProtoKit.build/Debug-watchos/ProtoKit.build/Objects-normal/arm64/ProtoKit.SwiftFileList -DSWIFT_PACKAGE -DDEBUG -DSWIFT_MODULE_RESOURCE_BUNDLE_UNAVAILABLE -DXcode -enable-upcoming-feature ExistentialAny -plugin-path /Applications/Xcode-26.5.0.app/Contents/Developer/Toolchains/XcodeDefault.xctoolchain/usr/lib/swift/host/plugins/testing -enable-experimental-feature DebugDescriptionMacro -sdk /Applications/Xcode-26.5.0.app/Contents/Developer/Platforms/WatchOS.platform/Developer/SDKs/WatchOS26.5.sdk -target arm64-apple-watchos26.0 -g -module-cache-path /Users/admin/builder/spi-builder-workspace/.derivedData/ModuleCache.noindex -Xfrontend -serialize-debugging-options -profile-coverage-mapping -profile-generate -enable-testing -index-store-path /Users/admin/builder/spi-builder-workspace/.derivedData/Index.noindex/DataStore -Xcc -D_LIBCPP_HARDENING_MODE\=_LIBCPP_HARDENING_MODE_DEBUG -swift-version 6 -I /Users/admin/builder/spi-builder-workspace/.derivedData/Build/Products/Debug-watchos -Isystem /Applications/Xcode-26.5.0.app/Contents/Developer/Platforms/WatchOS.platform/Developer/usr/lib -F /Users/admin/builder/spi-builder-workspace/.derivedData/Build/Products/Debug-watchos -F /Applications/Xcode-26.5.0.app/Contents/Developer/Platforms/WatchOS.platform/Developer/Library/Frameworks -F /Applications/Xcode-26.5.0.app/Contents/Developer/Platforms/WatchOS.platform/Developer/SDKs/WatchOS26.5.sdk/Developer/Library/Frameworks -c -j10 -enable-batch-mode -incremental -Xcc -ivfsstatcache -Xcc /Users/admin/builder/spi-builder-workspace/.derivedData/SDKStatCaches.noindex/watchos26.5-23T570-688ef53f1462e2c8f657fdc38a81448f7931b973dfc65d9472806dbbc3af9379.sdkstatcache -output-file-map /Users/admin/builder/spi-builder-workspace/.derivedData/Build/Intermediates.noindex/ProtoKit.build/Debug-watchos/ProtoKit.build/Objects-normal/arm64/ProtoKit-OutputFileMap.json -use-frontend-parseable-output -save-temps -no-color-diagnostics -explicit-module-build -module-cache-path /Users/admin/builder/spi-builder-workspace/.derivedData/Build/Intermediates.noindex/SwiftExplicitPrecompiledModules -clang-scanner-module-cache-path /Users/admin/builder/spi-builder-workspace/.derivedData/ModuleCache.noindex -sdk-module-cache-path /Users/admin/builder/spi-builder-workspace/.derivedData/ModuleCache.noindex -serialize-diagnostics -emit-dependencies -emit-module -emit-module-path /Users/admin/builder/spi-builder-workspace/.derivedData/Build/Intermediates.noindex/ProtoKit.build/Debug-watchos/ProtoKit.build/Objects-normal/arm64/ProtoKit.swiftmodule -validate-clang-modules-once -clang-build-session-file /Users/admin/builder/spi-builder-workspace/.derivedData/ModuleCache.noindex/Session.modulevalidation -package-name spi_builder_workspace -Xcc -I/Users/admin/builder/spi-builder-workspace/.derivedData/Build/Intermediates.noindex/ProtoKit.build/Debug-watchos/ProtoKit.build/swift-overrides.hmap -emit-const-values -Xfrontend -const-gather-protocols-file -Xfrontend /Users/admin/builder/spi-builder-workspace/.derivedData/Build/Intermediates.noindex/ProtoKit.build/Debug-watchos/ProtoKit.build/Objects-normal/arm64/ProtoKit_const_extract_protocols.json -Xcc -I/Users/admin/builder/spi-builder-workspace/.derivedData/Build/Products/Debug-watchos/include -Xcc -I/Users/admin/builder/spi-builder-workspace/.derivedData/Build/Intermediates.noindex/ProtoKit.build/Debug-watchos/ProtoKit.build/DerivedSources-normal/arm64 -Xcc -I/Users/admin/builder/spi-builder-workspace/.derivedData/Build/Intermediates.noindex/ProtoKit.build/Debug-watchos/ProtoKit.build/DerivedSources/arm64 -Xcc -I/Users/admin/builder/spi-builder-workspace/.derivedData/Build/Intermediates.noindex/ProtoKit.build/Debug-watchos/ProtoKit.build/DerivedSources -Xcc -DSWIFT_PACKAGE -Xcc -DDEBUG\=1 -emit-objc-header -emit-objc-header-path /Users/admin/builder/spi-builder-workspace/.derivedData/Build/Intermediates.noindex/ProtoKit.build/Debug-watchos/ProtoKit.build/Objects-normal/arm64/ProtoKit-Swift.h -working-directory /Users/admin/builder/spi-builder-workspace/.swiftpm/xcode -experimental-emit-module-separately -disable-cmo
SwiftCompile normal arm64 Compiling\ Configurable.swift,\ Error.swift /Users/admin/builder/spi-builder-workspace/Sources/ProtoKit/Configurable.swift /Users/admin/builder/spi-builder-workspace/Sources/ProtoKit/Error.swift (in target 'ProtoKit' from project 'ProtoKit')
SwiftCompile normal arm64 /Users/admin/builder/spi-builder-workspace/Sources/ProtoKit/Configurable.swift (in target 'ProtoKit' from project 'ProtoKit')
    cd /Users/admin/builder/spi-builder-workspace/.swiftpm/xcode

SwiftCompile normal arm64 /Users/admin/builder/spi-builder-workspace/Sources/ProtoKit/Error.swift (in target 'ProtoKit' from project 'ProtoKit')
    cd /Users/admin/builder/spi-builder-workspace/.swiftpm/xcode

SwiftCompile normal arm64 Compiling\ Arrow.swift,\ CircleShape.swift /Users/admin/builder/spi-builder-workspace/Sources/ProtoKit/SwiftUI/Arrow.swift /Users/admin/builder/spi-builder-workspace/Sources/ProtoKit/SwiftUI/CircleShape.swift (in target 'ProtoKit' from project 'ProtoKit')
SwiftCompile normal arm64 /Users/admin/builder/spi-builder-workspace/Sources/ProtoKit/SwiftUI/Arrow.swift (in target 'ProtoKit' from project 'ProtoKit')
    cd /Users/admin/builder/spi-builder-workspace/.swiftpm/xcode

SwiftCompile normal arm64 /Users/admin/builder/spi-builder-workspace/Sources/ProtoKit/SwiftUI/CircleShape.swift (in target 'ProtoKit' from project 'ProtoKit')
    cd /Users/admin/builder/spi-builder-workspace/.swiftpm/xcode

SwiftCompile normal arm64 Compiling\ SwiftUIExtensions.swift /Users/admin/builder/spi-builder-workspace/Sources/ProtoKit/SwiftUI/SwiftUIExtensions.swift (in target 'ProtoKit' from project 'ProtoKit')
SwiftCompile normal arm64 /Users/admin/builder/spi-builder-workspace/Sources/ProtoKit/SwiftUI/SwiftUIExtensions.swift (in target 'ProtoKit' from project 'ProtoKit')
    cd /Users/admin/builder/spi-builder-workspace/.swiftpm/xcode

SwiftCompile normal arm64 Compiling\ ProgressText.swift /Users/admin/builder/spi-builder-workspace/Sources/ProtoKit/SwiftUI/ProgressText.swift (in target 'ProtoKit' from project 'ProtoKit')
SwiftCompile normal arm64 /Users/admin/builder/spi-builder-workspace/Sources/ProtoKit/SwiftUI/ProgressText.swift (in target 'ProtoKit' from project 'ProtoKit')
    cd /Users/admin/builder/spi-builder-workspace/.swiftpm/xcode

SwiftCompile normal arm64 Compiling\ KVO.swift,\ NotificationService.swift /Users/admin/builder/spi-builder-workspace/Sources/ProtoKit/KVO.swift /Users/admin/builder/spi-builder-workspace/Sources/ProtoKit/NotificationService.swift (in target 'ProtoKit' from project 'ProtoKit')
SwiftCompile normal arm64 /Users/admin/builder/spi-builder-workspace/Sources/ProtoKit/KVO.swift (in target 'ProtoKit' from project 'ProtoKit')
    cd /Users/admin/builder/spi-builder-workspace/.swiftpm/xcode

SwiftCompile normal arm64 /Users/admin/builder/spi-builder-workspace/Sources/ProtoKit/NotificationService.swift (in target 'ProtoKit' from project 'ProtoKit')
    cd /Users/admin/builder/spi-builder-workspace/.swiftpm/xcode

SwiftEmitModule normal arm64 Emitting\ module\ for\ ProtoKit (in target 'ProtoKit' from project 'ProtoKit')
Failed frontend command:
/Applications/Xcode-26.5.0.app/Contents/Developer/Toolchains/XcodeDefault.xctoolchain/usr/bin/swift-frontend -frontend -emit-module -experimental-skip-non-inlinable-function-bodies-without-types /Users/admin/builder/spi-builder-workspace/Sources/ProtoKit/AssociatedObjectStore.swift /Users/admin/builder/spi-builder-workspace/Sources/ProtoKit/Closurable.swift /Users/admin/builder/spi-builder-workspace/Sources/ProtoKit/Configurable.swift /Users/admin/builder/spi-builder-workspace/Sources/ProtoKit/Error.swift /Users/admin/builder/spi-builder-workspace/Sources/ProtoKit/Extensions.swift /Users/admin/builder/spi-builder-workspace/Sources/ProtoKit/Instantiable.swift /Users/admin/builder/spi-builder-workspace/Sources/ProtoKit/KVO.swift /Users/admin/builder/spi-builder-workspace/Sources/ProtoKit/NotificationService.swift /Users/admin/builder/spi-builder-workspace/Sources/ProtoKit/SegueHandlerType.swift /Users/admin/builder/spi-builder-workspace/Sources/ProtoKit/SelfPresentable.swift /Users/admin/builder/spi-builder-workspace/Sources/ProtoKit/SwiftUI/Arrow.swift /Users/admin/builder/spi-builder-workspace/Sources/ProtoKit/SwiftUI/CircleShape.swift /Users/admin/builder/spi-builder-workspace/Sources/ProtoKit/SwiftUI/Line.swift /Users/admin/builder/spi-builder-workspace/Sources/ProtoKit/SwiftUI/ProgressText.swift /Users/admin/builder/spi-builder-workspace/Sources/ProtoKit/SwiftUI/SwiftUIExtensions.swift /Users/admin/builder/spi-builder-workspace/Sources/ProtoKit/UnifiedCollection.swift -target arm64-apple-watchos26.0 -module-can-import-version UIKit 9126.5.5 9126.5.5 -load-resolved-plugin /Applications/Xcode-26.5.0.app/Contents/Developer/Platforms/WatchOS.platform/Developer/usr/lib/swift/host/plugins/libFoundationMacros.dylib\#/Applications/Xcode-26.5.0.app/Contents/Developer/Platforms/WatchOS.platform/Developer/usr/bin/swift-plugin-server\#FoundationMacros -load-resolved-plugin /Applications/Xcode-26.5.0.app/Contents/Developer/Platforms/WatchOS.platform/Developer/usr/lib/swift/host/plugins/libObservationMacros.dylib\#/Applications/Xcode-26.5.0.app/Contents/Developer/Platforms/WatchOS.platform/Developer/usr/bin/swift-plugin-server\#ObservationMacros -load-resolved-plugin /Applications/Xcode-26.5.0.app/Contents/Developer/Platforms/WatchOS.platform/Developer/usr/lib/swift/host/plugins/libPreviewsMacros.dylib\#/Applications/Xcode-26.5.0.app/Contents/Developer/Platforms/WatchOS.platform/Developer/usr/bin/swift-plugin-server\#PreviewsMacros -load-resolved-plugin /Applications/Xcode-26.5.0.app/Contents/Developer/Platforms/WatchOS.platform/Developer/usr/lib/swift/host/plugins/libSwiftMacros.dylib\#/Applications/Xcode-26.5.0.app/Contents/Developer/Platforms/WatchOS.platform/Developer/usr/bin/swift-plugin-server\#SwiftMacros -load-resolved-plugin /Applications/Xcode-26.5.0.app/Contents/Developer/Platforms/WatchOS.platform/Developer/usr/lib/swift/host/plugins/libSwiftUIMacros.dylib\#/Applications/Xcode-26.5.0.app/Contents/Developer/Platforms/WatchOS.platform/Developer/usr/bin/swift-plugin-server\#SwiftUIMacros -disable-implicit-swift-modules -Xcc -fno-implicit-modules -Xcc -fno-implicit-module-maps -explicit-swift-module-map-file /Users/admin/builder/spi-builder-workspace/.derivedData/Build/Intermediates.noindex/ProtoKit.build/Debug-watchos/ProtoKit.build/Objects-normal/arm64/ProtoKit-dependencies-2.json -Xllvm -aarch64-use-tbi -enable-objc-interop -stack-check -sdk /Applications/Xcode-26.5.0.app/Contents/Developer/Platforms/WatchOS.platform/Developer/SDKs/WatchOS26.5.sdk -I /Users/admin/builder/spi-builder-workspace/.derivedData/Build/Products/Debug-watchos -Isystem /Applications/Xcode-26.5.0.app/Contents/Developer/Platforms/WatchOS.platform/Developer/usr/lib -F /Users/admin/builder/spi-builder-workspace/.derivedData/Build/Products/Debug-watchos -F /Applications/Xcode-26.5.0.app/Contents/Developer/Platforms/WatchOS.platform/Developer/Library/Frameworks -F /Applications/Xcode-26.5.0.app/Contents/Developer/Platforms/WatchOS.platform/Developer/SDKs/WatchOS26.5.sdk/Developer/Library/Frameworks -no-color-diagnostics -Xcc -fno-color-diagnostics -enable-testing -g -debug-info-format\=dwarf -dwarf-version\=5 -module-cache-path /Users/admin/builder/spi-builder-workspace/.derivedData/Build/Intermediates.noindex/SwiftExplicitPrecompiledModules -profile-generate -profile-coverage-mapping -swift-version 6 -Onone -D SWIFT_PACKAGE -D DEBUG -D SWIFT_MODULE_RESOURCE_BUNDLE_UNAVAILABLE -D Xcode -serialize-debugging-options -const-gather-protocols-file /Users/admin/builder/spi-builder-workspace/.derivedData/Build/Intermediates.noindex/ProtoKit.build/Debug-watchos/ProtoKit.build/Objects-normal/arm64/ProtoKit_const_extract_protocols.json -enable-upcoming-feature ExistentialAny -enable-experimental-feature DebugDescriptionMacro -empty-abi-descriptor -validate-clang-modules-once -clang-build-session-file /Users/admin/builder/spi-builder-workspace/.derivedData/ModuleCache.noindex/Session.modulevalidation -Xcc -working-directory -Xcc /Users/admin/builder/spi-builder-workspace/.swiftpm/xcode -enable-anonymous-context-mangled-names -file-compilation-dir /Users/admin/builder/spi-builder-workspace/.swiftpm/xcode -Xcc -D_LIBCPP_HARDENING_MODE\=_LIBCPP_HARDENING_MODE_DEBUG -Xcc -ivfsstatcache -Xcc /Users/admin/builder/spi-builder-workspace/.derivedData/SDKStatCaches.noindex/watchos26.5-23T570-688ef53f1462e2c8f657fdc38a81448f7931b973dfc65d9472806dbbc3af9379.sdkstatcache -Xcc -I/Users/admin/builder/spi-builder-workspace/.derivedData/Build/Intermediates.noindex/ProtoKit.build/Debug-watchos/ProtoKit.build/swift-overrides.hmap -Xcc -I/Users/admin/builder/spi-builder-workspace/.derivedData/Build/Products/Debug-watchos/include -Xcc -I/Users/admin/builder/spi-builder-workspace/.derivedData/Build/Intermediates.noindex/ProtoKit.build/Debug-watchos/ProtoKit.build/DerivedSources-normal/arm64 -Xcc -I/Users/admin/builder/spi-builder-workspace/.derivedData/Build/Intermediates.noindex/ProtoKit.build/Debug-watchos/ProtoKit.build/DerivedSources/arm64 -Xcc -I/Users/admin/builder/spi-builder-workspace/.derivedData/Build/Intermediates.noindex/ProtoKit.build/Debug-watchos/ProtoKit.build/DerivedSources -Xcc -DSWIFT_PACKAGE -Xcc -DDEBUG\=1 -no-auto-bridging-header-chaining -module-name ProtoKit -package-name spi_builder_workspace -frontend-parseable-output -disable-clang-spi -clang-target arm64-apple-watchos26.5 -target-sdk-version 26.5 -target-sdk-name watchos26.5 -in-process-plugin-server-path /Applications/Xcode-26.5.0.app/Contents/Developer/Toolchains/XcodeDefault.xctoolchain/usr/lib/swift/host/libSwiftInProcPluginServer.dylib -emit-module-doc-path /Users/admin/builder/spi-builder-workspace/.derivedData/Build/Intermediates.noindex/ProtoKit.build/Debug-watchos/ProtoKit.build/Objects-normal/arm64/ProtoKit.swiftdoc -emit-module-source-info-path /Users/admin/builder/spi-builder-workspace/.derivedData/Build/Intermediates.noindex/ProtoKit.build/Debug-watchos/ProtoKit.build/Objects-normal/arm64/ProtoKit.swiftsourceinfo -emit-objc-header-path /Users/admin/builder/spi-builder-workspace/.derivedData/Build/Intermediates.noindex/ProtoKit.build/Debug-watchos/ProtoKit.build/Objects-normal/arm64/ProtoKit-Swift.h -serialize-diagnostics-path /Users/admin/builder/spi-builder-workspace/.derivedData/Build/Intermediates.noindex/ProtoKit.build/Debug-watchos/ProtoKit.build/Objects-normal/arm64/ProtoKit-primary-emit-module.dia -emit-dependencies-path /Users/admin/builder/spi-builder-workspace/.derivedData/Build/Intermediates.noindex/ProtoKit.build/Debug-watchos/ProtoKit.build/Objects-normal/arm64/ProtoKit-primary-emit-module.d -o /Users/admin/builder/spi-builder-workspace/.derivedData/Build/Intermediates.noindex/ProtoKit.build/Debug-watchos/ProtoKit.build/Objects-normal/arm64/ProtoKit.swiftmodule -emit-abi-descriptor-path /Users/admin/builder/spi-builder-workspace/.derivedData/Build/Intermediates.noindex/ProtoKit.build/Debug-watchos/ProtoKit.build/Objects-normal/arm64/ProtoKit.abi.json
EmitSwiftModule normal arm64 (in target 'ProtoKit' from project 'ProtoKit')
    cd /Users/admin/builder/spi-builder-workspace/.swiftpm/xcode

/Users/admin/builder/spi-builder-workspace/Sources/ProtoKit/Closurable.swift:15:37: error: 'UIControl' is unavailable in watchOS
  public typealias UnifiedControl = UIControl
                                    ^~~~~~~~~
/Applications/Xcode-26.5.0.app/Contents/Developer/Platforms/WatchOS.platform/Developer/SDKs/WatchOS26.5.sdk/System/Library/Frameworks/UIKit.framework/Headers/UIControl.h:76:12: note: 'UIControl' has been explicitly marked unavailable here
@interface UIControl : UIView
           ^
/Users/admin/builder/spi-builder-workspace/Sources/ProtoKit/Closurable.swift:16:36: error: 'UIButton' is unavailable in watchOS
  public typealias UnifiedButton = UIButton
                                   ^~~~~~~~
/Applications/Xcode-26.5.0.app/Contents/Developer/Platforms/WatchOS.platform/Developer/SDKs/WatchOS26.5.sdk/System/Library/Frameworks/UIKit.framework/Headers/UIButton.h:49:12: note: 'UIButton' has been explicitly marked unavailable here
@interface UIButton : UIControl <NSCoding>
           ^
/Users/admin/builder/spi-builder-workspace/Sources/ProtoKit/Closurable.swift:17:47: error: 'UIGestureRecognizer' is unavailable in watchOS
  public typealias UnifiedGestureRecognizer = UIGestureRecognizer
                                              ^~~~~~~~~~~~~~~~~~~
/Applications/Xcode-26.5.0.app/Contents/Developer/Platforms/WatchOS.platform/Developer/SDKs/WatchOS26.5.sdk/System/Library/Frameworks/UIKit.framework/Headers/UIGestureRecognizer.h:35:12: note: 'UIGestureRecognizer' has been explicitly marked unavailable here
@interface UIGestureRecognizer : NSObject
           ^
/Users/admin/builder/spi-builder-workspace/Sources/ProtoKit/Closurable.swift:71:57: error: 'UIControl' is unavailable in watchOS
    @MainActor public func addTarget(for controlEvents: UIControl.Event, closure: @escaping (Self) -> Void) {
                                                        ^~~~~~~~~
/Applications/Xcode-26.5.0.app/Contents/Developer/Platforms/WatchOS.platform/Developer/SDKs/WatchOS26.5.sdk/System/Library/Frameworks/UIKit.framework/Headers/UIControl.h:76:12: note: 'UIControl' has been explicitly marked unavailable here
@interface UIControl : UIView
           ^
/Users/admin/builder/spi-builder-workspace/Sources/ProtoKit/Closurable.swift:132:34: error: 'UIBarButtonItem' is unavailable in watchOS
                          style: UIBarButtonItem.Style = .plain,
                                 ^~~~~~~~~~~~~~~
/Applications/Xcode-26.5.0.app/Contents/Developer/Platforms/WatchOS.platform/Developer/SDKs/WatchOS26.5.sdk/System/Library/Frameworks/UIKit.framework/Headers/UIBarButtonItem.h:69:12: note: 'UIBarButtonItem' has been explicitly marked unavailable here
@interface UIBarButtonItem : UIBarItem <NSCoding>
           ^
/Users/admin/builder/spi-builder-workspace/Sources/ProtoKit/Closurable.swift:133:47: error: 'UIBarButtonItem' is unavailable in watchOS
                          closure: @escaping (UIBarButtonItem) -> Void) {
                                              ^~~~~~~~~~~~~~~
/Applications/Xcode-26.5.0.app/Contents/Developer/Platforms/WatchOS.platform/Developer/SDKs/WatchOS26.5.sdk/System/Library/Frameworks/UIKit.framework/Headers/UIBarButtonItem.h:69:12: note: 'UIBarButtonItem' has been explicitly marked unavailable here
@interface UIBarButtonItem : UIBarItem <NSCoding>
           ^
/Users/admin/builder/spi-builder-workspace/Sources/ProtoKit/Closurable.swift:141:34: error: 'UIBarButtonItem' is unavailable in watchOS
                          style: UIBarButtonItem.Style = .plain,
                                 ^~~~~~~~~~~~~~~
/Applications/Xcode-26.5.0.app/Contents/Developer/Platforms/WatchOS.platform/Developer/SDKs/WatchOS26.5.sdk/System/Library/Frameworks/UIKit.framework/Headers/UIBarButtonItem.h:69:12: note: 'UIBarButtonItem' has been explicitly marked unavailable here
@interface UIBarButtonItem : UIBarItem <NSCoding>
           ^
/Users/admin/builder/spi-builder-workspace/Sources/ProtoKit/Closurable.swift:142:47: error: 'UIBarButtonItem' is unavailable in watchOS
                          closure: @escaping (UIBarButtonItem) -> Void) {
                                              ^~~~~~~~~~~~~~~
/Applications/Xcode-26.5.0.app/Contents/Developer/Platforms/WatchOS.platform/Developer/SDKs/WatchOS26.5.sdk/System/Library/Frameworks/UIKit.framework/Headers/UIBarButtonItem.h:69:12: note: 'UIBarButtonItem' has been explicitly marked unavailable here
@interface UIBarButtonItem : UIBarItem <NSCoding>
           ^
/Users/admin/builder/spi-builder-workspace/Sources/ProtoKit/Closurable.swift:149:45: error: 'UIBarButtonItem' is unavailable in watchOS
  public func addTarget(closure: @escaping (UIBarButtonItem) -> Void) {
                                            ^~~~~~~~~~~~~~~
/Applications/Xcode-26.5.0.app/Contents/Developer/Platforms/WatchOS.platform/Developer/SDKs/WatchOS26.5.sdk/System/Library/Frameworks/UIKit.framework/Headers/UIBarButtonItem.h:69:12: note: 'UIBarButtonItem' has been explicitly marked unavailable here
@interface UIBarButtonItem : UIBarItem <NSCoding>
           ^
/Users/admin/builder/spi-builder-workspace/Sources/ProtoKit/Closurable.swift:129:11: error: 'UIBarButtonItem' is unavailable in watchOS
extension UIBarButtonItem: Closurable {
          ^~~~~~~~~~~~~~~
/Applications/Xcode-26.5.0.app/Contents/Developer/Platforms/WatchOS.platform/Developer/SDKs/WatchOS26.5.sdk/System/Library/Frameworks/UIKit.framework/Headers/UIBarButtonItem.h:69:12: note: 'UIBarButtonItem' has been explicitly marked unavailable here
@interface UIBarButtonItem : UIBarItem <NSCoding>
           ^
/Users/admin/builder/spi-builder-workspace/Sources/ProtoKit/Extensions.swift:15:41: error: 'UIApplication' is unavailable in watchOS
  public typealias UnifiedApplication = UIApplication
                                        ^~~~~~~~~~~~~
/Applications/Xcode-26.5.0.app/Contents/Developer/Platforms/WatchOS.platform/Developer/SDKs/WatchOS26.5.sdk/System/Library/Frameworks/UIKit.framework/Headers/UIApplication.h:85:12: note: 'UIApplication' has been explicitly marked unavailable here
@interface UIApplication : UIResponder
           ^
/Users/admin/builder/spi-builder-workspace/Sources/ProtoKit/Extensions.swift:18:39: error: 'UIImageView' is unavailable in watchOS
  public typealias UnifiedImageView = UIImageView
                                      ^~~~~~~~~~~
/Applications/Xcode-26.5.0.app/Contents/Developer/Platforms/WatchOS.platform/Developer/SDKs/WatchOS26.5.sdk/System/Library/Frameworks/UIKit.framework/Headers/UIImageView.h:21:12: note: 'UIImageView' has been explicitly marked unavailable here
@interface UIImageView : UIView
           ^
/Users/admin/builder/spi-builder-workspace/Sources/ProtoKit/Extensions.swift:157:53: error: 'UITableView' is unavailable in watchOS
  public static func dequeueReusable(in collection: UITableView, for indexPath: IndexPath) -> Self {
                                                    ^~~~~~~~~~~
/Applications/Xcode-26.5.0.app/Contents/Developer/Platforms/WatchOS.platform/Developer/SDKs/WatchOS26.5.sdk/System/Library/Frameworks/UIKit.framework/Headers/UITableView.h:347:12: note: 'UITableView' has been explicitly marked unavailable here
@interface UITableView : UIScrollView <NSCoding, UIDataSourceTranslating>
           ^
/Users/admin/builder/spi-builder-workspace/Sources/ProtoKit/Extensions.swift:164:41: error: 'UITableView' is unavailable in watchOS
  public static func register(to table: UITableView) {
                                        ^~~~~~~~~~~
/Applications/Xcode-26.5.0.app/Contents/Developer/Platforms/WatchOS.platform/Developer/SDKs/WatchOS26.5.sdk/System/Library/Frameworks/UIKit.framework/Headers/UITableView.h:347:12: note: 'UITableView' has been explicitly marked unavailable here
@interface UITableView : UIScrollView <NSCoding, UIDataSourceTranslating>
           ^
/Users/admin/builder/spi-builder-workspace/Sources/ProtoKit/Extensions.swift:156:1: warning: unavailable class 'UITableView' was used to satisfy a requirement of protocol 'DequeableCell'; this will be an error in a future Swift language mode
extension UITableViewCell: @MainActor DequeableCell {
^
/Applications/Xcode-26.5.0.app/Contents/Developer/Platforms/WatchOS.platform/Developer/SDKs/WatchOS26.5.sdk/System/Library/Frameworks/UIKit.framework/Headers/UITableView.h:347:12: note: 'UITableView' declared here
@interface UITableView : UIScrollView <NSCoding, UIDataSourceTranslating>
           ^
/Users/admin/builder/spi-builder-workspace/Sources/ProtoKit/UnifiedCollection.swift:41:18: note: requirement 'CollectionType' declared here
  associatedtype CollectionType: UnifiedCollection
                 ^
/Users/admin/builder/spi-builder-workspace/Sources/ProtoKit/Extensions.swift:156:11: error: 'UITableViewCell' is unavailable in watchOS
extension UITableViewCell: @MainActor DequeableCell {
          ^~~~~~~~~~~~~~~
/Applications/Xcode-26.5.0.app/Contents/Developer/Platforms/WatchOS.platform/Developer/SDKs/WatchOS26.5.sdk/System/Library/Frameworks/UIKit.framework/Headers/UITableViewCell.h:81:12: note: 'UITableViewCell' has been explicitly marked unavailable here
@interface UITableViewCell : UIView <NSCoding, UIGestureRecognizerDelegate>
           ^
/Users/admin/builder/spi-builder-workspace/Sources/ProtoKit/Extensions.swift:171:48: error: 'UITableView' is unavailable in watchOS
  public static func dequeueReusable(in table: UITableView) -> Self {
                                               ^~~~~~~~~~~
/Applications/Xcode-26.5.0.app/Contents/Developer/Platforms/WatchOS.platform/Developer/SDKs/WatchOS26.5.sdk/System/Library/Frameworks/UIKit.framework/Headers/UITableView.h:347:12: note: 'UITableView' has been explicitly marked unavailable here
@interface UITableView : UIScrollView <NSCoding, UIDataSourceTranslating>
           ^
/Users/admin/builder/spi-builder-workspace/Sources/ProtoKit/Extensions.swift:178:41: error: 'UITableView' is unavailable in watchOS
  public static func register(to table: UITableView) {
                                        ^~~~~~~~~~~
/Applications/Xcode-26.5.0.app/Contents/Developer/Platforms/WatchOS.platform/Developer/SDKs/WatchOS26.5.sdk/System/Library/Frameworks/UIKit.framework/Headers/UITableView.h:347:12: note: 'UITableView' has been explicitly marked unavailable here
@interface UITableView : UIScrollView <NSCoding, UIDataSourceTranslating>
           ^
/Users/admin/builder/spi-builder-workspace/Sources/ProtoKit/Extensions.swift:170:11: error: 'UITableViewHeaderFooterView' is unavailable in watchOS
extension UITableViewHeaderFooterView {
          ^~~~~~~~~~~~~~~~~~~~~~~~~~~
/Applications/Xcode-26.5.0.app/Contents/Developer/Platforms/WatchOS.platform/Developer/SDKs/WatchOS26.5.sdk/System/Library/Frameworks/UIKit.framework/Headers/UITableViewHeaderFooterView.h:25:12: note: 'UITableViewHeaderFooterView' has been explicitly marked unavailable here
@interface UITableViewHeaderFooterView : UIView
           ^
/Users/admin/builder/spi-builder-workspace/Sources/ProtoKit/Extensions.swift:185:53: error: 'UICollectionView' is unavailable in watchOS
  public static func dequeueReusable(in collection: UICollectionView, for indexPath: IndexPath) -> Self {
                                                    ^~~~~~~~~~~~~~~~
/Applications/Xcode-26.5.0.app/Contents/Developer/Platforms/WatchOS.platform/Developer/SDKs/WatchOS26.5.sdk/System/Library/Frameworks/UIKit.framework/Headers/UICollectionView.h:362:12: note: 'UICollectionView' has been explicitly marked unavailable here
@interface UICollectionView : UIScrollView <UIDataSourceTranslating>
           ^
/Users/admin/builder/spi-builder-workspace/Sources/ProtoKit/Extensions.swift:192:46: error: 'UICollectionView' is unavailable in watchOS
  public static func register(to collection: UICollectionView) {
                                             ^~~~~~~~~~~~~~~~
/Applications/Xcode-26.5.0.app/Contents/Developer/Platforms/WatchOS.platform/Developer/SDKs/WatchOS26.5.sdk/System/Library/Frameworks/UIKit.framework/Headers/UICollectionView.h:362:12: note: 'UICollectionView' has been explicitly marked unavailable here
@interface UICollectionView : UIScrollView <UIDataSourceTranslating>
           ^
/Users/admin/builder/spi-builder-workspace/Sources/ProtoKit/Extensions.swift:184:1: warning: unavailable class 'UICollectionView' was used to satisfy a requirement of protocol 'DequeableCell'; this will be an error in a future Swift language mode
extension UICollectionViewCell: @MainActor DequeableCell {
^
/Applications/Xcode-26.5.0.app/Contents/Developer/Platforms/WatchOS.platform/Developer/SDKs/WatchOS26.5.sdk/System/Library/Frameworks/UIKit.framework/Headers/UICollectionView.h:362:12: note: 'UICollectionView' declared here
@interface UICollectionView : UIScrollView <UIDataSourceTranslating>
           ^
/Users/admin/builder/spi-builder-workspace/Sources/ProtoKit/UnifiedCollection.swift:41:18: note: requirement 'CollectionType' declared here
  associatedtype CollectionType: UnifiedCollection
                 ^
/Users/admin/builder/spi-builder-workspace/Sources/ProtoKit/Extensions.swift:184:11: error: 'UICollectionViewCell' is unavailable in watchOS
extension UICollectionViewCell: @MainActor DequeableCell {
          ^~~~~~~~~~~~~~~~~~~~
/Applications/Xcode-26.5.0.app/Contents/Developer/Platforms/WatchOS.platform/Developer/SDKs/WatchOS26.5.sdk/System/Library/Frameworks/UIKit.framework/Headers/UICollectionViewCell.h:65:12: note: 'UICollectionViewCell' has been explicitly marked unavailable here
@interface UICollectionViewCell : UICollectionReusableView
           ^
/Users/admin/builder/spi-builder-workspace/Sources/ProtoKit/Extensions.swift:199:53: error: 'UICollectionView' is unavailable in watchOS
  public static func dequeueReusable(in collection: UICollectionView, ofKind kind: String,
                                                    ^~~~~~~~~~~~~~~~
/Applications/Xcode-26.5.0.app/Contents/Developer/Platforms/WatchOS.platform/Developer/SDKs/WatchOS26.5.sdk/System/Library/Frameworks/UIKit.framework/Headers/UICollectionView.h:362:12: note: 'UICollectionView' has been explicitly marked unavailable here
@interface UICollectionView : UIScrollView <UIDataSourceTranslating>
           ^
/Users/admin/builder/spi-builder-workspace/Sources/ProtoKit/Extensions.swift:209:46: error: 'UICollectionView' is unavailable in watchOS
  public static func register(to collection: UICollectionView, for kind: String) {
                                             ^~~~~~~~~~~~~~~~
/Applications/Xcode-26.5.0.app/Contents/Developer/Platforms/WatchOS.platform/Developer/SDKs/WatchOS26.5.sdk/System/Library/Frameworks/UIKit.framework/Headers/UICollectionView.h:362:12: note: 'UICollectionView' has been explicitly marked unavailable here
@interface UICollectionView : UIScrollView <UIDataSourceTranslating>
           ^
/Users/admin/builder/spi-builder-workspace/Sources/ProtoKit/Extensions.swift:198:11: error: 'UICollectionReusableView' is unavailable in watchOS
extension UICollectionReusableView {
          ^~~~~~~~~~~~~~~~~~~~~~~~
/Applications/Xcode-26.5.0.app/Contents/Developer/Platforms/WatchOS.platform/Developer/SDKs/WatchOS26.5.sdk/System/Library/Frameworks/UIKit.framework/Headers/UICollectionViewCell.h:38:12: note: 'UICollectionReusableView' has been explicitly marked unavailable here
@interface UICollectionReusableView : UIView
           ^
/Users/admin/builder/spi-builder-workspace/Sources/ProtoKit/Instantiable.swift:15:40: error: 'UIStoryboard' is unavailable in watchOS
  public typealias UnifiedStoryboard = UIStoryboard
                                       ^~~~~~~~~~~~
/Applications/Xcode-26.5.0.app/Contents/Developer/Platforms/WatchOS.platform/Developer/SDKs/WatchOS26.5.sdk/System/Library/Frameworks/UIKit.framework/Headers/UIStoryboard.h:19:12: note: 'UIStoryboard' has been explicitly marked unavailable here
@interface UIStoryboard : NSObject {
           ^
/Users/admin/builder/spi-builder-workspace/Sources/ProtoKit/Instantiable.swift:16:44: error: 'UIViewController' is unavailable in watchOS
  public typealias UnifiedViewController = UIViewController
                                           ^~~~~~~~~~~~~~~~
/Applications/Xcode-26.5.0.app/Contents/Developer/Platforms/WatchOS.platform/Developer/SDKs/WatchOS26.5.sdk/System/Library/Frameworks/UIKit.framework/Headers/UIViewController.h:102:12: note: 'UIViewController' has been explicitly marked unavailable here
@interface UIViewController : UIResponder <NSCoding, UIAppearanceContainer, UITraitEnvironment, UIContentContainer, UIFocusEnvironment>
           ^
/Users/admin/builder/spi-builder-workspace/Sources/ProtoKit/Instantiable.swift:17:34: error: 'UIView' is unavailable in watchOS
  public typealias UnifiedView = UIView
                                 ^~~~~~
/Applications/Xcode-26.5.0.app/Contents/Developer/Platforms/WatchOS.platform/Developer/SDKs/WatchOS26.5.sdk/System/Library/Frameworks/UIKit.framework/Headers/UIView.h:148:12: note: 'UIView' has been explicitly marked unavailable here
@interface UIView : UIResponder <NSCoding, UIAppearance, UIAppearanceContainer, UIDynamicItem, UITraitEnvironment, UICoordinateSpace, UIFocusItem, UIFocusItemContainer, CALayerDelegate>
           ^
/Users/admin/builder/spi-builder-workspace/Sources/ProtoKit/SegueHandlerType.swift:15:45: error: 'UIStoryboardSegue' is unavailable in watchOS
  public typealias UnifiedStoryboardSegue = UIStoryboardSegue
                                            ^~~~~~~~~~~~~~~~~
/Applications/Xcode-26.5.0.app/Contents/Developer/Platforms/WatchOS.platform/Developer/SDKs/WatchOS26.5.sdk/System/Library/Frameworks/UIKit.framework/Headers/UIStoryboardSegue.h:17:12: note: 'UIStoryboardSegue' has been explicitly marked unavailable here
@interface UIStoryboardSegue : NSObject
           ^
/Users/admin/builder/spi-builder-workspace/Sources/ProtoKit/SwiftUI/SwiftUIExtensions.swift:21:35: error: cannot find type 'UIHostingController' in scope
  public var uiHostingController: UIHostingController<Self> {
                                  ^~~~~~~~~~~~~~~~~~~
/Users/admin/builder/spi-builder-workspace/Sources/ProtoKit/SwiftUI/SwiftUIExtensions.swift:28:22: error: 'UIView' is unavailable in watchOS
  public var uiView: UIView { self.uiHostingController.view }
                     ^~~~~~
/Applications/Xcode-26.5.0.app/Contents/Developer/Platforms/WatchOS.platform/Developer/SDKs/WatchOS26.5.sdk/System/Library/Frameworks/UIKit.framework/Headers/UIView.h:148:12: note: 'UIView' has been explicitly marked unavailable here
@interface UIView : UIResponder <NSCoding, UIAppearance, UIAppearanceContainer, UIDynamicItem, UITraitEnvironment, UICoordinateSpace, UIFocusItem, UIFocusItemContainer, CALayerDelegate>
           ^
/Users/admin/builder/spi-builder-workspace/Sources/ProtoKit/UnifiedCollection.swift:33:11: error: 'UITableView' is unavailable in watchOS
extension UITableView: UnifiedCollection {}
          ^~~~~~~~~~~
/Applications/Xcode-26.5.0.app/Contents/Developer/Platforms/WatchOS.platform/Developer/SDKs/WatchOS26.5.sdk/System/Library/Frameworks/UIKit.framework/Headers/UITableView.h:347:12: note: 'UITableView' has been explicitly marked unavailable here
@interface UITableView : UIScrollView <NSCoding, UIDataSourceTranslating>
           ^
/Users/admin/builder/spi-builder-workspace/Sources/ProtoKit/UnifiedCollection.swift:34:11: error: 'UICollectionView' is unavailable in watchOS
extension UICollectionView: UnifiedCollection {}
          ^~~~~~~~~~~~~~~~
/Applications/Xcode-26.5.0.app/Contents/Developer/Platforms/WatchOS.platform/Developer/SDKs/WatchOS26.5.sdk/System/Library/Frameworks/UIKit.framework/Headers/UICollectionView.h:362:12: note: 'UICollectionView' has been explicitly marked unavailable here
@interface UICollectionView : UIScrollView <UIDataSourceTranslating>
           ^
/Users/admin/builder/spi-builder-workspace/Sources/ProtoKit/UnifiedCollection.swift:65:72: error: 'UITableViewDataSource' is unavailable in watchOS
  public static func dataSource(sections: [SectionData<Item>]) -> some UITableViewDataSource {
                                                                       ^~~~~~~~~~~~~~~~~~~~~
/Applications/Xcode-26.5.0.app/Contents/Developer/Platforms/WatchOS.platform/Developer/SDKs/WatchOS26.5.sdk/System/Library/Frameworks/UIKit.framework/Headers/UITableView.h:539:11: note: 'UITableViewDataSource' has been explicitly marked unavailable here
@protocol UITableViewDataSource<NSObject>
          ^
/Users/admin/builder/spi-builder-workspace/Sources/ProtoKit/UnifiedCollection.swift:70:83: error: 'UITableViewDataSource' is unavailable in watchOS
  public static func dataSource(_ variadicSections: SectionData<Item>...) -> some UITableViewDataSource {
                                                                                  ^~~~~~~~~~~~~~~~~~~~~
/Applications/Xcode-26.5.0.app/Contents/Developer/Platforms/WatchOS.platform/Developer/SDKs/WatchOS26.5.sdk/System/Library/Frameworks/UIKit.framework/Headers/UITableView.h:539:11: note: 'UITableViewDataSource' has been explicitly marked unavailable here
@protocol UITableViewDataSource<NSObject>
          ^
/Users/admin/builder/spi-builder-workspace/Sources/ProtoKit/UnifiedCollection.swift:63:35: error: 'UITableViewCell' is unavailable in watchOS
extension UnifiedCell where Self: UITableViewCell {
                                  ^~~~~~~~~~~~~~~
/Applications/Xcode-26.5.0.app/Contents/Developer/Platforms/WatchOS.platform/Developer/SDKs/WatchOS26.5.sdk/System/Library/Frameworks/UIKit.framework/Headers/UITableViewCell.h:81:12: note: 'UITableViewCell' has been explicitly marked unavailable here
@interface UITableViewCell : UIView <NSCoding, UIGestureRecognizerDelegate>
           ^
/Users/admin/builder/spi-builder-workspace/Sources/ProtoKit/UnifiedCollection.swift:77:40: error: 'UICollectionReusableView' is unavailable in watchOS
  public static func dataSource<Title: UICollectionReusableView & UnifiedTitle>(titleType: Title.Type,
                                       ^~~~~~~~~~~~~~~~~~~~~~~~
/Applications/Xcode-26.5.0.app/Contents/Developer/Platforms/WatchOS.platform/Developer/SDKs/WatchOS26.5.sdk/System/Library/Frameworks/UIKit.framework/Headers/UICollectionViewCell.h:38:12: note: 'UICollectionReusableView' has been explicitly marked unavailable here
@interface UICollectionReusableView : UIView
           ^
/Users/admin/builder/spi-builder-workspace/Sources/ProtoKit/UnifiedCollection.swift:79:59: error: 'UICollectionViewDataSource' is unavailable in watchOS
                                                  -> some UICollectionViewDataSource where Item == Title.Item {
                                                          ^~~~~~~~~~~~~~~~~~~~~~~~~~
/Applications/Xcode-26.5.0.app/Contents/Developer/Platforms/WatchOS.platform/Developer/SDKs/WatchOS26.5.sdk/System/Library/Frameworks/UIKit.framework/Headers/UICollectionView.h:73:11: note: 'UICollectionViewDataSource' has been explicitly marked unavailable here
@protocol UICollectionViewDataSource <NSObject>
          ^
/Users/admin/builder/spi-builder-workspace/Sources/ProtoKit/UnifiedCollection.swift:84:40: error: 'UICollectionReusableView' is unavailable in watchOS
  public static func dataSource<Title: UICollectionReusableView & UnifiedTitle>(titleType: Title.Type,
                                       ^~~~~~~~~~~~~~~~~~~~~~~~
/Applications/Xcode-26.5.0.app/Contents/Developer/Platforms/WatchOS.platform/Developer/SDKs/WatchOS26.5.sdk/System/Library/Frameworks/UIKit.framework/Headers/UICollectionViewCell.h:38:12: note: 'UICollectionReusableView' has been explicitly marked unavailable here
@interface UICollectionReusableView : UIView
           ^
/Users/admin/builder/spi-builder-workspace/Sources/ProtoKit/UnifiedCollection.swift:86:59: error: 'UICollectionViewDataSource' is unavailable in watchOS
                                                  -> some UICollectionViewDataSource where Item == Title.Item {
                                                          ^~~~~~~~~~~~~~~~~~~~~~~~~~
/Applications/Xcode-26.5.0.app/Contents/Developer/Platforms/WatchOS.platform/Developer/SDKs/WatchOS26.5.sdk/System/Library/Frameworks/UIKit.framework/Headers/UICollectionView.h:73:11: note: 'UICollectionViewDataSource' has been explicitly marked unavailable here
@protocol UICollectionViewDataSource <NSObject>
          ^
/Users/admin/builder/spi-builder-workspace/Sources/ProtoKit/UnifiedCollection.swift:75:35: error: 'UICollectionViewCell' is unavailable in watchOS
extension UnifiedCell where Self: UICollectionViewCell {
                                  ^~~~~~~~~~~~~~~~~~~~
/Applications/Xcode-26.5.0.app/Contents/Developer/Platforms/WatchOS.platform/Developer/SDKs/WatchOS26.5.sdk/System/Library/Frameworks/UIKit.framework/Headers/UICollectionViewCell.h:65:12: note: 'UICollectionViewCell' has been explicitly marked unavailable here
@interface UICollectionViewCell : UICollectionReusableView
           ^
/Users/admin/builder/spi-builder-workspace/Sources/ProtoKit/UnifiedCollection.swift:119:39: error: 'UITableView' is unavailable in watchOS
  func numberOfSections(in tableView: UITableView) -> Int {
                                      ^~~~~~~~~~~
/Applications/Xcode-26.5.0.app/Contents/Developer/Platforms/WatchOS.platform/Developer/SDKs/WatchOS26.5.sdk/System/Library/Frameworks/UIKit.framework/Headers/UITableView.h:347:12: note: 'UITableView' has been explicitly marked unavailable here
@interface UITableView : UIScrollView <NSCoding, UIDataSourceTranslating>
           ^
/Users/admin/builder/spi-builder-workspace/Sources/ProtoKit/UnifiedCollection.swift:123:31: error: 'UITableView' is unavailable in watchOS
  func tableView(_ tableView: UITableView, numberOfRowsInSection section: Int) -> Int {
                              ^~~~~~~~~~~
/Applications/Xcode-26.5.0.app/Contents/Developer/Platforms/WatchOS.platform/Developer/SDKs/WatchOS26.5.sdk/System/Library/Frameworks/UIKit.framework/Headers/UITableView.h:347:12: note: 'UITableView' has been explicitly marked unavailable here
@interface UITableView : UIScrollView <NSCoding, UIDataSourceTranslating>
           ^
/Users/admin/builder/spi-builder-workspace/Sources/ProtoKit/UnifiedCollection.swift:127:31: error: 'UITableView' is unavailable in watchOS
  func tableView(_ tableView: UITableView, titleForHeaderInSection section: Int) -> String? {
                              ^~~~~~~~~~~
/Applications/Xcode-26.5.0.app/Contents/Developer/Platforms/WatchOS.platform/Developer/SDKs/WatchOS26.5.sdk/System/Library/Frameworks/UIKit.framework/Headers/UITableView.h:347:12: note: 'UITableView' has been explicitly marked unavailable here
@interface UITableView : UIScrollView <NSCoding, UIDataSourceTranslating>
           ^
/Users/admin/builder/spi-builder-workspace/Sources/ProtoKit/UnifiedCollection.swift:131:31: error: 'UITableView' is unavailable in watchOS
  func tableView(_ tableView: UITableView, titleForFooterInSection section: Int) -> String? {
                              ^~~~~~~~~~~
/Applications/Xcode-26.5.0.app/Contents/Developer/Platforms/WatchOS.platform/Developer/SDKs/WatchOS26.5.sdk/System/Library/Frameworks/UIKit.framework/Headers/UITableView.h:347:12: note: 'UITableView' has been explicitly marked unavailable here
@interface UITableView : UIScrollView <NSCoding, UIDataSourceTranslating>
           ^
/Users/admin/builder/spi-builder-workspace/Sources/ProtoKit/UnifiedCollection.swift:135:31: error: 'UITableView' is unavailable in watchOS
  func tableView(_ tableView: UITableView, cellForRowAt indexPath: IndexPath) -> UITableViewCell {
                              ^~~~~~~~~~~
/Applications/Xcode-26.5.0.app/Contents/Developer/Platforms/WatchOS.platform/Developer/SDKs/WatchOS26.5.sdk/System/Library/Frameworks/UIKit.framework/Headers/UITableView.h:347:12: note: 'UITableView' has been explicitly marked unavailable here
@interface UITableView : UIScrollView <NSCoding, UIDataSourceTranslating>
           ^
/Users/admin/builder/spi-builder-workspace/Sources/ProtoKit/UnifiedCollection.swift:135:82: error: 'UITableViewCell' is unavailable in watchOS
  func tableView(_ tableView: UITableView, cellForRowAt indexPath: IndexPath) -> UITableViewCell {
                                                                                 ^~~~~~~~~~~~~~~
/Applications/Xcode-26.5.0.app/Contents/Developer/Platforms/WatchOS.platform/Developer/SDKs/WatchOS26.5.sdk/System/Library/Frameworks/UIKit.framework/Headers/UITableViewCell.h:81:12: note: 'UITableViewCell' has been explicitly marked unavailable here
@interface UITableViewCell : UIView <NSCoding, UIGestureRecognizerDelegate>
           ^
/Users/admin/builder/spi-builder-workspace/Sources/ProtoKit/UnifiedCollection.swift:116:9: error: 'UITableViewCell' is unavailable in watchOS
  Cell: UITableViewCell & UnifiedCell
        ^~~~~~~~~~~~~~~
/Applications/Xcode-26.5.0.app/Contents/Developer/Platforms/WatchOS.platform/Developer/SDKs/WatchOS26.5.sdk/System/Library/Frameworks/UIKit.framework/Headers/UITableViewCell.h:81:12: note: 'UITableViewCell' has been explicitly marked unavailable here
@interface UITableViewCell : UIView <NSCoding, UIGestureRecognizerDelegate>
           ^
/Users/admin/builder/spi-builder-workspace/Sources/ProtoKit/UnifiedCollection.swift:117:29: error: 'UITableViewDataSource' is unavailable in watchOS
>: UnifiedDataSource<Cell>, UITableViewDataSource {
                            ^~~~~~~~~~~~~~~~~~~~~
/Applications/Xcode-26.5.0.app/Contents/Developer/Platforms/WatchOS.platform/Developer/SDKs/WatchOS26.5.sdk/System/Library/Frameworks/UIKit.framework/Headers/UITableView.h:539:11: note: 'UITableViewDataSource' has been explicitly marked unavailable here
@protocol UITableViewDataSource<NSObject>
          ^
/Users/admin/builder/spi-builder-workspace/Sources/ProtoKit/UnifiedCollection.swift:148:44: error: 'UICollectionView' is unavailable in watchOS
  func numberOfSections(in collectionView: UICollectionView) -> Int {
                                           ^~~~~~~~~~~~~~~~
/Applications/Xcode-26.5.0.app/Contents/Developer/Platforms/WatchOS.platform/Developer/SDKs/WatchOS26.5.sdk/System/Library/Frameworks/UIKit.framework/Headers/UICollectionView.h:362:12: note: 'UICollectionView' has been explicitly marked unavailable here
@interface UICollectionView : UIScrollView <UIDataSourceTranslating>
           ^
/Users/admin/builder/spi-builder-workspace/Sources/ProtoKit/UnifiedCollection.swift:152:41: error: 'UICollectionView' is unavailable in watchOS
  func collectionView(_ collectionView: UICollectionView, numberOfItemsInSection section: Int) -> Int {
                                        ^~~~~~~~~~~~~~~~
/Applications/Xcode-26.5.0.app/Contents/Developer/Platforms/WatchOS.platform/Developer/SDKs/WatchOS26.5.sdk/System/Library/Frameworks/UIKit.framework/Headers/UICollectionView.h:362:12: note: 'UICollectionView' has been explicitly marked unavailable here
@interface UICollectionView : UIScrollView <UIDataSourceTranslating>
           ^
/Users/admin/builder/spi-builder-workspace/Sources/ProtoKit/UnifiedCollection.swift:156:41: error: 'UICollectionView' is unavailable in watchOS
  func collectionView(_ collectionView: UICollectionView,
                                        ^~~~~~~~~~~~~~~~
/Applications/Xcode-26.5.0.app/Contents/Developer/Platforms/WatchOS.platform/Developer/SDKs/WatchOS26.5.sdk/System/Library/Frameworks/UIKit.framework/Headers/UICollectionView.h:362:12: note: 'UICollectionView' has been explicitly marked unavailable here
@interface UICollectionView : UIScrollView <UIDataSourceTranslating>
           ^
/Users/admin/builder/spi-builder-workspace/Sources/ProtoKit/UnifiedCollection.swift:158:51: error: 'UICollectionReusableView' is unavailable in watchOS
                      at indexPath: IndexPath) -> UICollectionReusableView {
                                                  ^~~~~~~~~~~~~~~~~~~~~~~~
/Applications/Xcode-26.5.0.app/Contents/Developer/Platforms/WatchOS.platform/Developer/SDKs/WatchOS26.5.sdk/System/Library/Frameworks/UIKit.framework/Headers/UICollectionViewCell.h:38:12: note: 'UICollectionReusableView' has been explicitly marked unavailable here
@interface UICollectionReusableView : UIView
           ^
/Users/admin/builder/spi-builder-workspace/Sources/ProtoKit/UnifiedCollection.swift:164:41: error: 'UICollectionView' is unavailable in watchOS
  func collectionView(_ collectionView: UICollectionView, cellForItemAt indexPath: IndexPath) -> UICollectionViewCell {
                                        ^~~~~~~~~~~~~~~~
/Applications/Xcode-26.5.0.app/Contents/Developer/Platforms/WatchOS.platform/Developer/SDKs/WatchOS26.5.sdk/System/Library/Frameworks/UIKit.framework/Headers/UICollectionView.h:362:12: note: 'UICollectionView' has been explicitly marked unavailable here
@interface UICollectionView : UIScrollView <UIDataSourceTranslating>
           ^
/Users/admin/builder/spi-builder-workspace/Sources/ProtoKit/UnifiedCollection.swift:164:98: error: 'UICollectionViewCell' is unavailable in watchOS
  func collectionView(_ collectionView: UICollectionView, cellForItemAt indexPath: IndexPath) -> UICollectionViewCell {
                                                                                                 ^~~~~~~~~~~~~~~~~~~~
/Applications/Xcode-26.5.0.app/Contents/Developer/Platforms/WatchOS.platform/Developer/SDKs/WatchOS26.5.sdk/System/Library/Frameworks/UIKit.framework/Headers/UICollectionViewCell.h:65:12: note: 'UICollectionViewCell' has been explicitly marked unavailable here
@interface UICollectionViewCell : UICollectionReusableView
           ^
/Users/admin/builder/spi-builder-workspace/Sources/ProtoKit/UnifiedCollection.swift:144:9: error: 'UICollectionViewCell' is unavailable in watchOS
  Cell: UICollectionViewCell & UnifiedCell,
        ^~~~~~~~~~~~~~~~~~~~
/Applications/Xcode-26.5.0.app/Contents/Developer/Platforms/WatchOS.platform/Developer/SDKs/WatchOS26.5.sdk/System/Library/Frameworks/UIKit.framework/Headers/UICollectionViewCell.h:65:12: note: 'UICollectionViewCell' has been explicitly marked unavailable here
@interface UICollectionViewCell : UICollectionReusableView
           ^
/Users/admin/builder/spi-builder-workspace/Sources/ProtoKit/UnifiedCollection.swift:145:10: error: 'UICollectionReusableView' is unavailable in watchOS
  Title: UICollectionReusableView & UnifiedTitle
         ^~~~~~~~~~~~~~~~~~~~~~~~
/Applications/Xcode-26.5.0.app/Contents/Developer/Platforms/WatchOS.platform/Developer/SDKs/WatchOS26.5.sdk/System/Library/Frameworks/UIKit.framework/Headers/UICollectionViewCell.h:38:12: note: 'UICollectionReusableView' has been explicitly marked unavailable here
@interface UICollectionReusableView : UIView
           ^
/Users/admin/builder/spi-builder-workspace/Sources/ProtoKit/UnifiedCollection.swift:146:29: error: 'UICollectionViewDataSource' is unavailable in watchOS
>: UnifiedDataSource<Cell>, UICollectionViewDataSource where Cell.Item == Title.Item {
                            ^~~~~~~~~~~~~~~~~~~~~~~~~~
/Applications/Xcode-26.5.0.app/Contents/Developer/Platforms/WatchOS.platform/Developer/SDKs/WatchOS26.5.sdk/System/Library/Frameworks/UIKit.framework/Headers/UICollectionView.h:73:11: note: 'UICollectionViewDataSource' has been explicitly marked unavailable here
@protocol UICollectionViewDataSource <NSObject>
          ^
SwiftCompile normal arm64 Compiling\ SegueHandlerType.swift,\ SelfPresentable.swift /Users/admin/builder/spi-builder-workspace/Sources/ProtoKit/SegueHandlerType.swift /Users/admin/builder/spi-builder-workspace/Sources/ProtoKit/SelfPresentable.swift (in target 'ProtoKit' from project 'ProtoKit')
SwiftCompile normal arm64 /Users/admin/builder/spi-builder-workspace/Sources/ProtoKit/SegueHandlerType.swift (in target 'ProtoKit' from project 'ProtoKit')
    cd /Users/admin/builder/spi-builder-workspace/.swiftpm/xcode

SwiftCompile normal arm64 /Users/admin/builder/spi-builder-workspace/Sources/ProtoKit/SelfPresentable.swift (in target 'ProtoKit' from project 'ProtoKit')
    cd /Users/admin/builder/spi-builder-workspace/.swiftpm/xcode

SwiftCompile normal arm64 Compiling\ AssociatedObjectStore.swift,\ Closurable.swift /Users/admin/builder/spi-builder-workspace/Sources/ProtoKit/AssociatedObjectStore.swift /Users/admin/builder/spi-builder-workspace/Sources/ProtoKit/Closurable.swift (in target 'ProtoKit' from project 'ProtoKit')
SwiftCompile normal arm64 /Users/admin/builder/spi-builder-workspace/Sources/ProtoKit/AssociatedObjectStore.swift (in target 'ProtoKit' from project 'ProtoKit')
    cd /Users/admin/builder/spi-builder-workspace/.swiftpm/xcode

SwiftCompile normal arm64 /Users/admin/builder/spi-builder-workspace/Sources/ProtoKit/Closurable.swift (in target 'ProtoKit' from project 'ProtoKit')
    cd /Users/admin/builder/spi-builder-workspace/.swiftpm/xcode

SwiftCompile normal arm64 Compiling\ UnifiedCollection.swift /Users/admin/builder/spi-builder-workspace/Sources/ProtoKit/UnifiedCollection.swift (in target 'ProtoKit' from project 'ProtoKit')
SwiftCompile normal arm64 /Users/admin/builder/spi-builder-workspace/Sources/ProtoKit/UnifiedCollection.swift (in target 'ProtoKit' from project 'ProtoKit')
    cd /Users/admin/builder/spi-builder-workspace/.swiftpm/xcode

SwiftCompile normal arm64 Compiling\ Extensions.swift,\ Instantiable.swift /Users/admin/builder/spi-builder-workspace/Sources/ProtoKit/Extensions.swift /Users/admin/builder/spi-builder-workspace/Sources/ProtoKit/Instantiable.swift (in target 'ProtoKit' from project 'ProtoKit')
SwiftCompile normal arm64 /Users/admin/builder/spi-builder-workspace/Sources/ProtoKit/Extensions.swift (in target 'ProtoKit' from project 'ProtoKit')
    cd /Users/admin/builder/spi-builder-workspace/.swiftpm/xcode

SwiftCompile normal arm64 /Users/admin/builder/spi-builder-workspace/Sources/ProtoKit/Instantiable.swift (in target 'ProtoKit' from project 'ProtoKit')
    cd /Users/admin/builder/spi-builder-workspace/.swiftpm/xcode

SwiftEmitModule normal arm64_32 Emitting\ module\ for\ ProtoKit (in target 'ProtoKit' from project 'ProtoKit')
2026-09-03 06:12:14.313 xcodebuild[816:4644] [MT] IDERunDestination: Supported platforms for the buildables in the current scheme is empty.
** BUILD FAILED **
The following build commands failed:
	SwiftEmitModule normal arm64 Emitting\ module\ for\ ProtoKit (in target 'ProtoKit' from project 'ProtoKit')
	EmitSwiftModule normal arm64 (in target 'ProtoKit' from project 'ProtoKit')
	Building workspace spi-builder-workspace with scheme ProtoKit
(3 failures)
BUILD FAILURE 6.3 watchOS