Build Information
Failed to build ScopedAnimation, reference v0.2.2 (78b1e6), with Swift 6.3 for Wasm on 21 Sep 2026 16:09:22 UTC.
Build Command
bash -c docker run --pull=always --rm -v "checkouts-54344844-0":/host -w "$PWD" -e JAVA_HOME="/root/.sdkman/candidates/java/current" -e SPI_BUILD="1" -e SPI_PROCESSING="1" registry.gitlab.com/saguaro1/spi-images:wasm-6.3-latest swift build --swift-sdk swift-6.3.2-RELEASE_wasm 2>&1Build Log
========================================
RunAll
========================================
Builder version: 5.1.0
Interrupt handler set up.
========================================
Checkout
========================================
Clone URL: https://github.com/9uiLe/swift-scoped-animation.git
Reference: v0.2.2
Initialized empty Git repository in /host/spi-builder-workspace/.git/
hint: Using 'master' as the name for the initial branch. This default branch name
hint: is subject to change. To configure the initial branch name to use in all
hint: of your new repositories, which will suppress this warning, call:
hint:
hint: git config --global init.defaultBranch <name>
hint:
hint: Names commonly chosen instead of 'master' are 'main', 'trunk' and
hint: 'development'. The just-created branch can be renamed via this command:
hint:
hint: git branch -m <name>
From https://github.com/9uiLe/swift-scoped-animation
* tag v0.2.2 -> FETCH_HEAD
HEAD is now at 78b1e69 0.2.2 のリリースを準備 (#15)
Cloned https://github.com/9uiLe/swift-scoped-animation.git
Revision (git rev-parse @):
78b1e6981cd89c313b4d6906f74deb2d02ffff4c
SPI manifest file found: $PWD/.spi.yml
SUCCESS checkout https://github.com/9uiLe/swift-scoped-animation.git at v0.2.2
========================================
Build
========================================
Selected platform: wasm
Swift version: 6.3
Building package at path: $PWD
https://github.com/9uiLe/swift-scoped-animation.git
Running build ...
bash -c docker run --pull=always --rm -v "checkouts-54344844-0":/host -w "$PWD" -e JAVA_HOME="/root/.sdkman/candidates/java/current" -e SPI_BUILD="1" -e SPI_PROCESSING="1" registry.gitlab.com/saguaro1/spi-images:wasm-6.3-latest swift build --swift-sdk swift-6.3.2-RELEASE_wasm 2>&1
wasm-6.3-latest: Pulling from saguaro1/spi-images
Digest: sha256:253aad7f5b11d25cf9eaef34120b94cd8a325782929c57fb304a7711494a3f9a
Status: Image is up to date for registry.gitlab.com/saguaro1/spi-images:wasm-6.3-latest
Building for debugging...
[0/2] Write sources
[1/2] Write swift-version-24593BA9C3E375BF.txt
error: emit-module command failed with exit code 1 (use -v to see invocation)
[3/13] Emitting module ScopedAnimation
/host/spi-builder-workspace/Sources/ScopedAnimation/AnimationBarrier.swift:1:8: error: no such module 'SwiftUI'
1 | import SwiftUI
| `- error: no such module 'SwiftUI'
2 |
3 | extension View {
[4/14] Compiling ScopedAnimation ValueAnimationResolver.swift
/host/spi-builder-workspace/Sources/ScopedAnimation/AnimationBarrier.swift:1:8: error: no such module 'SwiftUI'
1 | import SwiftUI
| `- error: no such module 'SwiftUI'
2 |
3 | extension View {
[5/14] Compiling ScopedAnimation DebugOverlay.swift
/host/spi-builder-workspace/Sources/ScopedAnimation/AnimationBarrier.swift:1:8: error: no such module 'SwiftUI'
1 | import SwiftUI
| `- error: no such module 'SwiftUI'
2 |
3 | extension View {
[6/14] Compiling ScopedAnimation AnimationTrigger.swift
/host/spi-builder-workspace/Sources/ScopedAnimation/AnimationBarrier.swift:1:8: error: no such module 'SwiftUI'
1 | import SwiftUI
| `- error: no such module 'SwiftUI'
2 |
3 | extension View {
[7/14] Compiling ScopedAnimation AnimationTriggerResolution.swift
/host/spi-builder-workspace/Sources/ScopedAnimation/AnimationBarrier.swift:1:8: error: no such module 'SwiftUI'
1 | import SwiftUI
| `- error: no such module 'SwiftUI'
2 |
3 | extension View {
[8/14] Compiling ScopedAnimation AnimationBarrier.swift
/host/spi-builder-workspace/Sources/ScopedAnimation/AnimationBarrier.swift:1:8: error: no such module 'SwiftUI'
1 | import SwiftUI
| `- error: no such module 'SwiftUI'
2 |
3 | extension View {
[9/14] Compiling ScopedAnimation AnimationScope.swift
/host/spi-builder-workspace/Sources/ScopedAnimation/AnimationBarrier.swift:1:8: error: no such module 'SwiftUI'
1 | import SwiftUI
| `- error: no such module 'SwiftUI'
2 |
3 | extension View {
[10/14] Compiling ScopedAnimation RuntimeWarning.swift
/host/spi-builder-workspace/Sources/ScopedAnimation/AnimationBarrier.swift:1:8: error: no such module 'SwiftUI'
1 | import SwiftUI
| `- error: no such module 'SwiftUI'
2 |
3 | extension View {
[11/14] Compiling ScopedAnimation LeakDetection.swift
/host/spi-builder-workspace/Sources/ScopedAnimation/AnimationBarrier.swift:1:8: error: no such module 'SwiftUI'
1 | import SwiftUI
| `- error: no such module 'SwiftUI'
2 |
3 | extension View {
[12/14] Compiling ScopedAnimation TransactionStamp.swift
/host/spi-builder-workspace/Sources/ScopedAnimation/AnimationBarrier.swift:1:8: error: no such module 'SwiftUI'
1 | import SwiftUI
| `- error: no such module 'SwiftUI'
2 |
3 | extension View {
[13/14] Compiling ScopedAnimation AnimationScopeBoundary.swift
/host/spi-builder-workspace/Sources/ScopedAnimation/AnimationBarrier.swift:1:8: error: no such module 'SwiftUI'
1 | import SwiftUI
| `- error: no such module 'SwiftUI'
2 |
3 | extension View {
[14/14] Compiling ScopedAnimation AnimationScopeProxy.swift
/host/spi-builder-workspace/Sources/ScopedAnimation/AnimationBarrier.swift:1:8: error: no such module 'SwiftUI'
1 | import SwiftUI
| `- error: no such module 'SwiftUI'
2 |
3 | extension View {
BUILD FAILURE 6.3 wasm