The Swift Package Index logo.Swift Package Index

Build Information

Failed to build AmplifyMapLibreAdapter, reference main (a4038c), with Swift 6.1 for Wasm on 3 Jul 2026 08:03:15 UTC.

Build Command

bash -c docker run --pull=always --rm -v "checkouts-53886769-0":/host -w "$PWD" -e JAVA_HOME="/root/.sdkman/candidates/java/current" -e SPI_BUILD="1" -e SPI_PROCESSING="1" registry.gitlab.com/saguaro1/spi-images:wasm-6.1-latest swift build --swift-sdk wasm32-unknown-wasi 2>&1

Build Log

========================================
RunAll
========================================
Builder version: 0e64495ecc1688c3b3e031a5ef1348b5c05091ae
Interrupt handler set up.
========================================
Checkout
========================================
Clone URL: https://github.com/aws-amplify/amplify-ios-maplibre.git
Reference: main
Initialized empty Git repository in /host/spi-builder-workspace/.git/
hint: Using 'master' as the name for the initial branch. This default branch name
hint: is subject to change. To configure the initial branch name to use in all
hint: of your new repositories, which will suppress this warning, call:
hint:
hint: 	git config --global init.defaultBranch <name>
hint:
hint: Names commonly chosen instead of 'master' are 'main', 'trunk' and
hint: 'development'. The just-created branch can be renamed via this command:
hint:
hint: 	git branch -m <name>
From https://github.com/aws-amplify/amplify-ios-maplibre
 * branch            main       -> FETCH_HEAD
 * [new branch]      main       -> origin/main
HEAD is now at a4038c1 chore(deps): bump swift-nio 2.101.0 + swift-nio-extras 1.34.1 to resolve Dependabot alerts (http2 1.44.0, latest available) (#37)
Cloned https://github.com/aws-amplify/amplify-ios-maplibre.git
Revision (git rev-parse @):
a4038c17230e3da6139d43c4669a8a53ae430dce
SUCCESS checkout https://github.com/aws-amplify/amplify-ios-maplibre.git at main
========================================
Build
========================================
Selected platform:         wasm
Swift version:             6.1
Building package at path:  $PWD
https://github.com/aws-amplify/amplify-ios-maplibre.git
https://github.com/aws-amplify/amplify-ios-maplibre.git
WARNING: environment variable SUPPRESS_SWIFT_6_FLAGS is not set
Running build ...
bash -c docker run --pull=always --rm -v "checkouts-53886769-0":/host -w "$PWD" -e JAVA_HOME="/root/.sdkman/candidates/java/current" -e SPI_BUILD="1" -e SPI_PROCESSING="1" registry.gitlab.com/saguaro1/spi-images:wasm-6.1-latest swift build --swift-sdk wasm32-unknown-wasi -Xswiftc -Xfrontend -Xswiftc -stats-output-dir -Xswiftc -Xfrontend -Xswiftc .stats -Xswiftc -strict-concurrency=complete -Xswiftc -enable-upcoming-feature -Xswiftc StrictConcurrency -Xswiftc -enable-upcoming-feature -Xswiftc DisableOutwardActorInference -Xswiftc -enable-upcoming-feature -Xswiftc GlobalActorIsolatedTypesUsability -Xswiftc -enable-upcoming-feature -Xswiftc InferSendableFromCaptures 2>&1
wasm-6.1-latest: Pulling from saguaro1/spi-images
Digest: sha256:1ad245dad3d2ae0004e1afbc92334bd39884ed9ca587cf04d0a8d5f640fb02e9
Status: Image is up to date for registry.gitlab.com/saguaro1/spi-images:wasm-6.1-latest
Fetching https://github.com/aws-amplify/amplify-swift.git
Fetching https://github.com/maplibre/maplibre-gl-native-distribution
[1/425] Fetching maplibre-gl-native-distribution
Fetched https://github.com/maplibre/maplibre-gl-native-distribution from cache (0.31s)
[1/171497] Fetching amplify-swift
Fetched https://github.com/aws-amplify/amplify-swift.git from cache (5.54s)
Computing version for https://github.com/maplibre/maplibre-gl-native-distribution
Computed https://github.com/maplibre/maplibre-gl-native-distribution at 6.4.1 (5.79s)
Computing version for https://github.com/aws-amplify/amplify-swift.git
Computed https://github.com/aws-amplify/amplify-swift.git at 2.58.4 (0.29s)
Fetching https://github.com/awslabs/aws-sdk-swift
Fetching https://github.com/aws-amplify/amplify-swift-utils-notifications.git
Fetching https://github.com/stephencelis/SQLite.swift.git
[1/606] Fetching amplify-swift-utils-notifications
Fetched https://github.com/aws-amplify/amplify-swift-utils-notifications.git from cache (0.35s)
[1/11212] Fetching sqlite.swift
[11213/930822] Fetching sqlite.swift, aws-sdk-swift
Fetched https://github.com/stephencelis/SQLite.swift.git from cache (109.00s)
Fetched https://github.com/awslabs/aws-sdk-swift from cache (110.43s)
Computing version for https://github.com/stephencelis/SQLite.swift.git
Computed https://github.com/stephencelis/SQLite.swift.git at 0.15.4 (110.70s)
Fetching https://github.com/swiftlang/swift-toolchain-sqlite
[1/333] Fetching swift-toolchain-sqlite
Fetched https://github.com/swiftlang/swift-toolchain-sqlite from cache (1.27s)
Computing version for https://github.com/awslabs/aws-sdk-swift
Computed https://github.com/awslabs/aws-sdk-swift at 1.7.27 (6.91s)
Fetching https://github.com/smithy-lang/smithy-swift
Fetching https://github.com/awslabs/aws-crt-swift
[1/33679] Fetching aws-crt-swift
[8421/116536] Fetching aws-crt-swift, smithy-swift
Fetched https://github.com/awslabs/aws-crt-swift from cache (1.12s)
Fetched https://github.com/smithy-lang/smithy-swift from cache (1.21s)
Computing version for https://github.com/swiftlang/swift-toolchain-sqlite
Computed https://github.com/swiftlang/swift-toolchain-sqlite at 1.0.4 (1.44s)
Computing version for https://github.com/smithy-lang/smithy-swift
Computed https://github.com/smithy-lang/smithy-swift at 0.223.0 (0.33s)
Fetching https://github.com/swift-server/async-http-client.git
Fetching https://github.com/apple/swift-argument-parser.git
Fetching https://github.com/apple/swift-log.git
[1/7604] Fetching swift-log
[1750/25553] Fetching swift-log, swift-argument-parser
[25554/41552] Fetching swift-log, swift-argument-parser, async-http-client
Fetched https://github.com/apple/swift-argument-parser.git from cache (0.64s)
[21044/23603] Fetching swift-log, async-http-client
Fetched https://github.com/apple/swift-log.git from cache (0.79s)
Fetched https://github.com/swift-server/async-http-client.git from cache (0.79s)
Computing version for https://github.com/aws-amplify/amplify-swift-utils-notifications.git
Computed https://github.com/aws-amplify/amplify-swift-utils-notifications.git at 1.1.1 (1.05s)
Computing version for https://github.com/awslabs/aws-crt-swift
Computed https://github.com/awslabs/aws-crt-swift at 0.63.1 (0.27s)
Computing version for https://github.com/apple/swift-argument-parser.git
Computed https://github.com/apple/swift-argument-parser.git at 1.8.2 (0.25s)
Computing version for https://github.com/swift-server/async-http-client.git
Computed https://github.com/swift-server/async-http-client.git at 1.35.0 (0.25s)
Fetching https://github.com/apple/swift-algorithms.git
Fetching https://github.com/apple/swift-nio-extras.git
Fetching https://github.com/apple/swift-atomics.git
Fetching https://github.com/apple/swift-distributed-tracing.git
Fetching https://github.com/apple/swift-nio-transport-services.git
Fetching https://github.com/apple/swift-nio-http2.git
[1/2860] Fetching swift-nio-transport-services
[774/4728] Fetching swift-nio-transport-services, swift-atomics
[878/10587] Fetching swift-nio-transport-services, swift-atomics, swift-distributed-tracing
Fetched https://github.com/apple/swift-nio-transport-services.git from cache (0.43s)
[5352/7727] Fetching swift-atomics, swift-distributed-tracing
[5502/13797] Fetching swift-atomics, swift-distributed-tracing, swift-algorithms
Fetching https://github.com/apple/swift-nio-ssl.git
[6503/20380] Fetching swift-atomics, swift-distributed-tracing, swift-algorithms, swift-nio-extras
[15252/18512] Fetching swift-distributed-tracing, swift-algorithms, swift-nio-extras
Fetched https://github.com/apple/swift-atomics.git from cache (0.48s)
Fetching https://github.com/apple/swift-nio.git
Fetched https://github.com/apple/swift-algorithms.git from cache (0.52s)
Fetched https://github.com/apple/swift-nio-extras.git from cache (0.54s)
Fetched https://github.com/apple/swift-distributed-tracing.git from cache (0.54s)
[1/12156] Fetching swift-nio-http2
[12157/96330] Fetching swift-nio-http2, swift-nio
Fetched https://github.com/apple/swift-nio-http2.git from cache (1.08s)
[843/99754] Fetching swift-nio, swift-nio-ssl
Fetched https://github.com/apple/swift-nio-ssl.git from cache (1.65s)
[63131/84174] Fetching swift-nio
Fetched https://github.com/apple/swift-nio.git from cache (4.02s)
Computing version for https://github.com/apple/swift-distributed-tracing.git
Computed https://github.com/apple/swift-distributed-tracing.git at 1.4.1 (4.91s)
Fetching https://github.com/apple/swift-service-context.git
[1/1301] Fetching swift-service-context
Fetched https://github.com/apple/swift-service-context.git from cache (0.72s)
Computing version for https://github.com/apple/swift-algorithms.git
Computed https://github.com/apple/swift-algorithms.git at 1.2.1 (1.04s)
Fetching https://github.com/apple/swift-numerics.git
[1/6441] Fetching swift-numerics
Fetched https://github.com/apple/swift-numerics.git from cache (0.75s)
Computing version for https://github.com/apple/swift-nio.git
Computed https://github.com/apple/swift-nio.git at 2.101.2 (1.50s)
Fetching https://github.com/apple/swift-system.git
Fetching https://github.com/apple/swift-collections.git
[1/5950] Fetching swift-system
[1013/31233] Fetching swift-system, swift-collections
Fetched https://github.com/apple/swift-system.git from cache (1.72s)
Fetched https://github.com/apple/swift-collections.git from cache (1.73s)
Computing version for https://github.com/apple/swift-atomics.git
Computed https://github.com/apple/swift-atomics.git at 1.3.1 (2.41s)
Computing version for https://github.com/apple/swift-service-context.git
Computed https://github.com/apple/swift-service-context.git at 1.3.0 (0.64s)
Computing version for https://github.com/apple/swift-numerics.git
Computed https://github.com/apple/swift-numerics.git at 1.1.1 (0.47s)
Computing version for https://github.com/apple/swift-nio-transport-services.git
Computed https://github.com/apple/swift-nio-transport-services.git at 1.28.0 (0.62s)
Computing version for https://github.com/apple/swift-nio-http2.git
Computed https://github.com/apple/swift-nio-http2.git at 1.44.0 (0.38s)
Computing version for https://github.com/apple/swift-nio-ssl.git
Computed https://github.com/apple/swift-nio-ssl.git at 2.37.1 (0.62s)
Computing version for https://github.com/apple/swift-log.git
Computed https://github.com/apple/swift-log.git at 1.14.0 (0.40s)
Computing version for https://github.com/apple/swift-system.git
Computed https://github.com/apple/swift-system.git at 1.7.2 (0.64s)
Computing version for https://github.com/apple/swift-collections.git
Computed https://github.com/apple/swift-collections.git at 1.6.0 (0.50s)
Computing version for https://github.com/apple/swift-nio-extras.git
Computed https://github.com/apple/swift-nio-extras.git at 1.34.2 (1.44s)
Fetching https://github.com/apple/swift-http-structured-headers.git
Fetching https://github.com/apple/swift-async-algorithms.git
Fetching https://github.com/apple/swift-asn1.git
Fetching https://github.com/swift-server/swift-service-lifecycle.git
Fetching https://github.com/apple/swift-certificates.git
[1/1249] Fetching swift-http-structured-headers
[26/3163] Fetching swift-http-structured-headers, swift-asn1
[1192/5933] Fetching swift-http-structured-headers, swift-asn1, swift-service-lifecycle
[5934/12517] Fetching swift-http-structured-headers, swift-asn1, swift-service-lifecycle, swift-async-algorithms
[7317/19892] Fetching swift-http-structured-headers, swift-asn1, swift-service-lifecycle, swift-async-algorithms, swift-certificates
Fetched https://github.com/swift-server/swift-service-lifecycle.git from cache (0.58s)
[5403/17122] Fetching swift-http-structured-headers, swift-asn1, swift-async-algorithms, swift-certificates
Fetching https://github.com/apple/swift-http-types.git
Fetched https://github.com/apple/swift-asn1.git from cache (0.64s)
Fetched https://github.com/apple/swift-async-algorithms.git from cache (0.65s)
Fetched https://github.com/apple/swift-http-structured-headers.git from cache (0.65s)
Fetched https://github.com/apple/swift-certificates.git from cache (0.68s)
[1/1219] Fetching swift-http-types
Fetched https://github.com/apple/swift-http-types.git from cache (0.42s)
Computing version for https://github.com/swift-server/swift-service-lifecycle.git
Computed https://github.com/swift-server/swift-service-lifecycle.git at 2.11.0 (1.31s)
Computing version for https://github.com/apple/swift-async-algorithms.git
Computed https://github.com/apple/swift-async-algorithms.git at 1.1.5 (0.27s)
Computing version for https://github.com/apple/swift-http-types.git
Computed https://github.com/apple/swift-http-types.git at 1.6.0 (0.24s)
Computing version for https://github.com/apple/swift-asn1.git
Computed https://github.com/apple/swift-asn1.git at 1.7.1 (0.26s)
Computing version for https://github.com/apple/swift-http-structured-headers.git
Computed https://github.com/apple/swift-http-structured-headers.git at 1.7.0 (0.23s)
Computing version for https://github.com/apple/swift-certificates.git
Computed https://github.com/apple/swift-certificates.git at 1.19.3 (0.29s)
Fetching https://github.com/apple/swift-crypto.git
[1/17784] Fetching swift-crypto
Fetched https://github.com/apple/swift-crypto.git from cache (1.26s)
Computing version for https://github.com/apple/swift-crypto.git
Computed https://github.com/apple/swift-crypto.git at 4.5.0 (2.05s)
Creating working copy for https://github.com/awslabs/aws-sdk-swift
Working copy of https://github.com/awslabs/aws-sdk-swift resolved at 1.7.27
Creating working copy for https://github.com/maplibre/maplibre-gl-native-distribution
Working copy of https://github.com/maplibre/maplibre-gl-native-distribution resolved at 6.4.1
Creating working copy for https://github.com/smithy-lang/smithy-swift
Working copy of https://github.com/smithy-lang/smithy-swift resolved at 0.223.0
Creating working copy for https://github.com/apple/swift-asn1.git
Working copy of https://github.com/apple/swift-asn1.git resolved at 1.7.1
Creating working copy for https://github.com/stephencelis/SQLite.swift.git
Working copy of https://github.com/stephencelis/SQLite.swift.git resolved at 0.15.4
Creating working copy for https://github.com/swift-server/swift-service-lifecycle.git
Working copy of https://github.com/swift-server/swift-service-lifecycle.git resolved at 2.11.0
Creating working copy for https://github.com/apple/swift-nio-transport-services.git
Working copy of https://github.com/apple/swift-nio-transport-services.git resolved at 1.28.0
Creating working copy for https://github.com/awslabs/aws-crt-swift
Working copy of https://github.com/awslabs/aws-crt-swift resolved at 0.63.1
Creating working copy for https://github.com/aws-amplify/amplify-swift.git
Working copy of https://github.com/aws-amplify/amplify-swift.git resolved at 2.58.4
Creating working copy for https://github.com/apple/swift-atomics.git
Working copy of https://github.com/apple/swift-atomics.git resolved at 1.3.1
Creating working copy for https://github.com/apple/swift-nio-extras.git
Working copy of https://github.com/apple/swift-nio-extras.git resolved at 1.34.2
Creating working copy for https://github.com/swiftlang/swift-toolchain-sqlite
Working copy of https://github.com/swiftlang/swift-toolchain-sqlite resolved at 1.0.4
Creating working copy for https://github.com/apple/swift-certificates.git
Working copy of https://github.com/apple/swift-certificates.git resolved at 1.19.3
Creating working copy for https://github.com/apple/swift-system.git
Working copy of https://github.com/apple/swift-system.git resolved at 1.7.2
Creating working copy for https://github.com/apple/swift-http-types.git
Working copy of https://github.com/apple/swift-http-types.git resolved at 1.6.0
Creating working copy for https://github.com/apple/swift-distributed-tracing.git
Working copy of https://github.com/apple/swift-distributed-tracing.git resolved at 1.4.1
Creating working copy for https://github.com/apple/swift-numerics.git
Working copy of https://github.com/apple/swift-numerics.git resolved at 1.1.1
Creating working copy for https://github.com/apple/swift-collections.git
Working copy of https://github.com/apple/swift-collections.git resolved at 1.6.0
Creating working copy for https://github.com/apple/swift-argument-parser.git
Working copy of https://github.com/apple/swift-argument-parser.git resolved at 1.8.2
Creating working copy for https://github.com/aws-amplify/amplify-swift-utils-notifications.git
Working copy of https://github.com/aws-amplify/amplify-swift-utils-notifications.git resolved at 1.1.1
Creating working copy for https://github.com/apple/swift-nio-ssl.git
Working copy of https://github.com/apple/swift-nio-ssl.git resolved at 2.37.1
Creating working copy for https://github.com/apple/swift-nio-http2.git
Working copy of https://github.com/apple/swift-nio-http2.git resolved at 1.44.0
Creating working copy for https://github.com/apple/swift-algorithms.git
Working copy of https://github.com/apple/swift-algorithms.git resolved at 1.2.1
Creating working copy for https://github.com/apple/swift-async-algorithms.git
Working copy of https://github.com/apple/swift-async-algorithms.git resolved at 1.1.5
Creating working copy for https://github.com/apple/swift-nio.git
Working copy of https://github.com/apple/swift-nio.git resolved at 2.101.2
Creating working copy for https://github.com/apple/swift-service-context.git
Working copy of https://github.com/apple/swift-service-context.git resolved at 1.3.0
Creating working copy for https://github.com/swift-server/async-http-client.git
Working copy of https://github.com/swift-server/async-http-client.git resolved at 1.35.0
Creating working copy for https://github.com/apple/swift-crypto.git
Working copy of https://github.com/apple/swift-crypto.git resolved at 4.5.0
Creating working copy for https://github.com/apple/swift-http-structured-headers.git
Working copy of https://github.com/apple/swift-http-structured-headers.git resolved at 1.7.0
Creating working copy for https://github.com/apple/swift-log.git
Working copy of https://github.com/apple/swift-log.git resolved at 1.14.0
Downloading binary artifact https://github.com/maplibre/maplibre-native/releases/download/ios-v6.4.1/MapLibre.dynamic.xcframework.zip
[1369/8250447] Downloading https://github.com/maplibre/maplibre-native/releases/download/ios-v6.4.1/MapLibre.dynamic.xcframework.zip
Downloaded https://github.com/maplibre/maplibre-native/releases/download/ios-v6.4.1/MapLibre.dynamic.xcframework.zip (0.93s)
warning: you may be able to install libcrypto using your system-packager:
    apt-get install openssl libssl-dev
[0/18] Write sources
[0/18] Copying DefaultSwiftHeader.txt
[0/18] Write sources
[8/18] Write swift-version-24593BA9C3E375BF.txt
[10/31] Compiling Logging Logger+With.swift
unable to find node: pound
unable to find node: pound
<unknown>:0: warning: upcoming feature 'InferSendableFromCaptures' is already enabled as of Swift version 6
<unknown>:0: warning: upcoming feature 'GlobalActorIsolatedTypesUsability' is already enabled as of Swift version 6
<unknown>:0: warning: upcoming feature 'DisableOutwardActorInference' is already enabled as of Swift version 6
[11/32] Compiling Logging LoggingSystem.swift
<unknown>:0: warning: upcoming feature 'InferSendableFromCaptures' is already enabled as of Swift version 6
<unknown>:0: warning: upcoming feature 'GlobalActorIsolatedTypesUsability' is already enabled as of Swift version 6
<unknown>:0: warning: upcoming feature 'DisableOutwardActorInference' is already enabled as of Swift version 6
[12/32] Compiling Logging Logger.swift
<unknown>:0: warning: upcoming feature 'InferSendableFromCaptures' is already enabled as of Swift version 6
<unknown>:0: warning: upcoming feature 'GlobalActorIsolatedTypesUsability' is already enabled as of Swift version 6
<unknown>:0: warning: upcoming feature 'DisableOutwardActorInference' is already enabled as of Swift version 6
[13/32] Compiling Logging LogEvent.swift
<unknown>:0: warning: upcoming feature 'InferSendableFromCaptures' is already enabled as of Swift version 6
<unknown>:0: warning: upcoming feature 'GlobalActorIsolatedTypesUsability' is already enabled as of Swift version 6
<unknown>:0: warning: upcoming feature 'DisableOutwardActorInference' is already enabled as of Swift version 6
[14/32] Compiling Logging LogHandler.swift
<unknown>:0: warning: upcoming feature 'InferSendableFromCaptures' is already enabled as of Swift version 6
<unknown>:0: warning: upcoming feature 'GlobalActorIsolatedTypesUsability' is already enabled as of Swift version 6
<unknown>:0: warning: upcoming feature 'DisableOutwardActorInference' is already enabled as of Swift version 6
[15/32] Compiling Logging Logger+Attributes.swift
<unknown>:0: warning: upcoming feature 'InferSendableFromCaptures' is already enabled as of Swift version 6
<unknown>:0: warning: upcoming feature 'GlobalActorIsolatedTypesUsability' is already enabled as of Swift version 6
<unknown>:0: warning: upcoming feature 'DisableOutwardActorInference' is already enabled as of Swift version 6
[16/32] Compiling ArgumentParserToolInfo ToolInfo.swift
<unknown>:0: warning: upcoming feature 'InferSendableFromCaptures' is already enabled as of Swift version 6
<unknown>:0: warning: upcoming feature 'GlobalActorIsolatedTypesUsability' is already enabled as of Swift version 6
<unknown>:0: warning: upcoming feature 'DisableOutwardActorInference' is already enabled as of Swift version 6
[17/32] Emitting module ArgumentParserToolInfo
<unknown>:0: warning: upcoming feature 'InferSendableFromCaptures' is already enabled as of Swift version 6
<unknown>:0: warning: upcoming feature 'GlobalActorIsolatedTypesUsability' is already enabled as of Swift version 6
<unknown>:0: warning: upcoming feature 'DisableOutwardActorInference' is already enabled as of Swift version 6
[19/33] Compiling Logging MetadataProvider.swift
<unknown>:0: warning: upcoming feature 'InferSendableFromCaptures' is already enabled as of Swift version 6
<unknown>:0: warning: upcoming feature 'GlobalActorIsolatedTypesUsability' is already enabled as of Swift version 6
<unknown>:0: warning: upcoming feature 'DisableOutwardActorInference' is already enabled as of Swift version 6
[20/33] Compiling Logging SwiftLogNoOpLogHandler.swift
<unknown>:0: warning: upcoming feature 'InferSendableFromCaptures' is already enabled as of Swift version 6
<unknown>:0: warning: upcoming feature 'GlobalActorIsolatedTypesUsability' is already enabled as of Swift version 6
<unknown>:0: warning: upcoming feature 'DisableOutwardActorInference' is already enabled as of Swift version 6
[21/33] Compiling Logging Locks.swift
<unknown>:0: warning: upcoming feature 'InferSendableFromCaptures' is already enabled as of Swift version 6
<unknown>:0: warning: upcoming feature 'GlobalActorIsolatedTypesUsability' is already enabled as of Swift version 6
<unknown>:0: warning: upcoming feature 'DisableOutwardActorInference' is already enabled as of Swift version 6
[22/33] Compiling Logging MultiplexLogHandler.swift
<unknown>:0: warning: upcoming feature 'InferSendableFromCaptures' is already enabled as of Swift version 6
<unknown>:0: warning: upcoming feature 'GlobalActorIsolatedTypesUsability' is already enabled as of Swift version 6
<unknown>:0: warning: upcoming feature 'DisableOutwardActorInference' is already enabled as of Swift version 6
[23/33] Compiling Logging StreamLogHandler.swift
<unknown>:0: warning: upcoming feature 'InferSendableFromCaptures' is already enabled as of Swift version 6
<unknown>:0: warning: upcoming feature 'GlobalActorIsolatedTypesUsability' is already enabled as of Swift version 6
<unknown>:0: warning: upcoming feature 'DisableOutwardActorInference' is already enabled as of Swift version 6
[24/33] Emitting module Logging
unable to find node: pound
unable to find node: pound
<unknown>:0: warning: upcoming feature 'InferSendableFromCaptures' is already enabled as of Swift version 6
<unknown>:0: warning: upcoming feature 'GlobalActorIsolatedTypesUsability' is already enabled as of Swift version 6
<unknown>:0: warning: upcoming feature 'DisableOutwardActorInference' is already enabled as of Swift version 6
[25/34] Wrapping AST for ArgumentParserToolInfo for debugging
[26/81] Wrapping AST for Logging for debugging
[28/138] Emitting module ArgumentParser
<unknown>:0: warning: upcoming feature 'InferSendableFromCaptures' is already enabled as of Swift version 6
<unknown>:0: warning: upcoming feature 'GlobalActorIsolatedTypesUsability' is already enabled as of Swift version 6
<unknown>:0: warning: upcoming feature 'DisableOutwardActorInference' is already enabled as of Swift version 6
[29/144] Emitting module Smithy
[30/151] Compiling Smithy ListDocument.swift
<unknown>:0: warning: upcoming feature 'InferSendableFromCaptures' is already enabled as of Swift version 6
<unknown>:0: warning: upcoming feature 'GlobalActorIsolatedTypesUsability' is already enabled as of Swift version 6
<unknown>:0: warning: upcoming feature 'DisableOutwardActorInference' is already enabled as of Swift version 6
[31/151] Compiling Smithy LongDocument.swift
<unknown>:0: warning: upcoming feature 'InferSendableFromCaptures' is already enabled as of Swift version 6
<unknown>:0: warning: upcoming feature 'GlobalActorIsolatedTypesUsability' is already enabled as of Swift version 6
<unknown>:0: warning: upcoming feature 'DisableOutwardActorInference' is already enabled as of Swift version 6
[32/151] Compiling Smithy Attribute.swift
<unknown>:0: warning: upcoming feature 'InferSendableFromCaptures' is already enabled as of Swift version 6
<unknown>:0: warning: upcoming feature 'GlobalActorIsolatedTypesUsability' is already enabled as of Swift version 6
<unknown>:0: warning: upcoming feature 'DisableOutwardActorInference' is already enabled as of Swift version 6
[33/151] Compiling Smithy ByteStream.swift
<unknown>:0: warning: upcoming feature 'InferSendableFromCaptures' is already enabled as of Swift version 6
<unknown>:0: warning: upcoming feature 'GlobalActorIsolatedTypesUsability' is already enabled as of Swift version 6
<unknown>:0: warning: upcoming feature 'DisableOutwardActorInference' is already enabled as of Swift version 6
[34/151] Compiling Smithy ClientError.swift
<unknown>:0: warning: upcoming feature 'InferSendableFromCaptures' is already enabled as of Swift version 6
<unknown>:0: warning: upcoming feature 'GlobalActorIsolatedTypesUsability' is already enabled as of Swift version 6
<unknown>:0: warning: upcoming feature 'DisableOutwardActorInference' is already enabled as of Swift version 6
[35/151] Compiling Smithy Context.swift
<unknown>:0: warning: upcoming feature 'InferSendableFromCaptures' is already enabled as of Swift version 6
<unknown>:0: warning: upcoming feature 'GlobalActorIsolatedTypesUsability' is already enabled as of Swift version 6
<unknown>:0: warning: upcoming feature 'DisableOutwardActorInference' is already enabled as of Swift version 6
[36/151] Compiling Smithy EventHeaderTrait.swift
<unknown>:0: warning: upcoming feature 'InferSendableFromCaptures' is already enabled as of Swift version 6
<unknown>:0: warning: upcoming feature 'GlobalActorIsolatedTypesUsability' is already enabled as of Swift version 6
<unknown>:0: warning: upcoming feature 'DisableOutwardActorInference' is already enabled as of Swift version 6
[37/151] Compiling Smithy BooleanDocument.swift
<unknown>:0: warning: upcoming feature 'InferSendableFromCaptures' is already enabled as of Swift version 6
<unknown>:0: warning: upcoming feature 'GlobalActorIsolatedTypesUsability' is already enabled as of Swift version 6
<unknown>:0: warning: upcoming feature 'DisableOutwardActorInference' is already enabled as of Swift version 6
[38/151] Compiling Smithy ByteDocument.swift
<unknown>:0: warning: upcoming feature 'InferSendableFromCaptures' is already enabled as of Swift version 6
<unknown>:0: warning: upcoming feature 'GlobalActorIsolatedTypesUsability' is already enabled as of Swift version 6
<unknown>:0: warning: upcoming feature 'DisableOutwardActorInference' is already enabled as of Swift version 6
[39/151] Compiling Smithy Document.swift
<unknown>:0: warning: upcoming feature 'InferSendableFromCaptures' is already enabled as of Swift version 6
<unknown>:0: warning: upcoming feature 'GlobalActorIsolatedTypesUsability' is already enabled as of Swift version 6
<unknown>:0: warning: upcoming feature 'DisableOutwardActorInference' is already enabled as of Swift version 6
[40/151] Compiling Smithy DoubleDocument.swift
<unknown>:0: warning: upcoming feature 'InferSendableFromCaptures' is already enabled as of Swift version 6
<unknown>:0: warning: upcoming feature 'GlobalActorIsolatedTypesUsability' is already enabled as of Swift version 6
<unknown>:0: warning: upcoming feature 'DisableOutwardActorInference' is already enabled as of Swift version 6
[41/151] Compiling Smithy FloatDocument.swift
<unknown>:0: warning: upcoming feature 'InferSendableFromCaptures' is already enabled as of Swift version 6
<unknown>:0: warning: upcoming feature 'GlobalActorIsolatedTypesUsability' is already enabled as of Swift version 6
<unknown>:0: warning: upcoming feature 'DisableOutwardActorInference' is already enabled as of Swift version 6
[42/151] Compiling Smithy IntegerDocument.swift
<unknown>:0: warning: upcoming feature 'InferSendableFromCaptures' is already enabled as of Swift version 6
<unknown>:0: warning: upcoming feature 'GlobalActorIsolatedTypesUsability' is already enabled as of Swift version 6
<unknown>:0: warning: upcoming feature 'DisableOutwardActorInference' is already enabled as of Swift version 6
[43/151] Compiling Smithy AWSQueryErrorTrait.swift
<unknown>:0: warning: upcoming feature 'InferSendableFromCaptures' is already enabled as of Swift version 6
<unknown>:0: warning: upcoming feature 'GlobalActorIsolatedTypesUsability' is already enabled as of Swift version 6
<unknown>:0: warning: upcoming feature 'DisableOutwardActorInference' is already enabled as of Swift version 6
[44/151] Compiling Smithy AddedDefaultTrait.swift
<unknown>:0: warning: upcoming feature 'InferSendableFromCaptures' is already enabled as of Swift version 6
<unknown>:0: warning: upcoming feature 'GlobalActorIsolatedTypesUsability' is already enabled as of Swift version 6
<unknown>:0: warning: upcoming feature 'DisableOutwardActorInference' is already enabled as of Swift version 6
[45/151] Compiling Smithy AllSupportedTraits.swift
<unknown>:0: warning: upcoming feature 'InferSendableFromCaptures' is already enabled as of Swift version 6
<unknown>:0: warning: upcoming feature 'GlobalActorIsolatedTypesUsability' is already enabled as of Swift version 6
<unknown>:0: warning: upcoming feature 'DisableOutwardActorInference' is already enabled as of Swift version 6
[46/151] Compiling Smithy ClientOptionalTrait.swift
<unknown>:0: warning: upcoming feature 'InferSendableFromCaptures' is already enabled as of Swift version 6
<unknown>:0: warning: upcoming feature 'GlobalActorIsolatedTypesUsability' is already enabled as of Swift version 6
<unknown>:0: warning: upcoming feature 'DisableOutwardActorInference' is already enabled as of Swift version 6
[47/151] Compiling Smithy DefaultTrait.swift
<unknown>:0: warning: upcoming feature 'InferSendableFromCaptures' is already enabled as of Swift version 6
<unknown>:0: warning: upcoming feature 'GlobalActorIsolatedTypesUsability' is already enabled as of Swift version 6
<unknown>:0: warning: upcoming feature 'DisableOutwardActorInference' is already enabled as of Swift version 6
[48/151] Compiling Smithy EnumValueTrait.swift
<unknown>:0: warning: upcoming feature 'InferSendableFromCaptures' is already enabled as of Swift version 6
<unknown>:0: warning: upcoming feature 'GlobalActorIsolatedTypesUsability' is already enabled as of Swift version 6
<unknown>:0: warning: upcoming feature 'DisableOutwardActorInference' is already enabled as of Swift version 6
[49/151] Compiling Smithy ErrorTrait.swift
<unknown>:0: warning: upcoming feature 'InferSendableFromCaptures' is already enabled as of Swift version 6
<unknown>:0: warning: upcoming feature 'GlobalActorIsolatedTypesUsability' is already enabled as of Swift version 6
<unknown>:0: warning: upcoming feature 'DisableOutwardActorInference' is already enabled as of Swift version 6
[50/151] Compiling ArgumentParser NonsenseFlagsValidator.swift
[51/151] Compiling ArgumentParser ParsableArgumentsValidation.swift
[52/151] Compiling ArgumentParser PositionalArgumentsValidator.swift
[53/151] Compiling ArgumentParser UniqueNamesValidator.swift
[54/151] Compiling Smithy RequiredTrait.swift
[55/151] Compiling Smithy SensitiveTrait.swift
[56/151] Compiling Smithy ServiceTrait.swift
[57/151] Compiling Smithy SparseTrait.swift
[58/151] Compiling Smithy Schema.swift
[59/151] Compiling Smithy ShapeID.swift
[60/151] Compiling Smithy ShapeType.swift
[61/151] Compiling Smithy Stream.swift
[62/151] Compiling Smithy Trait.swift
[63/151] Compiling Smithy TraitCollection.swift
[64/151] Compiling ArgumentParser AsyncCompletionsValidator.swift
[65/151] Compiling ArgumentParser CodingKeyValidator.swift
[66/151] Compiling Smithy SwiftLog+LogAgent.swift
[67/151] Compiling Smithy Node.swift
[68/151] Compiling Smithy RequestMessage.swift
[69/151] Compiling Smithy RequestMessageBuilder.swift
[70/151] Compiling Smithy RequestMessageSerializer.swift
[71/151] Compiling Smithy ResponseMessage.swift
[72/151] Compiling Smithy ResponseMessageDeserializer.swift
[73/151] Compiling Smithy Prelude.swift
<unknown>:0: warning: upcoming feature 'InferSendableFromCaptures' is already enabled as of Swift version 6
<unknown>:0: warning: upcoming feature 'GlobalActorIsolatedTypesUsability' is already enabled as of Swift version 6
<unknown>:0: warning: upcoming feature 'DisableOutwardActorInference' is already enabled as of Swift version 6
<unknown>:0: warning: upcoming feature 'InferSendableFromCaptures' is already enabled as of Swift version 6
<unknown>:0: warning: upcoming feature 'GlobalActorIsolatedTypesUsability' is already enabled as of Swift version 6
<unknown>:0: warning: upcoming feature 'DisableOutwardActorInference' is already enabled as of Swift version 6
<unknown>:0: warning: upcoming feature 'InferSendableFromCaptures' is already enabled as of Swift version 6
<unknown>:0: warning: upcoming feature 'GlobalActorIsolatedTypesUsability' is already enabled as of Swift version 6
<unknown>:0: warning: upcoming feature 'DisableOutwardActorInference' is already enabled as of Swift version 6
<unknown>:0: warning: upcoming feature 'InferSendableFromCaptures' is already enabled as of Swift version 6
<unknown>:0: warning: upcoming feature 'GlobalActorIsolatedTypesUsability' is already enabled as of Swift version 6
<unknown>:0: warning: upcoming feature 'DisableOutwardActorInference' is already enabled as of Swift version 6
<unknown>:0: warning: upcoming feature 'InferSendableFromCaptures' is already enabled as of Swift version 6
<unknown>:0: warning: upcoming feature 'GlobalActorIsolatedTypesUsability' is already enabled as of Swift version 6
<unknown>:0: warning: upcoming feature 'DisableOutwardActorInference' is already enabled as of Swift version 6
<unknown>:0: warning: upcoming feature 'InferSendableFromCaptures' is already enabled as of Swift version 6
<unknown>:0: warning: upcoming feature 'GlobalActorIsolatedTypesUsability' is already enabled as of Swift version 6
<unknown>:0: warning: upcoming feature 'DisableOutwardActorInference' is already enabled as of Swift version 6
[80/151] Compiling Smithy NullDocument.swift
[81/151] Compiling Smithy ShortDocument.swift
[82/151] Compiling Smithy StringDocument.swift
[83/151] Compiling Smithy StringMapDocument.swift
[84/151] Compiling Smithy TimestampDocument.swift
[85/151] Compiling Smithy SmithyDocument.swift
[86/151] Compiling Smithy LogAgent.swift
[87/151] Compiling Smithy LogAgentLevel.swift
[100/151] Compiling Smithy DocumentError.swift
[101/151] Compiling Smithy BigDecimalDocument.swift
[102/151] Compiling Smithy BigIntegerDocument.swift
[103/151] Compiling Smithy BlobDocument.swift
[112/151] Compiling Smithy StreamingTrait.swift
[113/151] Compiling Smithy TargetsUnitTrait.swift
[114/151] Compiling Smithy TimestampFormatTrait.swift
[115/151] Compiling Smithy UnitTypeTrait.swift
[116/151] Compiling Smithy URI.swift
[117/151] Compiling Smithy URIQueryItem.swift
[118/151] Compiling Smithy URIScheme.swift
[119/152] Wrapping AST for Smithy for debugging
[121/169] Compiling SmithySerialization SerializableShape.swift
[122/169] Compiling SmithySerialization SerializableStruct.swift
[123/169] Compiling SmithySerialization ShapeSerializer.swift
[124/169] Compiling SmithySerialization WriteValueConsumer.swift
[125/169] Compiling SmithySerialization DeserializableStruct.swift
[126/169] Compiling SmithySerialization ReadValueConsumer.swift
[127/171] Compiling SmithySerialization Codec.swift
[128/171] Compiling SmithySerialization Context+Operation.swift
[129/171] Compiling SmithySerialization DeserializableShape.swift
[130/171] Compiling SmithySerialization ShapeDeserializer.swift
[131/171] Compiling SmithySerialization ResponseDecodingError.swift
[132/171] Emitting module SmithySerialization
[133/171] Compiling SmithySerialization ClientProtocol.swift
[134/171] Compiling SmithySerialization Operation.swift
[135/171] Compiling SmithySerialization OperationProperties.swift
[136/171] Compiling SmithySerialization SerializerError.swift
[137/171] Compiling SmithySerialization StringSerializer.swift
[138/171] Compiling SmithySerialization TypeRegistry.swift
[139/171] Compiling SmithySerialization UnexpectedNullError.swift
<unknown>:0: warning: upcoming feature 'InferSendableFromCaptures' is already enabled as of Swift version 6
<unknown>:0: warning: upcoming feature 'GlobalActorIsolatedTypesUsability' is already enabled as of Swift version 6
<unknown>:0: warning: upcoming feature 'DisableOutwardActorInference' is already enabled as of Swift version 6
<unknown>:0: warning: upcoming feature 'InferSendableFromCaptures' is already enabled as of Swift version 6
<unknown>:0: warning: upcoming feature 'GlobalActorIsolatedTypesUsability' is already enabled as of Swift version 6
<unknown>:0: warning: upcoming feature 'DisableOutwardActorInference' is already enabled as of Swift version 6
<unknown>:0: warning: upcoming feature 'InferSendableFromCaptures' is already enabled as of Swift version 6
<unknown>:0: warning: upcoming feature 'GlobalActorIsolatedTypesUsability' is already enabled as of Swift version 6
<unknown>:0: warning: upcoming feature 'DisableOutwardActorInference' is already enabled as of Swift version 6
<unknown>:0: warning: upcoming feature 'InferSendableFromCaptures' is already enabled as of Swift version 6
<unknown>:0: warning: upcoming feature 'GlobalActorIsolatedTypesUsability' is already enabled as of Swift version 6
<unknown>:0: warning: upcoming feature 'DisableOutwardActorInference' is already enabled as of Swift version 6
<unknown>:0: warning: upcoming feature 'InferSendableFromCaptures' is already enabled as of Swift version 6
<unknown>:0: warning: upcoming feature 'GlobalActorIsolatedTypesUsability' is already enabled as of Swift version 6
<unknown>:0: warning: upcoming feature 'DisableOutwardActorInference' is already enabled as of Swift version 6
<unknown>:0: warning: upcoming feature 'InferSendableFromCaptures' is already enabled as of Swift version 6
<unknown>:0: warning: upcoming feature 'GlobalActorIsolatedTypesUsability' is already enabled as of Swift version 6
<unknown>:0: warning: upcoming feature 'DisableOutwardActorInference' is already enabled as of Swift version 6
<unknown>:0: warning: upcoming feature 'InferSendableFromCaptures' is already enabled as of Swift version 6
<unknown>:0: warning: upcoming feature 'GlobalActorIsolatedTypesUsability' is already enabled as of Swift version 6
<unknown>:0: warning: upcoming feature 'DisableOutwardActorInference' is already enabled as of Swift version 6
<unknown>:0: warning: upcoming feature 'InferSendableFromCaptures' is already enabled as of Swift version 6
<unknown>:0: warning: upcoming feature 'GlobalActorIsolatedTypesUsability' is already enabled as of Swift version 6
<unknown>:0: warning: upcoming feature 'DisableOutwardActorInference' is already enabled as of Swift version 6
<unknown>:0: warning: upcoming feature 'InferSendableFromCaptures' is already enabled as of Swift version 6
<unknown>:0: warning: upcoming feature 'GlobalActorIsolatedTypesUsability' is already enabled as of Swift version 6
<unknown>:0: warning: upcoming feature 'DisableOutwardActorInference' is already enabled as of Swift version 6
<unknown>:0: warning: upcoming feature 'InferSendableFromCaptures' is already enabled as of Swift version 6
<unknown>:0: warning: upcoming feature 'GlobalActorIsolatedTypesUsability' is already enabled as of Swift version 6
<unknown>:0: warning: upcoming feature 'DisableOutwardActorInference' is already enabled as of Swift version 6
<unknown>:0: warning: upcoming feature 'InferSendableFromCaptures' is already enabled as of Swift version 6
<unknown>:0: warning: upcoming feature 'GlobalActorIsolatedTypesUsability' is already enabled as of Swift version 6
<unknown>:0: warning: upcoming feature 'DisableOutwardActorInference' is already enabled as of Swift version 6
<unknown>:0: warning: upcoming feature 'InferSendableFromCaptures' is already enabled as of Swift version 6
<unknown>:0: warning: upcoming feature 'GlobalActorIsolatedTypesUsability' is already enabled as of Swift version 6
<unknown>:0: warning: upcoming feature 'DisableOutwardActorInference' is already enabled as of Swift version 6
<unknown>:0: warning: upcoming feature 'InferSendableFromCaptures' is already enabled as of Swift version 6
<unknown>:0: warning: upcoming feature 'GlobalActorIsolatedTypesUsability' is already enabled as of Swift version 6
<unknown>:0: warning: upcoming feature 'DisableOutwardActorInference' is already enabled as of Swift version 6
<unknown>:0: warning: upcoming feature 'InferSendableFromCaptures' is already enabled as of Swift version 6
<unknown>:0: warning: upcoming feature 'GlobalActorIsolatedTypesUsability' is already enabled as of Swift version 6
<unknown>:0: warning: upcoming feature 'DisableOutwardActorInference' is already enabled as of Swift version 6
<unknown>:0: warning: upcoming feature 'InferSendableFromCaptures' is already enabled as of Swift version 6
<unknown>:0: warning: upcoming feature 'GlobalActorIsolatedTypesUsability' is already enabled as of Swift version 6
<unknown>:0: warning: upcoming feature 'DisableOutwardActorInference' is already enabled as of Swift version 6
<unknown>:0: warning: upcoming feature 'InferSendableFromCaptures' is already enabled as of Swift version 6
<unknown>:0: warning: upcoming feature 'GlobalActorIsolatedTypesUsability' is already enabled as of Swift version 6
<unknown>:0: warning: upcoming feature 'DisableOutwardActorInference' is already enabled as of Swift version 6
<unknown>:0: warning: upcoming feature 'InferSendableFromCaptures' is already enabled as of Swift version 6
<unknown>:0: warning: upcoming feature 'GlobalActorIsolatedTypesUsability' is already enabled as of Swift version 6
<unknown>:0: warning: upcoming feature 'DisableOutwardActorInference' is already enabled as of Swift version 6
<unknown>:0: warning: upcoming feature 'InferSendableFromCaptures' is already enabled as of Swift version 6
<unknown>:0: warning: upcoming feature 'GlobalActorIsolatedTypesUsability' is already enabled as of Swift version 6
<unknown>:0: warning: upcoming feature 'DisableOutwardActorInference' is already enabled as of Swift version 6
<unknown>:0: warning: upcoming feature 'InferSendableFromCaptures' is already enabled as of Swift version 6
<unknown>:0: warning: upcoming feature 'GlobalActorIsolatedTypesUsability' is already enabled as of Swift version 6
<unknown>:0: warning: upcoming feature 'DisableOutwardActorInference' is already enabled as of Swift version 6
<unknown>:0: warning: upcoming feature 'InferSendableFromCaptures' is already enabled as of Swift version 6
<unknown>:0: warning: upcoming feature 'GlobalActorIsolatedTypesUsability' is already enabled as of Swift version 6
<unknown>:0: warning: upcoming feature 'DisableOutwardActorInference' is already enabled as of Swift version 6
<unknown>:0: warning: upcoming feature 'InferSendableFromCaptures' is already enabled as of Swift version 6
<unknown>:0: warning: upcoming feature 'GlobalActorIsolatedTypesUsability' is already enabled as of Swift version 6
<unknown>:0: warning: upcoming feature 'DisableOutwardActorInference' is already enabled as of Swift version 6
<unknown>:0: warning: upcoming feature 'InferSendableFromCaptures' is already enabled as of Swift version 6
<unknown>:0: warning: upcoming feature 'GlobalActorIsolatedTypesUsability' is already enabled as of Swift version 6
<unknown>:0: warning: upcoming feature 'DisableOutwardActorInference' is already enabled as of Swift version 6
<unknown>:0: warning: upcoming feature 'InferSendableFromCaptures' is already enabled as of Swift version 6
<unknown>:0: warning: upcoming feature 'GlobalActorIsolatedTypesUsability' is already enabled as of Swift version 6
<unknown>:0: warning: upcoming feature 'DisableOutwardActorInference' is already enabled as of Swift version 6
<unknown>:0: warning: upcoming feature 'InferSendableFromCaptures' is already enabled as of Swift version 6
<unknown>:0: warning: upcoming feature 'GlobalActorIsolatedTypesUsability' is already enabled as of Swift version 6
<unknown>:0: warning: upcoming feature 'DisableOutwardActorInference' is already enabled as of Swift version 6
<unknown>:0: warning: upcoming feature 'InferSendableFromCaptures' is already enabled as of Swift version 6
<unknown>:0: warning: upcoming feature 'GlobalActorIsolatedTypesUsability' is already enabled as of Swift version 6
<unknown>:0: warning: upcoming feature 'DisableOutwardActorInference' is already enabled as of Swift version 6
<unknown>:0: warning: upcoming feature 'InferSendableFromCaptures' is already enabled as of Swift version 6
<unknown>:0: warning: upcoming feature 'GlobalActorIsolatedTypesUsability' is already enabled as of Swift version 6
<unknown>:0: warning: upcoming feature 'DisableOutwardActorInference' is already enabled as of Swift version 6
[166/173] Wrapping AST for SmithySerialization for debugging
[168/226] Wrapping AST for ArgumentParser for debugging
[170/226] Compiling SmithyCodegenCore EnumShape.swift
[171/226] Compiling SmithyCodegenCore HasMembers.swift
[172/226] Compiling SmithyCodegenCore IntEnumShape.swift
[173/226] Compiling SmithyCodegenCore IntegerShape.swift
[174/226] Compiling SmithyCodegenCore ListShape.swift
[175/226] Compiling SmithyCodegenCore MapShape.swift
[176/226] Compiling SmithyCodegenCore MemberShape.swift
[177/233] Compiling SmithyCodegenCore ShapeID+AST.swift
[178/233] Compiling SmithyCodegenCore ShapeType+AST.swift
[179/233] Compiling SmithyCodegenCore Model+Box.swift
[180/233] Compiling SmithyCodegenCore Model+Deprecated.swift
[181/233] Compiling SmithyCodegenCore Model+InputOutput.swift
[182/233] Compiling SmithyCodegenCore Model+Operations.swift
[183/233] Compiling SmithyCodegenCore Model+PruneToService.swift
[184/233] Compiling SmithyCodegenCore Model+TrimReferences.swift
[185/233] Emitting module SmithyCodegenCore
[186/233] Compiling SmithyCodegenCore ASTError.swift
[187/233] Compiling SmithyCodegenCore ASTMember.swift
[188/233] Compiling SmithyCodegenCore ASTModel.swift
[189/233] Compiling SmithyCodegenCore ASTReference.swift
[190/233] Compiling SmithyCodegenCore ASTShape.swift
[191/233] Compiling SmithyCodegenCore ASTType.swift
[192/233] Compiling SmithyCodegenCore Node+AST.swift
[193/233] Compiling SmithyCodegenCore CodeGenerator.swift
[194/233] Compiling SmithyCodegenCore UnionShape.swift
[195/233] Compiling SmithyCodegenCore Node+Rendered.swift
[196/233] Compiling SmithyCodegenCore String+Utils.swift
[197/233] Compiling SmithyCodegenCore SwiftWriter.swift
[198/233] Compiling SmithyCodegenCore SwiftSettings.swift
[199/233] Compiling SmithyCodegenCore String+ReservedWords.swift
[200/233] Compiling SmithyCodegenCore SymbolProvider.swift
[201/233] Compiling SmithyCodegenCore OperationShape.swift
[202/233] Compiling SmithyCodegenCore ResourceShape.swift
[203/233] Compiling SmithyCodegenCore ServiceShape.swift
[204/233] Compiling SmithyCodegenCore Shape+Prelude.swift
[205/233] Compiling SmithyCodegenCore Shape.swift
[206/233] Compiling SmithyCodegenCore StringShape.swift
[207/233] Compiling SmithyCodegenCore StructureShape.swift
[208/233] Compiling SmithyCodegenCore CodegenError.swift
[209/233] Compiling SmithyCodegenCore DeserializeCodegen.swift
[210/233] Compiling SmithyCodegenCore Shape+DeserializeMethodName.swift
[211/233] Compiling SmithyCodegenCore GenerationContext.swift
[212/233] Compiling SmithyCodegenCore HasShapeID.swift
[213/233] Compiling SmithyCodegenCore Model+AST.swift
[214/233] Compiling SmithyCodegenCore Model.swift
[215/233] Compiling SmithyCodegenCore ModelError.swift
[216/233] Compiling SmithyCodegenCore Model+Union.swift
[217/233] Compiling SmithyCodegenCore NullableIndex.swift
[218/233] Compiling SmithyCodegenCore OperationsCodegen.swift
[219/233] Compiling SmithyCodegenCore SchemasCodegen.swift
[220/233] Compiling SmithyCodegenCore Shape+Schema.swift
[221/233] Compiling SmithyCodegenCore SerializeCodegen.swift
[222/233] Compiling SmithyCodegenCore Shape+SerializeMethodName.swift
[223/233] Compiling SmithyCodegenCore SymbolProviderError.swift
[224/233] Compiling SmithyCodegenCore DeprecatedTrait.swift
[225/233] Compiling SmithyCodegenCore EnumTrait.swift
[226/233] Compiling SmithyCodegenCore UsedAsInputTrait.swift
[227/233] Compiling SmithyCodegenCore UsedAsOutputTrait.swift
[228/233] Compiling SmithyCodegenCore TypeRegistryCodegen.swift
[229/233] Compiling SmithyCodegenCore resource_bundle_accessor.swift
[230/234] Wrapping AST for SmithyCodegenCore for debugging
[232/236] Emitting module SmithyCodegenCLI
[233/236] Compiling SmithyCodegenCLI SmithyCodegenCLI.swift
[234/237] Wrapping AST for SmithyCodegenCLI for debugging
[235/237] Write Objects.LinkFileList
[236/237] Linking SmithyCodegenCLI-tool
warning: you may be able to install libcrypto using your system-packager:
    apt-get install openssl libssl-dev
warning: 'amplify-swift': found 1 file(s) which are unhandled; explicitly declare them as resources or exclude from the target
    /host/spi-builder-workspace/.build/checkouts/amplify-swift/AmplifyPlugins/Core/AWSPluginsCore/WebSocket/README.md
warning: 'amplify-swift': found 1 file(s) which are unhandled; explicitly declare them as resources or exclude from the target
    /host/spi-builder-workspace/.build/checkouts/amplify-swift/Amplify/AGENTS.md
[1/1] Compiling plugin SmithyCodeGeneratorPlugin
[2/2] Compiling plugin GenerateManual
[3/3] Compiling plugin GenerateDoccReference
Building for debugging...
[3/481] Write sources
[4/481] Copying DefaultSwiftHeader.txt
[4/481] Write sources
[11/481] Copying PrivacyInfo.xcprivacy
[12/481] Compiling libtommathAmplify amplify_bn_s_mp_sqr.c
[12/481] Compiling libtommathAmplify amplify_bn_s_mp_sqr_fast.c
[12/481] Compiling libtommathAmplify amplify_bn_s_mp_toom_mul.c
[15/481] Compiling libtommathAmplify amplify_bn_s_mp_sub.c
[16/481] Compiling libtommathAmplify amplify_bn_s_mp_rand_platform.c
[16/481] Compiling libtommathAmplify amplify_bn_s_mp_toom_sqr.c
[16/481] Compiling libtommathAmplify amplify_bn_s_mp_reverse.c
[19/481] Compiling libtommathAmplify amplify_bn_s_mp_rand_jenkins.c
[19/481] Compiling libtommathAmplify amplify_bn_s_mp_prime_is_divisible.c
[21/481] Compiling libtommathAmplify amplify_bn_s_mp_mul_high_digs_fast.c
[21/481] Compiling libtommathAmplify amplify_bn_s_mp_mul_digs_fast.c
[23/481] Compiling libtommathAmplify amplify_bn_s_mp_mul_digs.c
[24/481] Compiling libtommathAmplify amplify_bn_s_mp_mul_high_digs.c
[25/481] Compiling libtommathAmplify amplify_bn_s_mp_montgomery_reduce_fast.c
[26/481] Compiling libtommathAmplify amplify_bn_s_mp_karatsuba_sqr.c
[27/481] Compiling libtommathAmplify amplify_bn_s_mp_invmod_slow.c
[27/481] Compiling libtommathAmplify amplify_bn_s_mp_get_bit.c
[28/481] Compiling libtommathAmplify amplify_bn_s_mp_karatsuba_mul.c
[30/481] Compiling libtommathAmplify amplify_bn_s_mp_invmod_fast.c
[31/481] Compiling libtommathAmplify amplify_bn_s_mp_exptmod_fast.c
[32/481] Compiling libtommathAmplify amplify_bn_s_mp_exptmod.c
[33/481] Compiling libtommathAmplify amplify_bn_prime_tab.c
[34/481] Compiling libtommathAmplify amplify_bn_s_mp_add.c
[34/481] Compiling libtommathAmplify amplify_bn_s_mp_balance_mul.c
[34/481] Compiling libtommathAmplify amplify_bn_mp_zero.c
[37/481] Compiling libtommathAmplify amplify_bn_mp_ubin_size.c
[37/481] Compiling libtommathAmplify amplify_bn_mp_xor.c
[39/481] Compiling libtommathAmplify amplify_bn_mp_unpack.c
[40/481] Compiling libtommathAmplify amplify_bn_mp_to_ubin.c
[41/481] Compiling libtommathAmplify amplify_bn_mp_to_radix.c
[42/481] Compiling libtommathAmplify amplify_bn_mp_submod.c
[42/481] Compiling libtommathAmplify amplify_bn_mp_to_sbin.c
[44/481] Compiling libtommathAmplify amplify_bn_mp_sub.c
[44/481] Compiling libtommathAmplify amplify_bn_mp_sub_d.c
[46/481] Compiling libtommathAmplify amplify_bn_mp_sqrtmod_prime.c
[47/481] Write swift-version-24593BA9C3E375BF.txt
[48/481] Compiling libtommathAmplify amplify_bn_mp_signed_rsh.c
[49/481] Compiling libtommathAmplify amplify_bn_mp_sqrt.c
[50/481] Compiling libtommathAmplify amplify_bn_mp_sqr.c
[51/481] Compiling libtommathAmplify amplify_bn_mp_sqrmod.c
[52/481] Compiling libtommathAmplify amplify_bn_mp_set_ul.c
[53/481] Compiling libtommathAmplify amplify_bn_mp_set_ull.c
[54/481] Compiling libtommathAmplify amplify_bn_mp_set_u64.c
[55/481] Compiling libtommathAmplify amplify_bn_mp_shrink.c
[56/481] Compiling libtommathAmplify amplify_bn_mp_set_u32.c
[57/481] Compiling libtommathAmplify amplify_bn_mp_set_ll.c
[58/481] Compiling libtommathAmplify amplify_bn_mp_set_i64.c
[59/481] Compiling libtommathAmplify amplify_bn_mp_set_l.c
[60/481] Compiling libtommathAmplify amplify_bn_mp_set_i32.c
[61/481] Compiling libtommathAmplify amplify_bn_mp_set_double.c
[62/481] Compiling libtommathAmplify amplify_bn_mp_set.c
[63/481] Compiling libtommathAmplify amplify_bn_mp_sbin_size.c
[64/481] Compiling libtommathAmplify amplify_bn_mp_reduce_is_2k_l.c
[65/481] Compiling libtommathAmplify amplify_bn_mp_root_u32.c
[65/481] Compiling libtommathAmplify amplify_bn_mp_reduce_setup.c
[65/481] Compiling libtommathAmplify amplify_bn_mp_reduce_is_2k.c
[65/481] Compiling libtommathAmplify amplify_bn_mp_rshd.c
[69/481] Compiling libtommathAmplify amplify_bn_mp_reduce_2k_setup_l.c
[70/481] Compiling libtommathAmplify amplify_bn_mp_reduce_2k_setup.c
[71/481] Compiling libtommathAmplify amplify_bn_mp_reduce_2k.c
[72/482] Compiling libtommathAmplify amplify_bn_mp_reduce_2k_l.c
[73/482] Compiling libtommathAmplify amplify_bn_mp_reduce.c
[74/482] Compiling libtommathAmplify amplify_bn_mp_read_radix.c
[75/483] Compiling libtommathAmplify amplify_bn_mp_rand.c
[76/483] Compiling libtommathAmplify amplify_bn_mp_prime_rabin_miller_trials.c
[77/483] Compiling libtommathAmplify amplify_bn_mp_prime_rand.c
[78/483] Compiling libtommathAmplify amplify_bn_mp_prime_strong_lucas_selfridge.c
[79/483] Compiling libtommathAmplify amplify_bn_mp_prime_next_prime.c
[80/483] Compiling libtommathAmplify amplify_bn_mp_radix_size.c
[81/483] Compiling libtommathAmplify amplify_bn_mp_radix_smap.c
[82/483] Compiling libtommathAmplify amplify_bn_mp_prime_miller_rabin.c
[83/483] Compiling libtommathAmplify amplify_bn_mp_prime_is_prime.c
[84/483] Compiling libtommathAmplify amplify_bn_mp_prime_fermat.c
[85/483] Compiling libtommathAmplify amplify_bn_mp_prime_frobenius_underwood.c
[86/483] Compiling libtommathAmplify amplify_bn_mp_pack_count.c
[87/483] Compiling libtommathAmplify amplify_bn_mp_pack.c
[88/483] Compiling libtommathAmplify amplify_bn_mp_or.c
[89/483] Compiling libtommathAmplify amplify_bn_mp_mulmod.c
[89/483] Compiling libtommathAmplify amplify_bn_mp_neg.c
[91/483] Compiling libtommathAmplify amplify_bn_mp_mul_d.c
[92/483] Compiling libtommathAmplify amplify_bn_mp_mul_2d.c
[93/483] Compiling libtommathAmplify amplify_bn_mp_mul_2.c
[94/483] Compiling libtommathAmplify amplify_bn_mp_montgomery_setup.c
[95/483] Compiling libtommathAmplify amplify_bn_mp_mul.c
[96/483] Compiling libtommathAmplify amplify_bn_mp_montgomery_reduce.c
[97/483] Compiling libtommathAmplify amplify_bn_mp_montgomery_calc_normalization.c
[98/483] Compiling libtommathAmplify amplify_bn_mp_mod_d.c
[99/483] Compiling libtommathAmplify amplify_bn_mp_mod_2d.c
[100/483] Compiling libtommathAmplify amplify_bn_mp_mod.c
[101/483] Compiling libtommathAmplify amplify_bn_mp_lshd.c
[103/483] Emitting module ArgumentParserToolInfo
<unknown>:0: warning: upcoming feature 'InferSendableFromCaptures' is already enabled as of Swift version 6
<unknown>:0: warning: upcoming feature 'GlobalActorIsolatedTypesUsability' is already enabled as of Swift version 6
<unknown>:0: warning: upcoming feature 'DisableOutwardActorInference' is already enabled as of Swift version 6
[103/484] Compiling libtommathAmplify amplify_bn_mp_log_u32.c
[104/484] Compiling libtommathAmplify amplify_bn_mp_lcm.c
[105/484] Compiling libtommathAmplify amplify_bn_mp_isodd.c
[106/484] Compiling libtommathAmplify amplify_bn_mp_kronecker.c
[107/484] Compiling libtommathAmplify amplify_bn_mp_iseven.c
[108/484] Compiling libtommathAmplify amplify_bn_mp_invmod.c
[109/484] Compiling libtommathAmplify amplify_bn_mp_is_square.c
[110/484] Compiling libtommathAmplify amplify_bn_mp_init_ull.c
[111/484] Compiling libtommathAmplify amplify_bn_mp_init_ul.c
[112/484] Compiling libtommathAmplify amplify_bn_mp_init_u64.c
[113/484] Compiling libtommathAmplify amplify_bn_mp_init_u32.c
[114/484] Compiling libtommathAmplify amplify_bn_mp_init_multi.c
[114/484] Compiling libtommathAmplify amplify_bn_mp_init_size.c
[116/484] Compiling libtommathAmplify amplify_bn_mp_init_set.c
[117/484] Compiling libtommathAmplify amplify_bn_mp_init_ll.c
[118/484] Compiling libtommathAmplify amplify_bn_mp_init_l.c
[120/484] Compiling libtommathAmplify amplify_bn_mp_init_i32.c
[121/484] Compiling libtommathAmplify amplify_bn_mp_grow.c
[121/484] Compiling libtommathAmplify amplify_bn_mp_init_copy.c
[122/484] Compiling libtommathAmplify amplify_bn_mp_init.c
[122/484] Compiling libtommathAmplify amplify_bn_mp_init_i64.c
[122/484] Compiling libtommathAmplify amplify_bn_mp_incr.c
[126/484] Compiling libtommathAmplify amplify_bn_mp_get_mag_ull.c
[127/484] Compiling libtommathAmplify amplify_bn_mp_get_mag_u64.c
[127/484] Compiling libtommathAmplify amplify_bn_mp_get_mag_ul.c
[127/484] Compiling libtommathAmplify amplify_bn_mp_get_mag_u32.c
[130/484] Compiling libtommathAmplify amplify_bn_mp_get_ll.c
[131/484] Compiling libtommathAmplify amplify_bn_mp_get_l.c
[132/484] Compiling libtommathAmplify amplify_bn_mp_get_i64.c
[133/484] Compiling libtommathAmplify amplify_bn_mp_get_i32.c
[134/484] Compiling libtommathAmplify amplify_bn_mp_get_double.c
[135/484] Compiling libtommathAmplify amplify_bn_mp_gcd.c
[136/484] Wrapping AST for ArgumentParserToolInfo for debugging
[137/484] Compiling libtommathAmplify amplify_bn_mp_from_ubin.c
[137/484] Compiling libtommathAmplify amplify_bn_mp_fread.c
[139/484] Compiling libtommathAmplify amplify_bn_mp_fwrite.c
[140/484] Compiling libtommathAmplify amplify_bn_mp_from_sbin.c
[141/484] Compiling libtommathAmplify amplify_bn_mp_exteuclid.c
[142/484] Compiling libtommathAmplify amplify_bn_mp_exptmod.c
[143/484] Compiling libtommathAmplify amplify_bn_mp_dr_setup.c
[144/484] Compiling libtommathAmplify amplify_bn_mp_exch.c
[144/484] Compiling libtommathAmplify amplify_bn_mp_expt_u32.c
[146/484] Compiling libtommathAmplify amplify_bn_mp_error_to_string.c
[148/484] Emitting module Logging
unable to find node: pound
unable to find node: pound
<unknown>:0: warning: upcoming feature 'InferSendableFromCaptures' is already enabled as of Swift version 6
<unknown>:0: warning: upcoming feature 'GlobalActorIsolatedTypesUsability' is already enabled as of Swift version 6
<unknown>:0: warning: upcoming feature 'DisableOutwardActorInference' is already enabled as of Swift version 6
[148/484] Compiling libtommathAmplify amplify_bn_mp_dr_reduce.c
[149/485] Compiling libtommathAmplify amplify_bn_mp_dr_is_modulus.c
[150/485] Compiling libtommathAmplify amplify_bn_mp_div_3.c
[151/485] Compiling libtommathAmplify amplify_bn_mp_div_d.c
[151/485] Compiling libtommathAmplify amplify_bn_mp_div_2.c
[153/486] Compiling libtommathAmplify amplify_bn_mp_div_2d.c
[154/486] Compiling libtommathAmplify amplify_bn_mp_count_bits.c
[155/486] Compiling libtommathAmplify amplify_bn_mp_decr.c
[156/486] Compiling libtommathAmplify amplify_bn_mp_div.c
[156/486] Compiling libtommathAmplify amplify_bn_mp_copy.c
[156/486] Compiling libtommathAmplify amplify_bn_mp_complement.c
[159/486] Compiling libtommathAmplify amplify_bn_mp_cnt_lsb.c
[160/486] Compiling libtommathAmplify amplify_bn_mp_cmp_mag.c
[162/486] Compiling libtommathAmplify amplify_bn_mp_cmp_d.c
[163/486] Compiling libtommathAmplify amplify_bn_mp_cmp.c
[163/486] Compiling libtommathAmplify amplify_bn_mp_clear_multi.c
[165/486] Compiling libtommathAmplify amplify_bn_mp_clear.c
[166/486] Compiling libtommathAmplify amplify_bn_mp_clamp.c
[167/486] Compiling libtommathAmplify amplify_bn_mp_add.c
[168/486] Compiling libtommathAmplify amplify_bn_mp_addmod.c
[168/486] Compiling libtommathAmplify amplify_bn_mp_and.c
[169/486] Compiling libtommathAmplify amplify_bn_mp_add_d.c
[171/486] Copying PrivacyInfo.xcprivacy
[173/486] Write sources
[176/486] Compiling libtommathAmplify amplify_bn_mp_abs.c
[176/486] Write sources
[207/486] Compiling libtommathAmplify amplify_bn_mp_2expt.c
[208/486] Compiling libtommathAmplify amplify_bn_cutoffs.c
[209/486] Compiling libtommathAmplify amplify_bn_deprecated.c
In file included from /host/spi-builder-workspace/.build/checkouts/aws-crt-swift/aws-common-runtime/aws-c-mqtt/source/v5/rate_limiters.c:6:
In file included from /host/spi-builder-workspace/.build/checkouts/aws-crt-swift/aws-common-runtime/aws-c-mqtt/include/aws/mqtt/private/v5/rate_limiters.h:9:
In file included from /host/spi-builder-workspace/.build/checkouts/aws-crt-swift/aws-common-runtime/aws-c-mqtt/include/aws/mqtt/mqtt.h:10:
In file included from /host/spi-builder-workspace/.build/checkouts/aws-crt-swift/aws-common-runtime/aws-c-common/include/aws/common/logging.h:11:
/host/spi-builder-workspace/.build/checkouts/aws-crt-swift/aws-common-runtime/aws-c-common/include/aws/common/thread.h:12:14: fatal error: 'pthread.h' file not found
   12 | #    include <pthread.h>
      |              ^~~~~~~~~~~
1 error generated.
[210/486] Wrapping AST for Logging for debugging
[210/486] Compiling rate_limiters.c
[211/486] Compiling mqtt5_types.c
In file included from /host/spi-builder-workspace/.build/checkouts/aws-crt-swift/aws-common-runtime/aws-c-mqtt/source/v5/mqtt5_utils.c:6:
In file included from /host/spi-builder-workspace/.build/checkouts/aws-crt-swift/aws-common-runtime/aws-c-mqtt/include/aws/mqtt/private/v5/mqtt5_utils.h:9:
In file included from /host/spi-builder-workspace/.build/checkouts/aws-crt-swift/aws-common-runtime/aws-c-mqtt/include/aws/mqtt/mqtt.h:10:
In file included from /host/spi-builder-workspace/.build/checkouts/aws-crt-swift/aws-common-runtime/aws-c-common/include/aws/common/logging.h:11:
/host/spi-builder-workspace/.build/checkouts/aws-crt-swift/aws-common-runtime/aws-c-common/include/aws/common/thread.h:12:14: fatal error: 'pthread.h' file not found
   12 | #    include <pthread.h>
      |              ^~~~~~~~~~~
[211/486] Compiling mqtt5_utils.c
<unknown>:0: warning: upcoming feature 'InferSendableFromCaptures' is already enabled as of Swift version 6
<unknown>:0: warning: upcoming feature 'GlobalActorIsolatedTypesUsability' is already enabled as of Swift version 6
<unknown>:0: warning: upcoming feature 'DisableOutwardActorInference' is already enabled as of Swift version 6
Running build ...
bash -c docker run --pull=always --rm -v "checkouts-53886769-0":/host -w "$PWD" -e JAVA_HOME="/root/.sdkman/candidates/java/current" -e SPI_BUILD="1" -e SPI_PROCESSING="1" registry.gitlab.com/saguaro1/spi-images:wasm-6.1-latest swift build --swift-sdk wasm32-unknown-wasi 2>&1
wasm-6.1-latest: Pulling from saguaro1/spi-images
Digest: sha256:1ad245dad3d2ae0004e1afbc92334bd39884ed9ca587cf04d0a8d5f640fb02e9
Status: Image is up to date for registry.gitlab.com/saguaro1/spi-images:wasm-6.1-latest
warning: you may be able to install libcrypto using your system-packager:
    apt-get install openssl libssl-dev
[0/11] Copying DefaultSwiftHeader.txt
[1/11] Write swift-version-24593BA9C3E375BF.txt
[3/24] Compiling Logging LoggingSystem.swift
[4/25] Compiling Logging Logger+With.swift
unable to find node: pound
unable to find node: pound
[5/25] Compiling Logging Logger.swift
[6/25] Compiling Logging LogEvent.swift
[7/25] Compiling Logging LogHandler.swift
[8/25] Compiling Logging Logger+Attributes.swift
[9/25] Compiling Logging MetadataProvider.swift
[10/25] Compiling Logging MultiplexLogHandler.swift
[11/25] Compiling Logging StreamLogHandler.swift
[12/25] Compiling Logging SwiftLogNoOpLogHandler.swift
[13/25] Compiling Logging Locks.swift
[14/25] Emitting module Logging
unable to find node: pound
unable to find node: pound
[15/26] Wrapping AST for Logging for debugging
[17/83] Compiling ArgumentParserToolInfo ToolInfo.swift
[18/83] Emitting module ArgumentParserToolInfo
[20/84] Compiling Smithy AWSQueryErrorTrait.swift
[21/84] Compiling Smithy AddedDefaultTrait.swift
[22/84] Compiling Smithy AllSupportedTraits.swift
[23/84] Compiling Smithy ClientOptionalTrait.swift
[24/84] Compiling Smithy DefaultTrait.swift
[25/84] Compiling Smithy EnumValueTrait.swift
[26/84] Compiling Smithy ErrorTrait.swift
[27/84] Compiling Smithy EventHeaderTrait.swift
[28/84] Compiling Smithy EventPayloadTrait.swift
[29/84] Compiling Smithy InputTrait.swift
[30/84] Compiling Smithy JSONNameTrait.swift
[31/84] Compiling Smithy OutputTrait.swift
[32/84] Compiling Smithy RequiredTrait.swift
[33/84] Compiling Smithy SensitiveTrait.swift
[34/84] Compiling Smithy ServiceTrait.swift
[35/84] Compiling Smithy SparseTrait.swift
[36/91] Emitting module Smithy
[37/91] Compiling Smithy Attribute.swift
[38/91] Compiling Smithy ByteStream.swift
[39/91] Compiling Smithy ClientError.swift
[40/91] Compiling Smithy Context.swift
[41/91] Compiling Smithy DocumentError.swift
[42/91] Compiling Smithy BigDecimalDocument.swift
[43/91] Compiling Smithy BigIntegerDocument.swift
[44/91] Compiling Smithy BlobDocument.swift
[45/91] Compiling Smithy SwiftLog+LogAgent.swift
[46/91] Compiling Smithy Node.swift
[47/91] Compiling Smithy RequestMessage.swift
[48/91] Compiling Smithy RequestMessageBuilder.swift
[49/91] Compiling Smithy RequestMessageSerializer.swift
[50/91] Compiling Smithy ResponseMessage.swift
[51/91] Compiling Smithy ResponseMessageDeserializer.swift
[52/91] Compiling Smithy Prelude.swift
[53/91] Compiling Smithy BooleanDocument.swift
[54/91] Compiling Smithy ByteDocument.swift
[55/91] Compiling Smithy Document.swift
[56/91] Compiling Smithy DoubleDocument.swift
[57/91] Compiling Smithy FloatDocument.swift
[58/91] Compiling Smithy IntegerDocument.swift
[59/91] Compiling Smithy ListDocument.swift
[60/91] Compiling Smithy LongDocument.swift
[60/91] Wrapping AST for ArgumentParserToolInfo for debugging
[62/113] Compiling Smithy Schema.swift
[63/114] Compiling Smithy ShapeID.swift
[64/115] Compiling Smithy ShapeType.swift
[65/116] Compiling Smithy Stream.swift
[66/116] Compiling Smithy Trait.swift
[67/116] Compiling Smithy TraitCollection.swift
[68/116] Compiling Smithy TraitError.swift
[69/116] Compiling Smithy AWSQueryCompatibleTrait.swift
[70/116] Compiling ArgumentParser ArgumentDefinition.swift
[71/116] Compiling ArgumentParser ArgumentSet.swift
[72/116] Compiling ArgumentParser CommandParser.swift
[73/116] Compiling ArgumentParser InputKey.swift
[74/116] Compiling ArgumentParser InputOrigin.swift
[75/116] Compiling ArgumentParser ArgumentVisibility.swift
[76/117] Compiling ArgumentParser CompletionKind.swift
[77/117] Compiling ArgumentParser Errors.swift
[78/138] Compiling Smithy StreamingTrait.swift
[79/138] Compiling Smithy TargetsUnitTrait.swift
[80/138] Compiling Smithy TimestampFormatTrait.swift
[81/138] Compiling Smithy UnitTypeTrait.swift
[82/138] Compiling Smithy URI.swift
[83/138] Compiling Smithy URIQueryItem.swift
[84/138] Compiling Smithy URIScheme.swift
[86/138] Emitting module ArgumentParser
[87/161] Compiling ArgumentParser Mutex.swift
[88/161] Compiling ArgumentParser Platform.swift
[89/161] Compiling ArgumentParser SequenceExtensions.swift
[90/161] Compiling ArgumentParser StringExtensions.swift
[91/161] Compiling ArgumentParser SwiftExtensions.swift
[92/161] Compiling ArgumentParser Tree.swift
[93/161] Emitting module SmithySerialization
[94/163] Compiling SmithySerialization DeserializableStruct.swift
[95/163] Compiling SmithySerialization ReadValueConsumer.swift
[96/163] Compiling SmithySerialization ClientProtocol.swift
[97/163] Compiling SmithySerialization Operation.swift
[98/163] Compiling SmithySerialization OperationProperties.swift
[99/163] Compiling SmithySerialization ShapeSerializer.swift
[100/163] Compiling SmithySerialization WriteValueConsumer.swift
[101/163] Compiling SmithySerialization SerializableShape.swift
[102/163] Compiling SmithySerialization SerializableStruct.swift
[103/163] Compiling SmithySerialization ShapeDeserializer.swift
[104/163] Compiling SmithySerialization ResponseDecodingError.swift
[105/163] Compiling SmithySerialization SerializerError.swift
[106/163] Compiling SmithySerialization StringSerializer.swift
[107/163] Compiling SmithySerialization Codec.swift
[108/163] Compiling SmithySerialization Context+Operation.swift
[109/163] Compiling SmithySerialization DeserializableShape.swift
[110/163] Compiling ArgumentParser Name.swift
[111/163] Compiling ArgumentParser Parsed.swift
[112/163] Compiling ArgumentParser ParsedValues.swift
[113/163] Compiling ArgumentParser ParserError.swift
[114/163] Compiling ArgumentParser SplitArguments.swift
[115/163] Compiling ArgumentParser DumpHelpGenerator.swift
[116/163] Compiling ArgumentParser HelpCommand.swift
[117/163] Compiling ArgumentParser HelpGenerator.swift
[118/163] Compiling ArgumentParser MessageInfo.swift
[119/163] Compiling ArgumentParser UsageGenerator.swift
[120/163] Compiling ArgumentParser CollectionExtensions.swift
[121/163] Compiling ArgumentParser Foundation.swift
[122/163] Compiling SmithySerialization TypeRegistry.swift
[123/163] Compiling SmithySerialization UnexpectedNullError.swift
[132/216] Compiling SmithyCodegenCore CodeGenerator.swift
[133/216] Compiling SmithyCodegenCore Model+Union.swift
[134/216] Compiling SmithyCodegenCore NullableIndex.swift
[135/216] Compiling SmithyCodegenCore OperationsCodegen.swift
[136/216] Compiling SmithyCodegenCore SchemasCodegen.swift
[137/216] Compiling SmithyCodegenCore Shape+Schema.swift
[138/216] Compiling SmithyCodegenCore SerializeCodegen.swift
[139/216] Compiling SmithyCodegenCore HasMembers.swift
[140/216] Compiling SmithyCodegenCore IntEnumShape.swift
[141/216] Compiling SmithyCodegenCore IntegerShape.swift
[142/216] Compiling SmithyCodegenCore ListShape.swift
[143/216] Compiling SmithyCodegenCore MapShape.swift
[144/216] Compiling SmithyCodegenCore MemberShape.swift
[145/216] Emitting module SmithyCodegenCore
[146/223] Compiling SmithyCodegenCore StructureShape.swift
[147/223] Compiling SmithyCodegenCore UnionShape.swift
[148/223] Compiling SmithyCodegenCore Node+Rendered.swift
[149/223] Compiling SmithyCodegenCore String+Utils.swift
[150/223] Compiling SmithyCodegenCore SwiftWriter.swift
[151/223] Compiling SmithyCodegenCore SwiftSettings.swift
[152/223] Compiling SmithyCodegenCore String+ReservedWords.swift
[153/223] Compiling SmithyCodegenCore Shape+SerializeMethodName.swift
[154/223] Compiling SmithyCodegenCore OperationShape.swift
[155/223] Compiling SmithyCodegenCore ResourceShape.swift
[156/223] Compiling SmithyCodegenCore ServiceShape.swift
[157/223] Compiling SmithyCodegenCore Shape+Prelude.swift
[158/223] Compiling SmithyCodegenCore Shape.swift
[159/223] Compiling SmithyCodegenCore StringShape.swift
[160/224] Compiling SmithyCodegenCore ASTError.swift
[161/224] Compiling SmithyCodegenCore ASTMember.swift
[162/224] Compiling SmithyCodegenCore ASTModel.swift
[163/224] Compiling SmithyCodegenCore ASTReference.swift
[164/224] Compiling SmithyCodegenCore ASTShape.swift
[165/224] Compiling SmithyCodegenCore ASTType.swift
[166/224] Compiling SmithyCodegenCore Node+AST.swift
[176/224] Compiling SmithyCodegenCore EnumShape.swift
[196/223] Compiling SmithyCodegenCore SymbolProvider.swift
[197/223] Compiling SmithyCodegenCore CodegenError.swift
[198/223] Compiling SmithyCodegenCore DeserializeCodegen.swift
[199/223] Compiling SmithyCodegenCore Shape+DeserializeMethodName.swift
[200/223] Compiling SmithyCodegenCore GenerationContext.swift
[201/223] Compiling SmithyCodegenCore HasShapeID.swift
[202/223] Compiling SmithyCodegenCore Model+AST.swift
[203/223] Compiling SmithyCodegenCore Model.swift
[204/223] Compiling SmithyCodegenCore ModelError.swift
[205/223] Compiling SmithyCodegenCore ShapeID+AST.swift
[206/223] Compiling SmithyCodegenCore ShapeType+AST.swift
[207/223] Compiling SmithyCodegenCore Model+Box.swift
[208/223] Compiling SmithyCodegenCore Model+Deprecated.swift
[209/223] Compiling SmithyCodegenCore Model+InputOutput.swift
[210/223] Compiling SmithyCodegenCore Model+Operations.swift
[211/223] Compiling SmithyCodegenCore Model+PruneToService.swift
[212/223] Compiling SmithyCodegenCore Model+TrimReferences.swift
[213/223] Compiling SmithyCodegenCore SymbolProviderError.swift
[214/223] Compiling SmithyCodegenCore DeprecatedTrait.swift
[215/223] Compiling SmithyCodegenCore EnumTrait.swift
[216/223] Compiling SmithyCodegenCore UsedAsInputTrait.swift
[217/223] Compiling SmithyCodegenCore UsedAsOutputTrait.swift
[218/223] Compiling SmithyCodegenCore TypeRegistryCodegen.swift
[219/223] Compiling SmithyCodegenCore resource_bundle_accessor.swift
[221/225] Emitting module SmithyCodegenCLI
[222/225] Compiling SmithyCodegenCLI SmithyCodegenCLI.swift
[223/225] Write Objects.LinkFileList
[224/225] Linking SmithyCodegenCLI-tool
warning: you may be able to install libcrypto using your system-packager:
    apt-get install openssl libssl-dev
warning: 'amplify-swift': found 1 file(s) which are unhandled; explicitly declare them as resources or exclude from the target
    /host/spi-builder-workspace/.build/checkouts/amplify-swift/AmplifyPlugins/Core/AWSPluginsCore/WebSocket/README.md
warning: 'amplify-swift': found 1 file(s) which are unhandled; explicitly declare them as resources or exclude from the target
    /host/spi-builder-workspace/.build/checkouts/amplify-swift/Amplify/AGENTS.md
[0/1] Planning build
[1/1] Compiling plugin SmithyCodeGeneratorPlugin
[2/2] Compiling plugin GenerateManual
[3/3] Compiling plugin GenerateDoccReference
Building for debugging...
In file included from /host/spi-builder-workspace/.build/checkouts/aws-crt-swift/aws-common-runtime/aws-c-mqtt/source/v5/mqtt5_utils.c:6:
In file included from /host/spi-builder-workspace/.build/checkouts/aws-crt-swift/aws-common-runtime/aws-c-mqtt/include/aws/mqtt/private/v5/mqtt5_utils.h:9:
In file included from /host/spi-builder-workspace/.build/checkouts/aws-crt-swift/aws-common-runtime/aws-c-mqtt/include/aws/mqtt/mqtt.h:10:
In file included from /host/spi-builder-workspace/.build/checkouts/aws-crt-swift/aws-common-runtime/aws-c-common/include/aws/common/logging.h:11:
/host/spi-builder-workspace/.build/checkouts/aws-crt-swift/aws-common-runtime/aws-c-common/include/aws/common/thread.h:12:14: fatal error: 'pthread.h' file not found
   12 | #    include <pthread.h>
      |              ^~~~~~~~~~~
1 error generated.
In file included from /host/spi-builder-workspace/.build/checkouts/aws-crt-swift/aws-common-runtime/aws-c-mqtt/source/v5/mqtt5_types.c:6:
In file included from /host/spi-builder-workspace/.build/checkouts/aws-crt-swift/aws-common-runtime/aws-c-mqtt/include/aws/mqtt/private/v5/mqtt5_utils.h:9:
In file included from /host/spi-builder-workspace/.build/checkouts/aws-crt-swift/aws-common-runtime/aws-c-mqtt/include/aws/mqtt/mqtt.h:10:
In file included from /host/spi-builder-workspace/.build/checkouts/aws-crt-swift/aws-common-runtime/aws-c-common/include/aws/common/logging.h:11:
/host/spi-builder-workspace/.build/checkouts/aws-crt-swift/aws-common-runtime/aws-c-common/include/aws/common/thread.h:12:14: fatal error: 'pthread.h' file not found
   12 | #    include <pthread.h>
      |              ^~~~~~~~~~~
1 error generated.
[3/281] Compiling mqtt5_utils.c
[3/281] Compiling mqtt5_types.c
In file included from /host/spi-builder-workspace/.build/checkouts/aws-crt-swift/aws-common-runtime/aws-c-mqtt/source/v5/mqtt5_options_storage.c:6:
In file included from /host/spi-builder-workspace/.build/checkouts/aws-crt-swift/aws-common-runtime/aws-c-mqtt/include/aws/mqtt/private/v5/mqtt5_options_storage.h:9:
In file included from /host/spi-builder-workspace/.build/checkouts/aws-crt-swift/aws-common-runtime/aws-c-mqtt/include/aws/mqtt/mqtt.h:10:
In file included from /host/spi-builder-workspace/.build/checkouts/aws-crt-swift/aws-common-runtime/aws-c-common/include/aws/common/logging.h:11:
/host/spi-builder-workspace/.build/checkouts/aws-crt-swift/aws-common-runtime/aws-c-common/include/aws/common/thread.h:12:14: fatal error: 'pthread.h' file not found
   12 | #    include <pthread.h>
      |              ^~~~~~~~~~~
[3/281] Compiling mqtt5_options_storage.c
In file included from /host/spi-builder-workspace/.build/checkouts/aws-crt-swift/aws-common-runtime/aws-c-mqtt/source/v5/mqtt5_listener.c:6:
In file included from /host/spi-builder-workspace/.build/checkouts/aws-crt-swift/aws-common-runtime/aws-c-mqtt/include/aws/mqtt/v5/mqtt5_listener.h:9:
In file included from /host/spi-builder-workspace/.build/checkouts/aws-crt-swift/aws-common-runtime/aws-c-mqtt/include/aws/mqtt/mqtt.h:10:
In file included from /host/spi-builder-workspace/.build/checkouts/aws-crt-swift/aws-common-runtime/aws-c-common/include/aws/common/logging.h:11:
/host/spi-builder-workspace/.build/checkouts/aws-crt-swift/aws-common-runtime/aws-c-common/include/aws/common/thread.h:12:14: fatal error: 'pthread.h' file not found
   12 | #    include <pthread.h>
      |              ^~~~~~~~~~~
[3/281] Compiling mqtt5_listener.c
In file included from /host/spi-builder-workspace/.build/checkouts/aws-crt-swift/aws-common-runtime/aws-c-mqtt/source/v5/mqtt5_topic_alias.c:6:
In file included from /host/spi-builder-workspace/.build/checkouts/aws-crt-swift/aws-common-runtime/aws-c-mqtt/include/aws/mqtt/private/v5/mqtt5_topic_alias.h:9:
In file included from /host/spi-builder-workspace/.build/checkouts/aws-crt-swift/aws-common-runtime/aws-c-mqtt/include/aws/mqtt/mqtt.h:10:
In file included from /host/spi-builder-workspace/.build/checkouts/aws-crt-swift/aws-common-runtime/aws-c-common/include/aws/common/logging.h:11:
/host/spi-builder-workspace/.build/checkouts/aws-crt-swift/aws-common-runtime/aws-c-common/include/aws/common/thread.h:12:14: fatal error: 'pthread.h' file not found
   12 | #    include <pthread.h>
      |              ^~~~~~~~~~~
[3/281] Compiling mqtt5_topic_alias.c
In file included from /host/spi-builder-workspace/.build/checkouts/aws-crt-swift/aws-common-runtime/aws-c-mqtt/source/v5/mqtt5_to_mqtt3_adapter.c:6:
In file included from /host/spi-builder-workspace/.build/checkouts/aws-crt-swift/aws-common-runtime/aws-c-mqtt/include/aws/mqtt/mqtt.h:10:
In file included from /host/spi-builder-workspace/.build/checkouts/aws-crt-swift/aws-common-runtime/aws-c-common/include/aws/common/logging.h:11:
/host/spi-builder-workspace/.build/checkouts/aws-crt-swift/aws-common-runtime/aws-c-common/include/aws/common/thread.h:12:14: fatal error: 'pthread.h' file not found
   12 | #    include <pthread.h>
      |              ^~~~~~~~~~~
[3/281] Compiling mqtt5_to_mqtt3_adapter.c
In file included from /host/spi-builder-workspace/.build/checkouts/aws-crt-swift/aws-common-runtime/aws-c-mqtt/source/v5/rate_limiters.c:6:
In file included from /host/spi-builder-workspace/.build/checkouts/aws-crt-swift/aws-common-runtime/aws-c-mqtt/include/aws/mqtt/private/v5/rate_limiters.h:9:
In file included from /host/spi-builder-workspace/.build/checkouts/aws-crt-swift/aws-common-runtime/aws-c-mqtt/include/aws/mqtt/mqtt.h:10:
In file included from /host/spi-builder-workspace/.build/checkouts/aws-crt-swift/aws-common-runtime/aws-c-common/include/aws/common/logging.h:11:
/host/spi-builder-workspace/.build/checkouts/aws-crt-swift/aws-common-runtime/aws-c-common/include/aws/common/thread.h:12:14: fatal error: 'pthread.h' file not found
   12 | #    include <pthread.h>
      |              ^~~~~~~~~~~
1 error generated.
[3/281] Compiling rate_limiters.c
In file included from /host/spi-builder-workspace/.build/checkouts/aws-crt-swift/aws-common-runtime/aws-c-mqtt/source/v5/mqtt5_encoder.c:6:
In file included from /host/spi-builder-workspace/.build/checkouts/aws-crt-swift/aws-common-runtime/aws-c-mqtt/include/aws/mqtt/private/v5/mqtt5_encoder.h:9:
In file included from /host/spi-builder-workspace/.build/checkouts/aws-crt-swift/aws-common-runtime/aws-c-mqtt/include/aws/mqtt/mqtt.h:10:
In file included from /host/spi-builder-workspace/.build/checkouts/aws-crt-swift/aws-common-runtime/aws-c-common/include/aws/common/logging.h:11:
/host/spi-builder-workspace/.build/checkouts/aws-crt-swift/aws-common-runtime/aws-c-common/include/aws/common/thread.h:12:14: fatal error: 'pthread.h' file not found
   12 | #    include <pthread.h>
      |              ^~~~~~~~~~~
[3/281] Compiling mqtt5_encoder.c
BUILD FAILURE 6.1 wasm