The Swift Package Index logo.Swift Package Index

Build Information

Failed to build APIFreaks, reference v1.1.2 (eea7cc), with Swift 6.4 for Wasm on 3 Oct 2026 12:34:41 UTC.

Build Command

bash -c docker run --pull=always --rm -v "checkouts-54344844-0":/host -w "$PWD" -e JAVA_HOME="/root/.sdkman/candidates/java/current" -e SPI_BUILD="1" -e SPI_PROCESSING="1" registry.gitlab.com/saguaro1/spi-images:wasm-6.4-latest swift build --swift-sdk swift-6.4.x-DEVELOPMENT-SNAPSHOT-2026-09-04-a_wasm 2>&1

Build Log

========================================
RunAll
========================================
Builder version: 5.1.1
Interrupt handler set up.
========================================
Checkout
========================================
Clone URL: https://github.com/api-freaks/af-swift-sdk.git
Reference: v1.1.2
Initialized empty Git repository in /host/spi-builder-workspace/.git/
hint: Using 'master' as the name for the initial branch. This default branch name
hint: is subject to change. To configure the initial branch name to use in all
hint: of your new repositories, which will suppress this warning, call:
hint:
hint: 	git config --global init.defaultBranch <name>
hint:
hint: Names commonly chosen instead of 'master' are 'main', 'trunk' and
hint: 'development'. The just-created branch can be renamed via this command:
hint:
hint: 	git branch -m <name>
From https://github.com/api-freaks/af-swift-sdk
 * tag               v1.1.2     -> FETCH_HEAD
HEAD is now at eea7cc9 Merge pull request #3 from api-freaks/release/v1.1.2
Cloned https://github.com/api-freaks/af-swift-sdk.git
Revision (git rev-parse @):
eea7cc9a83f0f612b1a3ae4d41d39f59f0b47e31
SUCCESS checkout https://github.com/api-freaks/af-swift-sdk.git at v1.1.2
========================================
Build
========================================
Selected platform:         wasm
Swift version:             6.4
Building package at path:  $PWD
https://github.com/api-freaks/af-swift-sdk.git
Running build ...
bash -c docker run --pull=always --rm -v "checkouts-54344844-0":/host -w "$PWD" -e JAVA_HOME="/root/.sdkman/candidates/java/current" -e SPI_BUILD="1" -e SPI_PROCESSING="1" registry.gitlab.com/saguaro1/spi-images:wasm-6.4-latest swift build --swift-sdk swift-6.4.x-DEVELOPMENT-SNAPSHOT-2026-09-04-a_wasm 2>&1
wasm-6.4-latest: Pulling from saguaro1/spi-images
Digest: sha256:4328fdb43c680d205c1d6761b1e3267aa38277eefdda9ddfb17b6a0f1a77857a
Status: Image is up to date for registry.gitlab.com/saguaro1/spi-images:wasm-6.4-latest
Building for debugging...
[Pre-planning 1 / 66]
[Planning deferred tasks]
[Starting]
[7 / 25]
[18 / 26] APIFreaks
[18 / 27] APIFreaks
[27 / 61] APIFreaks
error: SwiftCompile normal wasm32 /host/spi-builder-workspace/Sources/Core/Networking/HTTPClient.swift failed with a nonzero exit code. Command line:     cd /host
    builtin-SwiftPerFileCompile HTTPClient.swift
error: SwiftCompile normal wasm32 /host/spi-builder-workspace/Sources/Public/ClientConfig.swift failed with a nonzero exit code. Command line:     cd /host
    builtin-SwiftPerFileCompile ClientConfig.swift
/host/spi-builder-workspace/Sources/Public/Networking.swift:18:50: error: no type named 'URLRequest' in module 'Foundation'
16 |         public typealias URLSessionConfiguration = Foundation.URLSessionConfiguration
17 |         public typealias URLProtocol = Foundation.URLProtocol
18 |         public typealias URLRequest = Foundation.URLRequest
   |                                                  `- error: no type named 'URLRequest' in module 'Foundation'
19 |         public typealias HTTPURLResponse = Foundation.HTTPURLResponse
20 |     #endif
/host/spi-builder-workspace/Sources/Core/Networking/HTTPClient.swift:275:74: error: value of type 'Networking.URLSession' (aka 'AnyObject') has no member 'data'
273 |         for attempt in 0...maxRetries {
274 |             do {
275 |                 let (data, response) = try await clientConfig.urlSession.data(for: request)
    |                                                                          `- error: value of type 'Networking.URLSession' (aka 'AnyObject') has no member 'data'
276 |
277 |                 guard let httpResponse = response as? Networking.HTTPURLResponse else {
/host/spi-builder-workspace/Sources/Core/Networking/HTTPClient.swift:328:66: error: value of type 'Networking.HTTPURLResponse' (aka 'AnyObject') has no member 'statusCode'
326 |
327 |         if let (data, httpResponse) = lastResponse {
328 |             throw makeErrorFromResponse(statusCode: httpResponse.statusCode, data: data)
    |                                                                  `- error: value of type 'Networking.HTTPURLResponse' (aka 'AnyObject') has no member 'statusCode'
329 |         }
330 |         throw APIFreaksError.invalidResponse
/host/spi-builder-workspace/Sources/Core/Networking/HTTPClient.swift:340:38: error: value of type 'Networking.HTTPURLResponse' (aka 'AnyObject') has no member 'value'
338 |         -> Foundation.TimeInterval
339 |     {
340 |         if let retryAfter = response.value(forHTTPHeaderField: "Retry-After") {
    |                                      `- error: value of type 'Networking.HTTPURLResponse' (aka 'AnyObject') has no member 'value'
341 |             if let seconds = Swift.Double(retryAfter), seconds > 0 {
342 |                 return min(seconds, Self.maxRetryDelay)
/host/spi-builder-workspace/Sources/Core/Networking/HTTPClient.swift:353:42: error: value of type 'Networking.HTTPURLResponse' (aka 'AnyObject') has no member 'value'
351 |         }
352 |
353 |         if let rateLimitReset = response.value(forHTTPHeaderField: "X-RateLimit-Reset") {
    |                                          `- error: value of type 'Networking.HTTPURLResponse' (aka 'AnyObject') has no member 'value'
354 |             if let resetTimeSeconds = Swift.Double(rateLimitReset) {
355 |                 let resetDate = Foundation.Date(timeIntervalSince1970: resetTimeSeconds)
/host/spi-builder-workspace/Sources/Public/ClientConfig.swift:55:9: warning: stored property 'urlSession' of 'Sendable'-conforming class 'ClientConfig' has non-Sendable type 'AnyObject'; this is an error in the Swift 6 language mode
53 |     let timeout: Swift.Int
54 |     let maxRetries: Swift.Int
55 |     let urlSession: Networking.URLSession
   |         `- warning: stored property 'urlSession' of 'Sendable'-conforming class 'ClientConfig' has non-Sendable type 'AnyObject'; this is an error in the Swift 6 language mode
56 |
57 |     init(
/host/spi-builder-workspace/Sources/Public/ClientConfig.swift:79:60: error: type 'Networking.URLSessionConfiguration' (aka 'AnyObject') has no member 'default'
77 |
78 | private func buildURLSession(timeoutSeconds: Swift.Int) -> Networking.URLSession {
79 |     let configuration = Networking.URLSessionConfiguration.default
   |                                                            `- error: type 'Networking.URLSessionConfiguration' (aka 'AnyObject') has no member 'default'
80 |     configuration.timeoutIntervalForRequest = .init(timeoutSeconds)
81 |     return .init(configuration: configuration)
/host/spi-builder-workspace/Sources/Public/ClientConfig.swift:80:48: error: cannot infer contextual base in reference to member 'init'
78 | private func buildURLSession(timeoutSeconds: Swift.Int) -> Networking.URLSession {
79 |     let configuration = Networking.URLSessionConfiguration.default
80 |     configuration.timeoutIntervalForRequest = .init(timeoutSeconds)
   |                                                `- error: cannot infer contextual base in reference to member 'init'
81 |     return .init(configuration: configuration)
82 | }
/host/spi-builder-workspace/Sources/Public/ClientConfig.swift:81:13: error: 'Networking.URLSession' (aka 'AnyObject') cannot be constructed because it has no accessible initializers
79 |     let configuration = Networking.URLSessionConfiguration.default
80 |     configuration.timeoutIntervalForRequest = .init(timeoutSeconds)
81 |     return .init(configuration: configuration)
   |             `- error: 'Networking.URLSession' (aka 'AnyObject') cannot be constructed because it has no accessible initializers
82 | }
83 |
/host/spi-builder-workspace/Sources/Public/ClientConfig.swift:81:13: error: value of type '_' expected to be instance of class or class-constrained type
79 |     let configuration = Networking.URLSessionConfiguration.default
80 |     configuration.timeoutIntervalForRequest = .init(timeoutSeconds)
81 |     return .init(configuration: configuration)
   |             `- error: value of type '_' expected to be instance of class or class-constrained type
82 | }
83 |
Failed frontend command:
/usr/bin/swift-frontend -frontend -c -filelist /host/spi-builder-workspace/.build/out/Intermediates.noindex/APIFreaks.build/Debug-webassembly-wasm32/APIFreaks-t.build/Objects-normal/wasm32/sources-1 -primary-file /host/spi-builder-workspace/Sources/APIFreaks.swift -primary-file /host/spi-builder-workspace/Sources/APIFreaksEnvironment.swift -primary-file /host/spi-builder-workspace/Sources/APIFreaksError.swift -primary-file /host/spi-builder-workspace/Sources/Core/Data+String.swift -primary-file /host/spi-builder-workspace/Sources/Core/Networking/HTTP.swift -primary-file /host/spi-builder-workspace/Sources/Core/Networking/HTTPClient.swift -primary-file /host/spi-builder-workspace/Sources/Core/Networking/MultipartFormData.swift -primary-file /host/spi-builder-workspace/Sources/Core/Networking/MultipartFormDataConvertible.swift -primary-file /host/spi-builder-workspace/Sources/Core/Networking/MultipartFormField.swift -primary-file /host/spi-builder-workspace/Sources/Core/Networking/QueryParameter.swift -primary-file /host/spi-builder-workspace/Sources/Core/Serde/Decoder+AdditionalProperties.swift -primary-file /host/spi-builder-workspace/Sources/Core/Serde/EncodableValue.swift -primary-file /host/spi-builder-workspace/Sources/Core/Serde/Encoder+AdditionalProperties.swift -primary-file /host/spi-builder-workspace/Sources/Core/Serde/JSONEncoder+EncodableValue.swift -primary-file /host/spi-builder-workspace/Sources/Core/Serde/KeyedDecodingContainer+Nullable.swift -primary-file /host/spi-builder-workspace/Sources/Core/Serde/KeyedEncodingContainer+Nullable.swift -primary-file /host/spi-builder-workspace/Sources/Core/Serde/Serde.swift -primary-file /host/spi-builder-workspace/Sources/Core/Serde/StringKey.swift -primary-file /host/spi-builder-workspace/Sources/Core/String+URLEncoding.swift -primary-file /host/spi-builder-workspace/Sources/Public/CalendarDate.swift -primary-file /host/spi-builder-workspace/Sources/Public/ClientConfig.swift -primary-file /host/spi-builder-workspace/Sources/Public/FormFile.swift -primary-file /host/spi-builder-workspace/Sources/Public/HTTPError.swift -primary-file /host/spi-builder-workspace/Sources/Public/Indirect.swift -primary-file /host/spi-builder-workspace/Sources/Public/JSONValue.swift -supplementary-output-file-map /host/spi-builder-workspace/.build/out/Intermediates.noindex/APIFreaks.build/Debug-webassembly-wasm32/APIFreaks-t.build/Objects-normal/wasm32/supplementaryOutputs-1 -target wasm32-unknown-wasip1 -disable-objc-interop -sdk /root/.swiftpm/swift-sdks/swift-6.4.x-DEVELOPMENT-SNAPSHOT-2026-09-04-a_wasm.artifactbundle/swift-6.4.x-DEVELOPMENT-SNAPSHOT-2026-09-04-a_wasm/wasm32-unknown-wasip1/WASI.sdk -sysroot /root/.swiftpm/swift-sdks/swift-6.4.x-DEVELOPMENT-SNAPSHOT-2026-09-04-a_wasm.artifactbundle/swift-6.4.x-DEVELOPMENT-SNAPSHOT-2026-09-04-a_wasm/wasm32-unknown-wasip1/WASI.sdk -I /host/spi-builder-workspace/.build/out/Products/Debug-webassembly-wasm32 -module-cache-path /host/spi-builder-workspace/.build/out/ModuleCache.noindex -color-diagnostics -Xcc -fcolor-diagnostics -enable-testing -g -debug-info-format\=dwarf -dwarf-version\=4 -swift-version 5 -Onone -D SWIFT_PACKAGE -D DEBUG -D SWIFT_MODULE_RESOURCE_BUNDLE_UNAVAILABLE -D Xcode -serialize-debugging-options -enable-experimental-feature DebugDescriptionMacro -empty-abi-descriptor -external-plugin-path /usr/lib/swift/host/plugins/testing\#/usr/bin/swift-plugin-server -validate-clang-modules-once -clang-build-session-file /host/spi-builder-workspace/.build/out/ModuleCache.noindex/Session.modulevalidation -Xcc -working-directory -Xcc /host -resource-dir /root/.swiftpm/swift-sdks/swift-6.4.x-DEVELOPMENT-SNAPSHOT-2026-09-04-a_wasm.artifactbundle/swift-6.4.x-DEVELOPMENT-SNAPSHOT-2026-09-04-a_wasm/wasm32-unknown-wasip1/swift.xctoolchain/usr/lib/swift_static -use-static-resource-dir -enable-anonymous-context-mangled-names -file-compilation-dir /host -Xcc -resource-dir -Xcc /root/.swiftpm/swift-sdks/swift-6.4.x-DEVELOPMENT-SNAPSHOT-2026-09-04-a_wasm.artifactbundle/swift-6.4.x-DEVELOPMENT-SNAPSHOT-2026-09-04-a_wasm/wasm32-unknown-wasip1/swift.xctoolchain/usr/lib/swift_static/clang -Xcc -D_LIBCPP_HARDENING_MODE\=_LIBCPP_HARDENING_MODE_DEBUG -Xcc -fmodules-prune-interval\=86400 -Xcc -fmodules-prune-after\=345600 -Xcc -I/host/spi-builder-workspace/.build/out/Products/Debug-webassembly-wasm32/include -Xcc -I/host/spi-builder-workspace/.build/out/Intermediates.noindex/APIFreaks.build/Debug-webassembly-wasm32/APIFreaks-t.build/DerivedSources-normal/wasm32 -Xcc -I/host/spi-builder-workspace/.build/out/Intermediates.noindex/APIFreaks.build/Debug-webassembly-wasm32/APIFreaks-t.build/DerivedSources/wasm32 -Xcc -I/host/spi-builder-workspace/.build/out/Intermediates.noindex/APIFreaks.build/Debug-webassembly-wasm32/APIFreaks-t.build/DerivedSources -Xcc -DSWIFT_PACKAGE -Xcc -DDEBUG\=1 -no-auto-bridging-header-chaining -module-name APIFreaks -const-gather-protocols-file /host/spi-builder-workspace/.build/out/Intermediates.noindex/APIFreaks.build/Debug-webassembly-wasm32/APIFreaks-t.build/Objects-normal/wasm32/APIFreaks_const_extract_protocols.json -in-process-plugin-server-path /usr/lib/swift/host/libSwiftInProcPluginServer.so -plugin-path /usr/lib/swift/host/plugins -plugin-path /usr/local/lib/swift/host/plugins -parse-as-library -o /host/spi-builder-workspace/.build/out/Intermediates.noindex/APIFreaks.build/Debug-webassembly-wasm32/APIFreaks-t.build/Objects-normal/wasm32/APIFreaks.o -o /host/spi-builder-workspace/.build/out/Intermediates.noindex/APIFreaks.build/Debug-webassembly-wasm32/APIFreaks-t.build/Objects-normal/wasm32/APIFreaksEnvironment.o -o /host/spi-builder-workspace/.build/out/Intermediates.noindex/APIFreaks.build/Debug-webassembly-wasm32/APIFreaks-t.build/Objects-normal/wasm32/APIFreaksError.o -o /host/spi-builder-workspace/.build/out/Intermediates.noindex/APIFreaks.build/Debug-webassembly-wasm32/APIFreaks-t.build/Objects-normal/wasm32/Data+String.o -o /host/spi-builder-workspace/.build/out/Intermediates.noindex/APIFreaks.build/Debug-webassembly-wasm32/APIFreaks-t.build/Objects-normal/wasm32/HTTP.o -o /host/spi-builder-workspace/.build/out/Intermediates.noindex/APIFreaks.build/Debug-webassembly-wasm32/APIFreaks-t.build/Objects-normal/wasm32/HTTPClient.o -o /host/spi-builder-workspace/.build/out/Intermediates.noindex/APIFreaks.build/Debug-webassembly-wasm32/APIFreaks-t.build/Objects-normal/wasm32/MultipartFormData.o -o /host/spi-builder-workspace/.build/out/Intermediates.noindex/APIFreaks.build/Debug-webassembly-wasm32/APIFreaks-t.build/Objects-normal/wasm32/MultipartFormDataConvertible.o -o /host/spi-builder-workspace/.build/out/Intermediates.noindex/APIFreaks.build/Debug-webassembly-wasm32/APIFreaks-t.build/Objects-normal/wasm32/MultipartFormField.o -o /host/spi-builder-workspace/.build/out/Intermediates.noindex/APIFreaks.build/Debug-webassembly-wasm32/APIFreaks-t.build/Objects-normal/wasm32/QueryParameter.o -o /host/spi-builder-workspace/.build/out/Intermediates.noindex/APIFreaks.build/Debug-webassembly-wasm32/APIFreaks-t.build/Objects-normal/wasm32/Decoder+AdditionalProperties.o -o /host/spi-builder-workspace/.build/out/Intermediates.noindex/APIFreaks.build/Debug-webassembly-wasm32/APIFreaks-t.build/Objects-normal/wasm32/EncodableValue.o -o /host/spi-builder-workspace/.build/out/Intermediates.noindex/APIFreaks.build/Debug-webassembly-wasm32/APIFreaks-t.build/Objects-normal/wasm32/Encoder+AdditionalProperties.o -o /host/spi-builder-workspace/.build/out/Intermediates.noindex/APIFreaks.build/Debug-webassembly-wasm32/APIFreaks-t.build/Objects-normal/wasm32/JSONEncoder+EncodableValue.o -o /host/spi-builder-workspace/.build/out/Intermediates.noindex/APIFreaks.build/Debug-webassembly-wasm32/APIFreaks-t.build/Objects-normal/wasm32/KeyedDecodingContainer+Nullable.o -o /host/spi-builder-workspace/.build/out/Intermediates.noindex/APIFreaks.build/Debug-webassembly-wasm32/APIFreaks-t.build/Objects-normal/wasm32/KeyedEncodingContainer+Nullable.o -o /host/spi-builder-workspace/.build/out/Intermediates.noindex/APIFreaks.build/Debug-webassembly-wasm32/APIFreaks-t.build/Objects-normal/wasm32/Serde.o -o /host/spi-builder-workspace/.build/out/Intermediates.noindex/APIFreaks.build/Debug-webassembly-wasm32/APIFreaks-t.build/Objects-normal/wasm32/StringKey.o -o /host/spi-builder-workspace/.build/out/Intermediates.noindex/APIFreaks.build/Debug-webassembly-wasm32/APIFreaks-t.build/Objects-normal/wasm32/String+URLEncoding.o -o /host/spi-builder-workspace/.build/out/Intermediates.noindex/APIFreaks.build/Debug-webassembly-wasm32/APIFreaks-t.build/Objects-normal/wasm32/CalendarDate.o -o /host/spi-builder-workspace/.build/out/Intermediates.noindex/APIFreaks.build/Debug-webassembly-wasm32/APIFreaks-t.build/Objects-normal/wasm32/ClientConfig.o -o /host/spi-builder-workspace/.build/out/Intermediates.noindex/APIFreaks.build/Debug-webassembly-wasm32/APIFreaks-t.build/Objects-normal/wasm32/FormFile.o -o /host/spi-builder-workspace/.build/out/Intermediates.noindex/APIFreaks.build/Debug-webassembly-wasm32/APIFreaks-t.build/Objects-normal/wasm32/HTTPError.o -o /host/spi-builder-workspace/.build/out/Intermediates.noindex/APIFreaks.build/Debug-webassembly-wasm32/APIFreaks-t.build/Objects-normal/wasm32/Indirect.o -o /host/spi-builder-workspace/.build/out/Intermediates.noindex/APIFreaks.build/Debug-webassembly-wasm32/APIFreaks-t.build/Objects-normal/wasm32/JSONValue.o -index-unit-output-path /APIFreaks.build/Debug-webassembly-wasm32/APIFreaks-t.build/Objects-normal/wasm32/APIFreaks.o -index-unit-output-path /APIFreaks.build/Debug-webassembly-wasm32/APIFreaks-t.build/Objects-normal/wasm32/APIFreaksEnvironment.o -index-unit-output-path /APIFreaks.build/Debug-webassembly-wasm32/APIFreaks-t.build/Objects-normal/wasm32/APIFreaksError.o -index-unit-output-path /APIFreaks.build/Debug-webassembly-wasm32/APIFreaks-t.build/Objects-normal/wasm32/Data+String.o -index-unit-output-path /APIFreaks.build/Debug-webassembly-wasm32/APIFreaks-t.build/Objects-normal/wasm32/HTTP.o -index-unit-output-path /APIFreaks.build/Debug-webassembly-wasm32/APIFreaks-t.build/Objects-normal/wasm32/HTTPClient.o -index-unit-output-path /APIFreaks.build/Debug-webassembly-wasm32/APIFreaks-t.build/Objects-normal/wasm32/MultipartFormData.o -index-unit-output-path /APIFreaks.build/Debug-webassembly-wasm32/APIFreaks-t.build/Objects-normal/wasm32/MultipartFormDataConvertible.o -index-unit-output-path /APIFreaks.build/Debug-webassembly-wasm32/APIFreaks-t.build/Objects-normal/wasm32/MultipartFormField.o -index-unit-output-path /APIFreaks.build/Debug-webassembly-wasm32/APIFreaks-t.build/Objects-normal/wasm32/QueryParameter.o -index-unit-output-path /APIFreaks.build/Debug-webassembly-wasm32/APIFreaks-t.build/Objects-normal/wasm32/Decoder+AdditionalProperties.o -index-unit-output-path /APIFreaks.build/Debug-webassembly-wasm32/APIFreaks-t.build/Objects-normal/wasm32/EncodableValue.o -index-unit-output-path /APIFreaks.build/Debug-webassembly-wasm32/APIFreaks-t.build/Objects-normal/wasm32/Encoder+AdditionalProperties.o -index-unit-output-path /APIFreaks.build/Debug-webassembly-wasm32/APIFreaks-t.build/Objects-normal/wasm32/JSONEncoder+EncodableValue.o -index-unit-output-path /APIFreaks.build/Debug-webassembly-wasm32/APIFreaks-t.build/Objects-normal/wasm32/KeyedDecodingContainer+Nullable.o -index-unit-output-path /APIFreaks.build/Debug-webassembly-wasm32/APIFreaks-t.build/Objects-normal/wasm32/KeyedEncodingContainer+Nullable.o -index-unit-output-path /APIFreaks.build/Debug-webassembly-wasm32/APIFreaks-t.build/Objects-normal/wasm32/Serde.o -index-unit-output-path /APIFreaks.build/Debug-webassembly-wasm32/APIFreaks-t.build/Objects-normal/wasm32/StringKey.o -index-unit-output-path /APIFreaks.build/Debug-webassembly-wasm32/APIFreaks-t.build/Objects-normal/wasm32/String+URLEncoding.o -index-unit-output-path /APIFreaks.build/Debug-webassembly-wasm32/APIFreaks-t.build/Objects-normal/wasm32/CalendarDate.o -index-unit-output-path /APIFreaks.build/Debug-webassembly-wasm32/APIFreaks-t.build/Objects-normal/wasm32/ClientConfig.o -index-unit-output-path /APIFreaks.build/Debug-webassembly-wasm32/APIFreaks-t.build/Objects-normal/wasm32/FormFile.o -index-unit-output-path /APIFreaks.build/Debug-webassembly-wasm32/APIFreaks-t.build/Objects-normal/wasm32/HTTPError.o -index-unit-output-path /APIFreaks.build/Debug-webassembly-wasm32/APIFreaks-t.build/Objects-normal/wasm32/Indirect.o -index-unit-output-path /APIFreaks.build/Debug-webassembly-wasm32/APIFreaks-t.build/Objects-normal/wasm32/JSONValue.o -index-store-path /host/spi-builder-workspace/.build/out -index-system-modules
[29 / 61] APIFreaks
error: Build failed
BUILD FAILURE 6.4 wasm