The Swift Package Index logo.Swift Package Index

Build Information

Failed to build some, reference main (26d5a7), with Swift 6.3 for watchOS using Xcode 26.4 on 28 Jun 2026 10:48:36 UTC.

Build Command

No build command. This typically means the build failed at an early stage where we determine the build command.

Build Log

========================================
RunAll
========================================
Builder version: undefined version: run 'make version' to update
Interrupt handler set up.
========================================
Checkout
========================================
Clone URL: https://github.com/bastie/some.git
Reference: main
Initialized empty Git repository in /Users/admin/builder/spi-builder-workspace/.git/
From https://github.com/bastie/some
 * branch            main       -> FETCH_HEAD
 * [new branch]      main       -> origin/main
HEAD is now at 26d5a74 add more useful usage informations
Cloned https://github.com/bastie/some.git
Revision (git rev-parse @):
26d5a74e3d42ec1d7f43731c26ba95e188ba93e3
SUCCESS checkout https://github.com/bastie/some.git at main
========================================
Build
========================================
Selected platform:         watchOS
Swift version:             6.3
Building package at path:  $PWD
https://github.com/bastie/some.git
Command line invocation:
    /Applications/Xcode-26.4.0.app/Contents/Developer/usr/bin/xcodebuild -IDEClonedSourcePackagesDirPathOverride=/Users/admin/builder/spi-builder-workspace/.dependencies -resolvePackageDependencies
Resolve Package Graph
package 'spi-builder-workspace' is using Swift tools version 6.3.1 but the installed version is 6.3.0
Resolved source packages:
  spi-builder-workspace: (null)
2026-06-28 06:48:34.724 xcodebuild[541:3108] Writing error result bundle to /var/folders/xq/y_g06wb113726d38xsyx71_h0000gn/T/ResultBundle_2026-28-06_06-48-0034.xcresult
xcodebuild: error: Could not resolve package dependencies:
  package 'spi-builder-workspace' is using Swift tools version 6.3.1 but the installed version is 6.3.0
Command line invocation:
    /Applications/Xcode-26.4.0.app/Contents/Developer/usr/bin/xcodebuild -IDEClonedSourcePackagesDirPathOverride=/Users/admin/builder/spi-builder-workspace/.dependencies -resolvePackageDependencies
Resolve Package Graph
package 'spi-builder-workspace' is using Swift tools version 6.3.1 but the installed version is 6.3.0
Resolved source packages:
  spi-builder-workspace: (null)
2026-06-28 06:48:36.413 xcodebuild[621:3725] Writing error result bundle to /var/folders/xq/y_g06wb113726d38xsyx71_h0000gn/T/ResultBundle_2026-28-06_06-48-0036.xcresult
xcodebuild: error: Could not resolve package dependencies:
  package 'spi-builder-workspace' is using Swift tools version 6.3.1 but the installed version is 6.3.0
BUILD FAILURE 6.3 watchOS