The Swift Package Index logo.Swift Package Index

Build Information

Failed to build APJExtensions, reference master (2740a2), with Swift 6.4 for tvOS using Xcode 27.0 on 17 Sep 2026 00:34:27 UTC.

Build Command

env DEVELOPER_DIR=/Applications/Xcode-27.0.0-Release.Candidate.app xcrun xcodebuild -IDEClonedSourcePackagesDirPathOverride=$PWD/.dependencies -skipMacroValidation -skipPackagePluginValidation -derivedDataPath $PWD/.derivedData build -scheme APJExtensions -destination generic/platform=tvOS

Build Log

========================================
RunAll
========================================
Builder version: 5.1.0
Interrupt handler set up.
========================================
Checkout
========================================
Clone URL: https://github.com/angelopino/APJExtensions.git
Reference: master
Initialized empty Git repository in /Users/admin/builder/spi-builder-workspace/.git/
From https://github.com/angelopino/APJExtensions
 * branch            master     -> FETCH_HEAD
 * [new branch]      master     -> origin/master
HEAD is now at 2740a29 `Date` extension properties/method: isToday, adding date component
Cloned https://github.com/angelopino/APJExtensions.git
Revision (git rev-parse @):
2740a29b2cb636a6bc9629eececbff8848e9d2a4
SUCCESS checkout https://github.com/angelopino/APJExtensions.git at master
========================================
Build
========================================
Selected platform:         tvOS
Swift version:             6.4
Building package at path:  $PWD
https://github.com/angelopino/APJExtensions.git
Command line invocation:
    /Applications/Xcode-27.0.0-Release.Candidate.app/Contents/Developer/usr/bin/xcodebuild -IDEClonedSourcePackagesDirPathOverride=/Users/admin/builder/spi-builder-workspace/.dependencies -resolvePackageDependencies
Resolve Package Graph
Resolve Package Graph
Resolved source packages:
  APJExtensions: /Users/admin/builder/spi-builder-workspace
resolved source packages: APJExtensions
2026-09-16 20:33:30.730 xcodebuild[528:3021] [MT] IDERunDestination: Supported platforms for the buildables in the current scheme is empty.
{
  "dependencies" : [
  ],
  "manifest_display_name" : "APJExtensions",
  "name" : "APJExtensions",
  "path" : "/Users/admin/builder/spi-builder-workspace",
  "platforms" : [
    {
      "name" : "ios",
      "version" : "13.0"
    }
  ],
  "products" : [
    {
      "name" : "APJExtensions",
      "targets" : [
        "APJExtensionsiOS"
      ],
      "type" : {
        "library" : [
          "automatic"
        ]
      }
    }
  ],
  "targets" : [
    {
      "c99name" : "APJExtensionsiOSTests",
      "module_type" : "SwiftTarget",
      "name" : "APJExtensionsiOSTests",
      "path" : "Tests",
      "sources" : [
        "ArrayExtensionTest.swift",
        "DataExtensionTest.swift",
        "DateExtensionTest.swift",
        "DoubleExtensionTest.swift",
        "IntExtensionTest.swift",
        "NSObjectExtensionTest.swift",
        "StringExtensionTest.swift",
        "UIColorExtensionTest.swift",
        "UINavigationControllerExtensionTest.swift",
        "UITableViewExtension/OneTableViewCell.swift",
        "UITableViewExtension/TwoTableViewCell.swift",
        "UITableViewExtension/UITableViewExtensionTest.swift",
        "UIViewControllerExtension/OneNavigationViewController.swift",
        "UIViewControllerExtension/OneViewController.swift",
        "UIViewControllerExtension/TwoViewController.swift",
        "UIViewControllerExtension/UIViewControllerExtensionTest.swift",
        "UIViewExtension/CustomViewTest.swift",
        "UIViewExtension/UIViewExtensionTest.swift",
        "UserDefaultTest.swift"
      ],
      "target_dependencies" : [
        "APJExtensionsiOS"
      ],
      "type" : "test"
    },
    {
      "c99name" : "APJExtensionsiOS",
      "module_type" : "SwiftTarget",
      "name" : "APJExtensionsiOS",
      "path" : "Source",
      "product_memberships" : [
        "APJExtensions"
      ],
      "sources" : [
        "Array+extension.swift",
        "Color+extension.swift",
        "Data+extension.swift",
        "Date+extension.swift",
        "Double+Extension.swift",
        "Int+extension.swift",
        "NSObject+extension.swift",
        "String+extension.swift",
        "UIColor+extension.swift",
        "UINavigationController+extension.swift",
        "UITableView+extension.swift",
        "UIView+extension.swift",
        "UIViewController+extension.swift",
        "UIWindow+extension.swift",
        "UserDefault.swift"
      ],
      "type" : "library"
    }
  ],
  "tools_version" : "5.2"
}
{
  "workspace" : {
    "name" : "APJExtensions",
    "schemes" : [
      "APJExtensions"
    ]
  }
}
2026-09-16 20:34:12.535 xcodebuild[649:4146] [MT] IDERunDestination: Supported platforms for the buildables in the current scheme is empty.
Running build ...
env DEVELOPER_DIR=/Applications/Xcode-27.0.0-Release.Candidate.app xcrun xcodebuild -IDEClonedSourcePackagesDirPathOverride=$PWD/.dependencies -skipMacroValidation -skipPackagePluginValidation -derivedDataPath $PWD/.derivedData build -scheme APJExtensions -destination generic/platform=tvOS
Command line invocation:
    /Applications/Xcode-27.0.0-Release.Candidate.app/Contents/Developer/usr/bin/xcodebuild -IDEClonedSourcePackagesDirPathOverride=/Users/admin/builder/spi-builder-workspace/.dependencies -skipMacroValidation -skipPackagePluginValidation -derivedDataPath /Users/admin/builder/spi-builder-workspace/.derivedData build -scheme APJExtensions -destination generic/platform=tvOS
Resolve Package Graph
Resolved source packages:
  APJExtensions: /Users/admin/builder/spi-builder-workspace
ComputePackagePrebuildTargetDependencyGraph
Prepare packages
CreateBuildRequest
SendProjectDescription
CreateBuildOperation
ComputeTargetDependencyGraph
note: Building targets in dependency order
note: Target dependency graph (2 targets)
    Target 'APJExtensions-product' in project 'APJExtensions'
        ➜ Explicit dependency on target 'APJExtensionsiOS' in project 'APJExtensions'
    Target 'APJExtensionsiOS' in project 'APJExtensions' (no dependencies)
GatherProvisioningInputs
CreateBuildDescription
ExecuteExternalTool /Applications/Xcode-27.0.0-Release.Candidate.app/Contents/Developer/Toolchains/XcodeDefault.xctoolchain/usr/bin/clang -v -E -dM -isysroot /Applications/Xcode-27.0.0-Release.Candidate.app/Contents/Developer/Platforms/AppleTVOS.platform/Developer/SDKs/AppleTVOS27.0.sdk -x c -c /dev/null
ExecuteExternalTool /Applications/Xcode-27.0.0-Release.Candidate.app/Contents/Developer/Toolchains/XcodeDefault.xctoolchain/usr/bin/swiftc --version
ExecuteExternalTool /Applications/Xcode-27.0.0-Release.Candidate.app/Contents/Developer/Toolchains/XcodeDefault.xctoolchain/usr/bin/ld -version_details
Build description signature: a9101d52b628cc5653e90f9a3207e06d
Build description path: /Users/admin/builder/spi-builder-workspace/.derivedData/Build/Intermediates.noindex/XCBuildData/a9101d52b628cc5653e90f9a3207e06d.xcbuilddata
CreateBuildDirectory /Users/admin/builder/spi-builder-workspace/.derivedData/SDKExplicitPrecompiledModules
    cd /Users/admin/builder/spi-builder-workspace/.swiftpm/xcode
    builtin-create-build-directory /Users/admin/builder/spi-builder-workspace/.derivedData/SDKExplicitPrecompiledModules
CreateBuildDirectory /Users/admin/builder/spi-builder-workspace/.derivedData/ModuleCache.noindex
    cd /Users/admin/builder/spi-builder-workspace/.swiftpm/xcode
    builtin-create-build-directory /Users/admin/builder/spi-builder-workspace/.derivedData/ModuleCache.noindex
CreateBuildDirectory /Users/admin/builder/spi-builder-workspace/.derivedData/CompilationCache.noindex
    cd /Users/admin/builder/spi-builder-workspace/.swiftpm/xcode
    builtin-create-build-directory /Users/admin/builder/spi-builder-workspace/.derivedData/CompilationCache.noindex
CreateBuildDirectory /Users/admin/builder/spi-builder-workspace/.derivedData/Build/Products
    cd /Users/admin/builder/spi-builder-workspace/.swiftpm/xcode
    builtin-create-build-directory /Users/admin/builder/spi-builder-workspace/.derivedData/Build/Products
CreateBuildDirectory /Users/admin/builder/spi-builder-workspace/.derivedData/Build/Intermediates.noindex
    cd /Users/admin/builder/spi-builder-workspace/.swiftpm/xcode
    builtin-create-build-directory /Users/admin/builder/spi-builder-workspace/.derivedData/Build/Intermediates.noindex
ClangStatCache /Applications/Xcode-27.0.0-Release.Candidate.app/Contents/Developer/Toolchains/XcodeDefault.xctoolchain/usr/bin/clang-stat-cache /Applications/Xcode-27.0.0-Release.Candidate.app/Contents/Developer/Platforms/AppleTVOS.platform/Developer/SDKs/AppleTVOS27.0.sdk /Users/admin/builder/spi-builder-workspace/.derivedData/SDKStatCaches.noindex/appletvos27.0-24J360-e829b21a6f8c9b70876ba0858053c044b32bfd8d43560033f8d89884cdb90028.sdkstatcache
    cd /Users/admin/builder/spi-builder-workspace/.swiftpm/xcode
    /Applications/Xcode-27.0.0-Release.Candidate.app/Contents/Developer/Toolchains/XcodeDefault.xctoolchain/usr/bin/clang-stat-cache /Applications/Xcode-27.0.0-Release.Candidate.app/Contents/Developer/Platforms/AppleTVOS.platform/Developer/SDKs/AppleTVOS27.0.sdk -o /Users/admin/builder/spi-builder-workspace/.derivedData/SDKStatCaches.noindex/appletvos27.0-24J360-e829b21a6f8c9b70876ba0858053c044b32bfd8d43560033f8d89884cdb90028.sdkstatcache
CreateBuildDirectory /Users/admin/builder/spi-builder-workspace/.derivedData/Build/Products/Debug-appletvos
    cd /Users/admin/builder/spi-builder-workspace/.swiftpm/xcode
    builtin-create-build-directory /Users/admin/builder/spi-builder-workspace/.derivedData/Build/Products/Debug-appletvos
CreateBuildDirectory /Users/admin/builder/spi-builder-workspace/.derivedData/Build/Intermediates.noindex/SwiftExplicitPrecompiledModules
    cd /Users/admin/builder/spi-builder-workspace/.swiftpm/xcode
    builtin-create-build-directory /Users/admin/builder/spi-builder-workspace/.derivedData/Build/Intermediates.noindex/SwiftExplicitPrecompiledModules
CreateBuildDirectory /Users/admin/builder/spi-builder-workspace/.derivedData/Build/Intermediates.noindex/PrecompiledHeaders
    cd /Users/admin/builder/spi-builder-workspace/.swiftpm/xcode
    builtin-create-build-directory /Users/admin/builder/spi-builder-workspace/.derivedData/Build/Intermediates.noindex/PrecompiledHeaders
CreateBuildDirectory /Users/admin/builder/spi-builder-workspace/.derivedData/Build/Intermediates.noindex/ExplicitPrecompiledModules
    cd /Users/admin/builder/spi-builder-workspace/.swiftpm/xcode
    builtin-create-build-directory /Users/admin/builder/spi-builder-workspace/.derivedData/Build/Intermediates.noindex/ExplicitPrecompiledModules
CreateBuildDirectory /Users/admin/builder/spi-builder-workspace/.derivedData/Build/Intermediates.noindex/EagerLinkingTBDs/Debug-appletvos
    cd /Users/admin/builder/spi-builder-workspace/.swiftpm/xcode
    builtin-create-build-directory /Users/admin/builder/spi-builder-workspace/.derivedData/Build/Intermediates.noindex/EagerLinkingTBDs/Debug-appletvos
CreateBuildDirectory /Users/admin/builder/spi-builder-workspace/.derivedData/Build/Products/Debug-appletvos/PackageFrameworks
    cd /Users/admin/builder/spi-builder-workspace/.swiftpm/xcode
    builtin-create-build-directory /Users/admin/builder/spi-builder-workspace/.derivedData/Build/Products/Debug-appletvos/PackageFrameworks
WriteAuxiliaryFile /Users/admin/builder/spi-builder-workspace/.derivedData/Build/Intermediates.noindex/APJExtensions.build/Debug-appletvos/APJExtensionsiOS-t.build/APJExtensionsiOS.DependencyMetadataFileList (in target 'APJExtensionsiOS' from project 'APJExtensions')
    cd /Users/admin/builder/spi-builder-workspace
    write-file /Users/admin/builder/spi-builder-workspace/.derivedData/Build/Intermediates.noindex/APJExtensions.build/Debug-appletvos/APJExtensionsiOS-t.build/APJExtensionsiOS.DependencyMetadataFileList
WriteAuxiliaryFile /Users/admin/builder/spi-builder-workspace/.derivedData/Build/Intermediates.noindex/APJExtensions.build/Debug-appletvos/APJExtensionsiOS-t.build/APJExtensionsiOS.DependencyStaticMetadataFileList (in target 'APJExtensionsiOS' from project 'APJExtensions')
    cd /Users/admin/builder/spi-builder-workspace
    write-file /Users/admin/builder/spi-builder-workspace/.derivedData/Build/Intermediates.noindex/APJExtensions.build/Debug-appletvos/APJExtensionsiOS-t.build/APJExtensionsiOS.DependencyStaticMetadataFileList
WriteAuxiliaryFile /Users/admin/builder/spi-builder-workspace/.derivedData/Build/Intermediates.noindex/APJExtensions.build/Debug-appletvos/APJExtensionsiOS-t.build/APJExtensionsiOS.modulemap (in target 'APJExtensionsiOS' from project 'APJExtensions')
    cd /Users/admin/builder/spi-builder-workspace
    write-file /Users/admin/builder/spi-builder-workspace/.derivedData/Build/Intermediates.noindex/APJExtensions.build/Debug-appletvos/APJExtensionsiOS-t.build/APJExtensionsiOS.modulemap
WriteAuxiliaryFile /Users/admin/builder/spi-builder-workspace/.derivedData/Build/Intermediates.noindex/APJExtensions.build/Debug-appletvos/APJExtensionsiOS-t.build/Objects-normal/arm64/APJExtensionsiOS_const_extract_protocols.json (in target 'APJExtensionsiOS' from project 'APJExtensions')
    cd /Users/admin/builder/spi-builder-workspace
    write-file /Users/admin/builder/spi-builder-workspace/.derivedData/Build/Intermediates.noindex/APJExtensions.build/Debug-appletvos/APJExtensionsiOS-t.build/Objects-normal/arm64/APJExtensionsiOS_const_extract_protocols.json
WriteAuxiliaryFile /Users/admin/builder/spi-builder-workspace/.derivedData/Build/Intermediates.noindex/APJExtensions.build/Debug-appletvos/APJExtensionsiOS-t.build/Objects-normal/arm64/APJExtensionsiOS.SwiftConstValuesFileList (in target 'APJExtensionsiOS' from project 'APJExtensions')
    cd /Users/admin/builder/spi-builder-workspace
    write-file /Users/admin/builder/spi-builder-workspace/.derivedData/Build/Intermediates.noindex/APJExtensions.build/Debug-appletvos/APJExtensionsiOS-t.build/Objects-normal/arm64/APJExtensionsiOS.SwiftConstValuesFileList
WriteAuxiliaryFile /Users/admin/builder/spi-builder-workspace/.derivedData/Build/Intermediates.noindex/APJExtensions.build/Debug-appletvos/APJExtensionsiOS-t.build/Objects-normal/arm64/APJExtensionsiOS.LinkFileList (in target 'APJExtensionsiOS' from project 'APJExtensions')
    cd /Users/admin/builder/spi-builder-workspace
    write-file /Users/admin/builder/spi-builder-workspace/.derivedData/Build/Intermediates.noindex/APJExtensions.build/Debug-appletvos/APJExtensionsiOS-t.build/Objects-normal/arm64/APJExtensionsiOS.LinkFileList
WriteAuxiliaryFile /Users/admin/builder/spi-builder-workspace/.derivedData/Build/Intermediates.noindex/APJExtensions.build/Debug-appletvos/APJExtensionsiOS-t.build/Objects-normal/arm64/APJExtensionsiOS-OutputFileMap.json (in target 'APJExtensionsiOS' from project 'APJExtensions')
    cd /Users/admin/builder/spi-builder-workspace
    write-file /Users/admin/builder/spi-builder-workspace/.derivedData/Build/Intermediates.noindex/APJExtensions.build/Debug-appletvos/APJExtensionsiOS-t.build/Objects-normal/arm64/APJExtensionsiOS-OutputFileMap.json
WriteAuxiliaryFile /Users/admin/builder/spi-builder-workspace/.derivedData/Build/Intermediates.noindex/APJExtensions.build/Debug-appletvos/APJExtensionsiOS-t.build/Objects-normal/arm64/APJExtensionsiOS.SwiftFileList (in target 'APJExtensionsiOS' from project 'APJExtensions')
    cd /Users/admin/builder/spi-builder-workspace
    write-file /Users/admin/builder/spi-builder-workspace/.derivedData/Build/Intermediates.noindex/APJExtensions.build/Debug-appletvos/APJExtensionsiOS-t.build/Objects-normal/arm64/APJExtensionsiOS.SwiftFileList
Copy /Users/admin/builder/spi-builder-workspace/.derivedData/Build/Intermediates.noindex/GeneratedModuleMaps-appletvos/APJExtensionsiOS.modulemap /Users/admin/builder/spi-builder-workspace/.derivedData/Build/Intermediates.noindex/APJExtensions.build/Debug-appletvos/APJExtensionsiOS-t.build/APJExtensionsiOS.modulemap (in target 'APJExtensionsiOS' from project 'APJExtensions')
    cd /Users/admin/builder/spi-builder-workspace
    builtin-copy -exclude .DS_Store -exclude CVS -exclude .svn -exclude .git -exclude .hg -resolve-src-symlinks /Users/admin/builder/spi-builder-workspace/.derivedData/Build/Intermediates.noindex/APJExtensions.build/Debug-appletvos/APJExtensionsiOS-t.build/APJExtensionsiOS.modulemap /Users/admin/builder/spi-builder-workspace/.derivedData/Build/Intermediates.noindex/GeneratedModuleMaps-appletvos
SwiftDriver APJExtensionsiOS normal arm64 com.apple.xcode.tools.swift.compiler (in target 'APJExtensionsiOS' from project 'APJExtensions')
    cd /Users/admin/builder/spi-builder-workspace/.swiftpm/xcode
    builtin-SwiftDriver -- /Applications/Xcode-27.0.0-Release.Candidate.app/Contents/Developer/Toolchains/XcodeDefault.xctoolchain/usr/bin/swiftc -parse-as-library -module-name APJExtensionsiOS -Onone @/Users/admin/builder/spi-builder-workspace/.derivedData/Build/Intermediates.noindex/APJExtensions.build/Debug-appletvos/APJExtensionsiOS-t.build/Objects-normal/arm64/APJExtensionsiOS.SwiftFileList -DSWIFT_PACKAGE -DDEBUG -DSWIFT_MODULE_RESOURCE_BUNDLE_UNAVAILABLE -DXcode -plugin-path /Applications/Xcode-27.0.0-Release.Candidate.app/Contents/Developer/Toolchains/XcodeDefault.xctoolchain/usr/lib/swift/host/plugins/testing -enable-experimental-feature DebugDescriptionMacro -sdk /Applications/Xcode-27.0.0-Release.Candidate.app/Contents/Developer/Platforms/AppleTVOS.platform/Developer/SDKs/AppleTVOS27.0.sdk -target arm64-apple-tvos15.0 -g -module-cache-path /Users/admin/builder/spi-builder-workspace/.derivedData/ModuleCache.noindex -Xfrontend -serialize-debugging-options -profile-coverage-mapping -profile-generate -enable-testing -index-store-path /Users/admin/builder/spi-builder-workspace/.derivedData/Index.noindex/DataStore -Xcc -D_LIBCPP_HARDENING_MODE\=_LIBCPP_HARDENING_MODE_DEBUG -swift-version 5 -I /Users/admin/builder/spi-builder-workspace/.derivedData/Build/Products/Debug-appletvos -Isystem /Applications/Xcode-27.0.0-Release.Candidate.app/Contents/Developer/Platforms/AppleTVOS.platform/Developer/usr/lib -F /Users/admin/builder/spi-builder-workspace/.derivedData/Build/Products/Debug-appletvos -F /Applications/Xcode-27.0.0-Release.Candidate.app/Contents/Developer/Platforms/AppleTVOS.platform/Developer/Library/Frameworks -F /Applications/Xcode-27.0.0-Release.Candidate.app/Contents/Developer/Platforms/AppleTVOS.platform/Developer/SDKs/AppleTVOS27.0.sdk/Developer/Library/Frameworks -c -j10 -enable-batch-mode -incremental -Xcc -ivfsstatcache -Xcc /Users/admin/builder/spi-builder-workspace/.derivedData/SDKStatCaches.noindex/appletvos27.0-24J360-e829b21a6f8c9b70876ba0858053c044b32bfd8d43560033f8d89884cdb90028.sdkstatcache -output-file-map /Users/admin/builder/spi-builder-workspace/.derivedData/Build/Intermediates.noindex/APJExtensions.build/Debug-appletvos/APJExtensionsiOS-t.build/Objects-normal/arm64/APJExtensionsiOS-OutputFileMap.json -save-temps -no-color-diagnostics -explicit-module-build -module-cache-path /Users/admin/builder/spi-builder-workspace/.derivedData/Build/Intermediates.noindex/SwiftExplicitPrecompiledModules -clang-scanner-module-cache-path /Users/admin/builder/spi-builder-workspace/.derivedData/ModuleCache.noindex -sdk-module-cache-path /Users/admin/builder/spi-builder-workspace/.derivedData/SDKExplicitPrecompiledModules -emit-dependencies -emit-module -emit-module-path /Users/admin/builder/spi-builder-workspace/.derivedData/Build/Intermediates.noindex/APJExtensions.build/Debug-appletvos/APJExtensionsiOS-t.build/Objects-normal/arm64/APJExtensionsiOS.swiftmodule -serialize-diagnostics -dependency-scan-serialize-diagnostics-path /Users/admin/builder/spi-builder-workspace/.derivedData/Build/Intermediates.noindex/APJExtensions.build/Debug-appletvos/APJExtensionsiOS-t.build/Objects-normal/arm64/APJExtensionsiOS-dependency-scan.dia -validate-clang-modules-once -clang-build-session-file /Users/admin/builder/spi-builder-workspace/.derivedData/ModuleCache.noindex/Session.modulevalidation -Xcc -fmodules-prune-interval\=86400 -Xcc -fmodules-prune-after\=345600 -emit-const-values -const-gather-protocols-list /Users/admin/builder/spi-builder-workspace/.derivedData/Build/Intermediates.noindex/APJExtensions.build/Debug-appletvos/APJExtensionsiOS-t.build/Objects-normal/arm64/APJExtensionsiOS_const_extract_protocols.json -Xcc -I/Users/admin/builder/spi-builder-workspace/.derivedData/Build/Products/Debug-appletvos/include -Xcc -I/Users/admin/builder/spi-builder-workspace/.derivedData/Build/Intermediates.noindex/APJExtensions.build/Debug-appletvos/APJExtensionsiOS-t.build/DerivedSources-normal/arm64 -Xcc -I/Users/admin/builder/spi-builder-workspace/.derivedData/Build/Intermediates.noindex/APJExtensions.build/Debug-appletvos/APJExtensionsiOS-t.build/DerivedSources/arm64 -Xcc -I/Users/admin/builder/spi-builder-workspace/.derivedData/Build/Intermediates.noindex/APJExtensions.build/Debug-appletvos/APJExtensionsiOS-t.build/DerivedSources -Xcc -DSWIFT_PACKAGE -Xcc -DDEBUG\=1 -emit-objc-header -emit-objc-header-path /Users/admin/builder/spi-builder-workspace/.derivedData/Build/Intermediates.noindex/APJExtensions.build/Debug-appletvos/APJExtensionsiOS-t.build/Objects-normal/arm64/APJExtensionsiOS-Swift.h -working-directory /Users/admin/builder/spi-builder-workspace/.swiftpm/xcode -experimental-emit-module-separately -disable-cmo
SwiftExplicitDependencyGeneratePcm arm64 /Users/admin/builder/spi-builder-workspace/.derivedData/SDKExplicitPrecompiledModules/_Builtin_float-8ZJAYZ85YBOAOP52Y9H6IUNP3.pcm
SwiftExplicitDependencyGeneratePcm arm64 /Users/admin/builder/spi-builder-workspace/.derivedData/SDKExplicitPrecompiledModules/_Builtin_stdarg-BO2OCAUYVAXDRVQWQ8ISKGNUQ.pcm
SwiftExplicitDependencyGeneratePcm arm64 /Users/admin/builder/spi-builder-workspace/.derivedData/SDKExplicitPrecompiledModules/SwiftShims-8N4EXJ4RUJTR8K9OO3CMOH1EP.pcm
SwiftExplicitDependencyGeneratePcm arm64 /Users/admin/builder/spi-builder-workspace/.derivedData/SDKExplicitPrecompiledModules/_SwiftConcurrencyShims-BY5PD8KF1L5KF6F4Q69HE3TJ4.pcm
SwiftExplicitDependencyGeneratePcm arm64 /Users/admin/builder/spi-builder-workspace/.derivedData/SDKExplicitPrecompiledModules/DeveloperToolsSupport-B1X8RI63V48AJRTH2RK6JAARV.pcm
SwiftExplicitDependencyGeneratePcm arm64 /Users/admin/builder/spi-builder-workspace/.derivedData/SDKExplicitPrecompiledModules/_AvailabilityInternal-BV2EDDP0MI5QJDDPEEV4D9D3V.pcm
SwiftExplicitDependencyGeneratePcm arm64 /Users/admin/builder/spi-builder-workspace/.derivedData/SDKExplicitPrecompiledModules/ptrauth-8X2KEPL7CTRPS40TUB9APHPK6.pcm
SwiftExplicitDependencyGeneratePcm arm64 /Users/admin/builder/spi-builder-workspace/.derivedData/SDKExplicitPrecompiledModules/ptrcheck-2AZ6B5IBYD3RRRTFWN2ONASY3.pcm
SwiftExplicitDependencyGeneratePcm arm64 /Users/admin/builder/spi-builder-workspace/.derivedData/SDKExplicitPrecompiledModules/_Builtin_stdbool-AHRDH5EKLY6D04C5E42F3VCQI.pcm
SwiftExplicitDependencyGeneratePcm arm64 /Users/admin/builder/spi-builder-workspace/.derivedData/SDKExplicitPrecompiledModules/_Builtin_stddef-9ZJZ6FDEZNKTZU8YLPMFT9RAQ.pcm
SwiftExplicitDependencyGeneratePcm arm64 /Users/admin/builder/spi-builder-workspace/.derivedData/SDKExplicitPrecompiledModules/_DarwinFoundation1-JOTYMOA1YZCIJ2NON6FQ848O.pcm
SwiftExplicitDependencyGeneratePcm arm64 /Users/admin/builder/spi-builder-workspace/.derivedData/SDKExplicitPrecompiledModules/_Builtin_limits-7JU2HP127LIT1X9E2V3D8WZ1.pcm
SwiftExplicitDependencyGeneratePcm arm64 /Users/admin/builder/spi-builder-workspace/.derivedData/SDKExplicitPrecompiledModules/_DarwinFoundation2-AOGAN1O02NKXRJN5V73AV3V3M.pcm
SwiftExplicitDependencyGeneratePcm arm64 /Users/admin/builder/spi-builder-workspace/.derivedData/SDKExplicitPrecompiledModules/sys_types-8GCAV1YMG5UUGHUID3CA20TCH.pcm
SwiftExplicitDependencyGeneratePcm arm64 /Users/admin/builder/spi-builder-workspace/.derivedData/SDKExplicitPrecompiledModules/_Builtin_stdint-6NFTB6IBKS143IVPGT1EKB7HO.pcm
SwiftExplicitDependencyGeneratePcm arm64 /Users/admin/builder/spi-builder-workspace/.derivedData/SDKExplicitPrecompiledModules/string_h-6EVHP7A717OUS5DMC78F79HWO.pcm
SwiftExplicitDependencyGeneratePcm arm64 /Users/admin/builder/spi-builder-workspace/.derivedData/SDKExplicitPrecompiledModules/_Builtin_tgmath-7ULT1EUHDHW4OZPSTT33H6QGE.pcm
SwiftExplicitDependencyGeneratePcm arm64 /Users/admin/builder/spi-builder-workspace/.derivedData/SDKExplicitPrecompiledModules/_Builtin_intrinsics-437O2R2NID4WAQVENR63GR82C.pcm
SwiftExplicitDependencyGeneratePcm arm64 /Users/admin/builder/spi-builder-workspace/.derivedData/SDKExplicitPrecompiledModules/_DarwinFoundation3-8SR3855WDFHQPR6G9GHOI2C07.pcm
SwiftExplicitDependencyGeneratePcm arm64 /Users/admin/builder/spi-builder-workspace/.derivedData/SDKExplicitPrecompiledModules/_Builtin_stdatomic-3YXHN678NGYM3NL9POJ2HVEIF.pcm
SwiftExplicitDependencyGeneratePcm arm64 /Users/admin/builder/spi-builder-workspace/.derivedData/SDKExplicitPrecompiledModules/_Builtin_inttypes-6X1IQ3QK9KEVKXOK9Y79EW7J3.pcm
SwiftExplicitDependencyGeneratePcm arm64 /Users/admin/builder/spi-builder-workspace/.derivedData/SDKExplicitPrecompiledModules/Darwin-DBSQAVBBPC3D2OMU5ZI2RXMST.pcm
SwiftExplicitDependencyGeneratePcm arm64 /Users/admin/builder/spi-builder-workspace/.derivedData/SDKExplicitPrecompiledModules/simd-117QUXEUT3Z7UQCUYWV2UA228.pcm
SwiftExplicitDependencyGeneratePcm arm64 /Users/admin/builder/spi-builder-workspace/.derivedData/SDKExplicitPrecompiledModules/ObjectiveC-5250FDCE56N8508OR6XUYDKZM.pcm
SwiftExplicitDependencyGeneratePcm arm64 /Users/admin/builder/spi-builder-workspace/.derivedData/SDKExplicitPrecompiledModules/MachO-EH3F5PJCIZG05NO51CEFSZYPW.pcm
SwiftExplicitDependencyGeneratePcm arm64 /Users/admin/builder/spi-builder-workspace/.derivedData/SDKExplicitPrecompiledModules/os_object-E2DGZ0SX0TULQHULZRPO6OKNW.pcm
SwiftExplicitDependencyGeneratePcm arm64 /Users/admin/builder/spi-builder-workspace/.derivedData/SDKExplicitPrecompiledModules/os_workgroup-DBUFF7811DKMX7VPBOJPGGF1U.pcm
SwiftExplicitDependencyGeneratePcm arm64 /Users/admin/builder/spi-builder-workspace/.derivedData/SDKExplicitPrecompiledModules/Spatial-7U8NLEFXSB8BR7PJQGVMF5A4Q.pcm
SwiftExplicitDependencyGeneratePcm arm64 /Users/admin/builder/spi-builder-workspace/.derivedData/SDKExplicitPrecompiledModules/Dispatch-1QL58A0V50C39KVAIC6C38SHL.pcm
SwiftExplicitDependencyGeneratePcm arm64 /Users/admin/builder/spi-builder-workspace/.derivedData/SDKExplicitPrecompiledModules/XPC-6O2DJFT3QUJ7QKTD3SNUB6PCR.pcm
SwiftExplicitDependencyGeneratePcm arm64 /Users/admin/builder/spi-builder-workspace/.derivedData/SDKExplicitPrecompiledModules/CoreFoundation-7TPJ7ENDC4L1A1ESHYI9TXS0D.pcm
SwiftExplicitDependencyGeneratePcm arm64 /Users/admin/builder/spi-builder-workspace/.derivedData/SDKExplicitPrecompiledModules/os-3GJI8H0BNAEZPQPQ1V0VVY3FY.pcm
SwiftExplicitDependencyGeneratePcm arm64 /Users/admin/builder/spi-builder-workspace/.derivedData/SDKExplicitPrecompiledModules/Security-8VMXEKVDA3MHUH9AOTP905DID.pcm
SwiftExplicitDependencyGeneratePcm arm64 /Users/admin/builder/spi-builder-workspace/.derivedData/SDKExplicitPrecompiledModules/CoreAudioTypes-E7EH96HAL3G83QSWLT7VWYIP4.pcm
SwiftExplicitDependencyGeneratePcm arm64 /Users/admin/builder/spi-builder-workspace/.derivedData/SDKExplicitPrecompiledModules/CoreGraphics-CWSP3J98S2658BYCVL6RP99T3.pcm
SwiftExplicitDependencyGeneratePcm arm64 /Users/admin/builder/spi-builder-workspace/.derivedData/SDKExplicitPrecompiledModules/CFNetwork-2CUR2VK9S3S3WPFXPNXNUWYGN.pcm
SwiftExplicitDependencyGeneratePcm arm64 /Users/admin/builder/spi-builder-workspace/.derivedData/SDKExplicitPrecompiledModules/CoreAudio-6IR1XRM0Q9YQZMFW89F3H4V3X.pcm
SwiftExplicitDependencyGeneratePcm arm64 /Users/admin/builder/spi-builder-workspace/.derivedData/SDKExplicitPrecompiledModules/Foundation-BSSIP64DIGUKMAYJOG1WPQ78X.pcm
SwiftExplicitDependencyGeneratePcm arm64 /Users/admin/builder/spi-builder-workspace/.derivedData/SDKExplicitPrecompiledModules/CoreText-59NY7PABM0I4V978161FOC04A.pcm
SwiftExplicitDependencyGeneratePcm arm64 /Users/admin/builder/spi-builder-workspace/.derivedData/SDKExplicitPrecompiledModules/ImageIO-88D4CLEBD4CLWQKT78PZ6H1O8.pcm
SwiftExplicitDependencyGeneratePcm arm64 /Users/admin/builder/spi-builder-workspace/.derivedData/SDKExplicitPrecompiledModules/UniformTypeIdentifiers-95CC8U42ZA9STP5K6GP9ZVJS5.pcm
SwiftExplicitDependencyGeneratePcm arm64 /Users/admin/builder/spi-builder-workspace/.derivedData/SDKExplicitPrecompiledModules/CoreData-DYMPHH3PH8AX9I1FHA4VFJ675.pcm
SwiftExplicitDependencyGeneratePcm arm64 /Users/admin/builder/spi-builder-workspace/.derivedData/SDKExplicitPrecompiledModules/Accessibility-B6BODGZ4MQQTY0PBC4SHRP009.pcm
SwiftExplicitDependencyGeneratePcm arm64 /Users/admin/builder/spi-builder-workspace/.derivedData/SDKExplicitPrecompiledModules/UIUtilities-6ZFJ1AK4H8IBGEBMYQBWGBYLK.pcm
SwiftExplicitDependencyGeneratePcm arm64 /Users/admin/builder/spi-builder-workspace/.derivedData/SDKExplicitPrecompiledModules/UserNotifications-E9ZW5TH066WIJWH9080RC5NG4.pcm
SwiftExplicitDependencyGeneratePcm arm64 /Users/admin/builder/spi-builder-workspace/.derivedData/SDKExplicitPrecompiledModules/OSLog-7OT6HHTMY0ZFEQJ095LJZ6NLC.pcm
SwiftExplicitDependencyGeneratePcm arm64 /Users/admin/builder/spi-builder-workspace/.derivedData/SDKExplicitPrecompiledModules/Symbols-B5AU9VM9Y7NU79RLMH13Z4IFM.pcm
SwiftExplicitDependencyGeneratePcm arm64 /Users/admin/builder/spi-builder-workspace/.derivedData/SDKExplicitPrecompiledModules/IOSurface-38FJ1CKX9FV2RD97O64Z7QB17.pcm
SwiftExplicitDependencyGeneratePcm arm64 /Users/admin/builder/spi-builder-workspace/.derivedData/SDKExplicitPrecompiledModules/DataDetection-37JIYZ2GWDA1L166PP1D9JKAF.pcm
SwiftExplicitDependencyGeneratePcm arm64 /Users/admin/builder/spi-builder-workspace/.derivedData/SDKExplicitPrecompiledModules/CoreTransferable-7V4O8DATEQ9F7SDNTCW8YWLG3.pcm
SwiftExplicitDependencyGeneratePcm arm64 /Users/admin/builder/spi-builder-workspace/.derivedData/SDKExplicitPrecompiledModules/_LocationEssentials-ETSJ65FELPWR8WH8G49R1DF2E.pcm
SwiftExplicitDependencyGeneratePcm arm64 /Users/admin/builder/spi-builder-workspace/.derivedData/SDKExplicitPrecompiledModules/OpenGLES-4NY99CNDU9WUNUYEIXSS1QFGE.pcm
SwiftExplicitDependencyGeneratePcm arm64 /Users/admin/builder/spi-builder-workspace/.derivedData/SDKExplicitPrecompiledModules/Metal-2KYBS7IML1SD788M91YV7Q0CC.pcm
SwiftExplicitDependencyGeneratePcm arm64 /Users/admin/builder/spi-builder-workspace/.derivedData/SDKExplicitPrecompiledModules/CoreLocation-YVXXAOMVX0JH2KO1XTTKTY51.pcm
SwiftExplicitDependencyGeneratePcm arm64 /Users/admin/builder/spi-builder-workspace/.derivedData/SDKExplicitPrecompiledModules/CoreVideo-DPU0PB5X0XLSVA2ETRGI6FJBM.pcm
SwiftExplicitDependencyGeneratePcm arm64 /Users/admin/builder/spi-builder-workspace/.derivedData/SDKExplicitPrecompiledModules/CoreMedia-4OUKVT03LV547KZJDPPJRJ4F8.pcm
SwiftExplicitDependencyGeneratePcm arm64 /Users/admin/builder/spi-builder-workspace/.derivedData/SDKExplicitPrecompiledModules/CoreImage-7S2AFJ8EIY3DUFYLEAX1JR1QV.pcm
SwiftExplicitDependencyGeneratePcm arm64 /Users/admin/builder/spi-builder-workspace/.derivedData/SDKExplicitPrecompiledModules/QuartzCore-DJSYAWKXFGVSAK5CQMOB3JSR.pcm
SwiftExplicitDependencyGeneratePcm arm64 /Users/admin/builder/spi-builder-workspace/.derivedData/SDKExplicitPrecompiledModules/SwiftUICore-543QU5V2NHKUFCYFJDKUJ7NYG.pcm
SwiftExplicitDependencyGeneratePcm arm64 /Users/admin/builder/spi-builder-workspace/.derivedData/SDKExplicitPrecompiledModules/UIKit-1TKWN7VC2X6N3ITMRVA2G0EB2.pcm
SwiftExplicitDependencyGeneratePcm arm64 /Users/admin/builder/spi-builder-workspace/.derivedData/SDKExplicitPrecompiledModules/SwiftUI-7BV1YDT6IZWW6B8OC6ENV0Y0F.pcm
SwiftEmitModule normal arm64 Emitting\ module\ for\ APJExtensionsiOS (in target 'APJExtensionsiOS' from project 'APJExtensions')
SwiftCompile normal arm64 (in target 'APJExtensionsiOS' from project 'APJExtensions')
    cd /Users/admin/builder/spi-builder-workspace/.swiftpm/xcode

SwiftCompile normal arm64 Compiling\ UserDefault.swift /Users/admin/builder/spi-builder-workspace/Source/UserDefault.swift (in target 'APJExtensionsiOS' from project 'APJExtensions')
SwiftCompile normal arm64 /Users/admin/builder/spi-builder-workspace/Source/UserDefault.swift (in target 'APJExtensionsiOS' from project 'APJExtensions')
    cd /Users/admin/builder/spi-builder-workspace/.swiftpm/xcode
    builtin-SwiftPerFileCompile UserDefault.swift
SwiftCompile normal arm64 Compiling\ UIViewController+extension.swift /Users/admin/builder/spi-builder-workspace/Source/UIViewController+extension.swift (in target 'APJExtensionsiOS' from project 'APJExtensions')
/Users/admin/builder/spi-builder-workspace/Source/UIViewController+extension.swift:37:19: error: 'modalPresentationCapturesStatusBarAppearance' is unavailable in tvOS
35 |         let topController = UIViewController.keyWindow?.topController
36 |         topController?.present(self, animated: animated) { [weak self] in
37 |             self?.modalPresentationCapturesStatusBarAppearance = true
   |                   `- error: 'modalPresentationCapturesStatusBarAppearance' is unavailable in tvOS
38 |             self?.setNeedsStatusBarAppearanceUpdate()
39 |             completion?()
/Applications/Xcode-27.0.0-Release.Candidate.app/Contents/Developer/Platforms/AppleTVOS.platform/Developer/SDKs/AppleTVOS27.0.sdk/System/Library/Frameworks/UIKit.framework/Headers/UIViewController.h:297:34: note: 'modalPresentationCapturesStatusBarAppearance' has been explicitly marked unavailable here
295 |
296 | // This controls whether this view controller takes over control of the status bar's appearance when presented non-full screen on another view controller. Defaults to NO.
297 | @property(nonatomic,assign) BOOL modalPresentationCapturesStatusBarAppearance API_AVAILABLE(ios(7.0)) API_UNAVAILABLE(tvos);
    |                                  `- note: 'modalPresentationCapturesStatusBarAppearance' has been explicitly marked unavailable here
298 |
299 | // Presentation modes may keep the keyboard visible when not required. Default implementation affects UIModalPresentationFormSheet visibility.
/Users/admin/builder/spi-builder-workspace/Source/UIViewController+extension.swift:38:19: error: 'setNeedsStatusBarAppearanceUpdate()' is unavailable in tvOS
36 |         topController?.present(self, animated: animated) { [weak self] in
37 |             self?.modalPresentationCapturesStatusBarAppearance = true
38 |             self?.setNeedsStatusBarAppearanceUpdate()
   |                   `- error: 'setNeedsStatusBarAppearanceUpdate()' is unavailable in tvOS
39 |             completion?()
40 |         }
/Applications/Xcode-27.0.0-Release.Candidate.app/Contents/Developer/Platforms/AppleTVOS.platform/Developer/SDKs/AppleTVOS27.0.sdk/System/Library/Frameworks/UIKit.framework/Headers/UIViewController.h:334:1: note: 'setNeedsStatusBarAppearanceUpdate()' has been explicitly marked unavailable here
332 |
333 | // This should be called whenever the return values for the view controller's status bar attributes have changed. If it is called from within an animation block, the changes will be animated along with the rest of the animation block.
334 | - (void)setNeedsStatusBarAppearanceUpdate API_AVAILABLE(ios(7.0)) API_UNAVAILABLE(tvos, visionos);
    | `- note: 'setNeedsStatusBarAppearanceUpdate()' has been explicitly marked unavailable here
335 |
336 | /* This method returns either itself or the nearest ancestor that can perform the given action and, if applicable, has overridden UIViewController's default implementation of the action method. View controllers can return NO from canPerformAction:withSender: to opt out of being a target for a given action. */
Failed frontend command:
SwiftCompile normal arm64 /Users/admin/builder/spi-builder-workspace/Source/UIViewController+extension.swift (in target 'APJExtensionsiOS' from project 'APJExtensions')
    cd /Users/admin/builder/spi-builder-workspace/.swiftpm/xcode
    builtin-SwiftPerFileCompile UIViewController+extension.swift
/Applications/Xcode-27.0.0-Release.Candidate.app/Contents/Developer/Toolchains/XcodeDefault.xctoolchain/usr/bin/swift-frontend -frontend -c /Users/admin/builder/spi-builder-workspace/Source/Array+extension.swift /Users/admin/builder/spi-builder-workspace/Source/Color+extension.swift /Users/admin/builder/spi-builder-workspace/Source/Data+extension.swift /Users/admin/builder/spi-builder-workspace/Source/Date+extension.swift /Users/admin/builder/spi-builder-workspace/Source/Double+Extension.swift /Users/admin/builder/spi-builder-workspace/Source/Int+extension.swift /Users/admin/builder/spi-builder-workspace/Source/NSObject+extension.swift /Users/admin/builder/spi-builder-workspace/Source/String+extension.swift /Users/admin/builder/spi-builder-workspace/Source/UIColor+extension.swift /Users/admin/builder/spi-builder-workspace/Source/UINavigationController+extension.swift /Users/admin/builder/spi-builder-workspace/Source/UITableView+extension.swift /Users/admin/builder/spi-builder-workspace/Source/UIView+extension.swift -primary-file /Users/admin/builder/spi-builder-workspace/Source/UIViewController+extension.swift /Users/admin/builder/spi-builder-workspace/Source/UIWindow+extension.swift /Users/admin/builder/spi-builder-workspace/Source/UserDefault.swift -emit-dependencies-path /Users/admin/builder/spi-builder-workspace/.derivedData/Build/Intermediates.noindex/APJExtensions.build/Debug-appletvos/APJExtensionsiOS-t.build/Objects-normal/arm64/UIViewController+extension.d -emit-const-values-path /Users/admin/builder/spi-builder-workspace/.derivedData/Build/Intermediates.noindex/APJExtensions.build/Debug-appletvos/APJExtensionsiOS-t.build/Objects-normal/arm64/UIViewController+extension.swiftconstvalues -emit-reference-dependencies-path /Users/admin/builder/spi-builder-workspace/.derivedData/Build/Intermediates.noindex/APJExtensions.build/Debug-appletvos/APJExtensionsiOS-t.build/Objects-normal/arm64/UIViewController+extension.swiftdeps -serialize-diagnostics-path /Users/admin/builder/spi-builder-workspace/.derivedData/Build/Intermediates.noindex/APJExtensions.build/Debug-appletvos/APJExtensionsiOS-t.build/Objects-normal/arm64/UIViewController+extension.dia -target arm64-apple-tvos15.0 -disable-cross-import-overlay-search -load-resolved-plugin /Applications/Xcode-27.0.0-Release.Candidate.app/Contents/Developer/Platforms/AppleTVOS.platform/Developer/usr/lib/swift/host/plugins/libFoundationMacros.dylib\#/Applications/Xcode-27.0.0-Release.Candidate.app/Contents/Developer/Platforms/AppleTVOS.platform/Developer/usr/bin/swift-plugin-server\#FoundationMacros -load-resolved-plugin /Applications/Xcode-27.0.0-Release.Candidate.app/Contents/Developer/Platforms/AppleTVOS.platform/Developer/usr/lib/swift/host/plugins/libObservationMacros.dylib\#/Applications/Xcode-27.0.0-Release.Candidate.app/Contents/Developer/Platforms/AppleTVOS.platform/Developer/usr/bin/swift-plugin-server\#ObservationMacros -load-resolved-plugin /Applications/Xcode-27.0.0-Release.Candidate.app/Contents/Developer/Platforms/AppleTVOS.platform/Developer/usr/lib/swift/host/plugins/libPreviewsMacros.dylib\#/Applications/Xcode-27.0.0-Release.Candidate.app/Contents/Developer/Platforms/AppleTVOS.platform/Developer/usr/bin/swift-plugin-server\#PreviewsMacros -load-resolved-plugin /Applications/Xcode-27.0.0-Release.Candidate.app/Contents/Developer/Platforms/AppleTVOS.platform/Developer/usr/lib/swift/host/plugins/libSwiftMacros.dylib\#/Applications/Xcode-27.0.0-Release.Candidate.app/Contents/Developer/Platforms/AppleTVOS.platform/Developer/usr/bin/swift-plugin-server\#SwiftMacros -load-resolved-plugin /Applications/Xcode-27.0.0-Release.Candidate.app/Contents/Developer/Platforms/AppleTVOS.platform/Developer/usr/lib/swift/host/plugins/libSwiftUIMacros.dylib\#/Applications/Xcode-27.0.0-Release.Candidate.app/Contents/Developer/Platforms/AppleTVOS.platform/Developer/usr/bin/swift-plugin-server\#SwiftUIMacros -disable-implicit-swift-modules -Xcc -fno-implicit-modules -Xcc -fno-implicit-module-maps -explicit-swift-module-map-file /Users/admin/builder/spi-builder-workspace/.derivedData/Build/Intermediates.noindex/APJExtensions.build/Debug-appletvos/APJExtensionsiOS-t.build/Objects-normal/arm64/APJExtensionsiOS-dependencies-1.json -Xllvm -aarch64-use-tbi -enable-objc-interop -stack-check -sdk /Applications/Xcode-27.0.0-Release.Candidate.app/Contents/Developer/Platforms/AppleTVOS.platform/Developer/SDKs/AppleTVOS27.0.sdk -I /Users/admin/builder/spi-builder-workspace/.derivedData/Build/Products/Debug-appletvos -Isystem /Applications/Xcode-27.0.0-Release.Candidate.app/Contents/Developer/Platforms/AppleTVOS.platform/Developer/usr/lib -F /Users/admin/builder/spi-builder-workspace/.derivedData/Build/Products/Debug-appletvos -F /Applications/Xcode-27.0.0-Release.Candidate.app/Contents/Developer/Platforms/AppleTVOS.platform/Developer/Library/Frameworks -F /Applications/Xcode-27.0.0-Release.Candidate.app/Contents/Developer/Platforms/AppleTVOS.platform/Developer/SDKs/AppleTVOS27.0.sdk/Developer/Library/Frameworks -module-cache-path /Users/admin/builder/spi-builder-workspace/.derivedData/Build/Intermediates.noindex/SwiftExplicitPrecompiledModules -no-color-diagnostics -Xcc -fno-color-diagnostics -enable-testing -g -debug-info-format\=dwarf -dwarf-version\=4 -profile-generate -profile-coverage-mapping -swift-version 5 -Onone -D SWIFT_PACKAGE -D DEBUG -D SWIFT_MODULE_RESOURCE_BUNDLE_UNAVAILABLE -D Xcode -serialize-debugging-options -enable-experimental-feature DebugDescriptionMacro -empty-abi-descriptor -validate-clang-modules-once -clang-build-session-file /Users/admin/builder/spi-builder-workspace/.derivedData/ModuleCache.noindex/Session.modulevalidation -Xcc -working-directory -Xcc /Users/admin/builder/spi-builder-workspace/.swiftpm/xcode -enable-anonymous-context-mangled-names -file-compilation-dir /Users/admin/builder/spi-builder-workspace/.swiftpm/xcode -Xcc -D_LIBCPP_HARDENING_MODE\=_LIBCPP_HARDENING_MODE_DEBUG -Xcc -ivfsstatcache -Xcc /Users/admin/builder/spi-builder-workspace/.derivedData/SDKStatCaches.noindex/appletvos27.0-24J360-e829b21a6f8c9b70876ba0858053c044b32bfd8d43560033f8d89884cdb90028.sdkstatcache -Xcc -fmodules-prune-interval\=86400 -Xcc -fmodules-prune-after\=345600 -Xcc -I/Users/admin/builder/spi-builder-workspace/.derivedData/Build/Products/Debug-appletvos/include -Xcc -I/Users/admin/builder/spi-builder-workspace/.derivedData/Build/Intermediates.noindex/APJExtensions.build/Debug-appletvos/APJExtensionsiOS-t.build/DerivedSources-normal/arm64 -Xcc -I/Users/admin/builder/spi-builder-workspace/.derivedData/Build/Intermediates.noindex/APJExtensions.build/Debug-appletvos/APJExtensionsiOS-t.build/DerivedSources/arm64 -Xcc -I/Users/admin/builder/spi-builder-workspace/.derivedData/Build/Intermediates.noindex/APJExtensions.build/Debug-appletvos/APJExtensionsiOS-t.build/DerivedSources -Xcc -DSWIFT_PACKAGE -Xcc -DDEBUG\=1 -no-auto-bridging-header-chaining -module-name APJExtensionsiOS -const-gather-protocols-file /Users/admin/builder/spi-builder-workspace/.derivedData/Build/Intermediates.noindex/APJExtensions.build/Debug-appletvos/APJExtensionsiOS-t.build/Objects-normal/arm64/APJExtensionsiOS_const_extract_protocols.json -disable-clang-spi -clang-target arm64-apple-tvos27.0 -target-sdk-version 27.0 -target-sdk-name appletvos27.0 -in-process-plugin-server-path /Applications/Xcode-27.0.0-Release.Candidate.app/Contents/Developer/Toolchains/XcodeDefault.xctoolchain/usr/lib/swift/host/libSwiftInProcPluginServer.dylib -parse-as-library -o /Users/admin/builder/spi-builder-workspace/.derivedData/Build/Intermediates.noindex/APJExtensions.build/Debug-appletvos/APJExtensionsiOS-t.build/Objects-normal/arm64/UIViewController+extension.o -debug-module-path /Users/admin/builder/spi-builder-workspace/.derivedData/Build/Intermediates.noindex/APJExtensions.build/Debug-appletvos/APJExtensionsiOS-t.build/Objects-normal/arm64/APJExtensionsiOS.swiftmodule -index-unit-output-path /APJExtensions.build/Debug-appletvos/APJExtensionsiOS-t.build/Objects-normal/arm64/UIViewController+extension.o -index-store-path /Users/admin/builder/spi-builder-workspace/.derivedData/Index.noindex/DataStore -index-system-modules
SwiftCompile normal arm64 Compiling\ UIWindow+extension.swift /Users/admin/builder/spi-builder-workspace/Source/UIWindow+extension.swift (in target 'APJExtensionsiOS' from project 'APJExtensions')
/Users/admin/builder/spi-builder-workspace/Source/UIWindow+extension.swift:33:35: error: 'modalPresentationCapturesStatusBarAppearance' is unavailable in tvOS
31 |
32 |         let completionCallback: (Bool) -> Void = { (Bool) in
33 |             replacementController.modalPresentationCapturesStatusBarAppearance = true
   |                                   `- error: 'modalPresentationCapturesStatusBarAppearance' is unavailable in tvOS
34 |             replacementController.setNeedsStatusBarAppearanceUpdate()
35 |             completion?()
/Applications/Xcode-27.0.0-Release.Candidate.app/Contents/Developer/Platforms/AppleTVOS.platform/Developer/SDKs/AppleTVOS27.0.sdk/System/Library/Frameworks/UIKit.framework/Headers/UIViewController.h:297:34: note: 'modalPresentationCapturesStatusBarAppearance' has been explicitly marked unavailable here
295 |
296 | // This controls whether this view controller takes over control of the status bar's appearance when presented non-full screen on another view controller. Defaults to NO.
297 | @property(nonatomic,assign) BOOL modalPresentationCapturesStatusBarAppearance API_AVAILABLE(ios(7.0)) API_UNAVAILABLE(tvos);
    |                                  `- note: 'modalPresentationCapturesStatusBarAppearance' has been explicitly marked unavailable here
298 |
299 | // Presentation modes may keep the keyboard visible when not required. Default implementation affects UIModalPresentationFormSheet visibility.
/Users/admin/builder/spi-builder-workspace/Source/UIWindow+extension.swift:34:35: error: 'setNeedsStatusBarAppearanceUpdate()' is unavailable in tvOS
32 |         let completionCallback: (Bool) -> Void = { (Bool) in
33 |             replacementController.modalPresentationCapturesStatusBarAppearance = true
34 |             replacementController.setNeedsStatusBarAppearanceUpdate()
   |                                   `- error: 'setNeedsStatusBarAppearanceUpdate()' is unavailable in tvOS
35 |             completion?()
36 |         }
/Applications/Xcode-27.0.0-Release.Candidate.app/Contents/Developer/Platforms/AppleTVOS.platform/Developer/SDKs/AppleTVOS27.0.sdk/System/Library/Frameworks/UIKit.framework/Headers/UIViewController.h:334:1: note: 'setNeedsStatusBarAppearanceUpdate()' has been explicitly marked unavailable here
332 |
333 | // This should be called whenever the return values for the view controller's status bar attributes have changed. If it is called from within an animation block, the changes will be animated along with the rest of the animation block.
334 | - (void)setNeedsStatusBarAppearanceUpdate API_AVAILABLE(ios(7.0)) API_UNAVAILABLE(tvos, visionos);
    | `- note: 'setNeedsStatusBarAppearanceUpdate()' has been explicitly marked unavailable here
335 |
336 | /* This method returns either itself or the nearest ancestor that can perform the given action and, if applicable, has overridden UIViewController's default implementation of the action method. View controllers can return NO from canPerformAction:withSender: to opt out of being a target for a given action. */
Failed frontend command:
SwiftCompile normal arm64 /Users/admin/builder/spi-builder-workspace/Source/UIWindow+extension.swift (in target 'APJExtensionsiOS' from project 'APJExtensions')
    cd /Users/admin/builder/spi-builder-workspace/.swiftpm/xcode
    builtin-SwiftPerFileCompile UIWindow+extension.swift
/Applications/Xcode-27.0.0-Release.Candidate.app/Contents/Developer/Toolchains/XcodeDefault.xctoolchain/usr/bin/swift-frontend -frontend -c /Users/admin/builder/spi-builder-workspace/Source/Array+extension.swift /Users/admin/builder/spi-builder-workspace/Source/Color+extension.swift /Users/admin/builder/spi-builder-workspace/Source/Data+extension.swift /Users/admin/builder/spi-builder-workspace/Source/Date+extension.swift /Users/admin/builder/spi-builder-workspace/Source/Double+Extension.swift /Users/admin/builder/spi-builder-workspace/Source/Int+extension.swift /Users/admin/builder/spi-builder-workspace/Source/NSObject+extension.swift /Users/admin/builder/spi-builder-workspace/Source/String+extension.swift /Users/admin/builder/spi-builder-workspace/Source/UIColor+extension.swift /Users/admin/builder/spi-builder-workspace/Source/UINavigationController+extension.swift /Users/admin/builder/spi-builder-workspace/Source/UITableView+extension.swift /Users/admin/builder/spi-builder-workspace/Source/UIView+extension.swift /Users/admin/builder/spi-builder-workspace/Source/UIViewController+extension.swift -primary-file /Users/admin/builder/spi-builder-workspace/Source/UIWindow+extension.swift /Users/admin/builder/spi-builder-workspace/Source/UserDefault.swift -emit-dependencies-path /Users/admin/builder/spi-builder-workspace/.derivedData/Build/Intermediates.noindex/APJExtensions.build/Debug-appletvos/APJExtensionsiOS-t.build/Objects-normal/arm64/UIWindow+extension.d -emit-const-values-path /Users/admin/builder/spi-builder-workspace/.derivedData/Build/Intermediates.noindex/APJExtensions.build/Debug-appletvos/APJExtensionsiOS-t.build/Objects-normal/arm64/UIWindow+extension.swiftconstvalues -emit-reference-dependencies-path /Users/admin/builder/spi-builder-workspace/.derivedData/Build/Intermediates.noindex/APJExtensions.build/Debug-appletvos/APJExtensionsiOS-t.build/Objects-normal/arm64/UIWindow+extension.swiftdeps -serialize-diagnostics-path /Users/admin/builder/spi-builder-workspace/.derivedData/Build/Intermediates.noindex/APJExtensions.build/Debug-appletvos/APJExtensionsiOS-t.build/Objects-normal/arm64/UIWindow+extension.dia -target arm64-apple-tvos15.0 -disable-cross-import-overlay-search -load-resolved-plugin /Applications/Xcode-27.0.0-Release.Candidate.app/Contents/Developer/Platforms/AppleTVOS.platform/Developer/usr/lib/swift/host/plugins/libFoundationMacros.dylib\#/Applications/Xcode-27.0.0-Release.Candidate.app/Contents/Developer/Platforms/AppleTVOS.platform/Developer/usr/bin/swift-plugin-server\#FoundationMacros -load-resolved-plugin /Applications/Xcode-27.0.0-Release.Candidate.app/Contents/Developer/Platforms/AppleTVOS.platform/Developer/usr/lib/swift/host/plugins/libObservationMacros.dylib\#/Applications/Xcode-27.0.0-Release.Candidate.app/Contents/Developer/Platforms/AppleTVOS.platform/Developer/usr/bin/swift-plugin-server\#ObservationMacros -load-resolved-plugin /Applications/Xcode-27.0.0-Release.Candidate.app/Contents/Developer/Platforms/AppleTVOS.platform/Developer/usr/lib/swift/host/plugins/libPreviewsMacros.dylib\#/Applications/Xcode-27.0.0-Release.Candidate.app/Contents/Developer/Platforms/AppleTVOS.platform/Developer/usr/bin/swift-plugin-server\#PreviewsMacros -load-resolved-plugin /Applications/Xcode-27.0.0-Release.Candidate.app/Contents/Developer/Platforms/AppleTVOS.platform/Developer/usr/lib/swift/host/plugins/libSwiftMacros.dylib\#/Applications/Xcode-27.0.0-Release.Candidate.app/Contents/Developer/Platforms/AppleTVOS.platform/Developer/usr/bin/swift-plugin-server\#SwiftMacros -load-resolved-plugin /Applications/Xcode-27.0.0-Release.Candidate.app/Contents/Developer/Platforms/AppleTVOS.platform/Developer/usr/lib/swift/host/plugins/libSwiftUIMacros.dylib\#/Applications/Xcode-27.0.0-Release.Candidate.app/Contents/Developer/Platforms/AppleTVOS.platform/Developer/usr/bin/swift-plugin-server\#SwiftUIMacros -disable-implicit-swift-modules -Xcc -fno-implicit-modules -Xcc -fno-implicit-module-maps -explicit-swift-module-map-file /Users/admin/builder/spi-builder-workspace/.derivedData/Build/Intermediates.noindex/APJExtensions.build/Debug-appletvos/APJExtensionsiOS-t.build/Objects-normal/arm64/APJExtensionsiOS-dependencies-1.json -Xllvm -aarch64-use-tbi -enable-objc-interop -stack-check -sdk /Applications/Xcode-27.0.0-Release.Candidate.app/Contents/Developer/Platforms/AppleTVOS.platform/Developer/SDKs/AppleTVOS27.0.sdk -I /Users/admin/builder/spi-builder-workspace/.derivedData/Build/Products/Debug-appletvos -Isystem /Applications/Xcode-27.0.0-Release.Candidate.app/Contents/Developer/Platforms/AppleTVOS.platform/Developer/usr/lib -F /Users/admin/builder/spi-builder-workspace/.derivedData/Build/Products/Debug-appletvos -F /Applications/Xcode-27.0.0-Release.Candidate.app/Contents/Developer/Platforms/AppleTVOS.platform/Developer/Library/Frameworks -F /Applications/Xcode-27.0.0-Release.Candidate.app/Contents/Developer/Platforms/AppleTVOS.platform/Developer/SDKs/AppleTVOS27.0.sdk/Developer/Library/Frameworks -module-cache-path /Users/admin/builder/spi-builder-workspace/.derivedData/Build/Intermediates.noindex/SwiftExplicitPrecompiledModules -no-color-diagnostics -Xcc -fno-color-diagnostics -enable-testing -g -debug-info-format\=dwarf -dwarf-version\=4 -profile-generate -profile-coverage-mapping -swift-version 5 -Onone -D SWIFT_PACKAGE -D DEBUG -D SWIFT_MODULE_RESOURCE_BUNDLE_UNAVAILABLE -D Xcode -serialize-debugging-options -enable-experimental-feature DebugDescriptionMacro -empty-abi-descriptor -validate-clang-modules-once -clang-build-session-file /Users/admin/builder/spi-builder-workspace/.derivedData/ModuleCache.noindex/Session.modulevalidation -Xcc -working-directory -Xcc /Users/admin/builder/spi-builder-workspace/.swiftpm/xcode -enable-anonymous-context-mangled-names -file-compilation-dir /Users/admin/builder/spi-builder-workspace/.swiftpm/xcode -Xcc -D_LIBCPP_HARDENING_MODE\=_LIBCPP_HARDENING_MODE_DEBUG -Xcc -ivfsstatcache -Xcc /Users/admin/builder/spi-builder-workspace/.derivedData/SDKStatCaches.noindex/appletvos27.0-24J360-e829b21a6f8c9b70876ba0858053c044b32bfd8d43560033f8d89884cdb90028.sdkstatcache -Xcc -fmodules-prune-interval\=86400 -Xcc -fmodules-prune-after\=345600 -Xcc -I/Users/admin/builder/spi-builder-workspace/.derivedData/Build/Products/Debug-appletvos/include -Xcc -I/Users/admin/builder/spi-builder-workspace/.derivedData/Build/Intermediates.noindex/APJExtensions.build/Debug-appletvos/APJExtensionsiOS-t.build/DerivedSources-normal/arm64 -Xcc -I/Users/admin/builder/spi-builder-workspace/.derivedData/Build/Intermediates.noindex/APJExtensions.build/Debug-appletvos/APJExtensionsiOS-t.build/DerivedSources/arm64 -Xcc -I/Users/admin/builder/spi-builder-workspace/.derivedData/Build/Intermediates.noindex/APJExtensions.build/Debug-appletvos/APJExtensionsiOS-t.build/DerivedSources -Xcc -DSWIFT_PACKAGE -Xcc -DDEBUG\=1 -no-auto-bridging-header-chaining -module-name APJExtensionsiOS -const-gather-protocols-file /Users/admin/builder/spi-builder-workspace/.derivedData/Build/Intermediates.noindex/APJExtensions.build/Debug-appletvos/APJExtensionsiOS-t.build/Objects-normal/arm64/APJExtensionsiOS_const_extract_protocols.json -disable-clang-spi -clang-target arm64-apple-tvos27.0 -target-sdk-version 27.0 -target-sdk-name appletvos27.0 -in-process-plugin-server-path /Applications/Xcode-27.0.0-Release.Candidate.app/Contents/Developer/Toolchains/XcodeDefault.xctoolchain/usr/lib/swift/host/libSwiftInProcPluginServer.dylib -parse-as-library -o /Users/admin/builder/spi-builder-workspace/.derivedData/Build/Intermediates.noindex/APJExtensions.build/Debug-appletvos/APJExtensionsiOS-t.build/Objects-normal/arm64/UIWindow+extension.o -debug-module-path /Users/admin/builder/spi-builder-workspace/.derivedData/Build/Intermediates.noindex/APJExtensions.build/Debug-appletvos/APJExtensionsiOS-t.build/Objects-normal/arm64/APJExtensionsiOS.swiftmodule -index-unit-output-path /APJExtensions.build/Debug-appletvos/APJExtensionsiOS-t.build/Objects-normal/arm64/UIWindow+extension.o -index-store-path /Users/admin/builder/spi-builder-workspace/.derivedData/Index.noindex/DataStore -index-system-modules
SwiftCompile normal arm64 Compiling\ UIColor+extension.swift,\ UINavigationController+extension.swift /Users/admin/builder/spi-builder-workspace/Source/UIColor+extension.swift /Users/admin/builder/spi-builder-workspace/Source/UINavigationController+extension.swift (in target 'APJExtensionsiOS' from project 'APJExtensions')
SwiftCompile normal arm64 /Users/admin/builder/spi-builder-workspace/Source/UIColor+extension.swift (in target 'APJExtensionsiOS' from project 'APJExtensions')
    cd /Users/admin/builder/spi-builder-workspace/.swiftpm/xcode
    builtin-SwiftPerFileCompile UIColor+extension.swift
SwiftCompile normal arm64 /Users/admin/builder/spi-builder-workspace/Source/UINavigationController+extension.swift (in target 'APJExtensionsiOS' from project 'APJExtensions')
    cd /Users/admin/builder/spi-builder-workspace/.swiftpm/xcode
    builtin-SwiftPerFileCompile UINavigationController+extension.swift
SwiftCompile normal arm64 Compiling\ NSObject+extension.swift,\ String+extension.swift /Users/admin/builder/spi-builder-workspace/Source/NSObject+extension.swift /Users/admin/builder/spi-builder-workspace/Source/String+extension.swift (in target 'APJExtensionsiOS' from project 'APJExtensions')
SwiftCompile normal arm64 /Users/admin/builder/spi-builder-workspace/Source/NSObject+extension.swift (in target 'APJExtensionsiOS' from project 'APJExtensions')
    cd /Users/admin/builder/spi-builder-workspace/.swiftpm/xcode
    builtin-SwiftPerFileCompile NSObject+extension.swift
SwiftCompile normal arm64 /Users/admin/builder/spi-builder-workspace/Source/String+extension.swift (in target 'APJExtensionsiOS' from project 'APJExtensions')
    cd /Users/admin/builder/spi-builder-workspace/.swiftpm/xcode
    builtin-SwiftPerFileCompile String+extension.swift
SwiftCompile normal arm64 Compiling\ UIView+extension.swift /Users/admin/builder/spi-builder-workspace/Source/UIView+extension.swift (in target 'APJExtensionsiOS' from project 'APJExtensions')
SwiftCompile normal arm64 /Users/admin/builder/spi-builder-workspace/Source/UIView+extension.swift (in target 'APJExtensionsiOS' from project 'APJExtensions')
    cd /Users/admin/builder/spi-builder-workspace/.swiftpm/xcode
    builtin-SwiftPerFileCompile UIView+extension.swift
SwiftCompile normal arm64 Compiling\ UITableView+extension.swift /Users/admin/builder/spi-builder-workspace/Source/UITableView+extension.swift (in target 'APJExtensionsiOS' from project 'APJExtensions')
SwiftCompile normal arm64 /Users/admin/builder/spi-builder-workspace/Source/UITableView+extension.swift (in target 'APJExtensionsiOS' from project 'APJExtensions')
    cd /Users/admin/builder/spi-builder-workspace/.swiftpm/xcode
    builtin-SwiftPerFileCompile UITableView+extension.swift
SwiftCompile normal arm64 Compiling\ Data+extension.swift,\ Date+extension.swift /Users/admin/builder/spi-builder-workspace/Source/Data+extension.swift /Users/admin/builder/spi-builder-workspace/Source/Date+extension.swift (in target 'APJExtensionsiOS' from project 'APJExtensions')
SwiftCompile normal arm64 /Users/admin/builder/spi-builder-workspace/Source/Data+extension.swift (in target 'APJExtensionsiOS' from project 'APJExtensions')
    cd /Users/admin/builder/spi-builder-workspace/.swiftpm/xcode
    builtin-SwiftPerFileCompile Data+extension.swift
SwiftCompile normal arm64 /Users/admin/builder/spi-builder-workspace/Source/Date+extension.swift (in target 'APJExtensionsiOS' from project 'APJExtensions')
    cd /Users/admin/builder/spi-builder-workspace/.swiftpm/xcode
    builtin-SwiftPerFileCompile Date+extension.swift
SwiftCompile normal arm64 Compiling\ Array+extension.swift,\ Color+extension.swift /Users/admin/builder/spi-builder-workspace/Source/Array+extension.swift /Users/admin/builder/spi-builder-workspace/Source/Color+extension.swift (in target 'APJExtensionsiOS' from project 'APJExtensions')
SwiftCompile normal arm64 /Users/admin/builder/spi-builder-workspace/Source/Array+extension.swift (in target 'APJExtensionsiOS' from project 'APJExtensions')
    cd /Users/admin/builder/spi-builder-workspace/.swiftpm/xcode
    builtin-SwiftPerFileCompile Array+extension.swift
SwiftCompile normal arm64 /Users/admin/builder/spi-builder-workspace/Source/Color+extension.swift (in target 'APJExtensionsiOS' from project 'APJExtensions')
    cd /Users/admin/builder/spi-builder-workspace/.swiftpm/xcode
    builtin-SwiftPerFileCompile Color+extension.swift
SwiftCompile normal arm64 Compiling\ Double+Extension.swift,\ Int+extension.swift /Users/admin/builder/spi-builder-workspace/Source/Double+Extension.swift /Users/admin/builder/spi-builder-workspace/Source/Int+extension.swift (in target 'APJExtensionsiOS' from project 'APJExtensions')
SwiftCompile normal arm64 /Users/admin/builder/spi-builder-workspace/Source/Double+Extension.swift (in target 'APJExtensionsiOS' from project 'APJExtensions')
    cd /Users/admin/builder/spi-builder-workspace/.swiftpm/xcode
    builtin-SwiftPerFileCompile Double+Extension.swift
SwiftCompile normal arm64 /Users/admin/builder/spi-builder-workspace/Source/Int+extension.swift (in target 'APJExtensionsiOS' from project 'APJExtensions')
    cd /Users/admin/builder/spi-builder-workspace/.swiftpm/xcode
    builtin-SwiftPerFileCompile Int+extension.swift
SwiftDriverJobDiscovery normal arm64 Emitting module for APJExtensionsiOS (in target 'APJExtensionsiOS' from project 'APJExtensions')
SwiftDriver\ Compilation\ Requirements APJExtensionsiOS normal arm64 com.apple.xcode.tools.swift.compiler (in target 'APJExtensionsiOS' from project 'APJExtensions')
    cd /Users/admin/builder/spi-builder-workspace/.swiftpm/xcode
    builtin-Swift-Compilation-Requirements -- /Applications/Xcode-27.0.0-Release.Candidate.app/Contents/Developer/Toolchains/XcodeDefault.xctoolchain/usr/bin/swiftc -parse-as-library -module-name APJExtensionsiOS -Onone @/Users/admin/builder/spi-builder-workspace/.derivedData/Build/Intermediates.noindex/APJExtensions.build/Debug-appletvos/APJExtensionsiOS-t.build/Objects-normal/arm64/APJExtensionsiOS.SwiftFileList -DSWIFT_PACKAGE -DDEBUG -DSWIFT_MODULE_RESOURCE_BUNDLE_UNAVAILABLE -DXcode -plugin-path /Applications/Xcode-27.0.0-Release.Candidate.app/Contents/Developer/Toolchains/XcodeDefault.xctoolchain/usr/lib/swift/host/plugins/testing -enable-experimental-feature DebugDescriptionMacro -sdk /Applications/Xcode-27.0.0-Release.Candidate.app/Contents/Developer/Platforms/AppleTVOS.platform/Developer/SDKs/AppleTVOS27.0.sdk -target arm64-apple-tvos15.0 -g -module-cache-path /Users/admin/builder/spi-builder-workspace/.derivedData/ModuleCache.noindex -Xfrontend -serialize-debugging-options -profile-coverage-mapping -profile-generate -enable-testing -index-store-path /Users/admin/builder/spi-builder-workspace/.derivedData/Index.noindex/DataStore -Xcc -D_LIBCPP_HARDENING_MODE\=_LIBCPP_HARDENING_MODE_DEBUG -swift-version 5 -I /Users/admin/builder/spi-builder-workspace/.derivedData/Build/Products/Debug-appletvos -Isystem /Applications/Xcode-27.0.0-Release.Candidate.app/Contents/Developer/Platforms/AppleTVOS.platform/Developer/usr/lib -F /Users/admin/builder/spi-builder-workspace/.derivedData/Build/Products/Debug-appletvos -F /Applications/Xcode-27.0.0-Release.Candidate.app/Contents/Developer/Platforms/AppleTVOS.platform/Developer/Library/Frameworks -F /Applications/Xcode-27.0.0-Release.Candidate.app/Contents/Developer/Platforms/AppleTVOS.platform/Developer/SDKs/AppleTVOS27.0.sdk/Developer/Library/Frameworks -c -j10 -enable-batch-mode -incremental -Xcc -ivfsstatcache -Xcc /Users/admin/builder/spi-builder-workspace/.derivedData/SDKStatCaches.noindex/appletvos27.0-24J360-e829b21a6f8c9b70876ba0858053c044b32bfd8d43560033f8d89884cdb90028.sdkstatcache -output-file-map /Users/admin/builder/spi-builder-workspace/.derivedData/Build/Intermediates.noindex/APJExtensions.build/Debug-appletvos/APJExtensionsiOS-t.build/Objects-normal/arm64/APJExtensionsiOS-OutputFileMap.json -save-temps -no-color-diagnostics -explicit-module-build -module-cache-path /Users/admin/builder/spi-builder-workspace/.derivedData/Build/Intermediates.noindex/SwiftExplicitPrecompiledModules -clang-scanner-module-cache-path /Users/admin/builder/spi-builder-workspace/.derivedData/ModuleCache.noindex -sdk-module-cache-path /Users/admin/builder/spi-builder-workspace/.derivedData/SDKExplicitPrecompiledModules -emit-dependencies -emit-module -emit-module-path /Users/admin/builder/spi-builder-workspace/.derivedData/Build/Intermediates.noindex/APJExtensions.build/Debug-appletvos/APJExtensionsiOS-t.build/Objects-normal/arm64/APJExtensionsiOS.swiftmodule -serialize-diagnostics -dependency-scan-serialize-diagnostics-path /Users/admin/builder/spi-builder-workspace/.derivedData/Build/Intermediates.noindex/APJExtensions.build/Debug-appletvos/APJExtensionsiOS-t.build/Objects-normal/arm64/APJExtensionsiOS-dependency-scan.dia -validate-clang-modules-once -clang-build-session-file /Users/admin/builder/spi-builder-workspace/.derivedData/ModuleCache.noindex/Session.modulevalidation -Xcc -fmodules-prune-interval\=86400 -Xcc -fmodules-prune-after\=345600 -emit-const-values -const-gather-protocols-list /Users/admin/builder/spi-builder-workspace/.derivedData/Build/Intermediates.noindex/APJExtensions.build/Debug-appletvos/APJExtensionsiOS-t.build/Objects-normal/arm64/APJExtensionsiOS_const_extract_protocols.json -Xcc -I/Users/admin/builder/spi-builder-workspace/.derivedData/Build/Products/Debug-appletvos/include -Xcc -I/Users/admin/builder/spi-builder-workspace/.derivedData/Build/Intermediates.noindex/APJExtensions.build/Debug-appletvos/APJExtensionsiOS-t.build/DerivedSources-normal/arm64 -Xcc -I/Users/admin/builder/spi-builder-workspace/.derivedData/Build/Intermediates.noindex/APJExtensions.build/Debug-appletvos/APJExtensionsiOS-t.build/DerivedSources/arm64 -Xcc -I/Users/admin/builder/spi-builder-workspace/.derivedData/Build/Intermediates.noindex/APJExtensions.build/Debug-appletvos/APJExtensionsiOS-t.build/DerivedSources -Xcc -DSWIFT_PACKAGE -Xcc -DDEBUG\=1 -emit-objc-header -emit-objc-header-path /Users/admin/builder/spi-builder-workspace/.derivedData/Build/Intermediates.noindex/APJExtensions.build/Debug-appletvos/APJExtensionsiOS-t.build/Objects-normal/arm64/APJExtensionsiOS-Swift.h -working-directory /Users/admin/builder/spi-builder-workspace/.swiftpm/xcode -experimental-emit-module-separately -disable-cmo
SwiftDriverJobDiscovery normal arm64 Compiling UserDefault.swift (in target 'APJExtensionsiOS' from project 'APJExtensions')
SwiftMergeGeneratedHeaders /Users/admin/builder/spi-builder-workspace/.derivedData/Build/Intermediates.noindex/GeneratedModuleMaps-appletvos/APJExtensionsiOS-Swift.h /Users/admin/builder/spi-builder-workspace/.derivedData/Build/Intermediates.noindex/APJExtensions.build/Debug-appletvos/APJExtensionsiOS-t.build/Objects-normal/arm64/APJExtensionsiOS-Swift.h (in target 'APJExtensionsiOS' from project 'APJExtensions')
    cd /Users/admin/builder/spi-builder-workspace
    builtin-swiftHeaderTool -arch arm64 /Users/admin/builder/spi-builder-workspace/.derivedData/Build/Intermediates.noindex/APJExtensions.build/Debug-appletvos/APJExtensionsiOS-t.build/Objects-normal/arm64/APJExtensionsiOS-Swift.h -o /Users/admin/builder/spi-builder-workspace/.derivedData/Build/Intermediates.noindex/GeneratedModuleMaps-appletvos/APJExtensionsiOS-Swift.h
Copy /Users/admin/builder/spi-builder-workspace/.derivedData/Build/Products/Debug-appletvos/APJExtensionsiOS.swiftmodule/arm64-apple-tvos.swiftmodule /Users/admin/builder/spi-builder-workspace/.derivedData/Build/Intermediates.noindex/APJExtensions.build/Debug-appletvos/APJExtensionsiOS-t.build/Objects-normal/arm64/APJExtensionsiOS.swiftmodule (in target 'APJExtensionsiOS' from project 'APJExtensions')
    cd /Users/admin/builder/spi-builder-workspace
    builtin-copy -exclude .DS_Store -exclude CVS -exclude .svn -exclude .git -exclude .hg -resolve-src-symlinks -rename /Users/admin/builder/spi-builder-workspace/.derivedData/Build/Intermediates.noindex/APJExtensions.build/Debug-appletvos/APJExtensionsiOS-t.build/Objects-normal/arm64/APJExtensionsiOS.swiftmodule /Users/admin/builder/spi-builder-workspace/.derivedData/Build/Products/Debug-appletvos/APJExtensionsiOS.swiftmodule/arm64-apple-tvos.swiftmodule
Copy /Users/admin/builder/spi-builder-workspace/.derivedData/Build/Products/Debug-appletvos/APJExtensionsiOS.swiftmodule/arm64-apple-tvos.swiftdoc /Users/admin/builder/spi-builder-workspace/.derivedData/Build/Intermediates.noindex/APJExtensions.build/Debug-appletvos/APJExtensionsiOS-t.build/Objects-normal/arm64/APJExtensionsiOS.swiftdoc (in target 'APJExtensionsiOS' from project 'APJExtensions')
    cd /Users/admin/builder/spi-builder-workspace
    builtin-copy -exclude .DS_Store -exclude CVS -exclude .svn -exclude .git -exclude .hg -resolve-src-symlinks -rename /Users/admin/builder/spi-builder-workspace/.derivedData/Build/Intermediates.noindex/APJExtensions.build/Debug-appletvos/APJExtensionsiOS-t.build/Objects-normal/arm64/APJExtensionsiOS.swiftdoc /Users/admin/builder/spi-builder-workspace/.derivedData/Build/Products/Debug-appletvos/APJExtensionsiOS.swiftmodule/arm64-apple-tvos.swiftdoc
Copy /Users/admin/builder/spi-builder-workspace/.derivedData/Build/Products/Debug-appletvos/APJExtensionsiOS.swiftmodule/arm64-apple-tvos.abi.json /Users/admin/builder/spi-builder-workspace/.derivedData/Build/Intermediates.noindex/APJExtensions.build/Debug-appletvos/APJExtensionsiOS-t.build/Objects-normal/arm64/APJExtensionsiOS.abi.json (in target 'APJExtensionsiOS' from project 'APJExtensions')
    cd /Users/admin/builder/spi-builder-workspace
    builtin-copy -exclude .DS_Store -exclude CVS -exclude .svn -exclude .git -exclude .hg -resolve-src-symlinks -rename /Users/admin/builder/spi-builder-workspace/.derivedData/Build/Intermediates.noindex/APJExtensions.build/Debug-appletvos/APJExtensionsiOS-t.build/Objects-normal/arm64/APJExtensionsiOS.abi.json /Users/admin/builder/spi-builder-workspace/.derivedData/Build/Products/Debug-appletvos/APJExtensionsiOS.swiftmodule/arm64-apple-tvos.abi.json
Copy /Users/admin/builder/spi-builder-workspace/.derivedData/Build/Products/Debug-appletvos/APJExtensionsiOS.swiftmodule/Project/arm64-apple-tvos.swiftsourceinfo /Users/admin/builder/spi-builder-workspace/.derivedData/Build/Intermediates.noindex/APJExtensions.build/Debug-appletvos/APJExtensionsiOS-t.build/Objects-normal/arm64/APJExtensionsiOS.swiftsourceinfo (in target 'APJExtensionsiOS' from project 'APJExtensions')
    cd /Users/admin/builder/spi-builder-workspace
    builtin-copy -exclude .DS_Store -exclude CVS -exclude .svn -exclude .git -exclude .hg -resolve-src-symlinks -rename /Users/admin/builder/spi-builder-workspace/.derivedData/Build/Intermediates.noindex/APJExtensions.build/Debug-appletvos/APJExtensionsiOS-t.build/Objects-normal/arm64/APJExtensionsiOS.swiftsourceinfo /Users/admin/builder/spi-builder-workspace/.derivedData/Build/Products/Debug-appletvos/APJExtensionsiOS.swiftmodule/Project/arm64-apple-tvos.swiftsourceinfo
PruneExplicitPrecompiledModules /Users/admin/builder/spi-builder-workspace/.derivedData/Build/Intermediates.noindex/SwiftExplicitPrecompiledModules
PruneExplicitPrecompiledModules /Users/admin/builder/spi-builder-workspace/.derivedData/Build/Intermediates.noindex/ExplicitPrecompiledModules
PruneExplicitPrecompiledModules /Users/admin/builder/spi-builder-workspace/.derivedData/SDKExplicitPrecompiledModules
2026-09-16 20:34:14.149 xcodebuild[650:4189] [MT] IDERunDestination: Supported platforms for the buildables in the current scheme is empty.
** BUILD FAILED **
The following build commands failed:
	SwiftCompile normal arm64 /Users/admin/builder/spi-builder-workspace/Source/UIViewController+extension.swift (in target 'APJExtensionsiOS' from project 'APJExtensions')
	SwiftCompile normal arm64 Compiling\ UIViewController+extension.swift /Users/admin/builder/spi-builder-workspace/Source/UIViewController+extension.swift (in target 'APJExtensionsiOS' from project 'APJExtensions')
	SwiftCompile normal arm64 /Users/admin/builder/spi-builder-workspace/Source/UIWindow+extension.swift (in target 'APJExtensionsiOS' from project 'APJExtensions')
	SwiftCompile normal arm64 Compiling\ UIWindow+extension.swift /Users/admin/builder/spi-builder-workspace/Source/UIWindow+extension.swift (in target 'APJExtensionsiOS' from project 'APJExtensions')
	Building workspace APJExtensions with scheme APJExtensions
(5 failures)
Command line invocation:
    /Applications/Xcode-27.0.0-Release.Candidate.app/Contents/Developer/usr/bin/xcodebuild -IDEClonedSourcePackagesDirPathOverride=/Users/admin/builder/spi-builder-workspace/.dependencies -resolvePackageDependencies
Resolve Package Graph
Resolved source packages:
  APJExtensions: /Users/admin/builder/spi-builder-workspace
resolved source packages: APJExtensions
2026-09-16 20:34:24.588 xcodebuild[737:4574] [MT] IDERunDestination: Supported platforms for the buildables in the current scheme is empty.
{
  "dependencies" : [
  ],
  "manifest_display_name" : "APJExtensions",
  "name" : "APJExtensions",
  "path" : "/Users/admin/builder/spi-builder-workspace",
  "platforms" : [
    {
      "name" : "ios",
      "version" : "13.0"
    }
  ],
  "products" : [
    {
      "name" : "APJExtensions",
      "targets" : [
        "APJExtensionsiOS"
      ],
      "type" : {
        "library" : [
          "automatic"
        ]
      }
    }
  ],
  "targets" : [
    {
      "c99name" : "APJExtensionsiOSTests",
      "module_type" : "SwiftTarget",
      "name" : "APJExtensionsiOSTests",
      "path" : "Tests",
      "sources" : [
        "ArrayExtensionTest.swift",
        "DataExtensionTest.swift",
        "DateExtensionTest.swift",
        "DoubleExtensionTest.swift",
        "IntExtensionTest.swift",
        "NSObjectExtensionTest.swift",
        "StringExtensionTest.swift",
        "UIColorExtensionTest.swift",
        "UINavigationControllerExtensionTest.swift",
        "UITableViewExtension/OneTableViewCell.swift",
        "UITableViewExtension/TwoTableViewCell.swift",
        "UITableViewExtension/UITableViewExtensionTest.swift",
        "UIViewControllerExtension/OneNavigationViewController.swift",
        "UIViewControllerExtension/OneViewController.swift",
        "UIViewControllerExtension/TwoViewController.swift",
        "UIViewControllerExtension/UIViewControllerExtensionTest.swift",
        "UIViewExtension/CustomViewTest.swift",
        "UIViewExtension/UIViewExtensionTest.swift",
        "UserDefaultTest.swift"
      ],
      "target_dependencies" : [
        "APJExtensionsiOS"
      ],
      "type" : "test"
    },
    {
      "c99name" : "APJExtensionsiOS",
      "module_type" : "SwiftTarget",
      "name" : "APJExtensionsiOS",
      "path" : "Source",
      "product_memberships" : [
        "APJExtensions"
      ],
      "sources" : [
        "Array+extension.swift",
        "Color+extension.swift",
        "Data+extension.swift",
        "Date+extension.swift",
        "Double+Extension.swift",
        "Int+extension.swift",
        "NSObject+extension.swift",
        "String+extension.swift",
        "UIColor+extension.swift",
        "UINavigationController+extension.swift",
        "UITableView+extension.swift",
        "UIView+extension.swift",
        "UIViewController+extension.swift",
        "UIWindow+extension.swift",
        "UserDefault.swift"
      ],
      "type" : "library"
    }
  ],
  "tools_version" : "5.2"
}
{
  "workspace" : {
    "name" : "APJExtensions",
    "schemes" : [
      "APJExtensions"
    ]
  }
}
2026-09-16 20:34:25.788 xcodebuild[745:4640] [MT] IDERunDestination: Supported platforms for the buildables in the current scheme is empty.
Running build ...
env DEVELOPER_DIR=/Applications/Xcode-27.0.0-Release.Candidate.app xcrun xcodebuild -IDEClonedSourcePackagesDirPathOverride=$PWD/.dependencies -skipMacroValidation -skipPackagePluginValidation -derivedDataPath $PWD/.derivedData build -scheme APJExtensions -destination generic/platform=tvOS
Command line invocation:
    /Applications/Xcode-27.0.0-Release.Candidate.app/Contents/Developer/usr/bin/xcodebuild -IDEClonedSourcePackagesDirPathOverride=/Users/admin/builder/spi-builder-workspace/.dependencies -skipMacroValidation -skipPackagePluginValidation -derivedDataPath /Users/admin/builder/spi-builder-workspace/.derivedData build -scheme APJExtensions -destination generic/platform=tvOS
Resolve Package Graph
Resolved source packages:
  APJExtensions: /Users/admin/builder/spi-builder-workspace
ComputePackagePrebuildTargetDependencyGraph
Prepare packages
CreateBuildRequest
SendProjectDescription
CreateBuildOperation
ComputeTargetDependencyGraph
note: Building targets in dependency order
note: Target dependency graph (2 targets)
    Target 'APJExtensions-product' in project 'APJExtensions'
        ➜ Explicit dependency on target 'APJExtensionsiOS' in project 'APJExtensions'
    Target 'APJExtensionsiOS' in project 'APJExtensions' (no dependencies)
GatherProvisioningInputs
CreateBuildDescription
ClangStatCache /Applications/Xcode-27.0.0-Release.Candidate.app/Contents/Developer/Toolchains/XcodeDefault.xctoolchain/usr/bin/clang-stat-cache /Applications/Xcode-27.0.0-Release.Candidate.app/Contents/Developer/Platforms/AppleTVOS.platform/Developer/SDKs/AppleTVOS27.0.sdk /Users/admin/builder/spi-builder-workspace/.derivedData/SDKStatCaches.noindex/appletvos27.0-24J360-e829b21a6f8c9b70876ba0858053c044b32bfd8d43560033f8d89884cdb90028.sdkstatcache
    cd /Users/admin/builder/spi-builder-workspace/.swiftpm/xcode
    /Applications/Xcode-27.0.0-Release.Candidate.app/Contents/Developer/Toolchains/XcodeDefault.xctoolchain/usr/bin/clang-stat-cache /Applications/Xcode-27.0.0-Release.Candidate.app/Contents/Developer/Platforms/AppleTVOS.platform/Developer/SDKs/AppleTVOS27.0.sdk -o /Users/admin/builder/spi-builder-workspace/.derivedData/SDKStatCaches.noindex/appletvos27.0-24J360-e829b21a6f8c9b70876ba0858053c044b32bfd8d43560033f8d89884cdb90028.sdkstatcache
SwiftDriver APJExtensionsiOS normal arm64 com.apple.xcode.tools.swift.compiler (in target 'APJExtensionsiOS' from project 'APJExtensions')
    cd /Users/admin/builder/spi-builder-workspace/.swiftpm/xcode
    builtin-SwiftDriver -- /Applications/Xcode-27.0.0-Release.Candidate.app/Contents/Developer/Toolchains/XcodeDefault.xctoolchain/usr/bin/swiftc -parse-as-library -module-name APJExtensionsiOS -Onone @/Users/admin/builder/spi-builder-workspace/.derivedData/Build/Intermediates.noindex/APJExtensions.build/Debug-appletvos/APJExtensionsiOS-t.build/Objects-normal/arm64/APJExtensionsiOS.SwiftFileList -DSWIFT_PACKAGE -DDEBUG -DSWIFT_MODULE_RESOURCE_BUNDLE_UNAVAILABLE -DXcode -plugin-path /Applications/Xcode-27.0.0-Release.Candidate.app/Contents/Developer/Toolchains/XcodeDefault.xctoolchain/usr/lib/swift/host/plugins/testing -enable-experimental-feature DebugDescriptionMacro -sdk /Applications/Xcode-27.0.0-Release.Candidate.app/Contents/Developer/Platforms/AppleTVOS.platform/Developer/SDKs/AppleTVOS27.0.sdk -target arm64-apple-tvos15.0 -g -module-cache-path /Users/admin/builder/spi-builder-workspace/.derivedData/ModuleCache.noindex -Xfrontend -serialize-debugging-options -profile-coverage-mapping -profile-generate -enable-testing -index-store-path /Users/admin/builder/spi-builder-workspace/.derivedData/Index.noindex/DataStore -Xcc -D_LIBCPP_HARDENING_MODE\=_LIBCPP_HARDENING_MODE_DEBUG -swift-version 5 -I /Users/admin/builder/spi-builder-workspace/.derivedData/Build/Products/Debug-appletvos -Isystem /Applications/Xcode-27.0.0-Release.Candidate.app/Contents/Developer/Platforms/AppleTVOS.platform/Developer/usr/lib -F /Users/admin/builder/spi-builder-workspace/.derivedData/Build/Products/Debug-appletvos -F /Applications/Xcode-27.0.0-Release.Candidate.app/Contents/Developer/Platforms/AppleTVOS.platform/Developer/Library/Frameworks -F /Applications/Xcode-27.0.0-Release.Candidate.app/Contents/Developer/Platforms/AppleTVOS.platform/Developer/SDKs/AppleTVOS27.0.sdk/Developer/Library/Frameworks -c -j10 -enable-batch-mode -incremental -Xcc -ivfsstatcache -Xcc /Users/admin/builder/spi-builder-workspace/.derivedData/SDKStatCaches.noindex/appletvos27.0-24J360-e829b21a6f8c9b70876ba0858053c044b32bfd8d43560033f8d89884cdb90028.sdkstatcache -output-file-map /Users/admin/builder/spi-builder-workspace/.derivedData/Build/Intermediates.noindex/APJExtensions.build/Debug-appletvos/APJExtensionsiOS-t.build/Objects-normal/arm64/APJExtensionsiOS-OutputFileMap.json -save-temps -no-color-diagnostics -explicit-module-build -module-cache-path /Users/admin/builder/spi-builder-workspace/.derivedData/Build/Intermediates.noindex/SwiftExplicitPrecompiledModules -clang-scanner-module-cache-path /Users/admin/builder/spi-builder-workspace/.derivedData/ModuleCache.noindex -sdk-module-cache-path /Users/admin/builder/spi-builder-workspace/.derivedData/SDKExplicitPrecompiledModules -emit-dependencies -emit-module -emit-module-path /Users/admin/builder/spi-builder-workspace/.derivedData/Build/Intermediates.noindex/APJExtensions.build/Debug-appletvos/APJExtensionsiOS-t.build/Objects-normal/arm64/APJExtensionsiOS.swiftmodule -serialize-diagnostics -dependency-scan-serialize-diagnostics-path /Users/admin/builder/spi-builder-workspace/.derivedData/Build/Intermediates.noindex/APJExtensions.build/Debug-appletvos/APJExtensionsiOS-t.build/Objects-normal/arm64/APJExtensionsiOS-dependency-scan.dia -validate-clang-modules-once -clang-build-session-file /Users/admin/builder/spi-builder-workspace/.derivedData/ModuleCache.noindex/Session.modulevalidation -Xcc -fmodules-prune-interval\=86400 -Xcc -fmodules-prune-after\=345600 -emit-const-values -const-gather-protocols-list /Users/admin/builder/spi-builder-workspace/.derivedData/Build/Intermediates.noindex/APJExtensions.build/Debug-appletvos/APJExtensionsiOS-t.build/Objects-normal/arm64/APJExtensionsiOS_const_extract_protocols.json -Xcc -I/Users/admin/builder/spi-builder-workspace/.derivedData/Build/Products/Debug-appletvos/include -Xcc -I/Users/admin/builder/spi-builder-workspace/.derivedData/Build/Intermediates.noindex/APJExtensions.build/Debug-appletvos/APJExtensionsiOS-t.build/DerivedSources-normal/arm64 -Xcc -I/Users/admin/builder/spi-builder-workspace/.derivedData/Build/Intermediates.noindex/APJExtensions.build/Debug-appletvos/APJExtensionsiOS-t.build/DerivedSources/arm64 -Xcc -I/Users/admin/builder/spi-builder-workspace/.derivedData/Build/Intermediates.noindex/APJExtensions.build/Debug-appletvos/APJExtensionsiOS-t.build/DerivedSources -Xcc -DSWIFT_PACKAGE -Xcc -DDEBUG\=1 -emit-objc-header -emit-objc-header-path /Users/admin/builder/spi-builder-workspace/.derivedData/Build/Intermediates.noindex/APJExtensions.build/Debug-appletvos/APJExtensionsiOS-t.build/Objects-normal/arm64/APJExtensionsiOS-Swift.h -working-directory /Users/admin/builder/spi-builder-workspace/.swiftpm/xcode -experimental-emit-module-separately -disable-cmo
SwiftCompile normal arm64 Compiling\ Data+extension.swift,\ Date+extension.swift /Users/admin/builder/spi-builder-workspace/Source/Data+extension.swift /Users/admin/builder/spi-builder-workspace/Source/Date+extension.swift (in target 'APJExtensionsiOS' from project 'APJExtensions')
SwiftCompile normal arm64 /Users/admin/builder/spi-builder-workspace/Source/Data+extension.swift (in target 'APJExtensionsiOS' from project 'APJExtensions')
    cd /Users/admin/builder/spi-builder-workspace/.swiftpm/xcode
    builtin-SwiftPerFileCompile Data+extension.swift
SwiftCompile normal arm64 /Users/admin/builder/spi-builder-workspace/Source/Date+extension.swift (in target 'APJExtensionsiOS' from project 'APJExtensions')
    cd /Users/admin/builder/spi-builder-workspace/.swiftpm/xcode
    builtin-SwiftPerFileCompile Date+extension.swift
SwiftCompile normal arm64 Compiling\ Double+Extension.swift,\ Int+extension.swift /Users/admin/builder/spi-builder-workspace/Source/Double+Extension.swift /Users/admin/builder/spi-builder-workspace/Source/Int+extension.swift (in target 'APJExtensionsiOS' from project 'APJExtensions')
SwiftCompile normal arm64 /Users/admin/builder/spi-builder-workspace/Source/Double+Extension.swift (in target 'APJExtensionsiOS' from project 'APJExtensions')
    cd /Users/admin/builder/spi-builder-workspace/.swiftpm/xcode
    builtin-SwiftPerFileCompile Double+Extension.swift
SwiftCompile normal arm64 /Users/admin/builder/spi-builder-workspace/Source/Int+extension.swift (in target 'APJExtensionsiOS' from project 'APJExtensions')
    cd /Users/admin/builder/spi-builder-workspace/.swiftpm/xcode
    builtin-SwiftPerFileCompile Int+extension.swift
SwiftCompile normal arm64 Compiling\ NSObject+extension.swift,\ String+extension.swift /Users/admin/builder/spi-builder-workspace/Source/NSObject+extension.swift /Users/admin/builder/spi-builder-workspace/Source/String+extension.swift (in target 'APJExtensionsiOS' from project 'APJExtensions')
SwiftCompile normal arm64 /Users/admin/builder/spi-builder-workspace/Source/NSObject+extension.swift (in target 'APJExtensionsiOS' from project 'APJExtensions')
    cd /Users/admin/builder/spi-builder-workspace/.swiftpm/xcode
    builtin-SwiftPerFileCompile NSObject+extension.swift
SwiftCompile normal arm64 /Users/admin/builder/spi-builder-workspace/Source/String+extension.swift (in target 'APJExtensionsiOS' from project 'APJExtensions')
    cd /Users/admin/builder/spi-builder-workspace/.swiftpm/xcode
    builtin-SwiftPerFileCompile String+extension.swift
SwiftCompile normal arm64 Compiling\ UIView+extension.swift /Users/admin/builder/spi-builder-workspace/Source/UIView+extension.swift (in target 'APJExtensionsiOS' from project 'APJExtensions')
SwiftCompile normal arm64 /Users/admin/builder/spi-builder-workspace/Source/UIView+extension.swift (in target 'APJExtensionsiOS' from project 'APJExtensions')
    cd /Users/admin/builder/spi-builder-workspace/.swiftpm/xcode
    builtin-SwiftPerFileCompile UIView+extension.swift
SwiftEmitModule normal arm64 Emitting\ module\ for\ APJExtensionsiOS (in target 'APJExtensionsiOS' from project 'APJExtensions')
SwiftCompile normal arm64 (in target 'APJExtensionsiOS' from project 'APJExtensions')
    cd /Users/admin/builder/spi-builder-workspace/.swiftpm/xcode

SwiftCompile normal arm64 Compiling\ UIColor+extension.swift /Users/admin/builder/spi-builder-workspace/Source/UIColor+extension.swift (in target 'APJExtensionsiOS' from project 'APJExtensions')
SwiftCompile normal arm64 /Users/admin/builder/spi-builder-workspace/Source/UIColor+extension.swift (in target 'APJExtensionsiOS' from project 'APJExtensions')
    cd /Users/admin/builder/spi-builder-workspace/.swiftpm/xcode
    builtin-SwiftPerFileCompile UIColor+extension.swift
SwiftCompile normal arm64 Compiling\ Array+extension.swift,\ Color+extension.swift /Users/admin/builder/spi-builder-workspace/Source/Array+extension.swift /Users/admin/builder/spi-builder-workspace/Source/Color+extension.swift (in target 'APJExtensionsiOS' from project 'APJExtensions')
SwiftCompile normal arm64 /Users/admin/builder/spi-builder-workspace/Source/Array+extension.swift (in target 'APJExtensionsiOS' from project 'APJExtensions')
    cd /Users/admin/builder/spi-builder-workspace/.swiftpm/xcode
    builtin-SwiftPerFileCompile Array+extension.swift
SwiftCompile normal arm64 /Users/admin/builder/spi-builder-workspace/Source/Color+extension.swift (in target 'APJExtensionsiOS' from project 'APJExtensions')
    cd /Users/admin/builder/spi-builder-workspace/.swiftpm/xcode
    builtin-SwiftPerFileCompile Color+extension.swift
SwiftCompile normal arm64 Compiling\ UIViewController+extension.swift /Users/admin/builder/spi-builder-workspace/Source/UIViewController+extension.swift (in target 'APJExtensionsiOS' from project 'APJExtensions')
SwiftCompile normal arm64 /Users/admin/builder/spi-builder-workspace/Source/UIViewController+extension.swift (in target 'APJExtensionsiOS' from project 'APJExtensions')
    cd /Users/admin/builder/spi-builder-workspace/.swiftpm/xcode
    builtin-SwiftPerFileCompile UIViewController+extension.swift
SwiftCompile normal arm64 Compiling\ UIWindow+extension.swift /Users/admin/builder/spi-builder-workspace/Source/UIWindow+extension.swift (in target 'APJExtensionsiOS' from project 'APJExtensions')
/Users/admin/builder/spi-builder-workspace/Source/UIWindow+extension.swift:33:35: error: 'modalPresentationCapturesStatusBarAppearance' is unavailable in tvOS
31 |
32 |         let completionCallback: (Bool) -> Void = { (Bool) in
33 |             replacementController.modalPresentationCapturesStatusBarAppearance = true
   |                                   `- error: 'modalPresentationCapturesStatusBarAppearance' is unavailable in tvOS
34 |             replacementController.setNeedsStatusBarAppearanceUpdate()
35 |             completion?()
/Applications/Xcode-27.0.0-Release.Candidate.app/Contents/Developer/Platforms/AppleTVOS.platform/Developer/SDKs/AppleTVOS27.0.sdk/System/Library/Frameworks/UIKit.framework/Headers/UIViewController.h:297:34: note: 'modalPresentationCapturesStatusBarAppearance' has been explicitly marked unavailable here
295 |
296 | // This controls whether this view controller takes over control of the status bar's appearance when presented non-full screen on another view controller. Defaults to NO.
297 | @property(nonatomic,assign) BOOL modalPresentationCapturesStatusBarAppearance API_AVAILABLE(ios(7.0)) API_UNAVAILABLE(tvos);
    |                                  `- note: 'modalPresentationCapturesStatusBarAppearance' has been explicitly marked unavailable here
298 |
299 | // Presentation modes may keep the keyboard visible when not required. Default implementation affects UIModalPresentationFormSheet visibility.
/Users/admin/builder/spi-builder-workspace/Source/UIWindow+extension.swift:34:35: error: 'setNeedsStatusBarAppearanceUpdate()' is unavailable in tvOS
32 |         let completionCallback: (Bool) -> Void = { (Bool) in
33 |             replacementController.modalPresentationCapturesStatusBarAppearance = true
34 |             replacementController.setNeedsStatusBarAppearanceUpdate()
   |                                   `- error: 'setNeedsStatusBarAppearanceUpdate()' is unavailable in tvOS
35 |             completion?()
36 |         }
/Applications/Xcode-27.0.0-Release.Candidate.app/Contents/Developer/Platforms/AppleTVOS.platform/Developer/SDKs/AppleTVOS27.0.sdk/System/Library/Frameworks/UIKit.framework/Headers/UIViewController.h:334:1: note: 'setNeedsStatusBarAppearanceUpdate()' has been explicitly marked unavailable here
332 |
333 | // This should be called whenever the return values for the view controller's status bar attributes have changed. If it is called from within an animation block, the changes will be animated along with the rest of the animation block.
334 | - (void)setNeedsStatusBarAppearanceUpdate API_AVAILABLE(ios(7.0)) API_UNAVAILABLE(tvos, visionos);
    | `- note: 'setNeedsStatusBarAppearanceUpdate()' has been explicitly marked unavailable here
335 |
336 | /* This method returns either itself or the nearest ancestor that can perform the given action and, if applicable, has overridden UIViewController's default implementation of the action method. View controllers can return NO from canPerformAction:withSender: to opt out of being a target for a given action. */
Failed frontend command:
/Applications/Xcode-27.0.0-Release.Candidate.app/Contents/Developer/Toolchains/XcodeDefault.xctoolchain/usr/bin/swift-frontend -frontend -c /Users/admin/builder/spi-builder-workspace/Source/Array+extension.swift /Users/admin/builder/spi-builder-workspace/Source/Color+extension.swift /Users/admin/builder/spi-builder-workspace/Source/Data+extension.swift /Users/admin/builder/spi-builder-workspace/Source/Date+extension.swift /Users/admin/builder/spi-builder-workspace/Source/Double+Extension.swift /Users/admin/builder/spi-builder-workspace/Source/Int+extension.swift /Users/admin/builder/spi-builder-workspace/Source/NSObject+extension.swift /Users/admin/builder/spi-builder-workspace/Source/String+extension.swift /Users/admin/builder/spi-builder-workspace/Source/UIColor+extension.swift /Users/admin/builder/spi-builder-workspace/Source/UINavigationController+extension.swift /Users/admin/builder/spi-builder-workspace/Source/UITableView+extension.swift /Users/admin/builder/spi-builder-workspace/Source/UIView+extension.swift /Users/admin/builder/spi-builder-workspace/Source/UIViewController+extension.swift -primary-file /Users/admin/builder/spi-builder-workspace/Source/UIWindow+extension.swift /Users/admin/builder/spi-builder-workspace/Source/UserDefault.swift -emit-dependencies-path /Users/admin/builder/spi-builder-workspace/.derivedData/Build/Intermediates.noindex/APJExtensions.build/Debug-appletvos/APJExtensionsiOS-t.build/Objects-normal/arm64/UIWindow+extension.d -emit-const-values-path /Users/admin/builder/spi-builder-workspace/.derivedData/Build/Intermediates.noindex/APJExtensions.build/Debug-appletvos/APJExtensionsiOS-t.build/Objects-normal/arm64/UIWindow+extension.swiftconstvalues -emit-reference-dependencies-path /Users/admin/builder/spi-builder-workspace/.derivedData/Build/Intermediates.noindex/APJExtensions.build/Debug-appletvos/APJExtensionsiOS-t.build/Objects-normal/arm64/UIWindow+extension.swiftdeps -serialize-diagnostics-path /Users/admin/builder/spi-builder-workspace/.derivedData/Build/Intermediates.noindex/APJExtensions.build/Debug-appletvos/APJExtensionsiOS-t.build/Objects-normal/arm64/UIWindow+extension.dia -target arm64-apple-tvos15.0 -disable-cross-import-overlay-search -load-resolved-plugin /Applications/Xcode-27.0.0-Release.Candidate.app/Contents/Developer/Platforms/AppleTVOS.platform/Developer/usr/lib/swift/host/plugins/libFoundationMacros.dylib\#/Applications/Xcode-27.0.0-Release.Candidate.app/Contents/Developer/Platforms/AppleTVOS.platform/Developer/usr/bin/swift-plugin-server\#FoundationMacros -load-resolved-plugin /Applications/Xcode-27.0.0-Release.Candidate.app/Contents/Developer/Platforms/AppleTVOS.platform/Developer/usr/lib/swift/host/plugins/libObservationMacros.dylib\#/Applications/Xcode-27.0.0-Release.Candidate.app/Contents/Developer/Platforms/AppleTVOS.platform/Developer/usr/bin/swift-plugin-server\#ObservationMacros -load-resolved-plugin /Applications/Xcode-27.0.0-Release.Candidate.app/Contents/Developer/Platforms/AppleTVOS.platform/Developer/usr/lib/swift/host/plugins/libPreviewsMacros.dylib\#/Applications/Xcode-27.0.0-Release.Candidate.app/Contents/Developer/Platforms/AppleTVOS.platform/Developer/usr/bin/swift-plugin-server\#PreviewsMacros -load-resolved-plugin /Applications/Xcode-27.0.0-Release.Candidate.app/Contents/Developer/Platforms/AppleTVOS.platform/Developer/usr/lib/swift/host/plugins/libSwiftMacros.dylib\#/Applications/Xcode-27.0.0-Release.Candidate.app/Contents/Developer/Platforms/AppleTVOS.platform/Developer/usr/bin/swift-plugin-server\#SwiftMacros -load-resolved-plugin /Applications/Xcode-27.0.0-Release.Candidate.app/Contents/Developer/Platforms/AppleTVOS.platform/Developer/usr/lib/swift/host/plugins/libSwiftUIMacros.dylib\#/Applications/Xcode-27.0.0-Release.Candidate.app/Contents/Developer/Platforms/AppleTVOS.platform/Developer/usr/bin/swift-plugin-server\#SwiftUIMacros -disable-implicit-swift-modules -Xcc -fno-implicit-modules -Xcc -fno-implicit-module-maps -explicit-swift-module-map-file /Users/admin/builder/spi-builder-workspace/.derivedData/Build/Intermediates.noindex/APJExtensions.build/Debug-appletvos/APJExtensionsiOS-t.build/Objects-normal/arm64/APJExtensionsiOS-dependencies-1.json -Xllvm -aarch64-use-tbi -enable-objc-interop -stack-check -sdk /Applications/Xcode-27.0.0-Release.Candidate.app/Contents/Developer/Platforms/AppleTVOS.platform/Developer/SDKs/AppleTVOS27.0.sdk -I /Users/admin/builder/spi-builder-workspace/.derivedData/Build/Products/Debug-appletvos -Isystem /Applications/Xcode-27.0.0-Release.Candidate.app/Contents/Developer/Platforms/AppleTVOS.platform/Developer/usr/lib -F /Users/admin/builder/spi-builder-workspace/.derivedData/Build/Products/Debug-appletvos -F /Applications/Xcode-27.0.0-Release.Candidate.app/Contents/Developer/Platforms/AppleTVOS.platform/Developer/Library/Frameworks -F /Applications/Xcode-27.0.0-Release.Candidate.app/Contents/Developer/Platforms/AppleTVOS.platform/Developer/SDKs/AppleTVOS27.0.sdk/Developer/Library/Frameworks -module-cache-path /Users/admin/builder/spi-builder-workspace/.derivedData/Build/Intermediates.noindex/SwiftExplicitPrecompiledModules -no-color-diagnostics -Xcc -fno-color-diagnostics -enable-testing -g -debug-info-format\=dwarf -dwarf-version\=4 -profile-generate -profile-coverage-mapping -swift-version 5 -Onone -D SWIFT_PACKAGE -D DEBUG -D SWIFT_MODULE_RESOURCE_BUNDLE_UNAVAILABLE -D Xcode -serialize-debugging-options -enable-experimental-feature DebugDescriptionMacro -empty-abi-descriptor -validate-clang-modules-once -clang-build-session-file /Users/admin/builder/spi-builder-workspace/.derivedData/ModuleCache.noindex/Session.modulevalidation -Xcc -working-directory -Xcc /Users/admin/builder/spi-builder-workspace/.swiftpm/xcode -enable-anonymous-context-mangled-names -file-compilation-dir /Users/admin/builder/spi-builder-workspace/.swiftpm/xcode -Xcc -D_LIBCPP_HARDENING_MODE\=_LIBCPP_HARDENING_MODE_DEBUG -Xcc -ivfsstatcache -Xcc /Users/admin/builder/spi-builder-workspace/.derivedData/SDKStatCaches.noindex/appletvos27.0-24J360-e829b21a6f8c9b70876ba0858053c044b32bfd8d43560033f8d89884cdb90028.sdkstatcache -Xcc -fmodules-prune-interval\=86400 -Xcc -fmodules-prune-after\=345600 -Xcc -I/Users/admin/builder/spi-builder-workspace/.derivedData/Build/Products/Debug-appletvos/include -Xcc -I/Users/admin/builder/spi-builder-workspace/.derivedData/Build/Intermediates.noindex/APJExtensions.build/Debug-appletvos/APJExtensionsiOS-t.build/DerivedSources-normal/arm64 -Xcc -I/Users/admin/builder/spi-builder-workspace/.derivedData/Build/Intermediates.noindex/APJExtensions.build/Debug-appletvos/APJExtensionsiOS-t.build/DerivedSources/arm64 -Xcc -I/Users/admin/builder/spi-builder-workspace/.derivedData/Build/Intermediates.noindex/APJExtensions.build/Debug-appletvos/APJExtensionsiOS-t.build/DerivedSources -Xcc -DSWIFT_PACKAGE -Xcc -DDEBUG\=1 -no-auto-bridging-header-chaining -module-name APJExtensionsiOS -const-gather-protocols-file /Users/admin/builder/spi-builder-workspace/.derivedData/Build/Intermediates.noindex/APJExtensions.build/Debug-appletvos/APJExtensionsiOS-t.build/Objects-normal/arm64/APJExtensionsiOS_const_extract_protocols.json -disable-clang-spi -clang-target arm64-apple-tvos27.0 -target-sdk-version 27.0 -target-sdk-name appletvos27.0 -in-process-plugin-server-path /Applications/Xcode-27.0.0-Release.Candidate.app/Contents/Developer/Toolchains/XcodeDefault.xctoolchain/usr/lib/swift/host/libSwiftInProcPluginServer.dylib -parse-as-library -o /Users/admin/builder/spi-builder-workspace/.derivedData/Build/Intermediates.noindex/APJExtensions.build/Debug-appletvos/APJExtensionsiOS-t.build/Objects-normal/arm64/UIWindow+extension.o -debug-module-path /Users/admin/builder/spi-builder-workspace/.derivedData/Build/Intermediates.noindex/APJExtensions.build/Debug-appletvos/APJExtensionsiOS-t.build/Objects-normal/arm64/APJExtensionsiOS.swiftmodule -index-unit-output-path /APJExtensions.build/Debug-appletvos/APJExtensionsiOS-t.build/Objects-normal/arm64/UIWindow+extension.o -index-store-path /Users/admin/builder/spi-builder-workspace/.derivedData/Index.noindex/DataStore -index-system-modules
SwiftCompile normal arm64 /Users/admin/builder/spi-builder-workspace/Source/UIWindow+extension.swift (in target 'APJExtensionsiOS' from project 'APJExtensions')
    cd /Users/admin/builder/spi-builder-workspace/.swiftpm/xcode
    builtin-SwiftPerFileCompile UIWindow+extension.swift
SwiftCompile normal arm64 Compiling\ UITableView+extension.swift /Users/admin/builder/spi-builder-workspace/Source/UITableView+extension.swift (in target 'APJExtensionsiOS' from project 'APJExtensions')
SwiftCompile normal arm64 /Users/admin/builder/spi-builder-workspace/Source/UITableView+extension.swift (in target 'APJExtensionsiOS' from project 'APJExtensions')
    cd /Users/admin/builder/spi-builder-workspace/.swiftpm/xcode
    builtin-SwiftPerFileCompile UITableView+extension.swift
SwiftCompile normal arm64 Compiling\ UINavigationController+extension.swift /Users/admin/builder/spi-builder-workspace/Source/UINavigationController+extension.swift (in target 'APJExtensionsiOS' from project 'APJExtensions')
SwiftCompile normal arm64 /Users/admin/builder/spi-builder-workspace/Source/UINavigationController+extension.swift (in target 'APJExtensionsiOS' from project 'APJExtensions')
    cd /Users/admin/builder/spi-builder-workspace/.swiftpm/xcode
    builtin-SwiftPerFileCompile UINavigationController+extension.swift
PruneExplicitPrecompiledModules /Users/admin/builder/spi-builder-workspace/.derivedData/SDKExplicitPrecompiledModules
PruneExplicitPrecompiledModules /Users/admin/builder/spi-builder-workspace/.derivedData/Build/Intermediates.noindex/ExplicitPrecompiledModules
PruneExplicitPrecompiledModules /Users/admin/builder/spi-builder-workspace/.derivedData/Build/Intermediates.noindex/SwiftExplicitPrecompiledModules
2026-09-16 20:34:26.715 xcodebuild[746:4663] [MT] IDERunDestination: Supported platforms for the buildables in the current scheme is empty.
** BUILD FAILED **
The following build commands failed:
	SwiftCompile normal arm64 Compiling\ UIWindow+extension.swift /Users/admin/builder/spi-builder-workspace/Source/UIWindow+extension.swift (in target 'APJExtensionsiOS' from project 'APJExtensions')
	SwiftCompile normal arm64 /Users/admin/builder/spi-builder-workspace/Source/UIWindow+extension.swift (in target 'APJExtensionsiOS' from project 'APJExtensions')
	Building workspace APJExtensions with scheme APJExtensions
(3 failures)
BUILD FAILURE 6.4 tvOS