The Swift Package Index logo.Swift Package Index

Build Information

Failed to build swift-prefs, reference main (ad178d), with Swift 6.3 for Wasm on 17 Jul 2026 23:05:02 UTC.

Build Command

bash -c docker run --pull=always --rm -v "checkouts-54344847-1":/host -w "$PWD" -e JAVA_HOME="/root/.sdkman/candidates/java/current" -e SPI_BUILD="1" -e SPI_PROCESSING="1" registry.gitlab.com/saguaro1/spi-images:wasm-6.3-latest swift build --swift-sdk swift-6.3.2-RELEASE_wasm 2>&1

Build Log

========================================
RunAll
========================================
Builder version: 333316120c8b89ed7d21f1b34865290794301d91
Interrupt handler set up.
========================================
Checkout
========================================
Clone URL: https://github.com/orchetect/swift-prefs.git
Reference: main
Initialized empty Git repository in /host/spi-builder-workspace/.git/
hint: Using 'master' as the name for the initial branch. This default branch name
hint: is subject to change. To configure the initial branch name to use in all
hint: of your new repositories, which will suppress this warning, call:
hint:
hint: 	git config --global init.defaultBranch <name>
hint:
hint: Names commonly chosen instead of 'master' are 'main', 'trunk' and
hint: 'development'. The just-created branch can be renamed via this command:
hint:
hint: 	git branch -m <name>
From https://github.com/orchetect/swift-prefs
 * branch            main       -> FETCH_HEAD
 * [new branch]      main       -> origin/main
HEAD is now at ad178d8 Updated GitHub CI
Cloned https://github.com/orchetect/swift-prefs.git
Revision (git rev-parse @):
ad178d8f670cd50b4f68e30888fe7b6a4738e023
SUCCESS checkout https://github.com/orchetect/swift-prefs.git at main
========================================
Build
========================================
Selected platform:         wasm
Swift version:             6.3
Building package at path:  $PWD
https://github.com/orchetect/swift-prefs.git
Running build ...
bash -c docker run --pull=always --rm -v "checkouts-54344847-1":/host -w "$PWD" -e JAVA_HOME="/root/.sdkman/candidates/java/current" -e SPI_BUILD="1" -e SPI_PROCESSING="1" registry.gitlab.com/saguaro1/spi-images:wasm-6.3-latest swift build --swift-sdk swift-6.3.2-RELEASE_wasm 2>&1
wasm-6.3-latest: Pulling from saguaro1/spi-images
Digest: sha256:501b6bfc4ca8a27c305c68f9d5c778f996de82635741ab45476a03ffa6fa26d2
Status: Image is up to date for registry.gitlab.com/saguaro1/spi-images:wasm-6.3-latest
Fetching https://github.com/swiftlang/swift-syntax.git
[1/76057] Fetching swift-syntax
Fetched https://github.com/swiftlang/swift-syntax.git from cache (3.56s)
Computing version for https://github.com/swiftlang/swift-syntax.git
Computed https://github.com/swiftlang/swift-syntax.git at 603.0.2 (4.95s)
Creating working copy for https://github.com/swiftlang/swift-syntax.git
Working copy of https://github.com/swiftlang/swift-syntax.git resolved at 603.0.2
Downloading package prebuilt https://download.swift.org/prebuilts/swift-syntax/603.0.2/swift-6.3.2-RELEASE-ubuntu_jammy_x86_64-MacroSupport.tar.gz
Downloaded https://download.swift.org/prebuilts/swift-syntax/603.0.2/swift-6.3.2-RELEASE-ubuntu_jammy_x86_64-MacroSupport.tar.gz (0.25s)
Building for debugging...
[0/48] Write sources
[25/48] Compiling _SwiftSyntaxCShims PlatformMutex.c
[26/48] Write swift-version-24593BA9C3E375BF.txt
error: emit-module command failed with exit code 1 (use -v to see invocation)
[28/200] Emitting module SwiftPrefsTypes
/host/spi-builder-workspace/Sources/SwiftPrefsTypes/PrefsCodable Prototypes/CodableArrayPrefsCoding.swift:7:8: error: no such module 'Combine'
 5 | //
 6 |
 7 | import Combine
   |        `- error: no such module 'Combine'
 8 | import Foundation
 9 |
error: emit-module command failed with exit code 1 (use -v to see invocation)
/host/spi-builder-workspace/Sources/SwiftPrefsTypes/PrefsCodable Prototypes/CodableArrayPrefsCoding.swift:7:8: error: no such module 'Combine'
 5 | //
 6 |
 7 | import Combine
   |        `- error: no such module 'Combine'
 8 | import Foundation
 9 |
[30/218] Emitting module SwiftSyntax602
[31/218] Compiling SwiftSyntax602 Empty.swift
[32/219] Compiling SwiftSyntax603 Empty.swift
[33/219] Emitting module SwiftSyntax603
[35/220] Wrapping AST for SwiftSyntax602 for debugging
[37/220] Emitting module SwiftSyntax510
[38/220] Compiling SwiftSyntax510 Empty.swift
[38/221] Wrapping AST for SwiftSyntax603 for debugging
[41/221] Emitting module SwiftSyntax601
[42/221] Compiling SwiftSyntax601 Empty.swift
[42/222] Wrapping AST for SwiftSyntax510 for debugging
[45/222] Compiling SwiftSyntax509 Empty.swift
[46/222] Emitting module SwiftSyntax509
[46/223] Wrapping AST for SwiftSyntax601 for debugging
[48/223] Wrapping AST for SwiftSyntax509 for debugging
[50/223] Compiling SwiftSyntax600 Empty.swift
[51/223] Emitting module SwiftSyntax600
[52/224] Wrapping AST for SwiftSyntax600 for debugging
[54/287] Compiling SwiftSyntax Keyword.swift
/host/spi-builder-workspace/Sources/SwiftPrefsTypes/PrefsCodable Prototypes/CodableArrayPrefsCoding.swift:7:8: error: no such module 'Combine'
 5 | //
 6 |
 7 | import Combine
   |        `- error: no such module 'Combine'
 8 | import Foundation
 9 |
[55/287] Compiling SwiftSyntax RenamedChildrenCompatibility.swift
/host/spi-builder-workspace/Sources/SwiftPrefsTypes/PrefsCodable Prototypes/CodableArrayPrefsCoding.swift:7:8: error: no such module 'Combine'
 5 | //
 6 |
 7 | import Combine
   |        `- error: no such module 'Combine'
 8 | import Foundation
 9 |
[56/287] Compiling SwiftSyntax RenamedNodesCompatibility.swift
/host/spi-builder-workspace/Sources/SwiftPrefsTypes/PrefsCodable Prototypes/CodableArrayPrefsCoding.swift:7:8: error: no such module 'Combine'
 5 | //
 6 |
 7 | import Combine
   |        `- error: no such module 'Combine'
 8 | import Foundation
 9 |
[57/287] Compiling SwiftSyntax SyntaxAnyVisitor.swift
/host/spi-builder-workspace/Sources/SwiftPrefsTypes/PrefsCodable Prototypes/CodableArrayPrefsCoding.swift:7:8: error: no such module 'Combine'
 5 | //
 6 |
 7 | import Combine
   |        `- error: no such module 'Combine'
 8 | import Foundation
 9 |
[58/287] Compiling SwiftSyntax SyntaxBaseNodes.swift
/host/spi-builder-workspace/Sources/SwiftPrefsTypes/PrefsCodable Prototypes/CodableArrayPrefsCoding.swift:7:8: error: no such module 'Combine'
 5 | //
 6 |
 7 | import Combine
   |        `- error: no such module 'Combine'
 8 | import Foundation
 9 |
[59/287] Compiling SwiftSyntax SyntaxCollections.swift
/host/spi-builder-workspace/Sources/SwiftPrefsTypes/PrefsCodable Prototypes/CodableArrayPrefsCoding.swift:7:8: error: no such module 'Combine'
 5 | //
 6 |
 7 | import Combine
   |        `- error: no such module 'Combine'
 8 | import Foundation
 9 |
[60/287] Compiling SwiftSyntax SyntaxEnum.swift
/host/spi-builder-workspace/Sources/SwiftPrefsTypes/PrefsCodable Prototypes/CodableArrayPrefsCoding.swift:7:8: error: no such module 'Combine'
 5 | //
 6 |
 7 | import Combine
   |        `- error: no such module 'Combine'
 8 | import Foundation
 9 |
[61/287] Compiling SwiftSyntax SyntaxKind.swift
/host/spi-builder-workspace/Sources/SwiftPrefsTypes/PrefsCodable Prototypes/CodableArrayPrefsCoding.swift:7:8: error: no such module 'Combine'
 5 | //
 6 |
 7 | import Combine
   |        `- error: no such module 'Combine'
 8 | import Foundation
 9 |
[62/287] Compiling SwiftSyntax RawSyntaxNodesEF.swift
/host/spi-builder-workspace/Sources/SwiftPrefsTypes/PrefsCodable Prototypes/CodableArrayPrefsCoding.swift:7:8: error: no such module 'Combine'
 5 | //
 6 |
 7 | import Combine
   |        `- error: no such module 'Combine'
 8 | import Foundation
 9 |
[63/287] Compiling SwiftSyntax RawSyntaxNodesGHI.swift
/host/spi-builder-workspace/Sources/SwiftPrefsTypes/PrefsCodable Prototypes/CodableArrayPrefsCoding.swift:7:8: error: no such module 'Combine'
 5 | //
 6 |
 7 | import Combine
   |        `- error: no such module 'Combine'
 8 | import Foundation
 9 |
[64/287] Compiling SwiftSyntax RawSyntaxNodesAB.swift
/host/spi-builder-workspace/Sources/SwiftPrefsTypes/PrefsCodable Prototypes/CodableArrayPrefsCoding.swift:7:8: error: no such module 'Combine'
 5 | //
 6 |
 7 | import Combine
   |        `- error: no such module 'Combine'
 8 | import Foundation
 9 |
[65/287] Compiling SwiftSyntax RawSyntaxNodesC.swift
/host/spi-builder-workspace/Sources/SwiftPrefsTypes/PrefsCodable Prototypes/CodableArrayPrefsCoding.swift:7:8: error: no such module 'Combine'
 5 | //
 6 |
 7 | import Combine
   |        `- error: no such module 'Combine'
 8 | import Foundation
 9 |
[66/287] Compiling SwiftSyntax RawSyntaxNodesD.swift
/host/spi-builder-workspace/Sources/SwiftPrefsTypes/PrefsCodable Prototypes/CodableArrayPrefsCoding.swift:7:8: error: no such module 'Combine'
 5 | //
 6 |
 7 | import Combine
   |        `- error: no such module 'Combine'
 8 | import Foundation
 9 |
[67/287] Compiling SwiftPrefsTypes PrefsCodable.swift
/host/spi-builder-workspace/Sources/SwiftPrefsTypes/PrefsCodable Prototypes/CodableArrayPrefsCoding.swift:7:8: error: no such module 'Combine'
 5 | //
 6 |
 7 | import Combine
   |        `- error: no such module 'Combine'
 8 | import Foundation
 9 |
[68/287] Compiling SwiftPrefsTypes PrefsCodable+RawRepresentable.swift
/host/spi-builder-workspace/Sources/SwiftPrefsTypes/PrefsCodable Prototypes/CodableArrayPrefsCoding.swift:7:8: error: no such module 'Combine'
 5 | //
 6 |
 7 | import Combine
   |        `- error: no such module 'Combine'
 8 | import Foundation
 9 |
[69/287] Compiling SwiftPrefsTypes RawRepresentablePrefsCodable.swift
/host/spi-builder-workspace/Sources/SwiftPrefsTypes/PrefsCodable Prototypes/CodableArrayPrefsCoding.swift:7:8: error: no such module 'Combine'
 5 | //
 6 |
 7 | import Combine
   |        `- error: no such module 'Combine'
 8 | import Foundation
 9 |
[70/287] Compiling SwiftPrefsTypes PrefsKey Prototypes.swift
/host/spi-builder-workspace/Sources/SwiftPrefsTypes/PrefsCodable Prototypes/CodableArrayPrefsCoding.swift:7:8: error: no such module 'Combine'
 5 | //
 6 |
 7 | import Combine
   |        `- error: no such module 'Combine'
 8 | import Foundation
 9 |
[71/287] Compiling SwiftPrefsTypes DefaultedPrefsKey.swift
/host/spi-builder-workspace/Sources/SwiftPrefsTypes/PrefsCodable Prototypes/CodableArrayPrefsCoding.swift:7:8: error: no such module 'Combine'
 5 | //
 6 |
 7 | import Combine
   |        `- error: no such module 'Combine'
 8 | import Foundation
 9 |
[72/287] Compiling SwiftPrefsTypes PrefsKey.swift
/host/spi-builder-workspace/Sources/SwiftPrefsTypes/PrefsCodable Prototypes/CodableArrayPrefsCoding.swift:7:8: error: no such module 'Combine'
 5 | //
 6 |
 7 | import Combine
   |        `- error: no such module 'Combine'
 8 | import Foundation
 9 |
[73/287] Compiling SwiftPrefsTypes AnyPrefsSchema.swift
/host/spi-builder-workspace/Sources/SwiftPrefsTypes/PrefsCodable Prototypes/CodableArrayPrefsCoding.swift:7:8: error: no such module 'Combine'
 5 | //
 6 |
 7 | import Combine
   |        `- error: no such module 'Combine'
 8 | import Foundation
 9 |
[74/287] Compiling SwiftSyntax Identifier.swift
/host/spi-builder-workspace/Sources/SwiftPrefsTypes/PrefsCodable Prototypes/CodableArrayPrefsCoding.swift:7:8: error: no such module 'Combine'
 5 | //
 6 |
 7 | import Combine
   |        `- error: no such module 'Combine'
 8 | import Foundation
 9 |
[75/287] Compiling SwiftSyntax MemoryLayout.swift
/host/spi-builder-workspace/Sources/SwiftPrefsTypes/PrefsCodable Prototypes/CodableArrayPrefsCoding.swift:7:8: error: no such module 'Combine'
 5 | //
 6 |
 7 | import Combine
   |        `- error: no such module 'Combine'
 8 | import Foundation
 9 |
[76/287] Compiling SwiftSyntax MissingNodeInitializers.swift
/host/spi-builder-workspace/Sources/SwiftPrefsTypes/PrefsCodable Prototypes/CodableArrayPrefsCoding.swift:7:8: error: no such module 'Combine'
 5 | //
 6 |
 7 | import Combine
   |        `- error: no such module 'Combine'
 8 | import Foundation
 9 |
[77/287] Compiling SwiftSyntax RawSyntax.swift
/host/spi-builder-workspace/Sources/SwiftPrefsTypes/PrefsCodable Prototypes/CodableArrayPrefsCoding.swift:7:8: error: no such module 'Combine'
 5 | //
 6 |
 7 | import Combine
   |        `- error: no such module 'Combine'
 8 | import Foundation
 9 |
[78/287] Compiling SwiftSyntax RawSyntaxArena.swift
/host/spi-builder-workspace/Sources/SwiftPrefsTypes/PrefsCodable Prototypes/CodableArrayPrefsCoding.swift:7:8: error: no such module 'Combine'
 5 | //
 6 |
 7 | import Combine
   |        `- error: no such module 'Combine'
 8 | import Foundation
 9 |
[79/287] Compiling SwiftSyntax RawSyntaxLayoutView.swift
/host/spi-builder-workspace/Sources/SwiftPrefsTypes/PrefsCodable Prototypes/CodableArrayPrefsCoding.swift:7:8: error: no such module 'Combine'
 5 | //
 6 |
 7 | import Combine
   |        `- error: no such module 'Combine'
 8 | import Foundation
 9 |
[80/287] Compiling SwiftSyntax RawSyntaxNodeProtocol.swift
/host/spi-builder-workspace/Sources/SwiftPrefsTypes/PrefsCodable Prototypes/CodableArrayPrefsCoding.swift:7:8: error: no such module 'Combine'
 5 | //
 6 |
 7 | import Combine
   |        `- error: no such module 'Combine'
 8 | import Foundation
 9 |
[81/287] Compiling SwiftSyntax RawSyntaxTokenView.swift
/host/spi-builder-workspace/Sources/SwiftPrefsTypes/PrefsCodable Prototypes/CodableArrayPrefsCoding.swift:7:8: error: no such module 'Combine'
 5 | //
 6 |
 7 | import Combine
   |        `- error: no such module 'Combine'
 8 | import Foundation
 9 |
[82/287] Compiling SwiftSyntax SourceEdit.swift
/host/spi-builder-workspace/Sources/SwiftPrefsTypes/PrefsCodable Prototypes/CodableArrayPrefsCoding.swift:7:8: error: no such module 'Combine'
 5 | //
 6 |
 7 | import Combine
   |        `- error: no such module 'Combine'
 8 | import Foundation
 9 |
[83/287] Compiling SwiftSyntax ChildNameForKeyPath.swift
/host/spi-builder-workspace/Sources/SwiftPrefsTypes/PrefsCodable Prototypes/CodableArrayPrefsCoding.swift:7:8: error: no such module 'Combine'
 5 | //
 6 |
 7 | import Combine
   |        `- error: no such module 'Combine'
 8 | import Foundation
 9 |
[84/287] Compiling SwiftSyntax SyntaxChildren.swift
/host/spi-builder-workspace/Sources/SwiftPrefsTypes/PrefsCodable Prototypes/CodableArrayPrefsCoding.swift:7:8: error: no such module 'Combine'
 5 | //
 6 |
 7 | import Combine
   |        `- error: no such module 'Combine'
 8 | import Foundation
 9 |
[85/287] Compiling SwiftSyntax SyntaxCollection.swift
/host/spi-builder-workspace/Sources/SwiftPrefsTypes/PrefsCodable Prototypes/CodableArrayPrefsCoding.swift:7:8: error: no such module 'Combine'
 5 | //
 6 |
 7 | import Combine
   |        `- error: no such module 'Combine'
 8 | import Foundation
 9 |
[86/287] Compiling SwiftSyntax SyntaxHashable.swift
/host/spi-builder-workspace/Sources/SwiftPrefsTypes/PrefsCodable Prototypes/CodableArrayPrefsCoding.swift:7:8: error: no such module 'Combine'
 5 | //
 6 |
 7 | import Combine
   |        `- error: no such module 'Combine'
 8 | import Foundation
 9 |
[87/287] Compiling SwiftSyntax SyntaxIdentifier.swift
/host/spi-builder-workspace/Sources/SwiftPrefsTypes/PrefsCodable Prototypes/CodableArrayPrefsCoding.swift:7:8: error: no such module 'Combine'
 5 | //
 6 |
 7 | import Combine
   |        `- error: no such module 'Combine'
 8 | import Foundation
 9 |
[88/287] Compiling SwiftSyntax SyntaxRewriter.swift
/host/spi-builder-workspace/Sources/SwiftPrefsTypes/PrefsCodable Prototypes/CodableArrayPrefsCoding.swift:7:8: error: no such module 'Combine'
 5 | //
 6 |
 7 | import Combine
   |        `- error: no such module 'Combine'
 8 | import Foundation
 9 |
[89/287] Compiling SwiftSyntax SyntaxTraits.swift
/host/spi-builder-workspace/Sources/SwiftPrefsTypes/PrefsCodable Prototypes/CodableArrayPrefsCoding.swift:7:8: error: no such module 'Combine'
 5 | //
 6 |
 7 | import Combine
   |        `- error: no such module 'Combine'
 8 | import Foundation
 9 |
[90/287] Compiling SwiftSyntax SyntaxVisitor.swift
/host/spi-builder-workspace/Sources/SwiftPrefsTypes/PrefsCodable Prototypes/CodableArrayPrefsCoding.swift:7:8: error: no such module 'Combine'
 5 | //
 6 |
 7 | import Combine
   |        `- error: no such module 'Combine'
 8 | import Foundation
 9 |
[91/287] Compiling SwiftSyntax TokenKind.swift
/host/spi-builder-workspace/Sources/SwiftPrefsTypes/PrefsCodable Prototypes/CodableArrayPrefsCoding.swift:7:8: error: no such module 'Combine'
 5 | //
 6 |
 7 | import Combine
   |        `- error: no such module 'Combine'
 8 | import Foundation
 9 |
[92/287] Compiling SwiftSyntax Tokens.swift
/host/spi-builder-workspace/Sources/SwiftPrefsTypes/PrefsCodable Prototypes/CodableArrayPrefsCoding.swift:7:8: error: no such module 'Combine'
 5 | //
 6 |
 7 | import Combine
   |        `- error: no such module 'Combine'
 8 | import Foundation
 9 |
[93/287] Compiling SwiftSyntax TriviaPieces.swift
/host/spi-builder-workspace/Sources/SwiftPrefsTypes/PrefsCodable Prototypes/CodableArrayPrefsCoding.swift:7:8: error: no such module 'Combine'
 5 | //
 6 |
 7 | import Combine
   |        `- error: no such module 'Combine'
 8 | import Foundation
 9 |
[94/287] Compiling SwiftSyntax TokenDiagnostic.swift
/host/spi-builder-workspace/Sources/SwiftPrefsTypes/PrefsCodable Prototypes/CodableArrayPrefsCoding.swift:7:8: error: no such module 'Combine'
 5 | //
 6 |
 7 | import Combine
   |        `- error: no such module 'Combine'
 8 | import Foundation
 9 |
[95/287] Compiling SwiftSyntax TokenSequence.swift
/host/spi-builder-workspace/Sources/SwiftPrefsTypes/PrefsCodable Prototypes/CodableArrayPrefsCoding.swift:7:8: error: no such module 'Combine'
 5 | //
 6 |
 7 | import Combine
   |        `- error: no such module 'Combine'
 8 | import Foundation
 9 |
[96/287] Compiling SwiftSyntax TokenSyntax.swift
/host/spi-builder-workspace/Sources/SwiftPrefsTypes/PrefsCodable Prototypes/CodableArrayPrefsCoding.swift:7:8: error: no such module 'Combine'
 5 | //
 6 |
 7 | import Combine
   |        `- error: no such module 'Combine'
 8 | import Foundation
 9 |
[97/287] Compiling SwiftSyntax Trivia.swift
/host/spi-builder-workspace/Sources/SwiftPrefsTypes/PrefsCodable Prototypes/CodableArrayPrefsCoding.swift:7:8: error: no such module 'Combine'
 5 | //
 6 |
 7 | import Combine
   |        `- error: no such module 'Combine'
 8 | import Foundation
 9 |
[98/287] Compiling SwiftSyntax Utils.swift
/host/spi-builder-workspace/Sources/SwiftPrefsTypes/PrefsCodable Prototypes/CodableArrayPrefsCoding.swift:7:8: error: no such module 'Combine'
 5 | //
 6 |
 7 | import Combine
   |        `- error: no such module 'Combine'
 8 | import Foundation
 9 |
[99/287] Compiling SwiftSyntax AbsolutePosition.swift
/host/spi-builder-workspace/Sources/SwiftPrefsTypes/PrefsCodable Prototypes/CodableArrayPrefsCoding.swift:7:8: error: no such module 'Combine'
 5 | //
 6 |
 7 | import Combine
   |        `- error: no such module 'Combine'
 8 | import Foundation
 9 |
[100/287] Compiling SwiftSyntax AbsoluteSyntaxInfo.swift
/host/spi-builder-workspace/Sources/SwiftPrefsTypes/PrefsCodable Prototypes/CodableArrayPrefsCoding.swift:7:8: error: no such module 'Combine'
 5 | //
 6 |
 7 | import Combine
   |        `- error: no such module 'Combine'
 8 | import Foundation
 9 |
[101/287] Compiling SwiftSyntax ArenaAllocatedBuffer.swift
/host/spi-builder-workspace/Sources/SwiftPrefsTypes/PrefsCodable Prototypes/CodableArrayPrefsCoding.swift:7:8: error: no such module 'Combine'
 5 | //
 6 |
 7 | import Combine
   |        `- error: no such module 'Combine'
 8 | import Foundation
 9 |
[102/287] Compiling SwiftSyntax Assert.swift
/host/spi-builder-workspace/Sources/SwiftPrefsTypes/PrefsCodable Prototypes/CodableArrayPrefsCoding.swift:7:8: error: no such module 'Combine'
 5 | //
 6 |
 7 | import Combine
   |        `- error: no such module 'Combine'
 8 | import Foundation
 9 |
[103/287] Compiling SwiftSyntax BumpPtrAllocator.swift
/host/spi-builder-workspace/Sources/SwiftPrefsTypes/PrefsCodable Prototypes/CodableArrayPrefsCoding.swift:7:8: error: no such module 'Combine'
 5 | //
 6 |
 7 | import Combine
   |        `- error: no such module 'Combine'
 8 | import Foundation
 9 |
[104/287] Compiling SwiftSyntax RawSyntaxNodesJKLMN.swift
/host/spi-builder-workspace/Sources/SwiftPrefsTypes/PrefsCodable Prototypes/CodableArrayPrefsCoding.swift:7:8: error: no such module 'Combine'
 5 | //
 6 |
 7 | import Combine
   |        `- error: no such module 'Combine'
 8 | import Foundation
 9 |
[105/287] Compiling SwiftSyntax RawSyntaxNodesOP.swift
/host/spi-builder-workspace/Sources/SwiftPrefsTypes/PrefsCodable Prototypes/CodableArrayPrefsCoding.swift:7:8: error: no such module 'Combine'
 5 | //
 6 |
 7 | import Combine
   |        `- error: no such module 'Combine'
 8 | import Foundation
 9 |
[106/287] Compiling SwiftSyntax RawSyntaxNodesQRS.swift
/host/spi-builder-workspace/Sources/SwiftPrefsTypes/PrefsCodable Prototypes/CodableArrayPrefsCoding.swift:7:8: error: no such module 'Combine'
 5 | //
 6 |
 7 | import Combine
   |        `- error: no such module 'Combine'
 8 | import Foundation
 9 |
[107/287] Compiling SwiftSyntax RawSyntaxNodesTUVWXYZ.swift
/host/spi-builder-workspace/Sources/SwiftPrefsTypes/PrefsCodable Prototypes/CodableArrayPrefsCoding.swift:7:8: error: no such module 'Combine'
 5 | //
 6 |
 7 | import Combine
   |        `- error: no such module 'Combine'
 8 | import Foundation
 9 |
[108/287] Compiling SwiftSyntax RawSyntaxValidation.swift
/host/spi-builder-workspace/Sources/SwiftPrefsTypes/PrefsCodable Prototypes/CodableArrayPrefsCoding.swift:7:8: error: no such module 'Combine'
 5 | //
 6 |
 7 | import Combine
   |        `- error: no such module 'Combine'
 8 | import Foundation
 9 |
[109/287] Compiling SwiftSyntax SyntaxNodesAB.swift
/host/spi-builder-workspace/Sources/SwiftPrefsTypes/PrefsCodable Prototypes/CodableArrayPrefsCoding.swift:7:8: error: no such module 'Combine'
 5 | //
 6 |
 7 | import Combine
   |        `- error: no such module 'Combine'
 8 | import Foundation
 9 |
[110/287] Compiling SwiftSyntax SyntaxNodeStructure.swift
/host/spi-builder-workspace/Sources/SwiftPrefsTypes/PrefsCodable Prototypes/CodableArrayPrefsCoding.swift:7:8: error: no such module 'Combine'
 5 | //
 6 |
 7 | import Combine
   |        `- error: no such module 'Combine'
 8 | import Foundation
 9 |
[111/287] Compiling SwiftSyntax SyntaxProtocol.swift
/host/spi-builder-workspace/Sources/SwiftPrefsTypes/PrefsCodable Prototypes/CodableArrayPrefsCoding.swift:7:8: error: no such module 'Combine'
 5 | //
 6 |
 7 | import Combine
   |        `- error: no such module 'Combine'
 8 | import Foundation
 9 |
[112/287] Compiling SwiftSyntax SyntaxText.swift
/host/spi-builder-workspace/Sources/SwiftPrefsTypes/PrefsCodable Prototypes/CodableArrayPrefsCoding.swift:7:8: error: no such module 'Combine'
 5 | //
 6 |
 7 | import Combine
   |        `- error: no such module 'Combine'
 8 | import Foundation
 9 |
[113/287] Compiling SwiftSyntax SyntaxTreeViewMode.swift
/host/spi-builder-workspace/Sources/SwiftPrefsTypes/PrefsCodable Prototypes/CodableArrayPrefsCoding.swift:7:8: error: no such module 'Combine'
 5 | //
 6 |
 7 | import Combine
   |        `- error: no such module 'Combine'
 8 | import Foundation
 9 |
[114/287] Compiling SwiftPrefsTypes PrefsStorage.swift
/host/spi-builder-workspace/Sources/SwiftPrefsTypes/PrefsCodable Prototypes/CodableArrayPrefsCoding.swift:7:8: error: no such module 'Combine'
 5 | //
 6 |
 7 | import Combine
   |        `- error: no such module 'Combine'
 8 | import Foundation
 9 |
[115/287] Compiling SwiftPrefsTypes PrefsStorageError.swift
/host/spi-builder-workspace/Sources/SwiftPrefsTypes/PrefsCodable Prototypes/CodableArrayPrefsCoding.swift:7:8: error: no such module 'Combine'
 5 | //
 6 |
 7 | import Combine
   |        `- error: no such module 'Combine'
 8 | import Foundation
 9 |
[116/287] Compiling SwiftPrefsTypes PrefsStorageMode.swift
/host/spi-builder-workspace/Sources/SwiftPrefsTypes/PrefsCodable Prototypes/CodableArrayPrefsCoding.swift:7:8: error: no such module 'Combine'
 5 | //
 6 |
 7 | import Combine
   |        `- error: no such module 'Combine'
 8 | import Foundation
 9 |
[117/287] Compiling SwiftPrefsTypes PrefsStorageValue Types.swift
/host/spi-builder-workspace/Sources/SwiftPrefsTypes/PrefsCodable Prototypes/CodableArrayPrefsCoding.swift:7:8: error: no such module 'Combine'
 5 | //
 6 |
 7 | import Combine
   |        `- error: no such module 'Combine'
 8 | import Foundation
 9 |
[118/287] Compiling SwiftPrefsTypes PrefsStorageValue.swift
/host/spi-builder-workspace/Sources/SwiftPrefsTypes/PrefsCodable Prototypes/CodableArrayPrefsCoding.swift:7:8: error: no such module 'Combine'
 5 | //
 6 |
 7 | import Combine
   |        `- error: no such module 'Combine'
 8 | import Foundation
 9 |
[119/287] Compiling SwiftPrefsTypes Concurrency.swift
/host/spi-builder-workspace/Sources/SwiftPrefsTypes/PrefsCodable Prototypes/CodableArrayPrefsCoding.swift:7:8: error: no such module 'Combine'
 5 | //
 6 |
 7 | import Combine
   |        `- error: no such module 'Combine'
 8 | import Foundation
 9 |
[120/287] Compiling SwiftPrefsTypes NSNumber.swift
/host/spi-builder-workspace/Sources/SwiftPrefsTypes/PrefsCodable Prototypes/CodableArrayPrefsCoding.swift:7:8: error: no such module 'Combine'
 5 | //
 6 |
 7 | import Combine
   |        `- error: no such module 'Combine'
 8 | import Foundation
 9 |
[121/287] Compiling SwiftPrefsTypes UserDefaults Outsourced.swift
/host/spi-builder-workspace/Sources/SwiftPrefsTypes/PrefsCodable Prototypes/CodableArrayPrefsCoding.swift:7:8: error: no such module 'Combine'
 5 | //
 6 |
 7 | import Combine
   |        `- error: no such module 'Combine'
 8 | import Foundation
 9 |
[122/287] Compiling SwiftPrefsTypes UserDefaults.swift
/host/spi-builder-workspace/Sources/SwiftPrefsTypes/PrefsCodable Prototypes/CodableArrayPrefsCoding.swift:7:8: error: no such module 'Combine'
 5 | //
 6 |
 7 | import Combine
   |        `- error: no such module 'Combine'
 8 | import Foundation
 9 |
[123/287] Compiling SwiftSyntax CommonAncestor.swift
/host/spi-builder-workspace/Sources/SwiftPrefsTypes/PrefsCodable Prototypes/CodableArrayPrefsCoding.swift:7:8: error: no such module 'Combine'
 5 | //
 6 |
 7 | import Combine
   |        `- error: no such module 'Combine'
 8 | import Foundation
 9 |
[124/287] Compiling SwiftSyntax Convenience.swift
/host/spi-builder-workspace/Sources/SwiftPrefsTypes/PrefsCodable Prototypes/CodableArrayPrefsCoding.swift:7:8: error: no such module 'Combine'
 5 | //
 6 |
 7 | import Combine
   |        `- error: no such module 'Combine'
 8 | import Foundation
 9 |
[125/287] Compiling SwiftSyntax CustomTraits.swift
/host/spi-builder-workspace/Sources/SwiftPrefsTypes/PrefsCodable Prototypes/CodableArrayPrefsCoding.swift:7:8: error: no such module 'Combine'
 5 | //
 6 |
 7 | import Combine
   |        `- error: no such module 'Combine'
 8 | import Foundation
 9 |
[126/287] Compiling SwiftSyntax EditorPlaceholder.swift
/host/spi-builder-workspace/Sources/SwiftPrefsTypes/PrefsCodable Prototypes/CodableArrayPrefsCoding.swift:7:8: error: no such module 'Combine'
 5 | //
 6 |
 7 | import Combine
   |        `- error: no such module 'Combine'
 8 | import Foundation
 9 |
[127/287] Compiling SwiftSyntax SourceLength.swift
/host/spi-builder-workspace/Sources/SwiftPrefsTypes/PrefsCodable Prototypes/CodableArrayPrefsCoding.swift:7:8: error: no such module 'Combine'
 5 | //
 6 |
 7 | import Combine
   |        `- error: no such module 'Combine'
 8 | import Foundation
 9 |
[128/287] Compiling SwiftSyntax SourceLocation.swift
/host/spi-builder-workspace/Sources/SwiftPrefsTypes/PrefsCodable Prototypes/CodableArrayPrefsCoding.swift:7:8: error: no such module 'Combine'
 5 | //
 6 |
 7 | import Combine
   |        `- error: no such module 'Combine'
 8 | import Foundation
 9 |
[129/287] Compiling SwiftSyntax SourcePresence.swift
/host/spi-builder-workspace/Sources/SwiftPrefsTypes/PrefsCodable Prototypes/CodableArrayPrefsCoding.swift:7:8: error: no such module 'Combine'
 5 | //
 6 |
 7 | import Combine
   |        `- error: no such module 'Combine'
 8 | import Foundation
 9 |
[130/287] Compiling SwiftSyntax SwiftSyntaxCompatibility.swift
/host/spi-builder-workspace/Sources/SwiftPrefsTypes/PrefsCodable Prototypes/CodableArrayPrefsCoding.swift:7:8: error: no such module 'Combine'
 5 | //
 6 |
 7 | import Combine
   |        `- error: no such module 'Combine'
 8 | import Foundation
 9 |
[131/287] Compiling SwiftSyntax Syntax.swift
/host/spi-builder-workspace/Sources/SwiftPrefsTypes/PrefsCodable Prototypes/CodableArrayPrefsCoding.swift:7:8: error: no such module 'Combine'
 5 | //
 6 |
 7 | import Combine
   |        `- error: no such module 'Combine'
 8 | import Foundation
 9 |
BUILD FAILURE 6.3 wasm