The Swift Package Index logo.Swift Package Index

Build Information

Failed to build TextFormation, reference 0.9.0 (b1ce9a), with Swift 6.3 for watchOS using Xcode 26.4 on 3 Sep 2026 22:49:29 UTC.

Build Command

env DEVELOPER_DIR=/Applications/Xcode-26.5.0.app xcrun xcodebuild -IDEClonedSourcePackagesDirPathOverride=$PWD/.dependencies -skipMacroValidation -skipPackagePluginValidation -derivedDataPath $PWD/.derivedData build -scheme TextFormation -destination generic/platform=watchOS

Build Log

PrecompileModule /Users/admin/builder/spi-builder-workspace/.derivedData/Build/Intermediates.noindex/ExplicitPrecompiledModules/_Builtin_stdarg-CWLLMSC0OME5JYT81NUKU0AW6.scan
    cd /
    builtin-precompileModule /Users/admin/builder/spi-builder-workspace/.derivedData/Build/Intermediates.noindex/ExplicitPrecompiledModules/_Builtin_stdarg-CWLLMSC0OME5JYT81NUKU0AW6.scan
PrecompileModule /Users/admin/builder/spi-builder-workspace/.derivedData/Build/Intermediates.noindex/ExplicitPrecompiledModules/_AvailabilityInternal-DINJAXET3QBJVFLN1KZWCK2K8.scan
    cd /
    builtin-precompileModule /Users/admin/builder/spi-builder-workspace/.derivedData/Build/Intermediates.noindex/ExplicitPrecompiledModules/_AvailabilityInternal-DINJAXET3QBJVFLN1KZWCK2K8.scan
PrecompileModule /Users/admin/builder/spi-builder-workspace/.derivedData/Build/Intermediates.noindex/ExplicitPrecompiledModules/ptrcheck-58ULEJ6VUQT2CXZZSU8OW2GPD.scan
    cd /
    builtin-precompileModule /Users/admin/builder/spi-builder-workspace/.derivedData/Build/Intermediates.noindex/ExplicitPrecompiledModules/ptrcheck-58ULEJ6VUQT2CXZZSU8OW2GPD.scan
PrecompileModule /Users/admin/builder/spi-builder-workspace/.derivedData/Build/Intermediates.noindex/ExplicitPrecompiledModules/_Builtin_stdbool-3NKMAJSZB01FEFDTWGQQF3QMU.scan
    cd /
    builtin-precompileModule /Users/admin/builder/spi-builder-workspace/.derivedData/Build/Intermediates.noindex/ExplicitPrecompiledModules/_Builtin_stdbool-3NKMAJSZB01FEFDTWGQQF3QMU.scan
PrecompileModule /Users/admin/builder/spi-builder-workspace/.derivedData/Build/Intermediates.noindex/ExplicitPrecompiledModules/_Builtin_stddef-51LYBRJ64N7TNLOF094AIBNVO.scan
    cd /
    builtin-precompileModule /Users/admin/builder/spi-builder-workspace/.derivedData/Build/Intermediates.noindex/ExplicitPrecompiledModules/_Builtin_stddef-51LYBRJ64N7TNLOF094AIBNVO.scan
PrecompileModule /Users/admin/builder/spi-builder-workspace/.derivedData/Build/Intermediates.noindex/ExplicitPrecompiledModules/_Builtin_float-83UW01YKST8439O74R9ZHGSSZ.scan
    cd /
    builtin-precompileModule /Users/admin/builder/spi-builder-workspace/.derivedData/Build/Intermediates.noindex/ExplicitPrecompiledModules/_Builtin_float-83UW01YKST8439O74R9ZHGSSZ.scan
PrecompileModule /Users/admin/builder/spi-builder-workspace/.derivedData/Build/Intermediates.noindex/ExplicitPrecompiledModules/ptrauth-3R0DH980JI7OHRBA3RCWEJQDM.scan
    cd /
    builtin-precompileModule /Users/admin/builder/spi-builder-workspace/.derivedData/Build/Intermediates.noindex/ExplicitPrecompiledModules/ptrauth-3R0DH980JI7OHRBA3RCWEJQDM.scan
PrecompileModule /Users/admin/builder/spi-builder-workspace/.derivedData/Build/Intermediates.noindex/ExplicitPrecompiledModules/_Builtin_float-ADALHE57X5W2T0SJQPPDEQMHL.scan
    cd /
    builtin-precompileModule /Users/admin/builder/spi-builder-workspace/.derivedData/Build/Intermediates.noindex/ExplicitPrecompiledModules/_Builtin_float-ADALHE57X5W2T0SJQPPDEQMHL.scan
PrecompileModule /Users/admin/builder/spi-builder-workspace/.derivedData/Build/Intermediates.noindex/ExplicitPrecompiledModules/_Builtin_float-BVZZWZ49VAKXOA34ER2EQZIZ8.scan
    cd /
    builtin-precompileModule /Users/admin/builder/spi-builder-workspace/.derivedData/Build/Intermediates.noindex/ExplicitPrecompiledModules/_Builtin_float-BVZZWZ49VAKXOA34ER2EQZIZ8.scan
PrecompileModule /Users/admin/builder/spi-builder-workspace/.derivedData/Build/Intermediates.noindex/ExplicitPrecompiledModules/_AvailabilityInternal-4WBVZ9UUBP9JACC7HT8TCJSEY.scan
    cd /
    builtin-precompileModule /Users/admin/builder/spi-builder-workspace/.derivedData/Build/Intermediates.noindex/ExplicitPrecompiledModules/_AvailabilityInternal-4WBVZ9UUBP9JACC7HT8TCJSEY.scan
PrecompileModule /Users/admin/builder/spi-builder-workspace/.derivedData/Build/Intermediates.noindex/ExplicitPrecompiledModules/_Builtin_stdarg-57DQ2SS9PDOYLIBOO213JSIRN.scan
    cd /
    builtin-precompileModule /Users/admin/builder/spi-builder-workspace/.derivedData/Build/Intermediates.noindex/ExplicitPrecompiledModules/_Builtin_stdarg-57DQ2SS9PDOYLIBOO213JSIRN.scan
PrecompileModule /Users/admin/builder/spi-builder-workspace/.derivedData/Build/Intermediates.noindex/ExplicitPrecompiledModules/_Builtin_stdbool-BJKYF541EI9A94USTAO2N32LQ.scan
    cd /
    builtin-precompileModule /Users/admin/builder/spi-builder-workspace/.derivedData/Build/Intermediates.noindex/ExplicitPrecompiledModules/_Builtin_stdbool-BJKYF541EI9A94USTAO2N32LQ.scan
PrecompileModule /Users/admin/builder/spi-builder-workspace/.derivedData/Build/Intermediates.noindex/ExplicitPrecompiledModules/_Builtin_stddef-5ANYYADOGNUJGD9Q1OCMOY1DB.scan
    cd /
    builtin-precompileModule /Users/admin/builder/spi-builder-workspace/.derivedData/Build/Intermediates.noindex/ExplicitPrecompiledModules/_Builtin_stddef-5ANYYADOGNUJGD9Q1OCMOY1DB.scan
PrecompileModule /Users/admin/builder/spi-builder-workspace/.derivedData/Build/Intermediates.noindex/ExplicitPrecompiledModules/ptrauth-B7K45LWT8LWF6Y3F8GA7O9HVY.scan
    cd /
    builtin-precompileModule /Users/admin/builder/spi-builder-workspace/.derivedData/Build/Intermediates.noindex/ExplicitPrecompiledModules/ptrauth-B7K45LWT8LWF6Y3F8GA7O9HVY.scan
PrecompileModule /Users/admin/builder/spi-builder-workspace/.derivedData/Build/Intermediates.noindex/ExplicitPrecompiledModules/_AvailabilityInternal-7C7WQCYGKLQ1XCRPFFKZ6LDMY.scan
    cd /
    builtin-precompileModule /Users/admin/builder/spi-builder-workspace/.derivedData/Build/Intermediates.noindex/ExplicitPrecompiledModules/_AvailabilityInternal-7C7WQCYGKLQ1XCRPFFKZ6LDMY.scan
PrecompileModule /Users/admin/builder/spi-builder-workspace/.derivedData/Build/Intermediates.noindex/ExplicitPrecompiledModules/_DarwinFoundation1-5COW3B8HGCFJRHUXBPZBHOKW8.scan
    cd /
    builtin-precompileModule /Users/admin/builder/spi-builder-workspace/.derivedData/Build/Intermediates.noindex/ExplicitPrecompiledModules/_DarwinFoundation1-5COW3B8HGCFJRHUXBPZBHOKW8.scan
PrecompileModule /Users/admin/builder/spi-builder-workspace/.derivedData/Build/Intermediates.noindex/ExplicitPrecompiledModules/_Builtin_stddef-C226T8LU3DUY6MJ51HUIYV6RS.scan
    cd /
    builtin-precompileModule /Users/admin/builder/spi-builder-workspace/.derivedData/Build/Intermediates.noindex/ExplicitPrecompiledModules/_Builtin_stddef-C226T8LU3DUY6MJ51HUIYV6RS.scan
PrecompileModule /Users/admin/builder/spi-builder-workspace/.derivedData/Build/Intermediates.noindex/ExplicitPrecompiledModules/ptrcheck-5LW1Q3B7UJQDBRJIURO39TMY7.scan
    cd /
    builtin-precompileModule /Users/admin/builder/spi-builder-workspace/.derivedData/Build/Intermediates.noindex/ExplicitPrecompiledModules/ptrcheck-5LW1Q3B7UJQDBRJIURO39TMY7.scan
PrecompileModule /Users/admin/builder/spi-builder-workspace/.derivedData/Build/Intermediates.noindex/ExplicitPrecompiledModules/_Builtin_stdarg-4PN1C24IMK3KPMAFYE58K34OR.scan
    cd /
    builtin-precompileModule /Users/admin/builder/spi-builder-workspace/.derivedData/Build/Intermediates.noindex/ExplicitPrecompiledModules/_Builtin_stdarg-4PN1C24IMK3KPMAFYE58K34OR.scan
PrecompileModule /Users/admin/builder/spi-builder-workspace/.derivedData/Build/Intermediates.noindex/ExplicitPrecompiledModules/_Builtin_stdbool-1TS2W99QJRPCVBRUPTDK7022Z.scan
    cd /
    builtin-precompileModule /Users/admin/builder/spi-builder-workspace/.derivedData/Build/Intermediates.noindex/ExplicitPrecompiledModules/_Builtin_stdbool-1TS2W99QJRPCVBRUPTDK7022Z.scan
PrecompileModule /Users/admin/builder/spi-builder-workspace/.derivedData/Build/Intermediates.noindex/ExplicitPrecompiledModules/ptrcheck-BQ1S8YO6EHEE3M4N5XF5E2UI8.scan
    cd /
    builtin-precompileModule /Users/admin/builder/spi-builder-workspace/.derivedData/Build/Intermediates.noindex/ExplicitPrecompiledModules/ptrcheck-BQ1S8YO6EHEE3M4N5XF5E2UI8.scan
PrecompileModule /Users/admin/builder/spi-builder-workspace/.derivedData/Build/Intermediates.noindex/ExplicitPrecompiledModules/ptrauth-6FZEQ479U4CT9NGUAX7FJWEWX.scan
    cd /
    builtin-precompileModule /Users/admin/builder/spi-builder-workspace/.derivedData/Build/Intermediates.noindex/ExplicitPrecompiledModules/ptrauth-6FZEQ479U4CT9NGUAX7FJWEWX.scan
SwiftExplicitDependencyGeneratePcm armv7k /Users/admin/builder/spi-builder-workspace/.derivedData/ModuleCache.noindex/SwiftShims-6QROL837IRE2W6PO5Q58F10NX.pcm
SwiftExplicitDependencyGeneratePcm armv7k /Users/admin/builder/spi-builder-workspace/.derivedData/ModuleCache.noindex/_Builtin_float-TMBR8RTWA2KQG2I3OPK8D4A5.pcm
SwiftExplicitDependencyGeneratePcm armv7k /Users/admin/builder/spi-builder-workspace/.derivedData/ModuleCache.noindex/ptrcheck-277KJ347AAN646WEI7A9UJ5FC.pcm
SwiftExplicitDependencyGeneratePcm armv7k /Users/admin/builder/spi-builder-workspace/.derivedData/ModuleCache.noindex/DeveloperToolsSupport-6955TRVJYU5POT5ARLYSOT0XX.pcm
SwiftExplicitDependencyGeneratePcm armv7k /Users/admin/builder/spi-builder-workspace/.derivedData/ModuleCache.noindex/_Builtin_stdarg-DYRLH0TGTHHV2884I15D76ZTY.pcm
SwiftExplicitDependencyGeneratePcm armv7k /Users/admin/builder/spi-builder-workspace/.derivedData/ModuleCache.noindex/_AvailabilityInternal-6SJU6M2LYJPPZ32I07ITSSVWQ.pcm
SwiftExplicitDependencyGeneratePcm armv7k /Users/admin/builder/spi-builder-workspace/.derivedData/ModuleCache.noindex/ptrauth-29H0DJUXMMFO2CSSMYEAV87RK.pcm
SwiftExplicitDependencyGeneratePcm armv7k /Users/admin/builder/spi-builder-workspace/.derivedData/ModuleCache.noindex/_Builtin_stdbool-9GGAYNGYIRAKYUVPRO4T37KPV.pcm
SwiftExplicitDependencyGeneratePcm armv7k /Users/admin/builder/spi-builder-workspace/.derivedData/ModuleCache.noindex/_SwiftConcurrencyShims-34BW5B3N4ME8RPD94LF1DJDAY.pcm
SwiftExplicitDependencyGeneratePcm armv7k /Users/admin/builder/spi-builder-workspace/.derivedData/ModuleCache.noindex/_Builtin_stddef-DMW3ND9OP3J2L817I3P9GMP6Z.pcm
SwiftExplicitDependencyGeneratePcm arm64_32 /Users/admin/builder/spi-builder-workspace/.derivedData/ModuleCache.noindex/_SwiftConcurrencyShims-C6AKDQ01ZL7ACRWDOQURC81SL.pcm
SwiftExplicitDependencyGeneratePcm arm64_32 /Users/admin/builder/spi-builder-workspace/.derivedData/ModuleCache.noindex/_Builtin_stddef-BXR3IJQOHMRYOLM4N7MN5BNRA.pcm
SwiftExplicitDependencyGeneratePcm arm64 /Users/admin/builder/spi-builder-workspace/.derivedData/ModuleCache.noindex/_Builtin_stddef-9QB8ZHSR8KA98D53HT94Z579T.pcm
SwiftExplicitDependencyGeneratePcm arm64_32 /Users/admin/builder/spi-builder-workspace/.derivedData/ModuleCache.noindex/_AvailabilityInternal-5LMFQXSOEWTNP2WQD9X3R6G9V.pcm
SwiftExplicitDependencyGeneratePcm arm64 /Users/admin/builder/spi-builder-workspace/.derivedData/ModuleCache.noindex/DeveloperToolsSupport-BPCG16PZYHCQBK3NSZK460FI6.pcm
SwiftExplicitDependencyGeneratePcm arm64 /Users/admin/builder/spi-builder-workspace/.derivedData/ModuleCache.noindex/_Builtin_stdarg-3Y9DNG7P5Y0U2SB0NLRRNUS8D.pcm
SwiftExplicitDependencyGeneratePcm arm64_32 /Users/admin/builder/spi-builder-workspace/.derivedData/ModuleCache.noindex/ptrauth-4XDN8LMR9E2UQJQY9F3X67IWF.pcm
SwiftExplicitDependencyGeneratePcm arm64_32 /Users/admin/builder/spi-builder-workspace/.derivedData/ModuleCache.noindex/DeveloperToolsSupport-10G5TWFPFP97OMZA0JIFTGXA2.pcm
SwiftExplicitDependencyGeneratePcm arm64_32 /Users/admin/builder/spi-builder-workspace/.derivedData/ModuleCache.noindex/_Builtin_float-1T114CUCTMRLUF33YKRYRT0WT.pcm
SwiftExplicitDependencyGeneratePcm arm64_32 /Users/admin/builder/spi-builder-workspace/.derivedData/ModuleCache.noindex/_Builtin_stdbool-BAB5RWZEJS6I801PVH17P70AP.pcm
SwiftExplicitDependencyGeneratePcm armv7k /Users/admin/builder/spi-builder-workspace/.derivedData/ModuleCache.noindex/_DarwinFoundation1-A7O8KDJUE7ARRXS8NOXSYB9VX.pcm
SwiftExplicitDependencyGeneratePcm arm64 /Users/admin/builder/spi-builder-workspace/.derivedData/ModuleCache.noindex/ptrauth-AZOC4KDLTSH1EBPLHX00G8RYK.pcm
SwiftExplicitDependencyGeneratePcm arm64_32 /Users/admin/builder/spi-builder-workspace/.derivedData/ModuleCache.noindex/SwiftShims-DT5KL6CU9V62KKW6ZMA54WKVU.pcm
SwiftExplicitDependencyGeneratePcm arm64 /Users/admin/builder/spi-builder-workspace/.derivedData/ModuleCache.noindex/_SwiftConcurrencyShims-7ALKLR1PIFO5J4SW3KQ6Y4AJG.pcm
SwiftExplicitDependencyGeneratePcm arm64 /Users/admin/builder/spi-builder-workspace/.derivedData/ModuleCache.noindex/ptrcheck-25G9UKYRUO05KH10QOH4FGAUZ.pcm
SwiftExplicitDependencyGeneratePcm arm64 /Users/admin/builder/spi-builder-workspace/.derivedData/ModuleCache.noindex/SwiftShims-1FIQVGR181MFX82EDVVHW6GBG.pcm
SwiftExplicitDependencyGeneratePcm arm64 /Users/admin/builder/spi-builder-workspace/.derivedData/ModuleCache.noindex/_AvailabilityInternal-49JXO42GO5EE05SS0BFZMXAT0.pcm
SwiftExplicitDependencyGeneratePcm arm64_32 /Users/admin/builder/spi-builder-workspace/.derivedData/ModuleCache.noindex/_Builtin_stdarg-ARBBH9LG8KJD80OD4AOBDXECY.pcm
SwiftExplicitDependencyGeneratePcm arm64 /Users/admin/builder/spi-builder-workspace/.derivedData/ModuleCache.noindex/_Builtin_float-5UYR3JH09VDP6J1NQ204IHERX.pcm
SwiftExplicitDependencyGeneratePcm arm64 /Users/admin/builder/spi-builder-workspace/.derivedData/ModuleCache.noindex/_Builtin_stdbool-BEDP0HYLPMOW1KA79UUONKUXV.pcm
SwiftExplicitDependencyGeneratePcm arm64_32 /Users/admin/builder/spi-builder-workspace/.derivedData/ModuleCache.noindex/ptrcheck-1R9BUZADPFAQBKN8FQH71PB76.pcm
PrecompileModule /Users/admin/builder/spi-builder-workspace/.derivedData/Build/Intermediates.noindex/ExplicitPrecompiledModules/_Builtin_limits-BXC0FEFCDHF9QNCX0G0N5F9K.scan
    cd /
    builtin-precompileModule /Users/admin/builder/spi-builder-workspace/.derivedData/Build/Intermediates.noindex/ExplicitPrecompiledModules/_Builtin_limits-BXC0FEFCDHF9QNCX0G0N5F9K.scan
PrecompileModule /Users/admin/builder/spi-builder-workspace/.derivedData/Build/Intermediates.noindex/ExplicitPrecompiledModules/_DarwinFoundation1-549EAXDPJWWOX2XDZJ3LWQ66B.scan
    cd /
    builtin-precompileModule /Users/admin/builder/spi-builder-workspace/.derivedData/Build/Intermediates.noindex/ExplicitPrecompiledModules/_DarwinFoundation1-549EAXDPJWWOX2XDZJ3LWQ66B.scan
PrecompileModule /Users/admin/builder/spi-builder-workspace/.derivedData/Build/Intermediates.noindex/ExplicitPrecompiledModules/_DarwinFoundation2-6OQ147PTHQN5BA7JG5NF1ZWSU.scan
    cd /
    builtin-precompileModule /Users/admin/builder/spi-builder-workspace/.derivedData/Build/Intermediates.noindex/ExplicitPrecompiledModules/_DarwinFoundation2-6OQ147PTHQN5BA7JG5NF1ZWSU.scan
PrecompileModule /Users/admin/builder/spi-builder-workspace/.derivedData/Build/Intermediates.noindex/ExplicitPrecompiledModules/_DarwinFoundation1-JIGAK64TE8BUVA0IDF9UJE70.scan
    cd /
    builtin-precompileModule /Users/admin/builder/spi-builder-workspace/.derivedData/Build/Intermediates.noindex/ExplicitPrecompiledModules/_DarwinFoundation1-JIGAK64TE8BUVA0IDF9UJE70.scan
SwiftExplicitDependencyGeneratePcm armv7k /Users/admin/builder/spi-builder-workspace/.derivedData/ModuleCache.noindex/_Builtin_limits-3MR77B9OJYE52QCHMTEJGHDVO.pcm
SwiftExplicitDependencyGeneratePcm armv7k /Users/admin/builder/spi-builder-workspace/.derivedData/ModuleCache.noindex/_DarwinFoundation2-A56EC5QAXU35TAIAYWQSJNGDQ.pcm
SwiftExplicitDependencyGeneratePcm arm64 /Users/admin/builder/spi-builder-workspace/.derivedData/ModuleCache.noindex/_DarwinFoundation1-DQUYUB84QOVIRXRA9OG5MM2LK.pcm
PrecompileModule /Users/admin/builder/spi-builder-workspace/.derivedData/Build/Intermediates.noindex/ExplicitPrecompiledModules/_Builtin_limits-CZ3LD6ZX25LNB8I1BQLAGURS.scan
    cd /
    builtin-precompileModule /Users/admin/builder/spi-builder-workspace/.derivedData/Build/Intermediates.noindex/ExplicitPrecompiledModules/_Builtin_limits-CZ3LD6ZX25LNB8I1BQLAGURS.scan
PrecompileModule /Users/admin/builder/spi-builder-workspace/.derivedData/Build/Intermediates.noindex/ExplicitPrecompiledModules/_DarwinFoundation2-7OS845CPISQUVNIVQJCBMQST5.scan
    cd /
    builtin-precompileModule /Users/admin/builder/spi-builder-workspace/.derivedData/Build/Intermediates.noindex/ExplicitPrecompiledModules/_DarwinFoundation2-7OS845CPISQUVNIVQJCBMQST5.scan
PrecompileModule /Users/admin/builder/spi-builder-workspace/.derivedData/Build/Intermediates.noindex/ExplicitPrecompiledModules/_DarwinFoundation2-17GJGCAY9CU017KBWAWRT2LE.scan
    cd /
    builtin-precompileModule /Users/admin/builder/spi-builder-workspace/.derivedData/Build/Intermediates.noindex/ExplicitPrecompiledModules/_DarwinFoundation2-17GJGCAY9CU017KBWAWRT2LE.scan
PrecompileModule /Users/admin/builder/spi-builder-workspace/.derivedData/Build/Intermediates.noindex/ExplicitPrecompiledModules/_Builtin_limits-9DIPDEGMVVSKSQVECOYTK5PUB.scan
    cd /
    builtin-precompileModule /Users/admin/builder/spi-builder-workspace/.derivedData/Build/Intermediates.noindex/ExplicitPrecompiledModules/_Builtin_limits-9DIPDEGMVVSKSQVECOYTK5PUB.scan
SwiftExplicitDependencyGeneratePcm arm64_32 /Users/admin/builder/spi-builder-workspace/.derivedData/ModuleCache.noindex/_DarwinFoundation1-4GCOXBJG9J3J7FMDJRFQ39VU5.pcm
SwiftExplicitDependencyGeneratePcm arm64 /Users/admin/builder/spi-builder-workspace/.derivedData/ModuleCache.noindex/_DarwinFoundation2-80840ULHW51G5IT8J12342PIK.pcm
SwiftExplicitDependencyGeneratePcm arm64 /Users/admin/builder/spi-builder-workspace/.derivedData/ModuleCache.noindex/_Builtin_limits-AP26PV63HSRVSQ7TRCY82QG1.pcm
PrecompileModule /Users/admin/builder/spi-builder-workspace/.derivedData/Build/Intermediates.noindex/ExplicitPrecompiledModules/_Builtin_stdint-4HUQ8DCV16T099L4820L8Z38D.scan
    cd /
    builtin-precompileModule /Users/admin/builder/spi-builder-workspace/.derivedData/Build/Intermediates.noindex/ExplicitPrecompiledModules/_Builtin_stdint-4HUQ8DCV16T099L4820L8Z38D.scan
SwiftExplicitDependencyGeneratePcm armv7k /Users/admin/builder/spi-builder-workspace/.derivedData/ModuleCache.noindex/_Builtin_stdint-5K07UQVF6TFI9F3WAD6F8EAYC.pcm
SwiftExplicitDependencyGeneratePcm armv7k /Users/admin/builder/spi-builder-workspace/.derivedData/ModuleCache.noindex/sys_types-6PB659H4601JDYFSQZNAVS4UF.pcm
SwiftExplicitDependencyGeneratePcm armv7k /Users/admin/builder/spi-builder-workspace/.derivedData/ModuleCache.noindex/_Builtin_tgmath-BBXX1LO5MCOJYBCYGNVGYRS44.pcm
PrecompileModule /Users/admin/builder/spi-builder-workspace/.derivedData/Build/Intermediates.noindex/ExplicitPrecompiledModules/_Builtin_stdint-BI0PB98N8CY8ONG1ENLVUTM8J.scan
    cd /
    builtin-precompileModule /Users/admin/builder/spi-builder-workspace/.derivedData/Build/Intermediates.noindex/ExplicitPrecompiledModules/_Builtin_stdint-BI0PB98N8CY8ONG1ENLVUTM8J.scan
PrecompileModule /Users/admin/builder/spi-builder-workspace/.derivedData/Build/Intermediates.noindex/ExplicitPrecompiledModules/_Builtin_stdint-4MP4NYEAGA2NFNJLGKUKVJ4S9.scan
    cd /
    builtin-precompileModule /Users/admin/builder/spi-builder-workspace/.derivedData/Build/Intermediates.noindex/ExplicitPrecompiledModules/_Builtin_stdint-4MP4NYEAGA2NFNJLGKUKVJ4S9.scan
PrecompileModule /Users/admin/builder/spi-builder-workspace/.derivedData/Build/Intermediates.noindex/ExplicitPrecompiledModules/_DarwinFoundation3-CEW55SIUJ8B79ETZEQ0CW1HDA.scan
    cd /
    builtin-precompileModule /Users/admin/builder/spi-builder-workspace/.derivedData/Build/Intermediates.noindex/ExplicitPrecompiledModules/_DarwinFoundation3-CEW55SIUJ8B79ETZEQ0CW1HDA.scan
SwiftExplicitDependencyGeneratePcm arm64_32 /Users/admin/builder/spi-builder-workspace/.derivedData/ModuleCache.noindex/_DarwinFoundation2-6O8ENYLNVNLOLEZA7CQ07FVJC.pcm
SwiftExplicitDependencyGeneratePcm arm64_32 /Users/admin/builder/spi-builder-workspace/.derivedData/ModuleCache.noindex/_Builtin_limits-9QBLMNQPNUET1R6EJ20UP4RBF.pcm
PrecompileModule /Users/admin/builder/spi-builder-workspace/.derivedData/Build/Intermediates.noindex/ExplicitPrecompiledModules/_DarwinFoundation3-3DPSKO15FDK5SZ9Q3UJNXEQZH.scan
    cd /
    builtin-precompileModule /Users/admin/builder/spi-builder-workspace/.derivedData/Build/Intermediates.noindex/ExplicitPrecompiledModules/_DarwinFoundation3-3DPSKO15FDK5SZ9Q3UJNXEQZH.scan
PrecompileModule /Users/admin/builder/spi-builder-workspace/.derivedData/Build/Intermediates.noindex/ExplicitPrecompiledModules/_DarwinFoundation3-BR1QE1BKWTFSTLQR0OFNGW5SN.scan
    cd /
    builtin-precompileModule /Users/admin/builder/spi-builder-workspace/.derivedData/Build/Intermediates.noindex/ExplicitPrecompiledModules/_DarwinFoundation3-BR1QE1BKWTFSTLQR0OFNGW5SN.scan
SwiftExplicitDependencyGeneratePcm armv7k /Users/admin/builder/spi-builder-workspace/.derivedData/ModuleCache.noindex/_DarwinFoundation3-6KJCNS2LMI423M55A4R7ISJ7W.pcm
SwiftExplicitDependencyGeneratePcm armv7k /Users/admin/builder/spi-builder-workspace/.derivedData/ModuleCache.noindex/_Builtin_intrinsics-2EF3BRM3KBO4RIOYMDAX4X758.pcm
SwiftExplicitDependencyGeneratePcm armv7k /Users/admin/builder/spi-builder-workspace/.derivedData/ModuleCache.noindex/_Builtin_stdatomic-79V6MPIQ0SW7QPW3RQ409UUVC.pcm
PrecompileModule /Users/admin/builder/spi-builder-workspace/.derivedData/Build/Intermediates.noindex/ExplicitPrecompiledModules/_Builtin_inttypes-6BPS7P61YMXN9C7U6F6L1OTBX.scan
    cd /
    builtin-precompileModule /Users/admin/builder/spi-builder-workspace/.derivedData/Build/Intermediates.noindex/ExplicitPrecompiledModules/_Builtin_inttypes-6BPS7P61YMXN9C7U6F6L1OTBX.scan
SwiftExplicitDependencyGeneratePcm arm64 /Users/admin/builder/spi-builder-workspace/.derivedData/ModuleCache.noindex/sys_types-1WIE6CJJATPH5UNEDGBCYU6CW.pcm
SwiftExplicitDependencyGeneratePcm arm64 /Users/admin/builder/spi-builder-workspace/.derivedData/ModuleCache.noindex/_Builtin_tgmath-875KMPQODF2Y8C4RO44HAYIGM.pcm
SwiftExplicitDependencyGeneratePcm arm64 /Users/admin/builder/spi-builder-workspace/.derivedData/ModuleCache.noindex/_Builtin_stdint-E1KR6MVRRMJEZVROW2AY9NSTP.pcm
PrecompileModule /Users/admin/builder/spi-builder-workspace/.derivedData/Build/Intermediates.noindex/ExplicitPrecompiledModules/_Builtin_inttypes-LEIU5RIRIY9KEK22GN0MUMXS.scan
    cd /
    builtin-precompileModule /Users/admin/builder/spi-builder-workspace/.derivedData/Build/Intermediates.noindex/ExplicitPrecompiledModules/_Builtin_inttypes-LEIU5RIRIY9KEK22GN0MUMXS.scan
PrecompileModule /Users/admin/builder/spi-builder-workspace/.derivedData/Build/Intermediates.noindex/ExplicitPrecompiledModules/_Builtin_inttypes-8DABO6QOW0TJ3ART9KSN1A0VA.scan
    cd /
    builtin-precompileModule /Users/admin/builder/spi-builder-workspace/.derivedData/Build/Intermediates.noindex/ExplicitPrecompiledModules/_Builtin_inttypes-8DABO6QOW0TJ3ART9KSN1A0VA.scan
PrecompileModule /Users/admin/builder/spi-builder-workspace/.derivedData/Build/Intermediates.noindex/ExplicitPrecompiledModules/Darwin-5T242FKE9EYJ7965UIX91L23L.scan
    cd /
    builtin-precompileModule /Users/admin/builder/spi-builder-workspace/.derivedData/Build/Intermediates.noindex/ExplicitPrecompiledModules/Darwin-5T242FKE9EYJ7965UIX91L23L.scan
PrecompileModule /Users/admin/builder/spi-builder-workspace/.derivedData/Build/Intermediates.noindex/ExplicitPrecompiledModules/Darwin-BZLA3IRS949HYPLBL7C2CSST5.scan
    cd /
    builtin-precompileModule /Users/admin/builder/spi-builder-workspace/.derivedData/Build/Intermediates.noindex/ExplicitPrecompiledModules/Darwin-BZLA3IRS949HYPLBL7C2CSST5.scan
PrecompileModule /Users/admin/builder/spi-builder-workspace/.derivedData/Build/Intermediates.noindex/ExplicitPrecompiledModules/Darwin-B09FPBAXXKSMAKO9YG5GQ4H3N.scan
    cd /
    builtin-precompileModule /Users/admin/builder/spi-builder-workspace/.derivedData/Build/Intermediates.noindex/ExplicitPrecompiledModules/Darwin-B09FPBAXXKSMAKO9YG5GQ4H3N.scan
SwiftExplicitDependencyGeneratePcm arm64_32 /Users/admin/builder/spi-builder-workspace/.derivedData/ModuleCache.noindex/_Builtin_stdint-EL733HJGRA7EHAZMIVNP4V21V.pcm
SwiftExplicitDependencyGeneratePcm arm64_32 /Users/admin/builder/spi-builder-workspace/.derivedData/ModuleCache.noindex/_Builtin_tgmath-BCFDM4ECVKP4B1RVZ5CJL9GDV.pcm
SwiftExplicitDependencyGeneratePcm arm64_32 /Users/admin/builder/spi-builder-workspace/.derivedData/ModuleCache.noindex/sys_types-4TMG15N8XQOBNXWGDIBI4BFJ8.pcm
SwiftExplicitDependencyGeneratePcm arm64 /Users/admin/builder/spi-builder-workspace/.derivedData/ModuleCache.noindex/_Builtin_stdatomic-AG4FVKSI0QZSEF1FWNNC31C4F.pcm
SwiftExplicitDependencyGeneratePcm arm64 /Users/admin/builder/spi-builder-workspace/.derivedData/ModuleCache.noindex/_Builtin_intrinsics-32PP989PTXJLZAPSY5ZQ1D98U.pcm
SwiftExplicitDependencyGeneratePcm arm64 /Users/admin/builder/spi-builder-workspace/.derivedData/ModuleCache.noindex/_DarwinFoundation3-7Y66H1RAQKTRLCOB2LF7Q95AR.pcm
SwiftExplicitDependencyGeneratePcm armv7k /Users/admin/builder/spi-builder-workspace/.derivedData/ModuleCache.noindex/_Builtin_inttypes-9E5KLM6TJZ4NSPVKMLSXNWSI.pcm
SwiftExplicitDependencyGeneratePcm arm64_32 /Users/admin/builder/spi-builder-workspace/.derivedData/ModuleCache.noindex/_Builtin_intrinsics-8CXI1NZSVW3UXPEG8DQ1QPEIL.pcm
SwiftExplicitDependencyGeneratePcm arm64_32 /Users/admin/builder/spi-builder-workspace/.derivedData/ModuleCache.noindex/_DarwinFoundation3-49GG6POEGBG4J8BVW38U0HOW7.pcm
SwiftExplicitDependencyGeneratePcm arm64_32 /Users/admin/builder/spi-builder-workspace/.derivedData/ModuleCache.noindex/_Builtin_stdatomic-A7IOSW07WP730JUDWD686RHYV.pcm
SwiftExplicitDependencyGeneratePcm armv7k /Users/admin/builder/spi-builder-workspace/.derivedData/ModuleCache.noindex/simd-DN2BEK8CY5PCQS4CXKMMP88C8.pcm
SwiftExplicitDependencyGeneratePcm armv7k /Users/admin/builder/spi-builder-workspace/.derivedData/ModuleCache.noindex/Darwin-5CVKLEEDDW1N5A1493QZKUJ8W.pcm
SwiftExplicitDependencyGeneratePcm arm64 /Users/admin/builder/spi-builder-workspace/.derivedData/ModuleCache.noindex/_Builtin_inttypes-2BQH3PWWI5NL99AO9W581KKUT.pcm
SwiftExplicitDependencyGeneratePcm arm64_32 /Users/admin/builder/spi-builder-workspace/.derivedData/ModuleCache.noindex/_Builtin_inttypes-AP64DOOYB9O8TK0PDUD06EUT0.pcm
SwiftExplicitDependencyGeneratePcm arm64 /Users/admin/builder/spi-builder-workspace/.derivedData/ModuleCache.noindex/Darwin-5L2JC6PNUNUBZL7U0PCA0NTBM.pcm
SwiftExplicitDependencyGeneratePcm arm64_32 /Users/admin/builder/spi-builder-workspace/.derivedData/ModuleCache.noindex/Darwin-BZIF2D19LUNZQRDOCTX4CC7A1.pcm
SwiftExplicitDependencyGeneratePcm arm64 /Users/admin/builder/spi-builder-workspace/.derivedData/ModuleCache.noindex/simd-652I2QQAEFCCD61CZEAU0R0Y7.pcm
PrecompileModule /Users/admin/builder/spi-builder-workspace/.derivedData/Build/Intermediates.noindex/ExplicitPrecompiledModules/ObjectiveC-62A7JORZXORP23FPHJZ5XJN59.scan
    cd /
    builtin-precompileModule /Users/admin/builder/spi-builder-workspace/.derivedData/Build/Intermediates.noindex/ExplicitPrecompiledModules/ObjectiveC-62A7JORZXORP23FPHJZ5XJN59.scan
PrecompileModule /Users/admin/builder/spi-builder-workspace/.derivedData/Build/Intermediates.noindex/ExplicitPrecompiledModules/ObjectiveC-9DU62DT5TRU8HGXOPB89UCDTC.scan
    cd /
    builtin-precompileModule /Users/admin/builder/spi-builder-workspace/.derivedData/Build/Intermediates.noindex/ExplicitPrecompiledModules/ObjectiveC-9DU62DT5TRU8HGXOPB89UCDTC.scan
PrecompileModule /Users/admin/builder/spi-builder-workspace/.derivedData/Build/Intermediates.noindex/ExplicitPrecompiledModules/ObjectiveC-BTPGP1RVG40NM4LXXD2N79151.scan
    cd /
    builtin-precompileModule /Users/admin/builder/spi-builder-workspace/.derivedData/Build/Intermediates.noindex/ExplicitPrecompiledModules/ObjectiveC-BTPGP1RVG40NM4LXXD2N79151.scan
SwiftExplicitDependencyGeneratePcm arm64_32 /Users/admin/builder/spi-builder-workspace/.derivedData/ModuleCache.noindex/simd-D8M4OMNZH1NG77K0BT588XWYL.pcm
PrecompileModule /Users/admin/builder/spi-builder-workspace/.derivedData/Build/Intermediates.noindex/ExplicitPrecompiledModules/os_object-97366M14VSEJU17JYLA99DPK.scan
    cd /
    builtin-precompileModule /Users/admin/builder/spi-builder-workspace/.derivedData/Build/Intermediates.noindex/ExplicitPrecompiledModules/os_object-97366M14VSEJU17JYLA99DPK.scan
PrecompileModule /Users/admin/builder/spi-builder-workspace/.derivedData/Build/Intermediates.noindex/ExplicitPrecompiledModules/os_object-BFY5BMV0S8BG8AQ3T7PBIQGWS.scan
    cd /
    builtin-precompileModule /Users/admin/builder/spi-builder-workspace/.derivedData/Build/Intermediates.noindex/ExplicitPrecompiledModules/os_object-BFY5BMV0S8BG8AQ3T7PBIQGWS.scan
PrecompileModule /Users/admin/builder/spi-builder-workspace/.derivedData/Build/Intermediates.noindex/ExplicitPrecompiledModules/os_object-DAM040MR816UMXFXXKOHNBHUW.scan
    cd /
    builtin-precompileModule /Users/admin/builder/spi-builder-workspace/.derivedData/Build/Intermediates.noindex/ExplicitPrecompiledModules/os_object-DAM040MR816UMXFXXKOHNBHUW.scan
PrecompileModule /Users/admin/builder/spi-builder-workspace/.derivedData/Build/Intermediates.noindex/ExplicitPrecompiledModules/os_workgroup-46H2GNNORZYWHXFGGT88GOC5V.scan
    cd /
    builtin-precompileModule /Users/admin/builder/spi-builder-workspace/.derivedData/Build/Intermediates.noindex/ExplicitPrecompiledModules/os_workgroup-46H2GNNORZYWHXFGGT88GOC5V.scan
PrecompileModule /Users/admin/builder/spi-builder-workspace/.derivedData/Build/Intermediates.noindex/ExplicitPrecompiledModules/os_workgroup-D906JDX3ETP6K0A0FQRYYV6WD.scan
    cd /
    builtin-precompileModule /Users/admin/builder/spi-builder-workspace/.derivedData/Build/Intermediates.noindex/ExplicitPrecompiledModules/os_workgroup-D906JDX3ETP6K0A0FQRYYV6WD.scan
PrecompileModule /Users/admin/builder/spi-builder-workspace/.derivedData/Build/Intermediates.noindex/ExplicitPrecompiledModules/os_workgroup-7UB4I54UL6WVZN0PXCM5D7UW0.scan
    cd /
    builtin-precompileModule /Users/admin/builder/spi-builder-workspace/.derivedData/Build/Intermediates.noindex/ExplicitPrecompiledModules/os_workgroup-7UB4I54UL6WVZN0PXCM5D7UW0.scan
PrecompileModule /Users/admin/builder/spi-builder-workspace/.derivedData/Build/Intermediates.noindex/ExplicitPrecompiledModules/Dispatch-97D9ZTNFTKYU3KNX7G8F4JQSU.scan
    cd /
    builtin-precompileModule /Users/admin/builder/spi-builder-workspace/.derivedData/Build/Intermediates.noindex/ExplicitPrecompiledModules/Dispatch-97D9ZTNFTKYU3KNX7G8F4JQSU.scan
PrecompileModule /Users/admin/builder/spi-builder-workspace/.derivedData/Build/Intermediates.noindex/ExplicitPrecompiledModules/Dispatch-49RJSSOOQLYRPOBRTPPDYB3HJ.scan
    cd /
    builtin-precompileModule /Users/admin/builder/spi-builder-workspace/.derivedData/Build/Intermediates.noindex/ExplicitPrecompiledModules/Dispatch-49RJSSOOQLYRPOBRTPPDYB3HJ.scan
PrecompileModule /Users/admin/builder/spi-builder-workspace/.derivedData/Build/Intermediates.noindex/ExplicitPrecompiledModules/Dispatch-4ISDUREMU5X51A4R2HQ23E8DG.scan
    cd /
    builtin-precompileModule /Users/admin/builder/spi-builder-workspace/.derivedData/Build/Intermediates.noindex/ExplicitPrecompiledModules/Dispatch-4ISDUREMU5X51A4R2HQ23E8DG.scan
SwiftExplicitDependencyGeneratePcm armv7k /Users/admin/builder/spi-builder-workspace/.derivedData/ModuleCache.noindex/MachO-2TUFLAYMXN3ZUVIT2OWS6Z904.pcm
SwiftExplicitDependencyGeneratePcm armv7k /Users/admin/builder/spi-builder-workspace/.derivedData/ModuleCache.noindex/ObjectiveC-8ZVKFPFMHMW6PD0PWJ7WIC3G5.pcm
PrecompileModule /Users/admin/builder/spi-builder-workspace/.derivedData/Build/Intermediates.noindex/ExplicitPrecompiledModules/XPC-39GRFLHS78609FSCWK3AYZ4LE.scan
    cd /
    builtin-precompileModule /Users/admin/builder/spi-builder-workspace/.derivedData/Build/Intermediates.noindex/ExplicitPrecompiledModules/XPC-39GRFLHS78609FSCWK3AYZ4LE.scan
PrecompileModule /Users/admin/builder/spi-builder-workspace/.derivedData/Build/Intermediates.noindex/ExplicitPrecompiledModules/CoreFoundation-3P43O1UABBWFDGYLD14FL0DRT.scan
    cd /
    builtin-precompileModule /Users/admin/builder/spi-builder-workspace/.derivedData/Build/Intermediates.noindex/ExplicitPrecompiledModules/CoreFoundation-3P43O1UABBWFDGYLD14FL0DRT.scan
PrecompileModule /Users/admin/builder/spi-builder-workspace/.derivedData/Build/Intermediates.noindex/ExplicitPrecompiledModules/CoreFoundation-8JDMDA9015LUK28H4AZI78OOA.scan
    cd /
    builtin-precompileModule /Users/admin/builder/spi-builder-workspace/.derivedData/Build/Intermediates.noindex/ExplicitPrecompiledModules/CoreFoundation-8JDMDA9015LUK28H4AZI78OOA.scan
PrecompileModule /Users/admin/builder/spi-builder-workspace/.derivedData/Build/Intermediates.noindex/ExplicitPrecompiledModules/XPC-F3G8YURV20X9UDRPUIN66LQ2D.scan
    cd /
    builtin-precompileModule /Users/admin/builder/spi-builder-workspace/.derivedData/Build/Intermediates.noindex/ExplicitPrecompiledModules/XPC-F3G8YURV20X9UDRPUIN66LQ2D.scan
PrecompileModule /Users/admin/builder/spi-builder-workspace/.derivedData/Build/Intermediates.noindex/ExplicitPrecompiledModules/CoreFoundation-38AVKQWN8XD260ZCF4BSRXQXE.scan
    cd /
    builtin-precompileModule /Users/admin/builder/spi-builder-workspace/.derivedData/Build/Intermediates.noindex/ExplicitPrecompiledModules/CoreFoundation-38AVKQWN8XD260ZCF4BSRXQXE.scan
SwiftExplicitDependencyGeneratePcm armv7k /Users/admin/builder/spi-builder-workspace/.derivedData/ModuleCache.noindex/os_object-C248JNPLL8YZQHUBLVA551DIH.pcm
PrecompileModule /Users/admin/builder/spi-builder-workspace/.derivedData/Build/Intermediates.noindex/ExplicitPrecompiledModules/XPC-CHLBZE0M0Y0WMK7Y1RS69WDD6.scan
    cd /
    builtin-precompileModule /Users/admin/builder/spi-builder-workspace/.derivedData/Build/Intermediates.noindex/ExplicitPrecompiledModules/XPC-CHLBZE0M0Y0WMK7Y1RS69WDD6.scan
SwiftExplicitDependencyGeneratePcm arm64 /Users/admin/builder/spi-builder-workspace/.derivedData/ModuleCache.noindex/ObjectiveC-6MO1IYPU70XC3GJNUPQ7XHZJ7.pcm
SwiftExplicitDependencyGeneratePcm arm64 /Users/admin/builder/spi-builder-workspace/.derivedData/ModuleCache.noindex/MachO-OEHWLHZ4YRMESBUKL2Y7JP9B.pcm
SwiftExplicitDependencyGeneratePcm armv7k /Users/admin/builder/spi-builder-workspace/.derivedData/ModuleCache.noindex/Spatial-6WAHBWK6C2SO0CIRXM5IHEPHY.pcm
PrecompileModule /Users/admin/builder/spi-builder-workspace/.derivedData/Build/Intermediates.noindex/ExplicitPrecompiledModules/Security-2XZ3X8AZ6YLMNB8RMSD71PL37.scan
    cd /
    builtin-precompileModule /Users/admin/builder/spi-builder-workspace/.derivedData/Build/Intermediates.noindex/ExplicitPrecompiledModules/Security-2XZ3X8AZ6YLMNB8RMSD71PL37.scan
PrecompileModule /Users/admin/builder/spi-builder-workspace/.derivedData/Build/Intermediates.noindex/ExplicitPrecompiledModules/CoreGraphics-28EI5UVBT63YO6ER3KFI79UP0.scan
    cd /
    builtin-precompileModule /Users/admin/builder/spi-builder-workspace/.derivedData/Build/Intermediates.noindex/ExplicitPrecompiledModules/CoreGraphics-28EI5UVBT63YO6ER3KFI79UP0.scan
SwiftExplicitDependencyGeneratePcm armv7k /Users/admin/builder/spi-builder-workspace/.derivedData/ModuleCache.noindex/os_workgroup-B76E3R93ADTCLAEU11ROVACKB.pcm
SwiftExplicitDependencyGeneratePcm arm64_32 /Users/admin/builder/spi-builder-workspace/.derivedData/ModuleCache.noindex/ObjectiveC-59FECUIIUA0E48I4X1TVDQ2U5.pcm
SwiftExplicitDependencyGeneratePcm arm64_32 /Users/admin/builder/spi-builder-workspace/.derivedData/ModuleCache.noindex/MachO-A9YWLL49Q0MF47KT33QTCE3H7.pcm
PrecompileModule /Users/admin/builder/spi-builder-workspace/.derivedData/Build/Intermediates.noindex/ExplicitPrecompiledModules/Security-DRWS9R2RS5NNOZXKD7UB44NNU.scan
    cd /
    builtin-precompileModule /Users/admin/builder/spi-builder-workspace/.derivedData/Build/Intermediates.noindex/ExplicitPrecompiledModules/Security-DRWS9R2RS5NNOZXKD7UB44NNU.scan
SwiftExplicitDependencyGeneratePcm arm64 /Users/admin/builder/spi-builder-workspace/.derivedData/ModuleCache.noindex/os_object-9Z9NN1HFZ97KSMZMZ0K31MG61.pcm
PrecompileModule /Users/admin/builder/spi-builder-workspace/.derivedData/Build/Intermediates.noindex/ExplicitPrecompiledModules/CoreGraphics-7QV7I8FMODZMJ9522KY2J8FLH.scan
    cd /
    builtin-precompileModule /Users/admin/builder/spi-builder-workspace/.derivedData/Build/Intermediates.noindex/ExplicitPrecompiledModules/CoreGraphics-7QV7I8FMODZMJ9522KY2J8FLH.scan
PrecompileModule /Users/admin/builder/spi-builder-workspace/.derivedData/Build/Intermediates.noindex/ExplicitPrecompiledModules/CoreGraphics-2H3J5T2Y1944YU9H6MZ80LXD4.scan
    cd /
    builtin-precompileModule /Users/admin/builder/spi-builder-workspace/.derivedData/Build/Intermediates.noindex/ExplicitPrecompiledModules/CoreGraphics-2H3J5T2Y1944YU9H6MZ80LXD4.scan
SwiftExplicitDependencyGeneratePcm armv7k /Users/admin/builder/spi-builder-workspace/.derivedData/ModuleCache.noindex/Dispatch-45TSF010J4D8LFQPOSEXWN54U.pcm
PrecompileModule /Users/admin/builder/spi-builder-workspace/.derivedData/Build/Intermediates.noindex/ExplicitPrecompiledModules/CoreText-2DWGL4RHOQDVBNSNJPBH3K6XU.scan
    cd /
    builtin-precompileModule /Users/admin/builder/spi-builder-workspace/.derivedData/Build/Intermediates.noindex/ExplicitPrecompiledModules/CoreText-2DWGL4RHOQDVBNSNJPBH3K6XU.scan
SwiftExplicitDependencyGeneratePcm arm64_32 /Users/admin/builder/spi-builder-workspace/.derivedData/ModuleCache.noindex/os_object-5VYKPBIDDHSVL93CHQNMVMG2A.pcm
SwiftExplicitDependencyGeneratePcm arm64 /Users/admin/builder/spi-builder-workspace/.derivedData/ModuleCache.noindex/Spatial-7KUQSNUQQWGGWPGKC0XWM94E6.pcm
PrecompileModule /Users/admin/builder/spi-builder-workspace/.derivedData/Build/Intermediates.noindex/ExplicitPrecompiledModules/CoreVideo-2M4TVC17PC6VBNYHYMJG3ZBKH.scan
    cd /
    builtin-precompileModule /Users/admin/builder/spi-builder-workspace/.derivedData/Build/Intermediates.noindex/ExplicitPrecompiledModules/CoreVideo-2M4TVC17PC6VBNYHYMJG3ZBKH.scan
PrecompileModule /Users/admin/builder/spi-builder-workspace/.derivedData/Build/Intermediates.noindex/ExplicitPrecompiledModules/Foundation-E1IIEQ927HDLJ3PVJW4EPURDG.scan
    cd /
    builtin-precompileModule /Users/admin/builder/spi-builder-workspace/.derivedData/Build/Intermediates.noindex/ExplicitPrecompiledModules/Foundation-E1IIEQ927HDLJ3PVJW4EPURDG.scan
SwiftExplicitDependencyGeneratePcm arm64 /Users/admin/builder/spi-builder-workspace/.derivedData/ModuleCache.noindex/os_workgroup-2LZKS0O877VMOVI8CPS12YQYF.pcm
PrecompileModule /Users/admin/builder/spi-builder-workspace/.derivedData/Build/Intermediates.noindex/ExplicitPrecompiledModules/CoreVideo-7R3E5BNA16BLGHOADWSU4JIJV.scan
    cd /
    builtin-precompileModule /Users/admin/builder/spi-builder-workspace/.derivedData/Build/Intermediates.noindex/ExplicitPrecompiledModules/CoreVideo-7R3E5BNA16BLGHOADWSU4JIJV.scan
PrecompileModule /Users/admin/builder/spi-builder-workspace/.derivedData/Build/Intermediates.noindex/ExplicitPrecompiledModules/CoreVideo-8A67BZJXAVFNMFX9PKM5EEQ2T.scan
    cd /
    builtin-precompileModule /Users/admin/builder/spi-builder-workspace/.derivedData/Build/Intermediates.noindex/ExplicitPrecompiledModules/CoreVideo-8A67BZJXAVFNMFX9PKM5EEQ2T.scan
SwiftExplicitDependencyGeneratePcm arm64_32 /Users/admin/builder/spi-builder-workspace/.derivedData/ModuleCache.noindex/Spatial-9PUQVG6FJPWAPTPR5S265YNBT.pcm
SwiftExplicitDependencyGeneratePcm armv7k /Users/admin/builder/spi-builder-workspace/.derivedData/ModuleCache.noindex/CoreFoundation-BTFE75LD5OCTC057V5S85YIYO.pcm
SwiftExplicitDependencyGeneratePcm armv7k /Users/admin/builder/spi-builder-workspace/.derivedData/ModuleCache.noindex/XPC-E02RA42V5WX3OGIG16YQ1Y7QR.pcm
SwiftExplicitDependencyGeneratePcm arm64_32 /Users/admin/builder/spi-builder-workspace/.derivedData/ModuleCache.noindex/os_workgroup-7FLDQ2ABY2XAGMNEBVKSIQRFR.pcm
PrecompileModule /Users/admin/builder/spi-builder-workspace/.derivedData/Build/Intermediates.noindex/ExplicitPrecompiledModules/Security-8F6Y9G3H9DZ4WKJYNHYQ25ACO.scan
    cd /
    builtin-precompileModule /Users/admin/builder/spi-builder-workspace/.derivedData/Build/Intermediates.noindex/ExplicitPrecompiledModules/Security-8F6Y9G3H9DZ4WKJYNHYQ25ACO.scan
PrecompileModule /Users/admin/builder/spi-builder-workspace/.derivedData/Build/Intermediates.noindex/ExplicitPrecompiledModules/Foundation-88RXI5X5BTRWJ0FWC025T3E4W.scan
    cd /
    builtin-precompileModule /Users/admin/builder/spi-builder-workspace/.derivedData/Build/Intermediates.noindex/ExplicitPrecompiledModules/Foundation-88RXI5X5BTRWJ0FWC025T3E4W.scan
PrecompileModule /Users/admin/builder/spi-builder-workspace/.derivedData/Build/Intermediates.noindex/ExplicitPrecompiledModules/CoreText-BWKHHQHJ9J6D7NTUF6DLBU97S.scan
    cd /
    builtin-precompileModule /Users/admin/builder/spi-builder-workspace/.derivedData/Build/Intermediates.noindex/ExplicitPrecompiledModules/CoreText-BWKHHQHJ9J6D7NTUF6DLBU97S.scan
PrecompileModule /Users/admin/builder/spi-builder-workspace/.derivedData/Build/Intermediates.noindex/ExplicitPrecompiledModules/CoreText-64VVCHAT2VRXFKI1BB9C2KDIQ.scan
    cd /
    builtin-precompileModule /Users/admin/builder/spi-builder-workspace/.derivedData/Build/Intermediates.noindex/ExplicitPrecompiledModules/CoreText-64VVCHAT2VRXFKI1BB9C2KDIQ.scan
SwiftExplicitDependencyGeneratePcm arm64 /Users/admin/builder/spi-builder-workspace/.derivedData/ModuleCache.noindex/Dispatch-CRGXH1IATECPMP3G8FEPG1NIT.pcm
PrecompileModule /Users/admin/builder/spi-builder-workspace/.derivedData/Build/Intermediates.noindex/ExplicitPrecompiledModules/Foundation-BSNQ2OJQRX5RTYW5TKC7Y9TIY.scan
    cd /
    builtin-precompileModule /Users/admin/builder/spi-builder-workspace/.derivedData/Build/Intermediates.noindex/ExplicitPrecompiledModules/Foundation-BSNQ2OJQRX5RTYW5TKC7Y9TIY.scan
SwiftExplicitDependencyGeneratePcm arm64_32 /Users/admin/builder/spi-builder-workspace/.derivedData/ModuleCache.noindex/Dispatch-A02SSMS2JBGHOSUC3OD8BH8SZ.pcm
SwiftExplicitDependencyGeneratePcm armv7k /Users/admin/builder/spi-builder-workspace/.derivedData/ModuleCache.noindex/os-9300DNQ6QU5EWBGBPV0B8GBWY.pcm
SwiftExplicitDependencyGeneratePcm armv7k /Users/admin/builder/spi-builder-workspace/.derivedData/ModuleCache.noindex/Security-5S473XEN72XJK8GXE9AM1PMX8.pcm
SwiftExplicitDependencyGeneratePcm armv7k /Users/admin/builder/spi-builder-workspace/.derivedData/ModuleCache.noindex/CoreGraphics-E9CR6MGDYWJMBJA21AA8PRFX4.pcm
SwiftExplicitDependencyGeneratePcm arm64 /Users/admin/builder/spi-builder-workspace/.derivedData/ModuleCache.noindex/XPC-8KX8CNN5YR9516EZ6KJ4WRO0.pcm
SwiftExplicitDependencyGeneratePcm arm64 /Users/admin/builder/spi-builder-workspace/.derivedData/ModuleCache.noindex/CoreFoundation-BRWCSK5B7QKM2VJU39HAKYWNY.pcm
SwiftExplicitDependencyGeneratePcm arm64_32 /Users/admin/builder/spi-builder-workspace/.derivedData/ModuleCache.noindex/CoreFoundation-DD1XZD6BVLMD6XYTVU72T1HSW.pcm
SwiftExplicitDependencyGeneratePcm arm64_32 /Users/admin/builder/spi-builder-workspace/.derivedData/ModuleCache.noindex/XPC-5WXLZUXWADUX6QGCUNJNMLMBN.pcm
PrecompileModule /Users/admin/builder/spi-builder-workspace/.derivedData/Build/Intermediates.noindex/ExplicitPrecompiledModules/UIUtilities-8EJ8193QKXA29F01CZFB4TQXR.scan
    cd /
    builtin-precompileModule /Users/admin/builder/spi-builder-workspace/.derivedData/Build/Intermediates.noindex/ExplicitPrecompiledModules/UIUtilities-8EJ8193QKXA29F01CZFB4TQXR.scan
PrecompileModule /Users/admin/builder/spi-builder-workspace/.derivedData/Build/Intermediates.noindex/ExplicitPrecompiledModules/Symbols-AP9I1XU5OG6IWX0WPT5Y8SWY5.scan
    cd /
    builtin-precompileModule /Users/admin/builder/spi-builder-workspace/.derivedData/Build/Intermediates.noindex/ExplicitPrecompiledModules/Symbols-AP9I1XU5OG6IWX0WPT5Y8SWY5.scan
PrecompileModule /Users/admin/builder/spi-builder-workspace/.derivedData/Build/Intermediates.noindex/ExplicitPrecompiledModules/QuartzCore-96AVCWVL9XJQLQNITYGPSZIJ1.scan
    cd /
    builtin-precompileModule /Users/admin/builder/spi-builder-workspace/.derivedData/Build/Intermediates.noindex/ExplicitPrecompiledModules/QuartzCore-96AVCWVL9XJQLQNITYGPSZIJ1.scan
SwiftExplicitDependencyGeneratePcm armv7k /Users/admin/builder/spi-builder-workspace/.derivedData/ModuleCache.noindex/Foundation-8ABBH198ONYC0P7PTS9VDZZG2.pcm
PrecompileModule /Users/admin/builder/spi-builder-workspace/.derivedData/Build/Intermediates.noindex/ExplicitPrecompiledModules/QuartzCore-DP9AND6YME8BAPQ4NJQF91CC3.scan
    cd /
    builtin-precompileModule /Users/admin/builder/spi-builder-workspace/.derivedData/Build/Intermediates.noindex/ExplicitPrecompiledModules/QuartzCore-DP9AND6YME8BAPQ4NJQF91CC3.scan
SwiftExplicitDependencyGeneratePcm armv7k /Users/admin/builder/spi-builder-workspace/.derivedData/ModuleCache.noindex/CoreText-ASK1LZGVJ2IAPCYJAMBKBVF3H.pcm
SwiftExplicitDependencyGeneratePcm armv7k /Users/admin/builder/spi-builder-workspace/.derivedData/ModuleCache.noindex/CoreVideo-6NG2V830MEDJB3YVWQGJ9IEBB.pcm
SwiftExplicitDependencyGeneratePcm arm64 /Users/admin/builder/spi-builder-workspace/.derivedData/ModuleCache.noindex/os-7CNOEJV2C3FKDO5FOM8SJ613C.pcm
SwiftExplicitDependencyGeneratePcm arm64_32 /Users/admin/builder/spi-builder-workspace/.derivedData/ModuleCache.noindex/os-C0MX9TM09DUTHNLPAUH177VUS.pcm
PrecompileModule /Users/admin/builder/spi-builder-workspace/.derivedData/Build/Intermediates.noindex/ExplicitPrecompiledModules/UserNotifications-9PUDUFVYGA5555M6OTVWOI9EB.scan
    cd /
    builtin-precompileModule /Users/admin/builder/spi-builder-workspace/.derivedData/Build/Intermediates.noindex/ExplicitPrecompiledModules/UserNotifications-9PUDUFVYGA5555M6OTVWOI9EB.scan
PrecompileModule /Users/admin/builder/spi-builder-workspace/.derivedData/Build/Intermediates.noindex/ExplicitPrecompiledModules/UIUtilities-D7JBDUO88WILUPBAT9CQEPYFO.scan
    cd /
    builtin-precompileModule /Users/admin/builder/spi-builder-workspace/.derivedData/Build/Intermediates.noindex/ExplicitPrecompiledModules/UIUtilities-D7JBDUO88WILUPBAT9CQEPYFO.scan
SwiftExplicitDependencyGeneratePcm arm64 /Users/admin/builder/spi-builder-workspace/.derivedData/ModuleCache.noindex/CoreGraphics-7GYWD9NTW9LNJD2HGZYAT49R2.pcm
SwiftExplicitDependencyGeneratePcm arm64_32 /Users/admin/builder/spi-builder-workspace/.derivedData/ModuleCache.noindex/Security-DRFNZQ73ADY1KPAAA36MF3770.pcm
SwiftExplicitDependencyGeneratePcm arm64_32 /Users/admin/builder/spi-builder-workspace/.derivedData/ModuleCache.noindex/CoreGraphics-4Y9SOPQVPK5UJYYWPGWJBJC8A.pcm
SwiftExplicitDependencyGeneratePcm arm64 /Users/admin/builder/spi-builder-workspace/.derivedData/ModuleCache.noindex/Security-CFR0WEFRRR7SKK31ZDTCM9YEM.pcm
PrecompileModule /Users/admin/builder/spi-builder-workspace/.derivedData/Build/Intermediates.noindex/ExplicitPrecompiledModules/Symbols-3841TNXNA72LP2K7UW6G5602.scan
    cd /
    builtin-precompileModule /Users/admin/builder/spi-builder-workspace/.derivedData/Build/Intermediates.noindex/ExplicitPrecompiledModules/Symbols-3841TNXNA72LP2K7UW6G5602.scan
PrecompileModule /Users/admin/builder/spi-builder-workspace/.derivedData/Build/Intermediates.noindex/ExplicitPrecompiledModules/QuartzCore-4CTUGPJURFMNA87HW660PWGFL.scan
    cd /
    builtin-precompileModule /Users/admin/builder/spi-builder-workspace/.derivedData/Build/Intermediates.noindex/ExplicitPrecompiledModules/QuartzCore-4CTUGPJURFMNA87HW660PWGFL.scan
PrecompileModule /Users/admin/builder/spi-builder-workspace/.derivedData/Build/Intermediates.noindex/ExplicitPrecompiledModules/UIUtilities-3QCE4FCFNU91UZX8UVBH8CYQC.scan
    cd /
    builtin-precompileModule /Users/admin/builder/spi-builder-workspace/.derivedData/Build/Intermediates.noindex/ExplicitPrecompiledModules/UIUtilities-3QCE4FCFNU91UZX8UVBH8CYQC.scan
PrecompileModule /Users/admin/builder/spi-builder-workspace/.derivedData/Build/Intermediates.noindex/ExplicitPrecompiledModules/UserNotifications-A6R3LN81G6U5B5AAC3DGWW2CT.scan
    cd /
    builtin-precompileModule /Users/admin/builder/spi-builder-workspace/.derivedData/Build/Intermediates.noindex/ExplicitPrecompiledModules/UserNotifications-A6R3LN81G6U5B5AAC3DGWW2CT.scan
PrecompileModule /Users/admin/builder/spi-builder-workspace/.derivedData/Build/Intermediates.noindex/ExplicitPrecompiledModules/Symbols-AAPCRRTDT6LJD5QZCS0NJ4ZHO.scan
    cd /
    builtin-precompileModule /Users/admin/builder/spi-builder-workspace/.derivedData/Build/Intermediates.noindex/ExplicitPrecompiledModules/Symbols-AAPCRRTDT6LJD5QZCS0NJ4ZHO.scan
PrecompileModule /Users/admin/builder/spi-builder-workspace/.derivedData/Build/Intermediates.noindex/ExplicitPrecompiledModules/UserNotifications-AHEV08M6J5RXN1I0LVCHQ4U85.scan
    cd /
    builtin-precompileModule /Users/admin/builder/spi-builder-workspace/.derivedData/Build/Intermediates.noindex/ExplicitPrecompiledModules/UserNotifications-AHEV08M6J5RXN1I0LVCHQ4U85.scan
PrecompileModule /Users/admin/builder/spi-builder-workspace/.derivedData/Build/Intermediates.noindex/ExplicitPrecompiledModules/UIKit-7W65MVCGFLL1T6X5A7BDX77P5.scan
    cd /
    builtin-precompileModule /Users/admin/builder/spi-builder-workspace/.derivedData/Build/Intermediates.noindex/ExplicitPrecompiledModules/UIKit-7W65MVCGFLL1T6X5A7BDX77P5.scan
PrecompileModule /Users/admin/builder/spi-builder-workspace/.derivedData/Build/Intermediates.noindex/ExplicitPrecompiledModules/UIKit-E8XMDN7NHM0XGAU0XYMVHO3T2.scan
    cd /
    builtin-precompileModule /Users/admin/builder/spi-builder-workspace/.derivedData/Build/Intermediates.noindex/ExplicitPrecompiledModules/UIKit-E8XMDN7NHM0XGAU0XYMVHO3T2.scan
PrecompileModule /Users/admin/builder/spi-builder-workspace/.derivedData/Build/Intermediates.noindex/ExplicitPrecompiledModules/UIKit-2NIWSIW6OM4J6NHG0T9BLGV3O.scan
    cd /
    builtin-precompileModule /Users/admin/builder/spi-builder-workspace/.derivedData/Build/Intermediates.noindex/ExplicitPrecompiledModules/UIKit-2NIWSIW6OM4J6NHG0T9BLGV3O.scan
SwiftExplicitDependencyGeneratePcm arm64_32 /Users/admin/builder/spi-builder-workspace/.derivedData/ModuleCache.noindex/Foundation-E3OHXW3JFBDTOGH7UVPJMLO48.pcm
SwiftExplicitDependencyGeneratePcm arm64 /Users/admin/builder/spi-builder-workspace/.derivedData/ModuleCache.noindex/CoreVideo-4TAM1H8IJXM71HTUMRJAOG5FD.pcm
SwiftExplicitDependencyGeneratePcm arm64 /Users/admin/builder/spi-builder-workspace/.derivedData/ModuleCache.noindex/CoreText-B90IRCUF4800D84JT7NOTPQAF.pcm
SwiftExplicitDependencyGeneratePcm arm64 /Users/admin/builder/spi-builder-workspace/.derivedData/ModuleCache.noindex/Foundation-4ZX5UQAQAK0CJIE6HI2MO8A7P.pcm
SwiftExplicitDependencyGeneratePcm arm64_32 /Users/admin/builder/spi-builder-workspace/.derivedData/ModuleCache.noindex/CoreText-GH8FKDA2XD8PPDF0TDBZ1HPL.pcm
SwiftExplicitDependencyGeneratePcm arm64_32 /Users/admin/builder/spi-builder-workspace/.derivedData/ModuleCache.noindex/CoreVideo-2SOEGYGNEV0NT07D97832826W.pcm
SwiftExplicitDependencyGeneratePcm armv7k /Users/admin/builder/spi-builder-workspace/.derivedData/ModuleCache.noindex/UIUtilities-19VUJE7P3JH57QHW7HFCC748T.pcm
SwiftExplicitDependencyGeneratePcm armv7k /Users/admin/builder/spi-builder-workspace/.derivedData/ModuleCache.noindex/Symbols-D9XI73RX83DRJA2KPYJRONGO8.pcm
SwiftExplicitDependencyGeneratePcm armv7k /Users/admin/builder/spi-builder-workspace/.derivedData/ModuleCache.noindex/QuartzCore-7E685IFNWHPZXG75CB3UYEBL1.pcm
SwiftExplicitDependencyGeneratePcm armv7k /Users/admin/builder/spi-builder-workspace/.derivedData/ModuleCache.noindex/UserNotifications-21BOY2X223MYMN9USJZ2G6GYK.pcm
SwiftExplicitDependencyGeneratePcm armv7k /Users/admin/builder/spi-builder-workspace/.derivedData/ModuleCache.noindex/OSLog-AW4UZ8O2A6HRRIOOQWITEDLRS.pcm
SwiftExplicitDependencyGeneratePcm armv7k /Users/admin/builder/spi-builder-workspace/.derivedData/ModuleCache.noindex/UniformTypeIdentifiers-9Q9GN3YKXXKZESYAIJYF0W2LY.pcm
SwiftExplicitDependencyGeneratePcm armv7k /Users/admin/builder/spi-builder-workspace/.derivedData/ModuleCache.noindex/DataDetection-5C78N46OFRNDWLXMCURZDOSFP.pcm
SwiftExplicitDependencyGeneratePcm armv7k /Users/admin/builder/spi-builder-workspace/.derivedData/ModuleCache.noindex/Accessibility-524Z4UOZGAVFDRWNWPO2ZE54B.pcm
SwiftExplicitDependencyGeneratePcm armv7k /Users/admin/builder/spi-builder-workspace/.derivedData/ModuleCache.noindex/CoreTransferable-6ZFNWP2L8I0STXOTD9VCSZEO6.pcm
SwiftExplicitDependencyGeneratePcm armv7k /Users/admin/builder/spi-builder-workspace/.derivedData/ModuleCache.noindex/SwiftUICore-5TW4Z2S8AUPGJWOCIKXV1N8A5.pcm
SwiftExplicitDependencyGeneratePcm armv7k /Users/admin/builder/spi-builder-workspace/.derivedData/ModuleCache.noindex/UIKit-F3C8P921NDXECQXUMV0TQY40C.pcm
SwiftExplicitDependencyGeneratePcm arm64_32 /Users/admin/builder/spi-builder-workspace/.derivedData/ModuleCache.noindex/CoreTransferable-3O9Q8RQRWR11EZDJIFV1ATB65.pcm
SwiftExplicitDependencyGeneratePcm arm64_32 /Users/admin/builder/spi-builder-workspace/.derivedData/ModuleCache.noindex/UniformTypeIdentifiers-B64C8W1VGIYRK7HJ4SJTY2NC7.pcm
SwiftExplicitDependencyGeneratePcm arm64_32 /Users/admin/builder/spi-builder-workspace/.derivedData/ModuleCache.noindex/Accessibility-D2CMLM3NJD4D3PWN8ZC04JR3H.pcm
SwiftExplicitDependencyGeneratePcm arm64_32 /Users/admin/builder/spi-builder-workspace/.derivedData/ModuleCache.noindex/UIUtilities-AO1SW230KYK2W8RX1I0H76B7M.pcm
SwiftExplicitDependencyGeneratePcm arm64_32 /Users/admin/builder/spi-builder-workspace/.derivedData/ModuleCache.noindex/OSLog-BE8T7C0971QFHFOFDVPB90BP1.pcm
SwiftExplicitDependencyGeneratePcm arm64_32 /Users/admin/builder/spi-builder-workspace/.derivedData/ModuleCache.noindex/UserNotifications-DOLD34KEBL13J2G1IISLAQ3D8.pcm
SwiftExplicitDependencyGeneratePcm arm64 /Users/admin/builder/spi-builder-workspace/.derivedData/ModuleCache.noindex/Symbols-D58DSB3G3MDZHIS7TS1JGVDK.pcm
SwiftExplicitDependencyGeneratePcm arm64 /Users/admin/builder/spi-builder-workspace/.derivedData/ModuleCache.noindex/OSLog-3A8UGAB3RXXROZ2EY12HE5CD0.pcm
SwiftExplicitDependencyGeneratePcm arm64 /Users/admin/builder/spi-builder-workspace/.derivedData/ModuleCache.noindex/Accessibility-EXEDT5X2KV400TACGEN40C4H6.pcm
SwiftExplicitDependencyGeneratePcm arm64 /Users/admin/builder/spi-builder-workspace/.derivedData/ModuleCache.noindex/CoreTransferable-ANYOMKIPU7D239355JOOUBQ0Z.pcm
SwiftExplicitDependencyGeneratePcm arm64 /Users/admin/builder/spi-builder-workspace/.derivedData/ModuleCache.noindex/UniformTypeIdentifiers-AXBRC5FZ8SG7IUAUC994MP8VS.pcm
SwiftExplicitDependencyGeneratePcm arm64 /Users/admin/builder/spi-builder-workspace/.derivedData/ModuleCache.noindex/UserNotifications-51QOMTRE36IE129V7EQL7HWXH.pcm
SwiftExplicitDependencyGeneratePcm arm64 /Users/admin/builder/spi-builder-workspace/.derivedData/ModuleCache.noindex/DataDetection-1KF36064QQP5Z6F6PQFUH0QD8.pcm
SwiftExplicitDependencyGeneratePcm arm64_32 /Users/admin/builder/spi-builder-workspace/.derivedData/ModuleCache.noindex/QuartzCore-8C6Q6KH54TODD8B4HJ67KAM7T.pcm
SwiftExplicitDependencyGeneratePcm arm64 /Users/admin/builder/spi-builder-workspace/.derivedData/ModuleCache.noindex/UIUtilities-DYUIL26WS81POBNR97PSHRL22.pcm
SwiftExplicitDependencyGeneratePcm arm64_32 /Users/admin/builder/spi-builder-workspace/.derivedData/ModuleCache.noindex/Symbols-6HBAMERU2S2C7L5ZZJOGNZTJS.pcm
SwiftExplicitDependencyGeneratePcm arm64_32 /Users/admin/builder/spi-builder-workspace/.derivedData/ModuleCache.noindex/DataDetection-F3I42ZPXQYKFK2PAOSAP36XXD.pcm
SwiftExplicitDependencyGeneratePcm arm64 /Users/admin/builder/spi-builder-workspace/.derivedData/ModuleCache.noindex/QuartzCore-B1JXXIGTOTUDP3DILEGUFKWA8.pcm
CompileC /Users/admin/builder/spi-builder-workspace/.derivedData/Build/Intermediates.noindex/TextStory.build/Debug-watchos/Internal.build/Objects-normal/armv7k/TSYTextStorage.o /Users/admin/builder/spi-builder-workspace/.dependencies/checkouts/TextStory/Sources/Internal/TSYTextStorage.m normal armv7k objective-c com.apple.compilers.llvm.clang.1_0.compiler (in target 'Internal' from project 'TextStory')
    cd /Users/admin/builder/spi-builder-workspace/.swiftpm/xcode

    Using response file: /Users/admin/builder/spi-builder-workspace/.derivedData/Build/Intermediates.noindex/TextStory.build/Debug-watchos/Internal.build/Objects-normal/armv7k/e6072d4f65d7061329687fe24e3d63a7-common-args.resp

    /Applications/Xcode-26.5.0.app/Contents/Developer/Toolchains/XcodeDefault.xctoolchain/usr/bin/clang -x objective-c -ivfsstatcache /Users/admin/builder/spi-builder-workspace/.derivedData/SDKStatCaches.noindex/watchos26.5-23T570-688ef53f1462e2c8f657fdc38a81448f7931b973dfc65d9472806dbbc3af9379.sdkstatcache -target armv7k-apple-watchos6.0 -fmessage-length\=0 -fdiagnostics-show-note-include-stack -fmacro-backtrace-limit\=0 -fno-color-diagnostics -fmodules-prune-interval\=86400 -fmodules-prune-after\=345600 -fbuild-session-file\=/Users/admin/builder/spi-builder-workspace/.derivedData/ModuleCache.noindex/Session.modulevalidation -fmodules-validate-once-per-build-session -Wnon-modular-include-in-framework-module -Werror\=non-modular-include-in-framework-module -Wno-trigraphs -Wno-missing-field-initializers -Wno-missing-prototypes -Wno-return-type -Wno-implicit-atomic-properties -Wno-objc-interface-ivars -Wno-arc-repeated-use-of-weak -Wno-missing-braces -Wparentheses -Wswitch -Wno-unused-function -Wno-unused-label -Wno-unused-parameter -Wno-unused-variable -Wunused-value -Wno-empty-body -Wno-uninitialized -Wno-unknown-pragmas -w -Wno-shadow -Wno-four-char-constants -Wno-conversion -Wno-constant-conversion -Wno-int-conversion -Wno-bool-conversion -Wno-enum-conversion -Wno-float-conversion -Wno-non-literal-null-conversion -Wno-objc-literal-conversion -Wno-shorten-64-to-32 -Wpointer-sign -Wno-newline-eof -Wno-selector -Wno-strict-selector-match -Wno-undeclared-selector -Wno-deprecated-implementations -Wno-implicit-fallthrough -isysroot /Applications/Xcode-26.5.0.app/Contents/Developer/Platforms/WatchOS.platform/Developer/SDKs/WatchOS26.5.sdk -fstrict-aliasing -Wprotocol -Wdeprecated-declarations -Wno-sign-conversion -Wno-infinite-recursion -Wno-comma -Wno-block-capture-autoreleasing -Wno-strict-prototypes -Wno-semicolon-before-method-body -index-store-path /Users/admin/builder/spi-builder-workspace/.derivedData/Index.noindex/DataStore @/Users/admin/builder/spi-builder-workspace/.derivedData/Build/Intermediates.noindex/TextStory.build/Debug-watchos/Internal.build/Objects-normal/armv7k/e6072d4f65d7061329687fe24e3d63a7-common-args.resp -MMD -MT dependencies -MF /Users/admin/builder/spi-builder-workspace/.derivedData/Build/Intermediates.noindex/TextStory.build/Debug-watchos/Internal.build/Objects-normal/armv7k/TSYTextStorage.d --serialize-diagnostics /Users/admin/builder/spi-builder-workspace/.derivedData/Build/Intermediates.noindex/TextStory.build/Debug-watchos/Internal.build/Objects-normal/armv7k/TSYTextStorage.dia -c /Users/admin/builder/spi-builder-workspace/.dependencies/checkouts/TextStory/Sources/Internal/TSYTextStorage.m -o /Users/admin/builder/spi-builder-workspace/.derivedData/Build/Intermediates.noindex/TextStory.build/Debug-watchos/Internal.build/Objects-normal/armv7k/TSYTextStorage.o -index-unit-output-path /TextStory.build/Debug-watchos/Internal.build/Objects-normal/armv7k/TSYTextStorage.o
In file included from /Users/admin/builder/spi-builder-workspace/.dependencies/checkouts/TextStory/Sources/Internal/TSYTextStorage.m:9:
/Users/admin/builder/spi-builder-workspace/.dependencies/checkouts/TextStory/Sources/Internal/TSYTextStorage.h:21:29: error: 'NSTextStorage' is unavailable: not available on watchOS
   21 | @interface TSYTextStorage : NSTextStorage
      |                             ^
In module 'UIKit' imported from /Users/admin/builder/spi-builder-workspace/.dependencies/checkouts/TextStory/Sources/Internal/TSYTextStorage.h:14:
/Applications/Xcode-26.5.0.app/Contents/Developer/Platforms/WatchOS.platform/Developer/SDKs/WatchOS26.5.sdk/System/Library/Frameworks/UIKit.framework/Headers/NSTextStorage.h:41:12: note: 'NSTextStorage' has been explicitly marked unavailable here
   41 | @interface NSTextStorage : NSMutableAttributedString <NSSecureCoding>
      |            ^
In file included from /Users/admin/builder/spi-builder-workspace/.dependencies/checkouts/TextStory/Sources/Internal/TSYTextStorage.m:9:
/Users/admin/builder/spi-builder-workspace/.dependencies/checkouts/TextStory/Sources/Internal/TSYTextStorage.h:23:34: error: 'NSTextStorage' is unavailable: not available on watchOS
   23 | - (instancetype)initWithStorage:(NSTextStorage *)textStorage NS_DESIGNATED_INITIALIZER;
      |                                  ^
In module 'UIKit' imported from /Users/admin/builder/spi-builder-workspace/.dependencies/checkouts/TextStory/Sources/Internal/TSYTextStorage.h:14:
/Applications/Xcode-26.5.0.app/Contents/Developer/Platforms/WatchOS.platform/Developer/SDKs/WatchOS26.5.sdk/System/Library/Frameworks/UIKit.framework/Headers/NSTextStorage.h:41:12: note: 'NSTextStorage' has been explicitly marked unavailable here
   41 | @interface NSTextStorage : NSMutableAttributedString <NSSecureCoding>
      |            ^
In file included from /Users/admin/builder/spi-builder-workspace/.dependencies/checkouts/TextStory/Sources/Internal/TSYTextStorage.m:9:
/Users/admin/builder/spi-builder-workspace/.dependencies/checkouts/TextStory/Sources/Internal/TSYTextStorage.h:27:33: error: 'NSTextStorage' is unavailable: not available on watchOS
   27 | @property (nonatomic, readonly) NSTextStorage *internalStorage;
      |                                 ^
In module 'UIKit' imported from /Users/admin/builder/spi-builder-workspace/.dependencies/checkouts/TextStory/Sources/Internal/TSYTextStorage.h:14:
/Applications/Xcode-26.5.0.app/Contents/Developer/Platforms/WatchOS.platform/Developer/SDKs/WatchOS26.5.sdk/System/Library/Frameworks/UIKit.framework/Headers/NSTextStorage.h:41:12: note: 'NSTextStorage' has been explicitly marked unavailable here
   41 | @interface NSTextStorage : NSMutableAttributedString <NSSecureCoding>
      |            ^
In file included from /Users/admin/builder/spi-builder-workspace/.dependencies/checkouts/TextStory/Sources/Internal/TSYTextStorage.m:9:
/Users/admin/builder/spi-builder-workspace/.dependencies/checkouts/TextStory/Sources/Internal/TSYTextStorage.h:31:35: error: 'NSTextStorageDelegate' is unavailable: not available on watchOS
   31 | @protocol TSYTextStorageDelegate <NSTextStorageDelegate>
      |                                   ^
In module 'UIKit' imported from /Users/admin/builder/spi-builder-workspace/.dependencies/checkouts/TextStory/Sources/Internal/TSYTextStorage.h:14:
/Applications/Xcode-26.5.0.app/Contents/Developer/Platforms/WatchOS.platform/Developer/SDKs/WatchOS26.5.sdk/System/Library/Frameworks/UIKit.framework/Headers/NSTextStorage.h:101:36: note: 'NSTextStorageDelegate' has been explicitly marked unavailable here
  101 | API_UNAVAILABLE(watchos) @protocol NSTextStorageDelegate <NSObject>
      |                                    ^
/Users/admin/builder/spi-builder-workspace/.dependencies/checkouts/TextStory/Sources/Internal/TSYTextStorage.m:19:34: error: 'NSTextStorage' is unavailable: not available on watchOS
   19 | - (instancetype)initWithStorage:(NSTextStorage *)textStorage {
      |                                  ^
In module 'UIKit' imported from /Users/admin/builder/spi-builder-workspace/.dependencies/checkouts/TextStory/Sources/Internal/TSYTextStorage.h:14:
/Applications/Xcode-26.5.0.app/Contents/Developer/Platforms/WatchOS.platform/Developer/SDKs/WatchOS26.5.sdk/System/Library/Frameworks/UIKit.framework/Headers/NSTextStorage.h:41:12: note: 'NSTextStorage' has been explicitly marked unavailable here
   41 | @interface NSTextStorage : NSMutableAttributedString <NSSecureCoding>
      |            ^
/Users/admin/builder/spi-builder-workspace/.dependencies/checkouts/TextStory/Sources/Internal/TSYTextStorage.m:54:5: error: 'NSTextStorage' is unavailable: not available on watchOS
   54 |     NSTextStorage* storage = [[NSTextStorage alloc] initWithString:str];
      |     ^
In module 'UIKit' imported from /Users/admin/builder/spi-builder-workspace/.dependencies/checkouts/TextStory/Sources/Internal/TSYTextStorage.h:14:
/Applications/Xcode-26.5.0.app/Contents/Developer/Platforms/WatchOS.platform/Developer/SDKs/WatchOS26.5.sdk/System/Library/Frameworks/UIKit.framework/Headers/NSTextStorage.h:41:12: note: 'NSTextStorage' has been explicitly marked unavailable here
   41 | @interface NSTextStorage : NSMutableAttributedString <NSSecureCoding>
      |            ^
/Users/admin/builder/spi-builder-workspace/.dependencies/checkouts/TextStory/Sources/Internal/TSYTextStorage.m:54:46: error: 'NSTextStorage' is unavailable: not available on watchOS
   54 |     NSTextStorage* storage = [[NSTextStorage alloc] initWithString:str];
      |                                              ^
In module 'UIKit' imported from /Users/admin/builder/spi-builder-workspace/.dependencies/checkouts/TextStory/Sources/Internal/TSYTextStorage.h:14:
/Applications/Xcode-26.5.0.app/Contents/Developer/Platforms/WatchOS.platform/Developer/SDKs/WatchOS26.5.sdk/System/Library/Frameworks/UIKit.framework/Headers/NSTextStorage.h:41:12: note: 'NSTextStorage' has been explicitly marked unavailable here
   41 | @interface NSTextStorage : NSMutableAttributedString <NSSecureCoding>
      |            ^
/Users/admin/builder/spi-builder-workspace/.dependencies/checkouts/TextStory/Sources/Internal/TSYTextStorage.m:78:18: error: 'NSTextStorageEditedCharacters' is unavailable: not available on watchOS
   78 |     [self edited:NSTextStorageEditedCharacters range:range changeInLength:delta];
      |                  ^
In module 'UIKit' imported from /Users/admin/builder/spi-builder-workspace/.dependencies/checkouts/TextStory/Sources/Internal/TSYTextStorage.h:14:
/Applications/Xcode-26.5.0.app/Contents/Developer/Platforms/WatchOS.platform/Developer/SDKs/WatchOS26.5.sdk/System/Library/Frameworks/UIKit.framework/Headers/NSTextStorage.h:23:32: note: 'NSTextStorageEditActions' has been explicitly marked unavailable here
   23 | typedef NS_OPTIONS(NSUInteger, NSTextStorageEditActions) {
      |                                ^
/Users/admin/builder/spi-builder-workspace/.dependencies/checkouts/TextStory/Sources/Internal/TSYTextStorage.m:91:18: error: 'NSTextStorageEditedAttributes' is unavailable: not available on watchOS
   91 |     [self edited:NSTextStorageEditedAttributes range:range changeInLength:0];
      |                  ^
In module 'UIKit' imported from /Users/admin/builder/spi-builder-workspace/.dependencies/checkouts/TextStory/Sources/Internal/TSYTextStorage.h:14:
/Applications/Xcode-26.5.0.app/Contents/Developer/Platforms/WatchOS.platform/Developer/SDKs/WatchOS26.5.sdk/System/Library/Frameworks/UIKit.framework/Headers/NSTextStorage.h:23:32: note: 'NSTextStorageEditActions' has been explicitly marked unavailable here
   23 | typedef NS_OPTIONS(NSUInteger, NSTextStorageEditActions) {
      |                                ^
9 errors generated.
Failed frontend command:
/Applications/Xcode-26.5.0.app/Contents/Developer/Toolchains/XcodeDefault.xctoolchain/usr/bin/clang -cc1 -Wundef-prefix\=TARGET_OS_ -fdiagnostics-show-note-include-stack -fmacro-backtrace-limit\=0 -w -ferror-limit 19 -serialize-diagnostic-file /Users/admin/builder/spi-builder-workspace/.derivedData/Build/Intermediates.noindex/TextStory.build/Debug-watchos/Internal.build/Objects-normal/armv7k/TSYTextStorage.dia -Wdeprecated-objc-isa-usage -Werror\=deprecated-objc-isa-usage -Werror\=implicit-function-declaration -Wnon-modular-include-in-framework-module -Werror\=non-modular-include-in-framework-module -Wno-trigraphs -Wno-missing-field-initializers -Wno-missing-prototypes -Wno-return-type -Wno-implicit-atomic-properties -Wno-objc-interface-ivars -Wno-arc-repeated-use-of-weak -Wno-missing-braces -Wparentheses -Wswitch -Wno-unused-function -Wno-unused-label -Wno-unused-parameter -Wno-unused-variable -Wunused-value -Wno-empty-body -Wno-uninitialized -Wno-unknown-pragmas -Wno-shadow -Wno-four-char-constants -Wno-conversion -Wno-constant-conversion -Wno-int-conversion -Wno-bool-conversion -Wno-enum-conversion -Wno-float-conversion -Wno-non-literal-null-conversion -Wno-objc-literal-conversion -Wno-shorten-64-to-32 -Wpointer-sign -Wno-newline-eof -Wno-selector -Wno-strict-selector-match -Wno-undeclared-selector -Wno-deprecated-implementations -Wno-implicit-fallthrough -Wprotocol -Wdeprecated-declarations -Wno-sign-conversion -Wno-infinite-recursion -Wno-comma -Wno-block-capture-autoreleasing -Wno-strict-prototypes -Wno-semicolon-before-method-body -Wno-elaborated-enum-base -Wno-error\=allocator-wrappers -index-store-path /Users/admin/builder/spi-builder-workspace/.derivedData/Index.noindex/DataStore -index-unit-output-path /TextStory.build/Debug-watchos/Internal.build/Objects-normal/armv7k/TSYTextStorage.o -fmodule-map-file\=/Applications/Xcode-26.5.0.app/Contents/Developer/Platforms/WatchOS.platform/Developer/SDKs/WatchOS.sdk/System/Library/Frameworks/Foundation.framework/Modules/module.modulemap -fmodule-map-file\=/Applications/Xcode-26.5.0.app/Contents/Developer/Platforms/WatchOS.platform/Developer/SDKs/WatchOS.sdk/System/Library/Frameworks/UIKit.framework/Modules/module.modulemap -o /Users/admin/builder/spi-builder-workspace/.derivedData/Build/Intermediates.noindex/TextStory.build/Debug-watchos/Internal.build/Objects-normal/armv7k/TSYTextStorage.o -disable-free -emit-obj -x objective-c /Users/admin/builder/spi-builder-workspace/.dependencies/checkouts/TextStory/Sources/Internal/TSYTextStorage.m -target-abi aapcs16 -target-cpu cortex-a7 -target-feature +read-tp-tpidruro -target-feature +vfp2 -target-feature +vfp2sp -target-feature +vfp3 -target-feature +vfp3d16 -target-feature +vfp3d16sp -target-feature +vfp3sp -target-feature +fp16 -target-feature +vfp4 -target-feature +vfp4d16 -target-feature +vfp4d16sp -target-feature +vfp4sp -target-feature -fp-armv8 -target-feature -fp-armv8d16 -target-feature -fp-armv8d16sp -target-feature -fp-armv8sp -target-feature -fullfp16 -target-feature +fp64 -target-feature +d32 -target-feature +neon -target-feature -sha2 -target-feature -aes -target-feature -fp16fml -triple thumbv7k-apple-watchos6.0.0 -target-linker-version 1267 -target-sdk-version\=26.5 -fmodules-validate-system-headers -fno-modulemap-allow-subdirectory-search -isysroot /Applications/Xcode-26.5.0.app/Contents/Developer/Platforms/WatchOS.platform/Developer/SDKs/WatchOS26.5.sdk -resource-dir /Applications/Xcode-26.5.0.app/Contents/Developer/Toolchains/XcodeDefault.xctoolchain/usr/lib/clang/21 -fmodule-format\=obj -fmodule-file\=Foundation\=/Users/admin/builder/spi-builder-workspace/.derivedData/Build/Intermediates.noindex/ExplicitPrecompiledModules/Foundation-BSNQ2OJQRX5RTYW5TKC7Y9TIY.pcm -fmodule-file\=UIKit\=/Users/admin/builder/spi-builder-workspace/.derivedData/Build/Intermediates.noindex/ExplicitPrecompiledModules/UIKit-E8XMDN7NHM0XGAU0XYMVHO3T2.pcm -I /Users/admin/builder/spi-builder-workspace/.derivedData/Build/Products/Debug-watchos/include -I /Users/admin/builder/spi-builder-workspace/.dependencies/checkouts/TextStory/Sources/Internal -I /Users/admin/builder/spi-builder-workspace/.derivedData/Build/Intermediates.noindex/TextStory.build/Debug-watchos/Internal.build/DerivedSources-normal/armv7k -I /Users/admin/builder/spi-builder-workspace/.derivedData/Build/Intermediates.noindex/TextStory.build/Debug-watchos/Internal.build/DerivedSources/armv7k -I /Users/admin/builder/spi-builder-workspace/.derivedData/Build/Intermediates.noindex/TextStory.build/Debug-watchos/Internal.build/DerivedSources -F /Users/admin/builder/spi-builder-workspace/.derivedData/Build/Products/Debug-watchos -iframework /Applications/Xcode-26.5.0.app/Contents/Developer/Platforms/WatchOS.platform/Developer/Library/Frameworks -iframework /Applications/Xcode-26.5.0.app/Contents/Developer/Platforms/WatchOS.platform/Developer/SDKs/WatchOS26.5.sdk/Developer/Library/Frameworks -internal-isystem /Applications/Xcode-26.5.0.app/Contents/Developer/Platforms/WatchOS.platform/Developer/SDKs/WatchOS26.5.sdk/usr/local/include -internal-isystem /Applications/Xcode-26.5.0.app/Contents/Developer/Toolchains/XcodeDefault.xctoolchain/usr/lib/clang/21/include -internal-externc-isystem /Applications/Xcode-26.5.0.app/Contents/Developer/Platforms/WatchOS.platform/Developer/SDKs/WatchOS26.5.sdk/usr/include -internal-externc-isystem /Applications/Xcode-26.5.0.app/Contents/Developer/Toolchains/XcodeDefault.xctoolchain/usr/include -internal-iframework /Applications/Xcode-26.5.0.app/Contents/Developer/Platforms/WatchOS.platform/Developer/SDKs/WatchOS26.5.sdk/System/Library/Frameworks -internal-iframework /Applications/Xcode-26.5.0.app/Contents/Developer/Platforms/WatchOS.platform/Developer/SDKs/WatchOS26.5.sdk/System/Library/SubFrameworks -internal-iframework /Applications/Xcode-26.5.0.app/Contents/Developer/Platforms/WatchOS.platform/Developer/SDKs/WatchOS26.5.sdk/Library/Frameworks -ivfsstatcache /Users/admin/builder/spi-builder-workspace/.derivedData/SDKStatCaches.noindex/watchos26.5-23T570-688ef53f1462e2c8f657fdc38a81448f7931b973dfc65d9472806dbbc3af9379.sdkstatcache -std\=gnu11 -fexceptions -exception-model dwarf -fskip-odr-check-in-gmf -fmodules -fmodule-name\=Internal -fno-implicit-modules -fobjc-exceptions -fmax-type-align\=16 -fpascal-strings -fstack-check -fvisibility-inlines-hidden-static-local-var -mdarwin-stkchk-strong-link -fno-odr-hash-protocols -pic-level 2 -fencode-extended-block-signature -stack-protector 1 -fobjc-runtime\=watchos-6.0.0 -fobjc-arc -fobjc-runtime-has-weak -fobjc-weak -fgnuc-version\=4.2.1 -fblocks -fno-convergent-functions -ffp-contract\=on -fclang-abi-compat\=4.0 -fno-experimental-relative-c++-abi-vtables -fno-file-reproducible -clang-vendor-feature\=+disableNonDependentMemberExprInCurrentInstantiation -clang-vendor-feature\=+enableAggressiveVLAFolding -clang-vendor-feature\=+revert09abecef7bbf -clang-vendor-feature\=+thisNoAlignAttr -clang-vendor-feature\=+thisNoNullAttr -clang-vendor-feature\=+disableAtImportPrivateFrameworkInImplementationError -O0 -fno-assume-unique-vtables -fdebug-compilation-dir\=/Users/admin/builder/spi-builder-workspace/.swiftpm/xcode -fcoverage-compilation-dir\=/Users/admin/builder/spi-builder-workspace/.swiftpm/xcode -fcoverage-mapping -fcommon -fdwarf2-cfi-asm -fregister-global-dtors-with-atexit -fno-strict-return -dwarf-version\=4 -debugger-tuning\=lldb -disable-llvm-verifier -dwarf-ext-refs -mfloat-abi hard -funwind-tables\=2 -fprofile-instrument\=clang -clear-ast-before-backend -discard-value-names -main-file-name TSYTextStorage.m -mframe-pointer\=non-leaf -debug-info-kind\=standalone -fno-loop-interchange -fdiagnostics-hotness-threshold\=0 -fdiagnostics-misexpect-tolerance\=0 -D DEBUG\=1 -D OBJC_OLD_DISPATCH_PROTOTYPES\=1 -D SWIFT_PACKAGE -D Xcode -fdefine-target-os-macros -MT dependencies -dependency-file /Users/admin/builder/spi-builder-workspace/.derivedData/Build/Intermediates.noindex/TextStory.build/Debug-watchos/Internal.build/Objects-normal/armv7k/TSYTextStorage.d -skip-unused-modulemap-deps
CompileC /Users/admin/builder/spi-builder-workspace/.derivedData/Build/Intermediates.noindex/TextStory.build/Debug-watchos/Internal.build/Objects-normal/arm64/TSYTextStorage.o /Users/admin/builder/spi-builder-workspace/.dependencies/checkouts/TextStory/Sources/Internal/TSYTextStorage.m normal arm64 objective-c com.apple.compilers.llvm.clang.1_0.compiler (in target 'Internal' from project 'TextStory')
    cd /Users/admin/builder/spi-builder-workspace/.swiftpm/xcode

    Using response file: /Users/admin/builder/spi-builder-workspace/.derivedData/Build/Intermediates.noindex/TextStory.build/Debug-watchos/Internal.build/Objects-normal/arm64/e6072d4f65d7061329687fe24e3d63a7-common-args.resp

    /Applications/Xcode-26.5.0.app/Contents/Developer/Toolchains/XcodeDefault.xctoolchain/usr/bin/clang -x objective-c -ivfsstatcache /Users/admin/builder/spi-builder-workspace/.derivedData/SDKStatCaches.noindex/watchos26.5-23T570-688ef53f1462e2c8f657fdc38a81448f7931b973dfc65d9472806dbbc3af9379.sdkstatcache -target arm64-apple-watchos6.0 -fmessage-length\=0 -fdiagnostics-show-note-include-stack -fmacro-backtrace-limit\=0 -fno-color-diagnostics -fmodules-prune-interval\=86400 -fmodules-prune-after\=345600 -fbuild-session-file\=/Users/admin/builder/spi-builder-workspace/.derivedData/ModuleCache.noindex/Session.modulevalidation -fmodules-validate-once-per-build-session -Wnon-modular-include-in-framework-module -Werror\=non-modular-include-in-framework-module -Wno-trigraphs -Wno-missing-field-initializers -Wno-missing-prototypes -Wno-return-type -Wno-implicit-atomic-properties -Wno-objc-interface-ivars -Wno-arc-repeated-use-of-weak -Wno-missing-braces -Wparentheses -Wswitch -Wno-unused-function -Wno-unused-label -Wno-unused-parameter -Wno-unused-variable -Wunused-value -Wno-empty-body -Wno-uninitialized -Wno-unknown-pragmas -w -Wno-shadow -Wno-four-char-constants -Wno-conversion -Wno-constant-conversion -Wno-int-conversion -Wno-bool-conversion -Wno-enum-conversion -Wno-float-conversion -Wno-non-literal-null-conversion -Wno-objc-literal-conversion -Wshorten-64-to-32 -Wpointer-sign -Wno-newline-eof -Wno-selector -Wno-strict-selector-match -Wno-undeclared-selector -Wno-deprecated-implementations -Wno-implicit-fallthrough -isysroot /Applications/Xcode-26.5.0.app/Contents/Developer/Platforms/WatchOS.platform/Developer/SDKs/WatchOS26.5.sdk -fstrict-aliasing -Wprotocol -Wdeprecated-declarations -Wno-sign-conversion -Wno-infinite-recursion -Wno-comma -Wno-block-capture-autoreleasing -Wno-strict-prototypes -Wno-semicolon-before-method-body -index-store-path /Users/admin/builder/spi-builder-workspace/.derivedData/Index.noindex/DataStore @/Users/admin/builder/spi-builder-workspace/.derivedData/Build/Intermediates.noindex/TextStory.build/Debug-watchos/Internal.build/Objects-normal/arm64/e6072d4f65d7061329687fe24e3d63a7-common-args.resp -MMD -MT dependencies -MF /Users/admin/builder/spi-builder-workspace/.derivedData/Build/Intermediates.noindex/TextStory.build/Debug-watchos/Internal.build/Objects-normal/arm64/TSYTextStorage.d --serialize-diagnostics /Users/admin/builder/spi-builder-workspace/.derivedData/Build/Intermediates.noindex/TextStory.build/Debug-watchos/Internal.build/Objects-normal/arm64/TSYTextStorage.dia -c /Users/admin/builder/spi-builder-workspace/.dependencies/checkouts/TextStory/Sources/Internal/TSYTextStorage.m -o /Users/admin/builder/spi-builder-workspace/.derivedData/Build/Intermediates.noindex/TextStory.build/Debug-watchos/Internal.build/Objects-normal/arm64/TSYTextStorage.o -index-unit-output-path /TextStory.build/Debug-watchos/Internal.build/Objects-normal/arm64/TSYTextStorage.o
In file included from /Users/admin/builder/spi-builder-workspace/.dependencies/checkouts/TextStory/Sources/Internal/TSYTextStorage.m:9:
/Users/admin/builder/spi-builder-workspace/.dependencies/checkouts/TextStory/Sources/Internal/TSYTextStorage.h:21:29: error: 'NSTextStorage' is unavailable: not available on watchOS
   21 | @interface TSYTextStorage : NSTextStorage
      |                             ^
In module 'UIKit' imported from /Users/admin/builder/spi-builder-workspace/.dependencies/checkouts/TextStory/Sources/Internal/TSYTextStorage.h:14:
/Applications/Xcode-26.5.0.app/Contents/Developer/Platforms/WatchOS.platform/Developer/SDKs/WatchOS26.5.sdk/System/Library/Frameworks/UIKit.framework/Headers/NSTextStorage.h:41:12: note: 'NSTextStorage' has been explicitly marked unavailable here
   41 | @interface NSTextStorage : NSMutableAttributedString <NSSecureCoding>
      |            ^
In file included from /Users/admin/builder/spi-builder-workspace/.dependencies/checkouts/TextStory/Sources/Internal/TSYTextStorage.m:9:
/Users/admin/builder/spi-builder-workspace/.dependencies/checkouts/TextStory/Sources/Internal/TSYTextStorage.h:23:34: error: 'NSTextStorage' is unavailable: not available on watchOS
   23 | - (instancetype)initWithStorage:(NSTextStorage *)textStorage NS_DESIGNATED_INITIALIZER;
      |                                  ^
In module 'UIKit' imported from /Users/admin/builder/spi-builder-workspace/.dependencies/checkouts/TextStory/Sources/Internal/TSYTextStorage.h:14:
/Applications/Xcode-26.5.0.app/Contents/Developer/Platforms/WatchOS.platform/Developer/SDKs/WatchOS26.5.sdk/System/Library/Frameworks/UIKit.framework/Headers/NSTextStorage.h:41:12: note: 'NSTextStorage' has been explicitly marked unavailable here
   41 | @interface NSTextStorage : NSMutableAttributedString <NSSecureCoding>
      |            ^
In file included from /Users/admin/builder/spi-builder-workspace/.dependencies/checkouts/TextStory/Sources/Internal/TSYTextStorage.m:9:
/Users/admin/builder/spi-builder-workspace/.dependencies/checkouts/TextStory/Sources/Internal/TSYTextStorage.h:27:33: error: 'NSTextStorage' is unavailable: not available on watchOS
   27 | @property (nonatomic, readonly) NSTextStorage *internalStorage;
      |                                 ^
In module 'UIKit' imported from /Users/admin/builder/spi-builder-workspace/.dependencies/checkouts/TextStory/Sources/Internal/TSYTextStorage.h:14:
/Applications/Xcode-26.5.0.app/Contents/Developer/Platforms/WatchOS.platform/Developer/SDKs/WatchOS26.5.sdk/System/Library/Frameworks/UIKit.framework/Headers/NSTextStorage.h:41:12: note: 'NSTextStorage' has been explicitly marked unavailable here
   41 | @interface NSTextStorage : NSMutableAttributedString <NSSecureCoding>
      |            ^
In file included from /Users/admin/builder/spi-builder-workspace/.dependencies/checkouts/TextStory/Sources/Internal/TSYTextStorage.m:9:
/Users/admin/builder/spi-builder-workspace/.dependencies/checkouts/TextStory/Sources/Internal/TSYTextStorage.h:31:35: error: 'NSTextStorageDelegate' is unavailable: not available on watchOS
   31 | @protocol TSYTextStorageDelegate <NSTextStorageDelegate>
      |                                   ^
In module 'UIKit' imported from /Users/admin/builder/spi-builder-workspace/.dependencies/checkouts/TextStory/Sources/Internal/TSYTextStorage.h:14:
/Applications/Xcode-26.5.0.app/Contents/Developer/Platforms/WatchOS.platform/Developer/SDKs/WatchOS26.5.sdk/System/Library/Frameworks/UIKit.framework/Headers/NSTextStorage.h:101:36: note: 'NSTextStorageDelegate' has been explicitly marked unavailable here
  101 | API_UNAVAILABLE(watchos) @protocol NSTextStorageDelegate <NSObject>
      |                                    ^
/Users/admin/builder/spi-builder-workspace/.dependencies/checkouts/TextStory/Sources/Internal/TSYTextStorage.m:19:34: error: 'NSTextStorage' is unavailable: not available on watchOS
   19 | - (instancetype)initWithStorage:(NSTextStorage *)textStorage {
      |                                  ^
In module 'UIKit' imported from /Users/admin/builder/spi-builder-workspace/.dependencies/checkouts/TextStory/Sources/Internal/TSYTextStorage.h:14:
/Applications/Xcode-26.5.0.app/Contents/Developer/Platforms/WatchOS.platform/Developer/SDKs/WatchOS26.5.sdk/System/Library/Frameworks/UIKit.framework/Headers/NSTextStorage.h:41:12: note: 'NSTextStorage' has been explicitly marked unavailable here
   41 | @interface NSTextStorage : NSMutableAttributedString <NSSecureCoding>
      |            ^
/Users/admin/builder/spi-builder-workspace/.dependencies/checkouts/TextStory/Sources/Internal/TSYTextStorage.m:54:5: error: 'NSTextStorage' is unavailable: not available on watchOS
   54 |     NSTextStorage* storage = [[NSTextStorage alloc] initWithString:str];
      |     ^
In module 'UIKit' imported from /Users/admin/builder/spi-builder-workspace/.dependencies/checkouts/TextStory/Sources/Internal/TSYTextStorage.h:14:
/Applications/Xcode-26.5.0.app/Contents/Developer/Platforms/WatchOS.platform/Developer/SDKs/WatchOS26.5.sdk/System/Library/Frameworks/UIKit.framework/Headers/NSTextStorage.h:41:12: note: 'NSTextStorage' has been explicitly marked unavailable here
   41 | @interface NSTextStorage : NSMutableAttributedString <NSSecureCoding>
      |            ^
/Users/admin/builder/spi-builder-workspace/.dependencies/checkouts/TextStory/Sources/Internal/TSYTextStorage.m:54:46: error: 'NSTextStorage' is unavailable: not available on watchOS
   54 |     NSTextStorage* storage = [[NSTextStorage alloc] initWithString:str];
      |                                              ^
In module 'UIKit' imported from /Users/admin/builder/spi-builder-workspace/.dependencies/checkouts/TextStory/Sources/Internal/TSYTextStorage.h:14:
/Applications/Xcode-26.5.0.app/Contents/Developer/Platforms/WatchOS.platform/Developer/SDKs/WatchOS26.5.sdk/System/Library/Frameworks/UIKit.framework/Headers/NSTextStorage.h:41:12: note: 'NSTextStorage' has been explicitly marked unavailable here
   41 | @interface NSTextStorage : NSMutableAttributedString <NSSecureCoding>
      |            ^
/Users/admin/builder/spi-builder-workspace/.dependencies/checkouts/TextStory/Sources/Internal/TSYTextStorage.m:78:18: error: 'NSTextStorageEditedCharacters' is unavailable: not available on watchOS
   78 |     [self edited:NSTextStorageEditedCharacters range:range changeInLength:delta];
      |                  ^
In module 'UIKit' imported from /Users/admin/builder/spi-builder-workspace/.dependencies/checkouts/TextStory/Sources/Internal/TSYTextStorage.h:14:
/Applications/Xcode-26.5.0.app/Contents/Developer/Platforms/WatchOS.platform/Developer/SDKs/WatchOS26.5.sdk/System/Library/Frameworks/UIKit.framework/Headers/NSTextStorage.h:23:32: note: 'NSTextStorageEditActions' has been explicitly marked unavailable here
   23 | typedef NS_OPTIONS(NSUInteger, NSTextStorageEditActions) {
      |                                ^
/Users/admin/builder/spi-builder-workspace/.dependencies/checkouts/TextStory/Sources/Internal/TSYTextStorage.m:91:18: error: 'NSTextStorageEditedAttributes' is unavailable: not available on watchOS
   91 |     [self edited:NSTextStorageEditedAttributes range:range changeInLength:0];
      |                  ^
In module 'UIKit' imported from /Users/admin/builder/spi-builder-workspace/.dependencies/checkouts/TextStory/Sources/Internal/TSYTextStorage.h:14:
/Applications/Xcode-26.5.0.app/Contents/Developer/Platforms/WatchOS.platform/Developer/SDKs/WatchOS26.5.sdk/System/Library/Frameworks/UIKit.framework/Headers/NSTextStorage.h:23:32: note: 'NSTextStorageEditActions' has been explicitly marked unavailable here
   23 | typedef NS_OPTIONS(NSUInteger, NSTextStorageEditActions) {
      |                                ^
9 errors generated.
Failed frontend command:
/Applications/Xcode-26.5.0.app/Contents/Developer/Toolchains/XcodeDefault.xctoolchain/usr/bin/clang -cc1 -Wundef-prefix\=TARGET_OS_ -fdiagnostics-show-note-include-stack -fmacro-backtrace-limit\=0 -w -ferror-limit 19 -serialize-diagnostic-file /Users/admin/builder/spi-builder-workspace/.derivedData/Build/Intermediates.noindex/TextStory.build/Debug-watchos/Internal.build/Objects-normal/arm64/TSYTextStorage.dia -Wdeprecated-objc-isa-usage -Werror\=deprecated-objc-isa-usage -Werror\=implicit-function-declaration -Wnon-modular-include-in-framework-module -Werror\=non-modular-include-in-framework-module -Wno-trigraphs -Wno-missing-field-initializers -Wno-missing-prototypes -Wno-return-type -Wno-implicit-atomic-properties -Wno-objc-interface-ivars -Wno-arc-repeated-use-of-weak -Wno-missing-braces -Wparentheses -Wswitch -Wno-unused-function -Wno-unused-label -Wno-unused-parameter -Wno-unused-variable -Wunused-value -Wno-empty-body -Wno-uninitialized -Wno-unknown-pragmas -Wno-shadow -Wno-four-char-constants -Wno-conversion -Wno-constant-conversion -Wno-int-conversion -Wno-bool-conversion -Wno-enum-conversion -Wno-float-conversion -Wno-non-literal-null-conversion -Wno-objc-literal-conversion -Wshorten-64-to-32 -Wpointer-sign -Wno-newline-eof -Wno-selector -Wno-strict-selector-match -Wno-undeclared-selector -Wno-deprecated-implementations -Wno-implicit-fallthrough -Wprotocol -Wdeprecated-declarations -Wno-sign-conversion -Wno-infinite-recursion -Wno-comma -Wno-block-capture-autoreleasing -Wno-strict-prototypes -Wno-semicolon-before-method-body -Wno-elaborated-enum-base -Wno-error\=allocator-wrappers -index-store-path /Users/admin/builder/spi-builder-workspace/.derivedData/Index.noindex/DataStore -index-unit-output-path /TextStory.build/Debug-watchos/Internal.build/Objects-normal/arm64/TSYTextStorage.o -fmodule-map-file\=/Applications/Xcode-26.5.0.app/Contents/Developer/Platforms/WatchOS.platform/Developer/SDKs/WatchOS.sdk/System/Library/Frameworks/Foundation.framework/Modules/module.modulemap -fmodule-map-file\=/Applications/Xcode-26.5.0.app/Contents/Developer/Platforms/WatchOS.platform/Developer/SDKs/WatchOS.sdk/System/Library/Frameworks/UIKit.framework/Modules/module.modulemap -o /Users/admin/builder/spi-builder-workspace/.derivedData/Build/Intermediates.noindex/TextStory.build/Debug-watchos/Internal.build/Objects-normal/arm64/TSYTextStorage.o -disable-free -emit-obj -x objective-c /Users/admin/builder/spi-builder-workspace/.dependencies/checkouts/TextStory/Sources/Internal/TSYTextStorage.m -target-abi darwinpcs -target-cpu apple-s9 -target-feature +v8.6a -target-feature +aes -target-feature +bf16 -target-feature +complxnum -target-feature +crc -target-feature +dotprod -target-feature +fp-armv8 -target-feature +fp16fml -target-feature +fpac -target-feature +fullfp16 -target-feature +hcx -target-feature +i8mm -target-feature +jsconv -target-feature +lse -target-feature +neon -target-feature +pauth -target-feature +perfmon -target-feature +ras -target-feature +rcpc -target-feature +rdm -target-feature +sha2 -target-feature +sha3 -target-feature +ssbs -triple arm64-apple-watchos6.0.0 -target-linker-version 1267 -target-sdk-version\=26.5 -fmodules-validate-system-headers -fno-modulemap-allow-subdirectory-search -isysroot /Applications/Xcode-26.5.0.app/Contents/Developer/Platforms/WatchOS.platform/Developer/SDKs/WatchOS26.5.sdk -resource-dir /Applications/Xcode-26.5.0.app/Contents/Developer/Toolchains/XcodeDefault.xctoolchain/usr/lib/clang/21 -fmodule-format\=obj -fmodule-file\=Foundation\=/Users/admin/builder/spi-builder-workspace/.derivedData/Build/Intermediates.noindex/ExplicitPrecompiledModules/Foundation-E1IIEQ927HDLJ3PVJW4EPURDG.pcm -fmodule-file\=UIKit\=/Users/admin/builder/spi-builder-workspace/.derivedData/Build/Intermediates.noindex/ExplicitPrecompiledModules/UIKit-2NIWSIW6OM4J6NHG0T9BLGV3O.pcm -I /Users/admin/builder/spi-builder-workspace/.derivedData/Build/Products/Debug-watchos/include -I /Users/admin/builder/spi-builder-workspace/.dependencies/checkouts/TextStory/Sources/Internal -I /Users/admin/builder/spi-builder-workspace/.derivedData/Build/Intermediates.noindex/TextStory.build/Debug-watchos/Internal.build/DerivedSources-normal/arm64 -I /Users/admin/builder/spi-builder-workspace/.derivedData/Build/Intermediates.noindex/TextStory.build/Debug-watchos/Internal.build/DerivedSources/arm64 -I /Users/admin/builder/spi-builder-workspace/.derivedData/Build/Intermediates.noindex/TextStory.build/Debug-watchos/Internal.build/DerivedSources -F /Users/admin/builder/spi-builder-workspace/.derivedData/Build/Products/Debug-watchos -iframework /Applications/Xcode-26.5.0.app/Contents/Developer/Platforms/WatchOS.platform/Developer/Library/Frameworks -iframework /Applications/Xcode-26.5.0.app/Contents/Developer/Platforms/WatchOS.platform/Developer/SDKs/WatchOS26.5.sdk/Developer/Library/Frameworks -internal-isystem /Applications/Xcode-26.5.0.app/Contents/Developer/Platforms/WatchOS.platform/Developer/SDKs/WatchOS26.5.sdk/usr/local/include -internal-isystem /Applications/Xcode-26.5.0.app/Contents/Developer/Toolchains/XcodeDefault.xctoolchain/usr/lib/clang/21/include -internal-externc-isystem /Applications/Xcode-26.5.0.app/Contents/Developer/Platforms/WatchOS.platform/Developer/SDKs/WatchOS26.5.sdk/usr/include -internal-externc-isystem /Applications/Xcode-26.5.0.app/Contents/Developer/Toolchains/XcodeDefault.xctoolchain/usr/include -internal-iframework /Applications/Xcode-26.5.0.app/Contents/Developer/Platforms/WatchOS.platform/Developer/SDKs/WatchOS26.5.sdk/System/Library/Frameworks -internal-iframework /Applications/Xcode-26.5.0.app/Contents/Developer/Platforms/WatchOS.platform/Developer/SDKs/WatchOS26.5.sdk/System/Library/SubFrameworks -internal-iframework /Applications/Xcode-26.5.0.app/Contents/Developer/Platforms/WatchOS.platform/Developer/SDKs/WatchOS26.5.sdk/Library/Frameworks -ivfsstatcache /Users/admin/builder/spi-builder-workspace/.derivedData/SDKStatCaches.noindex/watchos26.5-23T570-688ef53f1462e2c8f657fdc38a81448f7931b973dfc65d9472806dbbc3af9379.sdkstatcache -std\=gnu11 -fexceptions -fskip-odr-check-in-gmf -fmodules -fmodule-name\=Internal -fno-implicit-modules -fobjc-exceptions -fmax-type-align\=16 -fpascal-strings -fstack-check -fvisibility-inlines-hidden-static-local-var -mdarwin-stkchk-strong-link -fno-odr-hash-protocols -pic-level 2 -fencode-extended-block-signature -stack-protector 1 -fobjc-runtime\=watchos-6.0.0 -fobjc-arc -fobjc-runtime-has-weak -fobjc-weak -fgnuc-version\=4.2.1 -fblocks -fno-convergent-functions -ffp-contract\=on -fclang-abi-compat\=4.0 -fno-experimental-relative-c++-abi-vtables -fno-file-reproducible -clang-vendor-feature\=+disableNonDependentMemberExprInCurrentInstantiation -clang-vendor-feature\=+enableAggressiveVLAFolding -clang-vendor-feature\=+revert09abecef7bbf -clang-vendor-feature\=+thisNoAlignAttr -clang-vendor-feature\=+thisNoNullAttr -clang-vendor-feature\=+disableAtImportPrivateFrameworkInImplementationError -O0 -fno-assume-unique-vtables -fdebug-compilation-dir\=/Users/admin/builder/spi-builder-workspace/.swiftpm/xcode -fcoverage-compilation-dir\=/Users/admin/builder/spi-builder-workspace/.swiftpm/xcode -fcoverage-mapping -fcommon -fdwarf2-cfi-asm -fobjc-msgsend-selector-stubs -fregister-global-dtors-with-atexit -fno-strict-return -dwarf-version\=4 -debugger-tuning\=lldb -disable-llvm-verifier -dwarf-ext-refs -funwind-tables\=1 -fprofile-instrument\=clang -enable-tlsdesc -clear-ast-before-backend -discard-value-names -main-file-name TSYTextStorage.m -mframe-pointer\=non-leaf -debug-info-kind\=standalone -fno-loop-interchange -fdiagnostics-hotness-threshold\=0 -fdiagnostics-misexpect-tolerance\=0 -D DEBUG\=1 -D OBJC_OLD_DISPATCH_PROTOTYPES\=1 -D SWIFT_PACKAGE -D Xcode -fdefine-target-os-macros -MT dependencies -dependency-file /Users/admin/builder/spi-builder-workspace/.derivedData/Build/Intermediates.noindex/TextStory.build/Debug-watchos/Internal.build/Objects-normal/arm64/TSYTextStorage.d -skip-unused-modulemap-deps
CompileC /Users/admin/builder/spi-builder-workspace/.derivedData/Build/Intermediates.noindex/TextStory.build/Debug-watchos/Internal.build/Objects-normal/arm64_32/TSYTextStorage.o /Users/admin/builder/spi-builder-workspace/.dependencies/checkouts/TextStory/Sources/Internal/TSYTextStorage.m normal arm64_32 objective-c com.apple.compilers.llvm.clang.1_0.compiler (in target 'Internal' from project 'TextStory')
    cd /Users/admin/builder/spi-builder-workspace/.swiftpm/xcode

    Using response file: /Users/admin/builder/spi-builder-workspace/.derivedData/Build/Intermediates.noindex/TextStory.build/Debug-watchos/Internal.build/Objects-normal/arm64_32/e6072d4f65d7061329687fe24e3d63a7-common-args.resp

    /Applications/Xcode-26.5.0.app/Contents/Developer/Toolchains/XcodeDefault.xctoolchain/usr/bin/clang -x objective-c -ivfsstatcache /Users/admin/builder/spi-builder-workspace/.derivedData/SDKStatCaches.noindex/watchos26.5-23T570-688ef53f1462e2c8f657fdc38a81448f7931b973dfc65d9472806dbbc3af9379.sdkstatcache -target arm64_32-apple-watchos6.0 -fmessage-length\=0 -fdiagnostics-show-note-include-stack -fmacro-backtrace-limit\=0 -fno-color-diagnostics -fmodules-prune-interval\=86400 -fmodules-prune-after\=345600 -fbuild-session-file\=/Users/admin/builder/spi-builder-workspace/.derivedData/ModuleCache.noindex/Session.modulevalidation -fmodules-validate-once-per-build-session -Wnon-modular-include-in-framework-module -Werror\=non-modular-include-in-framework-module -Wno-trigraphs -Wno-missing-field-initializers -Wno-missing-prototypes -Wno-return-type -Wno-implicit-atomic-properties -Wno-objc-interface-ivars -Wno-arc-repeated-use-of-weak -Wno-missing-braces -Wparentheses -Wswitch -Wno-unused-function -Wno-unused-label -Wno-unused-parameter -Wno-unused-variable -Wunused-value -Wno-empty-body -Wno-uninitialized -Wno-unknown-pragmas -w -Wno-shadow -Wno-four-char-constants -Wno-conversion -Wno-constant-conversion -Wno-int-conversion -Wno-bool-conversion -Wno-enum-conversion -Wno-float-conversion -Wno-non-literal-null-conversion -Wno-objc-literal-conversion -Wno-shorten-64-to-32 -Wpointer-sign -Wno-newline-eof -Wno-selector -Wno-strict-selector-match -Wno-undeclared-selector -Wno-deprecated-implementations -Wno-implicit-fallthrough -isysroot /Applications/Xcode-26.5.0.app/Contents/Developer/Platforms/WatchOS.platform/Developer/SDKs/WatchOS26.5.sdk -fstrict-aliasing -Wprotocol -Wdeprecated-declarations -Wno-sign-conversion -Wno-infinite-recursion -Wno-comma -Wno-block-capture-autoreleasing -Wno-strict-prototypes -Wno-semicolon-before-method-body -index-store-path /Users/admin/builder/spi-builder-workspace/.derivedData/Index.noindex/DataStore @/Users/admin/builder/spi-builder-workspace/.derivedData/Build/Intermediates.noindex/TextStory.build/Debug-watchos/Internal.build/Objects-normal/arm64_32/e6072d4f65d7061329687fe24e3d63a7-common-args.resp -MMD -MT dependencies -MF /Users/admin/builder/spi-builder-workspace/.derivedData/Build/Intermediates.noindex/TextStory.build/Debug-watchos/Internal.build/Objects-normal/arm64_32/TSYTextStorage.d --serialize-diagnostics /Users/admin/builder/spi-builder-workspace/.derivedData/Build/Intermediates.noindex/TextStory.build/Debug-watchos/Internal.build/Objects-normal/arm64_32/TSYTextStorage.dia -c /Users/admin/builder/spi-builder-workspace/.dependencies/checkouts/TextStory/Sources/Internal/TSYTextStorage.m -o /Users/admin/builder/spi-builder-workspace/.derivedData/Build/Intermediates.noindex/TextStory.build/Debug-watchos/Internal.build/Objects-normal/arm64_32/TSYTextStorage.o -index-unit-output-path /TextStory.build/Debug-watchos/Internal.build/Objects-normal/arm64_32/TSYTextStorage.o
In file included from /Users/admin/builder/spi-builder-workspace/.dependencies/checkouts/TextStory/Sources/Internal/TSYTextStorage.m:9:
/Users/admin/builder/spi-builder-workspace/.dependencies/checkouts/TextStory/Sources/Internal/TSYTextStorage.h:21:29: error: 'NSTextStorage' is unavailable: not available on watchOS
   21 | @interface TSYTextStorage : NSTextStorage
      |                             ^
In module 'UIKit' imported from /Users/admin/builder/spi-builder-workspace/.dependencies/checkouts/TextStory/Sources/Internal/TSYTextStorage.h:14:
/Applications/Xcode-26.5.0.app/Contents/Developer/Platforms/WatchOS.platform/Developer/SDKs/WatchOS26.5.sdk/System/Library/Frameworks/UIKit.framework/Headers/NSTextStorage.h:41:12: note: 'NSTextStorage' has been explicitly marked unavailable here
   41 | @interface NSTextStorage : NSMutableAttributedString <NSSecureCoding>
      |            ^
In file included from /Users/admin/builder/spi-builder-workspace/.dependencies/checkouts/TextStory/Sources/Internal/TSYTextStorage.m:9:
/Users/admin/builder/spi-builder-workspace/.dependencies/checkouts/TextStory/Sources/Internal/TSYTextStorage.h:23:34: error: 'NSTextStorage' is unavailable: not available on watchOS
   23 | - (instancetype)initWithStorage:(NSTextStorage *)textStorage NS_DESIGNATED_INITIALIZER;
      |                                  ^
In module 'UIKit' imported from /Users/admin/builder/spi-builder-workspace/.dependencies/checkouts/TextStory/Sources/Internal/TSYTextStorage.h:14:
/Applications/Xcode-26.5.0.app/Contents/Developer/Platforms/WatchOS.platform/Developer/SDKs/WatchOS26.5.sdk/System/Library/Frameworks/UIKit.framework/Headers/NSTextStorage.h:41:12: note: 'NSTextStorage' has been explicitly marked unavailable here
   41 | @interface NSTextStorage : NSMutableAttributedString <NSSecureCoding>
      |            ^
In file included from /Users/admin/builder/spi-builder-workspace/.dependencies/checkouts/TextStory/Sources/Internal/TSYTextStorage.m:9:
/Users/admin/builder/spi-builder-workspace/.dependencies/checkouts/TextStory/Sources/Internal/TSYTextStorage.h:27:33: error: 'NSTextStorage' is unavailable: not available on watchOS
   27 | @property (nonatomic, readonly) NSTextStorage *internalStorage;
      |                                 ^
In module 'UIKit' imported from /Users/admin/builder/spi-builder-workspace/.dependencies/checkouts/TextStory/Sources/Internal/TSYTextStorage.h:14:
/Applications/Xcode-26.5.0.app/Contents/Developer/Platforms/WatchOS.platform/Developer/SDKs/WatchOS26.5.sdk/System/Library/Frameworks/UIKit.framework/Headers/NSTextStorage.h:41:12: note: 'NSTextStorage' has been explicitly marked unavailable here
   41 | @interface NSTextStorage : NSMutableAttributedString <NSSecureCoding>
      |            ^
In file included from /Users/admin/builder/spi-builder-workspace/.dependencies/checkouts/TextStory/Sources/Internal/TSYTextStorage.m:9:
/Users/admin/builder/spi-builder-workspace/.dependencies/checkouts/TextStory/Sources/Internal/TSYTextStorage.h:31:35: error: 'NSTextStorageDelegate' is unavailable: not available on watchOS
   31 | @protocol TSYTextStorageDelegate <NSTextStorageDelegate>
      |                                   ^
In module 'UIKit' imported from /Users/admin/builder/spi-builder-workspace/.dependencies/checkouts/TextStory/Sources/Internal/TSYTextStorage.h:14:
/Applications/Xcode-26.5.0.app/Contents/Developer/Platforms/WatchOS.platform/Developer/SDKs/WatchOS26.5.sdk/System/Library/Frameworks/UIKit.framework/Headers/NSTextStorage.h:101:36: note: 'NSTextStorageDelegate' has been explicitly marked unavailable here
  101 | API_UNAVAILABLE(watchos) @protocol NSTextStorageDelegate <NSObject>
      |                                    ^
/Users/admin/builder/spi-builder-workspace/.dependencies/checkouts/TextStory/Sources/Internal/TSYTextStorage.m:19:34: error: 'NSTextStorage' is unavailable: not available on watchOS
   19 | - (instancetype)initWithStorage:(NSTextStorage *)textStorage {
      |                                  ^
In module 'UIKit' imported from /Users/admin/builder/spi-builder-workspace/.dependencies/checkouts/TextStory/Sources/Internal/TSYTextStorage.h:14:
/Applications/Xcode-26.5.0.app/Contents/Developer/Platforms/WatchOS.platform/Developer/SDKs/WatchOS26.5.sdk/System/Library/Frameworks/UIKit.framework/Headers/NSTextStorage.h:41:12: note: 'NSTextStorage' has been explicitly marked unavailable here
   41 | @interface NSTextStorage : NSMutableAttributedString <NSSecureCoding>
      |            ^
/Users/admin/builder/spi-builder-workspace/.dependencies/checkouts/TextStory/Sources/Internal/TSYTextStorage.m:54:5: error: 'NSTextStorage' is unavailable: not available on watchOS
   54 |     NSTextStorage* storage = [[NSTextStorage alloc] initWithString:str];
      |     ^
In module 'UIKit' imported from /Users/admin/builder/spi-builder-workspace/.dependencies/checkouts/TextStory/Sources/Internal/TSYTextStorage.h:14:
/Applications/Xcode-26.5.0.app/Contents/Developer/Platforms/WatchOS.platform/Developer/SDKs/WatchOS26.5.sdk/System/Library/Frameworks/UIKit.framework/Headers/NSTextStorage.h:41:12: note: 'NSTextStorage' has been explicitly marked unavailable here
   41 | @interface NSTextStorage : NSMutableAttributedString <NSSecureCoding>
      |            ^
/Users/admin/builder/spi-builder-workspace/.dependencies/checkouts/TextStory/Sources/Internal/TSYTextStorage.m:54:46: error: 'NSTextStorage' is unavailable: not available on watchOS
   54 |     NSTextStorage* storage = [[NSTextStorage alloc] initWithString:str];
      |                                              ^
In module 'UIKit' imported from /Users/admin/builder/spi-builder-workspace/.dependencies/checkouts/TextStory/Sources/Internal/TSYTextStorage.h:14:
/Applications/Xcode-26.5.0.app/Contents/Developer/Platforms/WatchOS.platform/Developer/SDKs/WatchOS26.5.sdk/System/Library/Frameworks/UIKit.framework/Headers/NSTextStorage.h:41:12: note: 'NSTextStorage' has been explicitly marked unavailable here
   41 | @interface NSTextStorage : NSMutableAttributedString <NSSecureCoding>
      |            ^
/Users/admin/builder/spi-builder-workspace/.dependencies/checkouts/TextStory/Sources/Internal/TSYTextStorage.m:78:18: error: 'NSTextStorageEditedCharacters' is unavailable: not available on watchOS
   78 |     [self edited:NSTextStorageEditedCharacters range:range changeInLength:delta];
      |                  ^
In module 'UIKit' imported from /Users/admin/builder/spi-builder-workspace/.dependencies/checkouts/TextStory/Sources/Internal/TSYTextStorage.h:14:
/Applications/Xcode-26.5.0.app/Contents/Developer/Platforms/WatchOS.platform/Developer/SDKs/WatchOS26.5.sdk/System/Library/Frameworks/UIKit.framework/Headers/NSTextStorage.h:23:32: note: 'NSTextStorageEditActions' has been explicitly marked unavailable here
   23 | typedef NS_OPTIONS(NSUInteger, NSTextStorageEditActions) {
      |                                ^
/Users/admin/builder/spi-builder-workspace/.dependencies/checkouts/TextStory/Sources/Internal/TSYTextStorage.m:91:18: error: 'NSTextStorageEditedAttributes' is unavailable: not available on watchOS
   91 |     [self edited:NSTextStorageEditedAttributes range:range changeInLength:0];
      |                  ^
In module 'UIKit' imported from /Users/admin/builder/spi-builder-workspace/.dependencies/checkouts/TextStory/Sources/Internal/TSYTextStorage.h:14:
/Applications/Xcode-26.5.0.app/Contents/Developer/Platforms/WatchOS.platform/Developer/SDKs/WatchOS26.5.sdk/System/Library/Frameworks/UIKit.framework/Headers/NSTextStorage.h:23:32: note: 'NSTextStorageEditActions' has been explicitly marked unavailable here
   23 | typedef NS_OPTIONS(NSUInteger, NSTextStorageEditActions) {
      |                                ^
9 errors generated.
Failed frontend command:
/Applications/Xcode-26.5.0.app/Contents/Developer/Toolchains/XcodeDefault.xctoolchain/usr/bin/clang -cc1 -Wundef-prefix\=TARGET_OS_ -fdiagnostics-show-note-include-stack -fmacro-backtrace-limit\=0 -w -ferror-limit 19 -serialize-diagnostic-file /Users/admin/builder/spi-builder-workspace/.derivedData/Build/Intermediates.noindex/TextStory.build/Debug-watchos/Internal.build/Objects-normal/arm64_32/TSYTextStorage.dia -Wdeprecated-objc-isa-usage -Werror\=deprecated-objc-isa-usage -Werror\=implicit-function-declaration -Wnon-modular-include-in-framework-module -Werror\=non-modular-include-in-framework-module -Wno-trigraphs -Wno-missing-field-initializers -Wno-missing-prototypes -Wno-return-type -Wno-implicit-atomic-properties -Wno-objc-interface-ivars -Wno-arc-repeated-use-of-weak -Wno-missing-braces -Wparentheses -Wswitch -Wno-unused-function -Wno-unused-label -Wno-unused-parameter -Wno-unused-variable -Wunused-value -Wno-empty-body -Wno-uninitialized -Wno-unknown-pragmas -Wno-shadow -Wno-four-char-constants -Wno-conversion -Wno-constant-conversion -Wno-int-conversion -Wno-bool-conversion -Wno-enum-conversion -Wno-float-conversion -Wno-non-literal-null-conversion -Wno-objc-literal-conversion -Wno-shorten-64-to-32 -Wpointer-sign -Wno-newline-eof -Wno-selector -Wno-strict-selector-match -Wno-undeclared-selector -Wno-deprecated-implementations -Wno-implicit-fallthrough -Wprotocol -Wdeprecated-declarations -Wno-sign-conversion -Wno-infinite-recursion -Wno-comma -Wno-block-capture-autoreleasing -Wno-strict-prototypes -Wno-semicolon-before-method-body -Wno-elaborated-enum-base -Wno-error\=allocator-wrappers -index-store-path /Users/admin/builder/spi-builder-workspace/.derivedData/Index.noindex/DataStore -index-unit-output-path /TextStory.build/Debug-watchos/Internal.build/Objects-normal/arm64_32/TSYTextStorage.o -fmodule-map-file\=/Applications/Xcode-26.5.0.app/Contents/Developer/Platforms/WatchOS.platform/Developer/SDKs/WatchOS.sdk/System/Library/Frameworks/Foundation.framework/Modules/module.modulemap -fmodule-map-file\=/Applications/Xcode-26.5.0.app/Contents/Developer/Platforms/WatchOS.platform/Developer/SDKs/WatchOS.sdk/System/Library/Frameworks/UIKit.framework/Modules/module.modulemap -o /Users/admin/builder/spi-builder-workspace/.derivedData/Build/Intermediates.noindex/TextStory.build/Debug-watchos/Internal.build/Objects-normal/arm64_32/TSYTextStorage.o -disable-free -emit-obj -x objective-c /Users/admin/builder/spi-builder-workspace/.dependencies/checkouts/TextStory/Sources/Internal/TSYTextStorage.m -target-abi darwinpcs -target-cpu apple-s4 -target-feature +v8.3a -target-feature +aes -target-feature +complxnum -target-feature +crc -target-feature +fp-armv8 -target-feature +fullfp16 -target-feature +jsconv -target-feature +lse -target-feature +neon -target-feature +pauth -target-feature +perfmon -target-feature +ras -target-feature +rcpc -target-feature +rdm -target-feature +sha2 -triple arm64_32-apple-watchos6.0.0 -target-linker-version 1267 -target-sdk-version\=26.5 -fmodules-validate-system-headers -fno-modulemap-allow-subdirectory-search -isysroot /Applications/Xcode-26.5.0.app/Contents/Developer/Platforms/WatchOS.platform/Developer/SDKs/WatchOS26.5.sdk -resource-dir /Applications/Xcode-26.5.0.app/Contents/Developer/Toolchains/XcodeDefault.xctoolchain/usr/lib/clang/21 -fmodule-format\=obj -fmodule-file\=Foundation\=/Users/admin/builder/spi-builder-workspace/.derivedData/Build/Intermediates.noindex/ExplicitPrecompiledModules/Foundation-88RXI5X5BTRWJ0FWC025T3E4W.pcm -fmodule-file\=UIKit\=/Users/admin/builder/spi-builder-workspace/.derivedData/Build/Intermediates.noindex/ExplicitPrecompiledModules/UIKit-7W65MVCGFLL1T6X5A7BDX77P5.pcm -I /Users/admin/builder/spi-builder-workspace/.derivedData/Build/Products/Debug-watchos/include -I /Users/admin/builder/spi-builder-workspace/.dependencies/checkouts/TextStory/Sources/Internal -I /Users/admin/builder/spi-builder-workspace/.derivedData/Build/Intermediates.noindex/TextStory.build/Debug-watchos/Internal.build/DerivedSources-normal/arm64_32 -I /Users/admin/builder/spi-builder-workspace/.derivedData/Build/Intermediates.noindex/TextStory.build/Debug-watchos/Internal.build/DerivedSources/arm64_32 -I /Users/admin/builder/spi-builder-workspace/.derivedData/Build/Intermediates.noindex/TextStory.build/Debug-watchos/Internal.build/DerivedSources -F /Users/admin/builder/spi-builder-workspace/.derivedData/Build/Products/Debug-watchos -iframework /Applications/Xcode-26.5.0.app/Contents/Developer/Platforms/WatchOS.platform/Developer/Library/Frameworks -iframework /Applications/Xcode-26.5.0.app/Contents/Developer/Platforms/WatchOS.platform/Developer/SDKs/WatchOS26.5.sdk/Developer/Library/Frameworks -internal-isystem /Applications/Xcode-26.5.0.app/Contents/Developer/Platforms/WatchOS.platform/Developer/SDKs/WatchOS26.5.sdk/usr/local/include -internal-isystem /Applications/Xcode-26.5.0.app/Contents/Developer/Toolchains/XcodeDefault.xctoolchain/usr/lib/clang/21/include -internal-externc-isystem /Applications/Xcode-26.5.0.app/Contents/Developer/Platforms/WatchOS.platform/Developer/SDKs/WatchOS26.5.sdk/usr/include -internal-externc-isystem /Applications/Xcode-26.5.0.app/Contents/Developer/Toolchains/XcodeDefault.xctoolchain/usr/include -internal-iframework /Applications/Xcode-26.5.0.app/Contents/Developer/Platforms/WatchOS.platform/Developer/SDKs/WatchOS26.5.sdk/System/Library/Frameworks -internal-iframework /Applications/Xcode-26.5.0.app/Contents/Developer/Platforms/WatchOS.platform/Developer/SDKs/WatchOS26.5.sdk/System/Library/SubFrameworks -internal-iframework /Applications/Xcode-26.5.0.app/Contents/Developer/Platforms/WatchOS.platform/Developer/SDKs/WatchOS26.5.sdk/Library/Frameworks -ivfsstatcache /Users/admin/builder/spi-builder-workspace/.derivedData/SDKStatCaches.noindex/watchos26.5-23T570-688ef53f1462e2c8f657fdc38a81448f7931b973dfc65d9472806dbbc3af9379.sdkstatcache -std\=gnu11 -fexceptions -fskip-odr-check-in-gmf -fmodules -fmodule-name\=Internal -fno-implicit-modules -fobjc-exceptions -fmax-type-align\=16 -fpascal-strings -fvisibility-inlines-hidden-static-local-var -mdarwin-stkchk-strong-link -fno-odr-hash-protocols -pic-level 2 -fencode-extended-block-signature -stack-protector 1 -fobjc-runtime\=watchos-6.0.0 -fobjc-arc -fobjc-runtime-has-weak -fobjc-weak -fgnuc-version\=4.2.1 -fblocks -fno-convergent-functions -ffp-contract\=on -fclang-abi-compat\=4.0 -fno-experimental-relative-c++-abi-vtables -fno-file-reproducible -clang-vendor-feature\=+disableNonDependentMemberExprInCurrentInstantiation -clang-vendor-feature\=+enableAggressiveVLAFolding -clang-vendor-feature\=+revert09abecef7bbf -clang-vendor-feature\=+thisNoAlignAttr -clang-vendor-feature\=+thisNoNullAttr -clang-vendor-feature\=+disableAtImportPrivateFrameworkInImplementationError -O0 -fno-assume-unique-vtables -fdebug-compilation-dir\=/Users/admin/builder/spi-builder-workspace/.swiftpm/xcode -fcoverage-compilation-dir\=/Users/admin/builder/spi-builder-workspace/.swiftpm/xcode -fcoverage-mapping -fcommon -fdwarf2-cfi-asm -fobjc-msgsend-selector-stubs -fregister-global-dtors-with-atexit -fno-strict-return -dwarf-version\=4 -debugger-tuning\=lldb -disable-llvm-verifier -dwarf-ext-refs -funwind-tables\=1 -fprofile-instrument\=clang -enable-tlsdesc -clear-ast-before-backend -discard-value-names -main-file-name TSYTextStorage.m -mframe-pointer\=non-leaf -debug-info-kind\=standalone -fno-loop-interchange -fdiagnostics-hotness-threshold\=0 -fdiagnostics-misexpect-tolerance\=0 -D DEBUG\=1 -D OBJC_OLD_DISPATCH_PROTOTYPES\=1 -D SWIFT_PACKAGE -D Xcode -fdefine-target-os-macros -MT dependencies -dependency-file /Users/admin/builder/spi-builder-workspace/.derivedData/Build/Intermediates.noindex/TextStory.build/Debug-watchos/Internal.build/Objects-normal/arm64_32/TSYTextStorage.d -skip-unused-modulemap-deps
SwiftExplicitDependencyGeneratePcm arm64_32 /Users/admin/builder/spi-builder-workspace/.derivedData/ModuleCache.noindex/SwiftUICore-C2LZHSRI3OFWWM00QVKTJNIW1.pcm
SwiftExplicitDependencyGeneratePcm arm64_32 /Users/admin/builder/spi-builder-workspace/.derivedData/ModuleCache.noindex/UIKit-8QDCJW1ZZ65HE4RM74U9NCHYW.pcm
2026-09-03 18:49:17.942 xcodebuild[766:4421] [MT] IDERunDestination: Supported platforms for the buildables in the current scheme is empty.
** BUILD FAILED **
The following build commands failed:
	CompileC /Users/admin/builder/spi-builder-workspace/.derivedData/Build/Intermediates.noindex/TextStory.build/Debug-watchos/Internal.build/Objects-normal/armv7k/TSYTextStorage.o /Users/admin/builder/spi-builder-workspace/.dependencies/checkouts/TextStory/Sources/Internal/TSYTextStorage.m normal armv7k objective-c com.apple.compilers.llvm.clang.1_0.compiler (in target 'Internal' from project 'TextStory')
	CompileC /Users/admin/builder/spi-builder-workspace/.derivedData/Build/Intermediates.noindex/TextStory.build/Debug-watchos/Internal.build/Objects-normal/arm64/TSYTextStorage.o /Users/admin/builder/spi-builder-workspace/.dependencies/checkouts/TextStory/Sources/Internal/TSYTextStorage.m normal arm64 objective-c com.apple.compilers.llvm.clang.1_0.compiler (in target 'Internal' from project 'TextStory')
	CompileC /Users/admin/builder/spi-builder-workspace/.derivedData/Build/Intermediates.noindex/TextStory.build/Debug-watchos/Internal.build/Objects-normal/arm64_32/TSYTextStorage.o /Users/admin/builder/spi-builder-workspace/.dependencies/checkouts/TextStory/Sources/Internal/TSYTextStorage.m normal arm64_32 objective-c com.apple.compilers.llvm.clang.1_0.compiler (in target 'Internal' from project 'TextStory')
	Building workspace spi-builder-workspace with scheme TextFormation
(4 failures)
Command line invocation:
    /Applications/Xcode-26.5.0.app/Contents/Developer/usr/bin/xcodebuild -IDEClonedSourcePackagesDirPathOverride=/Users/admin/builder/spi-builder-workspace/.dependencies -resolvePackageDependencies
Resolve Package Graph
Resolved source packages:
  TextStory: https://github.com/ChimeHQ/TextStory @ 0.9.2
  TextFormation: /Users/admin/builder/spi-builder-workspace
  Rearrange: https://github.com/ChimeHQ/Rearrange @ 2.1.1
resolved source packages: TextStory, TextFormation, Rearrange
2026-09-03 18:49:24.866 xcodebuild[1065:5560] [MT] IDERunDestination: Supported platforms for the buildables in the current scheme is empty.
{
  "dependencies" : [
    {
      "identity" : "textstory",
      "requirement" : {
        "range" : [
          {
            "lower_bound" : "0.9.0",
            "upper_bound" : "1.0.0"
          }
        ]
      },
      "type" : "sourceControl",
      "url" : "https://github.com/ChimeHQ/TextStory"
    }
  ],
  "manifest_display_name" : "TextFormation",
  "name" : "TextFormation",
  "path" : "/Users/admin/builder/spi-builder-workspace",
  "platforms" : [
    {
      "name" : "macos",
      "version" : "10.15"
    },
    {
      "name" : "maccatalyst",
      "version" : "13.0"
    },
    {
      "name" : "ios",
      "version" : "13.0"
    },
    {
      "name" : "tvos",
      "version" : "13.0"
    }
  ],
  "products" : [
    {
      "name" : "TextFormation",
      "targets" : [
        "TextFormation"
      ],
      "type" : {
        "library" : [
          "automatic"
        ]
      }
    }
  ],
  "targets" : [
    {
      "c99name" : "TextFormationTests",
      "module_type" : "SwiftTarget",
      "name" : "TextFormationTests",
      "path" : "Tests/TextFormationTests",
      "sources" : [
        "ClosePairFilterTests.swift",
        "ConsecutiveCharacterRecognizerTests.swift",
        "DeleteCloseFilterTests.swift",
        "LineLeadingWhitespaceFilterTests.swift",
        "NewlineProcessingFilterTests.swift",
        "NewlineWithinPairFilterTests.swift",
        "OpenPairReplacementFilterTests.swift",
        "PythonIndentationTests.swift",
        "RubyIndentationTests.swift",
        "SkipFilterTests.swift",
        "StandardOpenPairFilterTests.swift",
        "TextInterface+RunFilter.swift",
        "TextStoringTests.swift",
        "TextualIndenterTests.swift"
      ],
      "target_dependencies" : [
        "TextFormation"
      ],
      "type" : "test"
    },
    {
      "c99name" : "TextFormation",
      "module_type" : "SwiftTarget",
      "name" : "TextFormation",
      "path" : "Sources/TextFormation",
      "product_dependencies" : [
        "TextStory"
      ],
      "product_memberships" : [
        "TextFormation"
      ],
      "sources" : [
        "AfterConsecutiveCharacterFilter.swift",
        "ClosePairFilter.swift",
        "CompositeFilter.swift",
        "ConsecutiveCharacterRecognizer.swift",
        "DeleteCloseFilter.swift",
        "Filter.swift",
        "Indentation.swift",
        "LineLeadingWhitespaceFilter.swift",
        "NewlineProcessingFilter.swift",
        "NewlineWithinPairFilter.swift",
        "OpenPairReplacementFilter.swift",
        "PatternMatcher.swift",
        "SkipFilter.swift",
        "StandardOpenPairFilter.swift",
        "TextInterface.swift",
        "TextStoring+Extensions.swift",
        "TextViewFilterApplier.swift",
        "TextualIndenter+Language.swift",
        "TextualIndenter.swift",
        "WhitespaceProviders.swift"
      ],
      "type" : "library"
    }
  ],
  "tools_version" : "5.8"
}
{
  "workspace" : {
    "name" : "spi-builder-workspace",
    "schemes" : [
      "TextFormation",
      "TextStory",
      "TextStory-Package",
      "TextStoryTesting"
    ]
  }
}
2026-09-03 18:49:26.083 xcodebuild[1075:5638] [MT] IDERunDestination: Supported platforms for the buildables in the current scheme is empty.
{
  "workspace" : {
    "name" : "spi-builder-workspace",
    "schemes" : [
      "TextFormation",
      "TextStory",
      "TextStory-Package",
      "TextStoryTesting"
    ]
  }
}
2026-09-03 18:49:27.033 xcodebuild[1079:5677] [MT] IDERunDestination: Supported platforms for the buildables in the current scheme is empty.
Running build ...
env DEVELOPER_DIR=/Applications/Xcode-26.5.0.app xcrun xcodebuild -IDEClonedSourcePackagesDirPathOverride=$PWD/.dependencies -skipMacroValidation -skipPackagePluginValidation -derivedDataPath $PWD/.derivedData build -scheme TextFormation -destination generic/platform=watchOS
Command line invocation:
    /Applications/Xcode-26.5.0.app/Contents/Developer/usr/bin/xcodebuild -IDEClonedSourcePackagesDirPathOverride=/Users/admin/builder/spi-builder-workspace/.dependencies -skipMacroValidation -skipPackagePluginValidation -derivedDataPath /Users/admin/builder/spi-builder-workspace/.derivedData build -scheme TextFormation -destination generic/platform=watchOS
Resolve Package Graph
Resolved source packages:
  TextFormation: /Users/admin/builder/spi-builder-workspace
  TextStory: https://github.com/ChimeHQ/TextStory @ 0.9.2
  Rearrange: https://github.com/ChimeHQ/Rearrange @ 2.1.1
ComputePackagePrebuildTargetDependencyGraph
Prepare packages
CreateBuildRequest
SendProjectDescription
CreateBuildOperation
ComputeTargetDependencyGraph
note: Building targets in dependency order
note: Target dependency graph (7 targets)
    Target 'TextFormation' in project 'TextFormation'
        ➜ Explicit dependency on target 'TextFormation' in project 'TextFormation'
        ➜ Explicit dependency on target 'TextStory' in project 'TextStory'
    Target 'TextFormation' in project 'TextFormation'
        ➜ Explicit dependency on target 'TextStory' in project 'TextStory'
    Target 'TextStory' in project 'TextStory'
        ➜ Explicit dependency on target 'TextStory' in project 'TextStory'
        ➜ Explicit dependency on target 'Internal' in project 'TextStory'
        ➜ Explicit dependency on target 'Rearrange' in project 'Rearrange'
    Target 'TextStory' in project 'TextStory'
        ➜ Explicit dependency on target 'Internal' in project 'TextStory'
        ➜ Explicit dependency on target 'Rearrange' in project 'Rearrange'
    Target 'Rearrange' in project 'Rearrange'
        ➜ Explicit dependency on target 'Rearrange' in project 'Rearrange'
    Target 'Rearrange' in project 'Rearrange' (no dependencies)
    Target 'Internal' in project 'TextStory' (no dependencies)
GatherProvisioningInputs
CreateBuildDescription
ClangStatCache /Applications/Xcode-26.5.0.app/Contents/Developer/Toolchains/XcodeDefault.xctoolchain/usr/bin/clang-stat-cache /Applications/Xcode-26.5.0.app/Contents/Developer/Platforms/WatchOS.platform/Developer/SDKs/WatchOS26.5.sdk /Users/admin/builder/spi-builder-workspace/.derivedData/SDKStatCaches.noindex/watchos26.5-23T570-688ef53f1462e2c8f657fdc38a81448f7931b973dfc65d9472806dbbc3af9379.sdkstatcache
    cd /Users/admin/builder/spi-builder-workspace/.swiftpm/xcode
    /Applications/Xcode-26.5.0.app/Contents/Developer/Toolchains/XcodeDefault.xctoolchain/usr/bin/clang-stat-cache /Applications/Xcode-26.5.0.app/Contents/Developer/Platforms/WatchOS.platform/Developer/SDKs/WatchOS26.5.sdk -o /Users/admin/builder/spi-builder-workspace/.derivedData/SDKStatCaches.noindex/watchos26.5-23T570-688ef53f1462e2c8f657fdc38a81448f7931b973dfc65d9472806dbbc3af9379.sdkstatcache
SwiftDriver Rearrange normal arm64 com.apple.xcode.tools.swift.compiler (in target 'Rearrange' from project 'Rearrange')
    cd /Users/admin/builder/spi-builder-workspace/.swiftpm/xcode
    builtin-SwiftDriver -- /Applications/Xcode-26.5.0.app/Contents/Developer/Toolchains/XcodeDefault.xctoolchain/usr/bin/swiftc -module-name Rearrange -Onone @/Users/admin/builder/spi-builder-workspace/.derivedData/Build/Intermediates.noindex/Rearrange.build/Debug-watchos/Rearrange.build/Objects-normal/arm64/Rearrange.SwiftFileList -DSWIFT_PACKAGE -DDEBUG -DSWIFT_MODULE_RESOURCE_BUNDLE_UNAVAILABLE -DXcode -enable-experimental-feature StrictConcurrency -plugin-path /Applications/Xcode-26.5.0.app/Contents/Developer/Toolchains/XcodeDefault.xctoolchain/usr/lib/swift/host/plugins/testing -enable-experimental-feature DebugDescriptionMacro -sdk /Applications/Xcode-26.5.0.app/Contents/Developer/Platforms/WatchOS.platform/Developer/SDKs/WatchOS26.5.sdk -target arm64-apple-watchos5.0 -g -module-cache-path /Users/admin/builder/spi-builder-workspace/.derivedData/ModuleCache.noindex -Xfrontend -serialize-debugging-options -profile-coverage-mapping -profile-generate -enable-testing -suppress-warnings -index-store-path /Users/admin/builder/spi-builder-workspace/.derivedData/Index.noindex/DataStore -Xcc -D_LIBCPP_HARDENING_MODE\=_LIBCPP_HARDENING_MODE_DEBUG -swift-version 5 -I /Users/admin/builder/spi-builder-workspace/.derivedData/Build/Products/Debug-watchos -Isystem /Applications/Xcode-26.5.0.app/Contents/Developer/Platforms/WatchOS.platform/Developer/usr/lib -F /Users/admin/builder/spi-builder-workspace/.derivedData/Build/Products/Debug-watchos -F /Applications/Xcode-26.5.0.app/Contents/Developer/Platforms/WatchOS.platform/Developer/Library/Frameworks -F /Applications/Xcode-26.5.0.app/Contents/Developer/Platforms/WatchOS.platform/Developer/SDKs/WatchOS26.5.sdk/Developer/Library/Frameworks -c -j10 -enable-batch-mode -incremental -Xcc -ivfsstatcache -Xcc /Users/admin/builder/spi-builder-workspace/.derivedData/SDKStatCaches.noindex/watchos26.5-23T570-688ef53f1462e2c8f657fdc38a81448f7931b973dfc65d9472806dbbc3af9379.sdkstatcache -output-file-map /Users/admin/builder/spi-builder-workspace/.derivedData/Build/Intermediates.noindex/Rearrange.build/Debug-watchos/Rearrange.build/Objects-normal/arm64/Rearrange-OutputFileMap.json -use-frontend-parseable-output -save-temps -no-color-diagnostics -explicit-module-build -module-cache-path /Users/admin/builder/spi-builder-workspace/.derivedData/Build/Intermediates.noindex/SwiftExplicitPrecompiledModules -clang-scanner-module-cache-path /Users/admin/builder/spi-builder-workspace/.derivedData/ModuleCache.noindex -sdk-module-cache-path /Users/admin/builder/spi-builder-workspace/.derivedData/ModuleCache.noindex -serialize-diagnostics -emit-dependencies -emit-module -emit-module-path /Users/admin/builder/spi-builder-workspace/.derivedData/Build/Intermediates.noindex/Rearrange.build/Debug-watchos/Rearrange.build/Objects-normal/arm64/Rearrange.swiftmodule -validate-clang-modules-once -clang-build-session-file /Users/admin/builder/spi-builder-workspace/.derivedData/ModuleCache.noindex/Session.modulevalidation -Xcc -I/Users/admin/builder/spi-builder-workspace/.derivedData/Build/Intermediates.noindex/Rearrange.build/Debug-watchos/Rearrange.build/swift-overrides.hmap -emit-const-values -Xfrontend -const-gather-protocols-file -Xfrontend /Users/admin/builder/spi-builder-workspace/.derivedData/Build/Intermediates.noindex/Rearrange.build/Debug-watchos/Rearrange.build/Objects-normal/arm64/Rearrange_const_extract_protocols.json -Xcc -I/Users/admin/builder/spi-builder-workspace/.derivedData/Build/Products/Debug-watchos/include -Xcc -I/Users/admin/builder/spi-builder-workspace/.derivedData/Build/Intermediates.noindex/Rearrange.build/Debug-watchos/Rearrange.build/DerivedSources-normal/arm64 -Xcc -I/Users/admin/builder/spi-builder-workspace/.derivedData/Build/Intermediates.noindex/Rearrange.build/Debug-watchos/Rearrange.build/DerivedSources/arm64 -Xcc -I/Users/admin/builder/spi-builder-workspace/.derivedData/Build/Intermediates.noindex/Rearrange.build/Debug-watchos/Rearrange.build/DerivedSources -Xcc -DSWIFT_PACKAGE -Xcc -DDEBUG\=1 -emit-objc-header -emit-objc-header-path /Users/admin/builder/spi-builder-workspace/.derivedData/Build/Intermediates.noindex/Rearrange.build/Debug-watchos/Rearrange.build/Objects-normal/arm64/Rearrange-Swift.h -working-directory /Users/admin/builder/spi-builder-workspace/.swiftpm/xcode -experimental-emit-module-separately -disable-cmo
SwiftDriver Rearrange normal arm64_32 com.apple.xcode.tools.swift.compiler (in target 'Rearrange' from project 'Rearrange')
    cd /Users/admin/builder/spi-builder-workspace/.swiftpm/xcode
    builtin-SwiftDriver -- /Applications/Xcode-26.5.0.app/Contents/Developer/Toolchains/XcodeDefault.xctoolchain/usr/bin/swiftc -module-name Rearrange -Onone @/Users/admin/builder/spi-builder-workspace/.derivedData/Build/Intermediates.noindex/Rearrange.build/Debug-watchos/Rearrange.build/Objects-normal/arm64_32/Rearrange.SwiftFileList -DSWIFT_PACKAGE -DDEBUG -DSWIFT_MODULE_RESOURCE_BUNDLE_UNAVAILABLE -DXcode -enable-experimental-feature StrictConcurrency -plugin-path /Applications/Xcode-26.5.0.app/Contents/Developer/Toolchains/XcodeDefault.xctoolchain/usr/lib/swift/host/plugins/testing -enable-experimental-feature DebugDescriptionMacro -sdk /Applications/Xcode-26.5.0.app/Contents/Developer/Platforms/WatchOS.platform/Developer/SDKs/WatchOS26.5.sdk -target arm64_32-apple-watchos5.0 -g -module-cache-path /Users/admin/builder/spi-builder-workspace/.derivedData/ModuleCache.noindex -Xfrontend -serialize-debugging-options -profile-coverage-mapping -profile-generate -enable-testing -suppress-warnings -index-store-path /Users/admin/builder/spi-builder-workspace/.derivedData/Index.noindex/DataStore -Xcc -D_LIBCPP_HARDENING_MODE\=_LIBCPP_HARDENING_MODE_DEBUG -swift-version 5 -I /Users/admin/builder/spi-builder-workspace/.derivedData/Build/Products/Debug-watchos -Isystem /Applications/Xcode-26.5.0.app/Contents/Developer/Platforms/WatchOS.platform/Developer/usr/lib -F /Users/admin/builder/spi-builder-workspace/.derivedData/Build/Products/Debug-watchos -F /Applications/Xcode-26.5.0.app/Contents/Developer/Platforms/WatchOS.platform/Developer/Library/Frameworks -F /Applications/Xcode-26.5.0.app/Contents/Developer/Platforms/WatchOS.platform/Developer/SDKs/WatchOS26.5.sdk/Developer/Library/Frameworks -c -j10 -enable-batch-mode -incremental -Xcc -ivfsstatcache -Xcc /Users/admin/builder/spi-builder-workspace/.derivedData/SDKStatCaches.noindex/watchos26.5-23T570-688ef53f1462e2c8f657fdc38a81448f7931b973dfc65d9472806dbbc3af9379.sdkstatcache -output-file-map /Users/admin/builder/spi-builder-workspace/.derivedData/Build/Intermediates.noindex/Rearrange.build/Debug-watchos/Rearrange.build/Objects-normal/arm64_32/Rearrange-OutputFileMap.json -use-frontend-parseable-output -save-temps -no-color-diagnostics -explicit-module-build -module-cache-path /Users/admin/builder/spi-builder-workspace/.derivedData/Build/Intermediates.noindex/SwiftExplicitPrecompiledModules -clang-scanner-module-cache-path /Users/admin/builder/spi-builder-workspace/.derivedData/ModuleCache.noindex -sdk-module-cache-path /Users/admin/builder/spi-builder-workspace/.derivedData/ModuleCache.noindex -serialize-diagnostics -emit-dependencies -emit-module -emit-module-path /Users/admin/builder/spi-builder-workspace/.derivedData/Build/Intermediates.noindex/Rearrange.build/Debug-watchos/Rearrange.build/Objects-normal/arm64_32/Rearrange.swiftmodule -validate-clang-modules-once -clang-build-session-file /Users/admin/builder/spi-builder-workspace/.derivedData/ModuleCache.noindex/Session.modulevalidation -Xcc -I/Users/admin/builder/spi-builder-workspace/.derivedData/Build/Intermediates.noindex/Rearrange.build/Debug-watchos/Rearrange.build/swift-overrides.hmap -emit-const-values -Xfrontend -const-gather-protocols-file -Xfrontend /Users/admin/builder/spi-builder-workspace/.derivedData/Build/Intermediates.noindex/Rearrange.build/Debug-watchos/Rearrange.build/Objects-normal/arm64_32/Rearrange_const_extract_protocols.json -Xcc -I/Users/admin/builder/spi-builder-workspace/.derivedData/Build/Products/Debug-watchos/include -Xcc -I/Users/admin/builder/spi-builder-workspace/.derivedData/Build/Intermediates.noindex/Rearrange.build/Debug-watchos/Rearrange.build/DerivedSources-normal/arm64_32 -Xcc -I/Users/admin/builder/spi-builder-workspace/.derivedData/Build/Intermediates.noindex/Rearrange.build/Debug-watchos/Rearrange.build/DerivedSources/arm64_32 -Xcc -I/Users/admin/builder/spi-builder-workspace/.derivedData/Build/Intermediates.noindex/Rearrange.build/Debug-watchos/Rearrange.build/DerivedSources -Xcc -DSWIFT_PACKAGE -Xcc -DDEBUG\=1 -emit-objc-header -emit-objc-header-path /Users/admin/builder/spi-builder-workspace/.derivedData/Build/Intermediates.noindex/Rearrange.build/Debug-watchos/Rearrange.build/Objects-normal/arm64_32/Rearrange-Swift.h -working-directory /Users/admin/builder/spi-builder-workspace/.swiftpm/xcode -experimental-emit-module-separately -disable-cmo
SwiftDriver Rearrange normal armv7k com.apple.xcode.tools.swift.compiler (in target 'Rearrange' from project 'Rearrange')
    cd /Users/admin/builder/spi-builder-workspace/.swiftpm/xcode
    builtin-SwiftDriver -- /Applications/Xcode-26.5.0.app/Contents/Developer/Toolchains/XcodeDefault.xctoolchain/usr/bin/swiftc -module-name Rearrange -Onone @/Users/admin/builder/spi-builder-workspace/.derivedData/Build/Intermediates.noindex/Rearrange.build/Debug-watchos/Rearrange.build/Objects-normal/armv7k/Rearrange.SwiftFileList -DSWIFT_PACKAGE -DDEBUG -DSWIFT_MODULE_RESOURCE_BUNDLE_UNAVAILABLE -DXcode -enable-experimental-feature StrictConcurrency -plugin-path /Applications/Xcode-26.5.0.app/Contents/Developer/Toolchains/XcodeDefault.xctoolchain/usr/lib/swift/host/plugins/testing -enable-experimental-feature DebugDescriptionMacro -sdk /Applications/Xcode-26.5.0.app/Contents/Developer/Platforms/WatchOS.platform/Developer/SDKs/WatchOS26.5.sdk -target armv7k-apple-watchos5.0 -g -module-cache-path /Users/admin/builder/spi-builder-workspace/.derivedData/ModuleCache.noindex -Xfrontend -serialize-debugging-options -profile-coverage-mapping -profile-generate -enable-testing -suppress-warnings -index-store-path /Users/admin/builder/spi-builder-workspace/.derivedData/Index.noindex/DataStore -Xcc -D_LIBCPP_HARDENING_MODE\=_LIBCPP_HARDENING_MODE_DEBUG -swift-version 5 -I /Users/admin/builder/spi-builder-workspace/.derivedData/Build/Products/Debug-watchos -Isystem /Applications/Xcode-26.5.0.app/Contents/Developer/Platforms/WatchOS.platform/Developer/usr/lib -F /Users/admin/builder/spi-builder-workspace/.derivedData/Build/Products/Debug-watchos -F /Applications/Xcode-26.5.0.app/Contents/Developer/Platforms/WatchOS.platform/Developer/Library/Frameworks -F /Applications/Xcode-26.5.0.app/Contents/Developer/Platforms/WatchOS.platform/Developer/SDKs/WatchOS26.5.sdk/Developer/Library/Frameworks -c -j10 -enable-batch-mode -incremental -Xcc -ivfsstatcache -Xcc /Users/admin/builder/spi-builder-workspace/.derivedData/SDKStatCaches.noindex/watchos26.5-23T570-688ef53f1462e2c8f657fdc38a81448f7931b973dfc65d9472806dbbc3af9379.sdkstatcache -output-file-map /Users/admin/builder/spi-builder-workspace/.derivedData/Build/Intermediates.noindex/Rearrange.build/Debug-watchos/Rearrange.build/Objects-normal/armv7k/Rearrange-OutputFileMap.json -use-frontend-parseable-output -save-temps -no-color-diagnostics -explicit-module-build -module-cache-path /Users/admin/builder/spi-builder-workspace/.derivedData/Build/Intermediates.noindex/SwiftExplicitPrecompiledModules -clang-scanner-module-cache-path /Users/admin/builder/spi-builder-workspace/.derivedData/ModuleCache.noindex -sdk-module-cache-path /Users/admin/builder/spi-builder-workspace/.derivedData/ModuleCache.noindex -serialize-diagnostics -emit-dependencies -emit-module -emit-module-path /Users/admin/builder/spi-builder-workspace/.derivedData/Build/Intermediates.noindex/Rearrange.build/Debug-watchos/Rearrange.build/Objects-normal/armv7k/Rearrange.swiftmodule -validate-clang-modules-once -clang-build-session-file /Users/admin/builder/spi-builder-workspace/.derivedData/ModuleCache.noindex/Session.modulevalidation -Xcc -I/Users/admin/builder/spi-builder-workspace/.derivedData/Build/Intermediates.noindex/Rearrange.build/Debug-watchos/Rearrange.build/swift-overrides.hmap -emit-const-values -Xfrontend -const-gather-protocols-file -Xfrontend /Users/admin/builder/spi-builder-workspace/.derivedData/Build/Intermediates.noindex/Rearrange.build/Debug-watchos/Rearrange.build/Objects-normal/armv7k/Rearrange_const_extract_protocols.json -Xcc -I/Users/admin/builder/spi-builder-workspace/.derivedData/Build/Products/Debug-watchos/include -Xcc -I/Users/admin/builder/spi-builder-workspace/.derivedData/Build/Intermediates.noindex/Rearrange.build/Debug-watchos/Rearrange.build/DerivedSources-normal/armv7k -Xcc -I/Users/admin/builder/spi-builder-workspace/.derivedData/Build/Intermediates.noindex/Rearrange.build/Debug-watchos/Rearrange.build/DerivedSources/armv7k -Xcc -I/Users/admin/builder/spi-builder-workspace/.derivedData/Build/Intermediates.noindex/Rearrange.build/Debug-watchos/Rearrange.build/DerivedSources -Xcc -DSWIFT_PACKAGE -Xcc -DDEBUG\=1 -emit-objc-header -emit-objc-header-path /Users/admin/builder/spi-builder-workspace/.derivedData/Build/Intermediates.noindex/Rearrange.build/Debug-watchos/Rearrange.build/Objects-normal/armv7k/Rearrange-Swift.h -working-directory /Users/admin/builder/spi-builder-workspace/.swiftpm/xcode -experimental-emit-module-separately -disable-cmo
CompileC /Users/admin/builder/spi-builder-workspace/.derivedData/Build/Intermediates.noindex/TextStory.build/Debug-watchos/Internal.build/Objects-normal/arm64_32/TSYTextStorage.o /Users/admin/builder/spi-builder-workspace/.dependencies/checkouts/TextStory/Sources/Internal/TSYTextStorage.m normal arm64_32 objective-c com.apple.compilers.llvm.clang.1_0.compiler (in target 'Internal' from project 'TextStory')
    cd /Users/admin/builder/spi-builder-workspace/.swiftpm/xcode

    Using response file: /Users/admin/builder/spi-builder-workspace/.derivedData/Build/Intermediates.noindex/TextStory.build/Debug-watchos/Internal.build/Objects-normal/arm64_32/e6072d4f65d7061329687fe24e3d63a7-common-args.resp

    /Applications/Xcode-26.5.0.app/Contents/Developer/Toolchains/XcodeDefault.xctoolchain/usr/bin/clang -x objective-c -ivfsstatcache /Users/admin/builder/spi-builder-workspace/.derivedData/SDKStatCaches.noindex/watchos26.5-23T570-688ef53f1462e2c8f657fdc38a81448f7931b973dfc65d9472806dbbc3af9379.sdkstatcache -target arm64_32-apple-watchos6.0 -fmessage-length\=0 -fdiagnostics-show-note-include-stack -fmacro-backtrace-limit\=0 -fno-color-diagnostics -fmodules-prune-interval\=86400 -fmodules-prune-after\=345600 -fbuild-session-file\=/Users/admin/builder/spi-builder-workspace/.derivedData/ModuleCache.noindex/Session.modulevalidation -fmodules-validate-once-per-build-session -Wnon-modular-include-in-framework-module -Werror\=non-modular-include-in-framework-module -Wno-trigraphs -Wno-missing-field-initializers -Wno-missing-prototypes -Wno-return-type -Wno-implicit-atomic-properties -Wno-objc-interface-ivars -Wno-arc-repeated-use-of-weak -Wno-missing-braces -Wparentheses -Wswitch -Wno-unused-function -Wno-unused-label -Wno-unused-parameter -Wno-unused-variable -Wunused-value -Wno-empty-body -Wno-uninitialized -Wno-unknown-pragmas -w -Wno-shadow -Wno-four-char-constants -Wno-conversion -Wno-constant-conversion -Wno-int-conversion -Wno-bool-conversion -Wno-enum-conversion -Wno-float-conversion -Wno-non-literal-null-conversion -Wno-objc-literal-conversion -Wno-shorten-64-to-32 -Wpointer-sign -Wno-newline-eof -Wno-selector -Wno-strict-selector-match -Wno-undeclared-selector -Wno-deprecated-implementations -Wno-implicit-fallthrough -isysroot /Applications/Xcode-26.5.0.app/Contents/Developer/Platforms/WatchOS.platform/Developer/SDKs/WatchOS26.5.sdk -fstrict-aliasing -Wprotocol -Wdeprecated-declarations -Wno-sign-conversion -Wno-infinite-recursion -Wno-comma -Wno-block-capture-autoreleasing -Wno-strict-prototypes -Wno-semicolon-before-method-body -index-store-path /Users/admin/builder/spi-builder-workspace/.derivedData/Index.noindex/DataStore @/Users/admin/builder/spi-builder-workspace/.derivedData/Build/Intermediates.noindex/TextStory.build/Debug-watchos/Internal.build/Objects-normal/arm64_32/e6072d4f65d7061329687fe24e3d63a7-common-args.resp -MMD -MT dependencies -MF /Users/admin/builder/spi-builder-workspace/.derivedData/Build/Intermediates.noindex/TextStory.build/Debug-watchos/Internal.build/Objects-normal/arm64_32/TSYTextStorage.d --serialize-diagnostics /Users/admin/builder/spi-builder-workspace/.derivedData/Build/Intermediates.noindex/TextStory.build/Debug-watchos/Internal.build/Objects-normal/arm64_32/TSYTextStorage.dia -c /Users/admin/builder/spi-builder-workspace/.dependencies/checkouts/TextStory/Sources/Internal/TSYTextStorage.m -o /Users/admin/builder/spi-builder-workspace/.derivedData/Build/Intermediates.noindex/TextStory.build/Debug-watchos/Internal.build/Objects-normal/arm64_32/TSYTextStorage.o -index-unit-output-path /TextStory.build/Debug-watchos/Internal.build/Objects-normal/arm64_32/TSYTextStorage.o
In file included from /Users/admin/builder/spi-builder-workspace/.dependencies/checkouts/TextStory/Sources/Internal/TSYTextStorage.m:9:
/Users/admin/builder/spi-builder-workspace/.dependencies/checkouts/TextStory/Sources/Internal/TSYTextStorage.h:21:29: error: 'NSTextStorage' is unavailable: not available on watchOS
   21 | @interface TSYTextStorage : NSTextStorage
      |                             ^
In module 'UIKit' imported from /Users/admin/builder/spi-builder-workspace/.dependencies/checkouts/TextStory/Sources/Internal/TSYTextStorage.h:14:
/Applications/Xcode-26.5.0.app/Contents/Developer/Platforms/WatchOS.platform/Developer/SDKs/WatchOS26.5.sdk/System/Library/Frameworks/UIKit.framework/Headers/NSTextStorage.h:41:12: note: 'NSTextStorage' has been explicitly marked unavailable here
   41 | @interface NSTextStorage : NSMutableAttributedString <NSSecureCoding>
      |            ^
In file included from /Users/admin/builder/spi-builder-workspace/.dependencies/checkouts/TextStory/Sources/Internal/TSYTextStorage.m:9:
/Users/admin/builder/spi-builder-workspace/.dependencies/checkouts/TextStory/Sources/Internal/TSYTextStorage.h:23:34: error: 'NSTextStorage' is unavailable: not available on watchOS
   23 | - (instancetype)initWithStorage:(NSTextStorage *)textStorage NS_DESIGNATED_INITIALIZER;
      |                                  ^
In module 'UIKit' imported from /Users/admin/builder/spi-builder-workspace/.dependencies/checkouts/TextStory/Sources/Internal/TSYTextStorage.h:14:
/Applications/Xcode-26.5.0.app/Contents/Developer/Platforms/WatchOS.platform/Developer/SDKs/WatchOS26.5.sdk/System/Library/Frameworks/UIKit.framework/Headers/NSTextStorage.h:41:12: note: 'NSTextStorage' has been explicitly marked unavailable here
   41 | @interface NSTextStorage : NSMutableAttributedString <NSSecureCoding>
      |            ^
In file included from /Users/admin/builder/spi-builder-workspace/.dependencies/checkouts/TextStory/Sources/Internal/TSYTextStorage.m:9:
/Users/admin/builder/spi-builder-workspace/.dependencies/checkouts/TextStory/Sources/Internal/TSYTextStorage.h:27:33: error: 'NSTextStorage' is unavailable: not available on watchOS
   27 | @property (nonatomic, readonly) NSTextStorage *internalStorage;
      |                                 ^
In module 'UIKit' imported from /Users/admin/builder/spi-builder-workspace/.dependencies/checkouts/TextStory/Sources/Internal/TSYTextStorage.h:14:
/Applications/Xcode-26.5.0.app/Contents/Developer/Platforms/WatchOS.platform/Developer/SDKs/WatchOS26.5.sdk/System/Library/Frameworks/UIKit.framework/Headers/NSTextStorage.h:41:12: note: 'NSTextStorage' has been explicitly marked unavailable here
   41 | @interface NSTextStorage : NSMutableAttributedString <NSSecureCoding>
      |            ^
In file included from /Users/admin/builder/spi-builder-workspace/.dependencies/checkouts/TextStory/Sources/Internal/TSYTextStorage.m:9:
/Users/admin/builder/spi-builder-workspace/.dependencies/checkouts/TextStory/Sources/Internal/TSYTextStorage.h:31:35: error: 'NSTextStorageDelegate' is unavailable: not available on watchOS
   31 | @protocol TSYTextStorageDelegate <NSTextStorageDelegate>
      |                                   ^
In module 'UIKit' imported from /Users/admin/builder/spi-builder-workspace/.dependencies/checkouts/TextStory/Sources/Internal/TSYTextStorage.h:14:
/Applications/Xcode-26.5.0.app/Contents/Developer/Platforms/WatchOS.platform/Developer/SDKs/WatchOS26.5.sdk/System/Library/Frameworks/UIKit.framework/Headers/NSTextStorage.h:101:36: note: 'NSTextStorageDelegate' has been explicitly marked unavailable here
  101 | API_UNAVAILABLE(watchos) @protocol NSTextStorageDelegate <NSObject>
      |                                    ^
/Users/admin/builder/spi-builder-workspace/.dependencies/checkouts/TextStory/Sources/Internal/TSYTextStorage.m:19:34: error: 'NSTextStorage' is unavailable: not available on watchOS
   19 | - (instancetype)initWithStorage:(NSTextStorage *)textStorage {
      |                                  ^
In module 'UIKit' imported from /Users/admin/builder/spi-builder-workspace/.dependencies/checkouts/TextStory/Sources/Internal/TSYTextStorage.h:14:
/Applications/Xcode-26.5.0.app/Contents/Developer/Platforms/WatchOS.platform/Developer/SDKs/WatchOS26.5.sdk/System/Library/Frameworks/UIKit.framework/Headers/NSTextStorage.h:41:12: note: 'NSTextStorage' has been explicitly marked unavailable here
   41 | @interface NSTextStorage : NSMutableAttributedString <NSSecureCoding>
      |            ^
/Users/admin/builder/spi-builder-workspace/.dependencies/checkouts/TextStory/Sources/Internal/TSYTextStorage.m:54:5: error: 'NSTextStorage' is unavailable: not available on watchOS
   54 |     NSTextStorage* storage = [[NSTextStorage alloc] initWithString:str];
      |     ^
In module 'UIKit' imported from /Users/admin/builder/spi-builder-workspace/.dependencies/checkouts/TextStory/Sources/Internal/TSYTextStorage.h:14:
/Applications/Xcode-26.5.0.app/Contents/Developer/Platforms/WatchOS.platform/Developer/SDKs/WatchOS26.5.sdk/System/Library/Frameworks/UIKit.framework/Headers/NSTextStorage.h:41:12: note: 'NSTextStorage' has been explicitly marked unavailable here
   41 | @interface NSTextStorage : NSMutableAttributedString <NSSecureCoding>
      |            ^
/Users/admin/builder/spi-builder-workspace/.dependencies/checkouts/TextStory/Sources/Internal/TSYTextStorage.m:54:46: error: 'NSTextStorage' is unavailable: not available on watchOS
   54 |     NSTextStorage* storage = [[NSTextStorage alloc] initWithString:str];
      |                                              ^
In module 'UIKit' imported from /Users/admin/builder/spi-builder-workspace/.dependencies/checkouts/TextStory/Sources/Internal/TSYTextStorage.h:14:
/Applications/Xcode-26.5.0.app/Contents/Developer/Platforms/WatchOS.platform/Developer/SDKs/WatchOS26.5.sdk/System/Library/Frameworks/UIKit.framework/Headers/NSTextStorage.h:41:12: note: 'NSTextStorage' has been explicitly marked unavailable here
   41 | @interface NSTextStorage : NSMutableAttributedString <NSSecureCoding>
      |            ^
/Users/admin/builder/spi-builder-workspace/.dependencies/checkouts/TextStory/Sources/Internal/TSYTextStorage.m:78:18: error: 'NSTextStorageEditedCharacters' is unavailable: not available on watchOS
   78 |     [self edited:NSTextStorageEditedCharacters range:range changeInLength:delta];
      |                  ^
In module 'UIKit' imported from /Users/admin/builder/spi-builder-workspace/.dependencies/checkouts/TextStory/Sources/Internal/TSYTextStorage.h:14:
/Applications/Xcode-26.5.0.app/Contents/Developer/Platforms/WatchOS.platform/Developer/SDKs/WatchOS26.5.sdk/System/Library/Frameworks/UIKit.framework/Headers/NSTextStorage.h:23:32: note: 'NSTextStorageEditActions' has been explicitly marked unavailable here
   23 | typedef NS_OPTIONS(NSUInteger, NSTextStorageEditActions) {
      |                                ^
/Users/admin/builder/spi-builder-workspace/.dependencies/checkouts/TextStory/Sources/Internal/TSYTextStorage.m:91:18: error: 'NSTextStorageEditedAttributes' is unavailable: not available on watchOS
   91 |     [self edited:NSTextStorageEditedAttributes range:range changeInLength:0];
      |                  ^
In module 'UIKit' imported from /Users/admin/builder/spi-builder-workspace/.dependencies/checkouts/TextStory/Sources/Internal/TSYTextStorage.h:14:
/Applications/Xcode-26.5.0.app/Contents/Developer/Platforms/WatchOS.platform/Developer/SDKs/WatchOS26.5.sdk/System/Library/Frameworks/UIKit.framework/Headers/NSTextStorage.h:23:32: note: 'NSTextStorageEditActions' has been explicitly marked unavailable here
   23 | typedef NS_OPTIONS(NSUInteger, NSTextStorageEditActions) {
      |                                ^
9 errors generated.
Failed frontend command:
/Applications/Xcode-26.5.0.app/Contents/Developer/Toolchains/XcodeDefault.xctoolchain/usr/bin/clang -cc1 -Wundef-prefix\=TARGET_OS_ -fdiagnostics-show-note-include-stack -fmacro-backtrace-limit\=0 -w -ferror-limit 19 -serialize-diagnostic-file /Users/admin/builder/spi-builder-workspace/.derivedData/Build/Intermediates.noindex/TextStory.build/Debug-watchos/Internal.build/Objects-normal/arm64_32/TSYTextStorage.dia -Wdeprecated-objc-isa-usage -Werror\=deprecated-objc-isa-usage -Werror\=implicit-function-declaration -Wnon-modular-include-in-framework-module -Werror\=non-modular-include-in-framework-module -Wno-trigraphs -Wno-missing-field-initializers -Wno-missing-prototypes -Wno-return-type -Wno-implicit-atomic-properties -Wno-objc-interface-ivars -Wno-arc-repeated-use-of-weak -Wno-missing-braces -Wparentheses -Wswitch -Wno-unused-function -Wno-unused-label -Wno-unused-parameter -Wno-unused-variable -Wunused-value -Wno-empty-body -Wno-uninitialized -Wno-unknown-pragmas -Wno-shadow -Wno-four-char-constants -Wno-conversion -Wno-constant-conversion -Wno-int-conversion -Wno-bool-conversion -Wno-enum-conversion -Wno-float-conversion -Wno-non-literal-null-conversion -Wno-objc-literal-conversion -Wno-shorten-64-to-32 -Wpointer-sign -Wno-newline-eof -Wno-selector -Wno-strict-selector-match -Wno-undeclared-selector -Wno-deprecated-implementations -Wno-implicit-fallthrough -Wprotocol -Wdeprecated-declarations -Wno-sign-conversion -Wno-infinite-recursion -Wno-comma -Wno-block-capture-autoreleasing -Wno-strict-prototypes -Wno-semicolon-before-method-body -Wno-elaborated-enum-base -Wno-error\=allocator-wrappers -index-store-path /Users/admin/builder/spi-builder-workspace/.derivedData/Index.noindex/DataStore -index-unit-output-path /TextStory.build/Debug-watchos/Internal.build/Objects-normal/arm64_32/TSYTextStorage.o -fmodule-map-file\=/Applications/Xcode-26.5.0.app/Contents/Developer/Platforms/WatchOS.platform/Developer/SDKs/WatchOS.sdk/System/Library/Frameworks/Foundation.framework/Modules/module.modulemap -fmodule-map-file\=/Applications/Xcode-26.5.0.app/Contents/Developer/Platforms/WatchOS.platform/Developer/SDKs/WatchOS.sdk/System/Library/Frameworks/UIKit.framework/Modules/module.modulemap -o /Users/admin/builder/spi-builder-workspace/.derivedData/Build/Intermediates.noindex/TextStory.build/Debug-watchos/Internal.build/Objects-normal/arm64_32/TSYTextStorage.o -disable-free -emit-obj -x objective-c /Users/admin/builder/spi-builder-workspace/.dependencies/checkouts/TextStory/Sources/Internal/TSYTextStorage.m -target-abi darwinpcs -target-cpu apple-s4 -target-feature +v8.3a -target-feature +aes -target-feature +complxnum -target-feature +crc -target-feature +fp-armv8 -target-feature +fullfp16 -target-feature +jsconv -target-feature +lse -target-feature +neon -target-feature +pauth -target-feature +perfmon -target-feature +ras -target-feature +rcpc -target-feature +rdm -target-feature +sha2 -triple arm64_32-apple-watchos6.0.0 -target-linker-version 1267 -target-sdk-version\=26.5 -fmodules-validate-system-headers -fno-modulemap-allow-subdirectory-search -isysroot /Applications/Xcode-26.5.0.app/Contents/Developer/Platforms/WatchOS.platform/Developer/SDKs/WatchOS26.5.sdk -resource-dir /Applications/Xcode-26.5.0.app/Contents/Developer/Toolchains/XcodeDefault.xctoolchain/usr/lib/clang/21 -fmodule-format\=obj -fmodule-file\=Foundation\=/Users/admin/builder/spi-builder-workspace/.derivedData/Build/Intermediates.noindex/ExplicitPrecompiledModules/Foundation-88RXI5X5BTRWJ0FWC025T3E4W.pcm -fmodule-file\=UIKit\=/Users/admin/builder/spi-builder-workspace/.derivedData/Build/Intermediates.noindex/ExplicitPrecompiledModules/UIKit-7W65MVCGFLL1T6X5A7BDX77P5.pcm -I /Users/admin/builder/spi-builder-workspace/.derivedData/Build/Products/Debug-watchos/include -I /Users/admin/builder/spi-builder-workspace/.dependencies/checkouts/TextStory/Sources/Internal -I /Users/admin/builder/spi-builder-workspace/.derivedData/Build/Intermediates.noindex/TextStory.build/Debug-watchos/Internal.build/DerivedSources-normal/arm64_32 -I /Users/admin/builder/spi-builder-workspace/.derivedData/Build/Intermediates.noindex/TextStory.build/Debug-watchos/Internal.build/DerivedSources/arm64_32 -I /Users/admin/builder/spi-builder-workspace/.derivedData/Build/Intermediates.noindex/TextStory.build/Debug-watchos/Internal.build/DerivedSources -F /Users/admin/builder/spi-builder-workspace/.derivedData/Build/Products/Debug-watchos -iframework /Applications/Xcode-26.5.0.app/Contents/Developer/Platforms/WatchOS.platform/Developer/Library/Frameworks -iframework /Applications/Xcode-26.5.0.app/Contents/Developer/Platforms/WatchOS.platform/Developer/SDKs/WatchOS26.5.sdk/Developer/Library/Frameworks -internal-isystem /Applications/Xcode-26.5.0.app/Contents/Developer/Platforms/WatchOS.platform/Developer/SDKs/WatchOS26.5.sdk/usr/local/include -internal-isystem /Applications/Xcode-26.5.0.app/Contents/Developer/Toolchains/XcodeDefault.xctoolchain/usr/lib/clang/21/include -internal-externc-isystem /Applications/Xcode-26.5.0.app/Contents/Developer/Platforms/WatchOS.platform/Developer/SDKs/WatchOS26.5.sdk/usr/include -internal-externc-isystem /Applications/Xcode-26.5.0.app/Contents/Developer/Toolchains/XcodeDefault.xctoolchain/usr/include -internal-iframework /Applications/Xcode-26.5.0.app/Contents/Developer/Platforms/WatchOS.platform/Developer/SDKs/WatchOS26.5.sdk/System/Library/Frameworks -internal-iframework /Applications/Xcode-26.5.0.app/Contents/Developer/Platforms/WatchOS.platform/Developer/SDKs/WatchOS26.5.sdk/System/Library/SubFrameworks -internal-iframework /Applications/Xcode-26.5.0.app/Contents/Developer/Platforms/WatchOS.platform/Developer/SDKs/WatchOS26.5.sdk/Library/Frameworks -ivfsstatcache /Users/admin/builder/spi-builder-workspace/.derivedData/SDKStatCaches.noindex/watchos26.5-23T570-688ef53f1462e2c8f657fdc38a81448f7931b973dfc65d9472806dbbc3af9379.sdkstatcache -std\=gnu11 -fexceptions -fskip-odr-check-in-gmf -fmodules -fmodule-name\=Internal -fno-implicit-modules -fobjc-exceptions -fmax-type-align\=16 -fpascal-strings -fvisibility-inlines-hidden-static-local-var -mdarwin-stkchk-strong-link -fno-odr-hash-protocols -pic-level 2 -fencode-extended-block-signature -stack-protector 1 -fobjc-runtime\=watchos-6.0.0 -fobjc-arc -fobjc-runtime-has-weak -fobjc-weak -fgnuc-version\=4.2.1 -fblocks -fno-convergent-functions -ffp-contract\=on -fclang-abi-compat\=4.0 -fno-experimental-relative-c++-abi-vtables -fno-file-reproducible -clang-vendor-feature\=+disableNonDependentMemberExprInCurrentInstantiation -clang-vendor-feature\=+enableAggressiveVLAFolding -clang-vendor-feature\=+revert09abecef7bbf -clang-vendor-feature\=+thisNoAlignAttr -clang-vendor-feature\=+thisNoNullAttr -clang-vendor-feature\=+disableAtImportPrivateFrameworkInImplementationError -O0 -fno-assume-unique-vtables -fdebug-compilation-dir\=/Users/admin/builder/spi-builder-workspace/.swiftpm/xcode -fcoverage-compilation-dir\=/Users/admin/builder/spi-builder-workspace/.swiftpm/xcode -fcoverage-mapping -fcommon -fdwarf2-cfi-asm -fobjc-msgsend-selector-stubs -fregister-global-dtors-with-atexit -fno-strict-return -dwarf-version\=4 -debugger-tuning\=lldb -disable-llvm-verifier -dwarf-ext-refs -funwind-tables\=1 -fprofile-instrument\=clang -enable-tlsdesc -clear-ast-before-backend -discard-value-names -main-file-name TSYTextStorage.m -mframe-pointer\=non-leaf -debug-info-kind\=standalone -fno-loop-interchange -fdiagnostics-hotness-threshold\=0 -fdiagnostics-misexpect-tolerance\=0 -D DEBUG\=1 -D OBJC_OLD_DISPATCH_PROTOTYPES\=1 -D SWIFT_PACKAGE -D Xcode -fdefine-target-os-macros -MT dependencies -dependency-file /Users/admin/builder/spi-builder-workspace/.derivedData/Build/Intermediates.noindex/TextStory.build/Debug-watchos/Internal.build/Objects-normal/arm64_32/TSYTextStorage.d -skip-unused-modulemap-deps
CompileC /Users/admin/builder/spi-builder-workspace/.derivedData/Build/Intermediates.noindex/TextStory.build/Debug-watchos/Internal.build/Objects-normal/armv7k/TSYTextStorage.o /Users/admin/builder/spi-builder-workspace/.dependencies/checkouts/TextStory/Sources/Internal/TSYTextStorage.m normal armv7k objective-c com.apple.compilers.llvm.clang.1_0.compiler (in target 'Internal' from project 'TextStory')
    cd /Users/admin/builder/spi-builder-workspace/.swiftpm/xcode

    Using response file: /Users/admin/builder/spi-builder-workspace/.derivedData/Build/Intermediates.noindex/TextStory.build/Debug-watchos/Internal.build/Objects-normal/armv7k/e6072d4f65d7061329687fe24e3d63a7-common-args.resp

    /Applications/Xcode-26.5.0.app/Contents/Developer/Toolchains/XcodeDefault.xctoolchain/usr/bin/clang -x objective-c -ivfsstatcache /Users/admin/builder/spi-builder-workspace/.derivedData/SDKStatCaches.noindex/watchos26.5-23T570-688ef53f1462e2c8f657fdc38a81448f7931b973dfc65d9472806dbbc3af9379.sdkstatcache -target armv7k-apple-watchos6.0 -fmessage-length\=0 -fdiagnostics-show-note-include-stack -fmacro-backtrace-limit\=0 -fno-color-diagnostics -fmodules-prune-interval\=86400 -fmodules-prune-after\=345600 -fbuild-session-file\=/Users/admin/builder/spi-builder-workspace/.derivedData/ModuleCache.noindex/Session.modulevalidation -fmodules-validate-once-per-build-session -Wnon-modular-include-in-framework-module -Werror\=non-modular-include-in-framework-module -Wno-trigraphs -Wno-missing-field-initializers -Wno-missing-prototypes -Wno-return-type -Wno-implicit-atomic-properties -Wno-objc-interface-ivars -Wno-arc-repeated-use-of-weak -Wno-missing-braces -Wparentheses -Wswitch -Wno-unused-function -Wno-unused-label -Wno-unused-parameter -Wno-unused-variable -Wunused-value -Wno-empty-body -Wno-uninitialized -Wno-unknown-pragmas -w -Wno-shadow -Wno-four-char-constants -Wno-conversion -Wno-constant-conversion -Wno-int-conversion -Wno-bool-conversion -Wno-enum-conversion -Wno-float-conversion -Wno-non-literal-null-conversion -Wno-objc-literal-conversion -Wno-shorten-64-to-32 -Wpointer-sign -Wno-newline-eof -Wno-selector -Wno-strict-selector-match -Wno-undeclared-selector -Wno-deprecated-implementations -Wno-implicit-fallthrough -isysroot /Applications/Xcode-26.5.0.app/Contents/Developer/Platforms/WatchOS.platform/Developer/SDKs/WatchOS26.5.sdk -fstrict-aliasing -Wprotocol -Wdeprecated-declarations -Wno-sign-conversion -Wno-infinite-recursion -Wno-comma -Wno-block-capture-autoreleasing -Wno-strict-prototypes -Wno-semicolon-before-method-body -index-store-path /Users/admin/builder/spi-builder-workspace/.derivedData/Index.noindex/DataStore @/Users/admin/builder/spi-builder-workspace/.derivedData/Build/Intermediates.noindex/TextStory.build/Debug-watchos/Internal.build/Objects-normal/armv7k/e6072d4f65d7061329687fe24e3d63a7-common-args.resp -MMD -MT dependencies -MF /Users/admin/builder/spi-builder-workspace/.derivedData/Build/Intermediates.noindex/TextStory.build/Debug-watchos/Internal.build/Objects-normal/armv7k/TSYTextStorage.d --serialize-diagnostics /Users/admin/builder/spi-builder-workspace/.derivedData/Build/Intermediates.noindex/TextStory.build/Debug-watchos/Internal.build/Objects-normal/armv7k/TSYTextStorage.dia -c /Users/admin/builder/spi-builder-workspace/.dependencies/checkouts/TextStory/Sources/Internal/TSYTextStorage.m -o /Users/admin/builder/spi-builder-workspace/.derivedData/Build/Intermediates.noindex/TextStory.build/Debug-watchos/Internal.build/Objects-normal/armv7k/TSYTextStorage.o -index-unit-output-path /TextStory.build/Debug-watchos/Internal.build/Objects-normal/armv7k/TSYTextStorage.o
In file included from /Users/admin/builder/spi-builder-workspace/.dependencies/checkouts/TextStory/Sources/Internal/TSYTextStorage.m:9:
/Users/admin/builder/spi-builder-workspace/.dependencies/checkouts/TextStory/Sources/Internal/TSYTextStorage.h:21:29: error: 'NSTextStorage' is unavailable: not available on watchOS
   21 | @interface TSYTextStorage : NSTextStorage
      |                             ^
In module 'UIKit' imported from /Users/admin/builder/spi-builder-workspace/.dependencies/checkouts/TextStory/Sources/Internal/TSYTextStorage.h:14:
/Applications/Xcode-26.5.0.app/Contents/Developer/Platforms/WatchOS.platform/Developer/SDKs/WatchOS26.5.sdk/System/Library/Frameworks/UIKit.framework/Headers/NSTextStorage.h:41:12: note: 'NSTextStorage' has been explicitly marked unavailable here
   41 | @interface NSTextStorage : NSMutableAttributedString <NSSecureCoding>
      |            ^
In file included from /Users/admin/builder/spi-builder-workspace/.dependencies/checkouts/TextStory/Sources/Internal/TSYTextStorage.m:9:
/Users/admin/builder/spi-builder-workspace/.dependencies/checkouts/TextStory/Sources/Internal/TSYTextStorage.h:23:34: error: 'NSTextStorage' is unavailable: not available on watchOS
   23 | - (instancetype)initWithStorage:(NSTextStorage *)textStorage NS_DESIGNATED_INITIALIZER;
      |                                  ^
In module 'UIKit' imported from /Users/admin/builder/spi-builder-workspace/.dependencies/checkouts/TextStory/Sources/Internal/TSYTextStorage.h:14:
/Applications/Xcode-26.5.0.app/Contents/Developer/Platforms/WatchOS.platform/Developer/SDKs/WatchOS26.5.sdk/System/Library/Frameworks/UIKit.framework/Headers/NSTextStorage.h:41:12: note: 'NSTextStorage' has been explicitly marked unavailable here
   41 | @interface NSTextStorage : NSMutableAttributedString <NSSecureCoding>
      |            ^
In file included from /Users/admin/builder/spi-builder-workspace/.dependencies/checkouts/TextStory/Sources/Internal/TSYTextStorage.m:9:
/Users/admin/builder/spi-builder-workspace/.dependencies/checkouts/TextStory/Sources/Internal/TSYTextStorage.h:27:33: error: 'NSTextStorage' is unavailable: not available on watchOS
   27 | @property (nonatomic, readonly) NSTextStorage *internalStorage;
      |                                 ^
In module 'UIKit' imported from /Users/admin/builder/spi-builder-workspace/.dependencies/checkouts/TextStory/Sources/Internal/TSYTextStorage.h:14:
/Applications/Xcode-26.5.0.app/Contents/Developer/Platforms/WatchOS.platform/Developer/SDKs/WatchOS26.5.sdk/System/Library/Frameworks/UIKit.framework/Headers/NSTextStorage.h:41:12: note: 'NSTextStorage' has been explicitly marked unavailable here
   41 | @interface NSTextStorage : NSMutableAttributedString <NSSecureCoding>
      |            ^
In file included from /Users/admin/builder/spi-builder-workspace/.dependencies/checkouts/TextStory/Sources/Internal/TSYTextStorage.m:9:
/Users/admin/builder/spi-builder-workspace/.dependencies/checkouts/TextStory/Sources/Internal/TSYTextStorage.h:31:35: error: 'NSTextStorageDelegate' is unavailable: not available on watchOS
   31 | @protocol TSYTextStorageDelegate <NSTextStorageDelegate>
      |                                   ^
In module 'UIKit' imported from /Users/admin/builder/spi-builder-workspace/.dependencies/checkouts/TextStory/Sources/Internal/TSYTextStorage.h:14:
/Applications/Xcode-26.5.0.app/Contents/Developer/Platforms/WatchOS.platform/Developer/SDKs/WatchOS26.5.sdk/System/Library/Frameworks/UIKit.framework/Headers/NSTextStorage.h:101:36: note: 'NSTextStorageDelegate' has been explicitly marked unavailable here
  101 | API_UNAVAILABLE(watchos) @protocol NSTextStorageDelegate <NSObject>
      |                                    ^
/Users/admin/builder/spi-builder-workspace/.dependencies/checkouts/TextStory/Sources/Internal/TSYTextStorage.m:19:34: error: 'NSTextStorage' is unavailable: not available on watchOS
   19 | - (instancetype)initWithStorage:(NSTextStorage *)textStorage {
      |                                  ^
In module 'UIKit' imported from /Users/admin/builder/spi-builder-workspace/.dependencies/checkouts/TextStory/Sources/Internal/TSYTextStorage.h:14:
/Applications/Xcode-26.5.0.app/Contents/Developer/Platforms/WatchOS.platform/Developer/SDKs/WatchOS26.5.sdk/System/Library/Frameworks/UIKit.framework/Headers/NSTextStorage.h:41:12: note: 'NSTextStorage' has been explicitly marked unavailable here
   41 | @interface NSTextStorage : NSMutableAttributedString <NSSecureCoding>
      |            ^
/Users/admin/builder/spi-builder-workspace/.dependencies/checkouts/TextStory/Sources/Internal/TSYTextStorage.m:54:5: error: 'NSTextStorage' is unavailable: not available on watchOS
   54 |     NSTextStorage* storage = [[NSTextStorage alloc] initWithString:str];
      |     ^
In module 'UIKit' imported from /Users/admin/builder/spi-builder-workspace/.dependencies/checkouts/TextStory/Sources/Internal/TSYTextStorage.h:14:
/Applications/Xcode-26.5.0.app/Contents/Developer/Platforms/WatchOS.platform/Developer/SDKs/WatchOS26.5.sdk/System/Library/Frameworks/UIKit.framework/Headers/NSTextStorage.h:41:12: note: 'NSTextStorage' has been explicitly marked unavailable here
   41 | @interface NSTextStorage : NSMutableAttributedString <NSSecureCoding>
      |            ^
/Users/admin/builder/spi-builder-workspace/.dependencies/checkouts/TextStory/Sources/Internal/TSYTextStorage.m:54:46: error: 'NSTextStorage' is unavailable: not available on watchOS
   54 |     NSTextStorage* storage = [[NSTextStorage alloc] initWithString:str];
      |                                              ^
In module 'UIKit' imported from /Users/admin/builder/spi-builder-workspace/.dependencies/checkouts/TextStory/Sources/Internal/TSYTextStorage.h:14:
/Applications/Xcode-26.5.0.app/Contents/Developer/Platforms/WatchOS.platform/Developer/SDKs/WatchOS26.5.sdk/System/Library/Frameworks/UIKit.framework/Headers/NSTextStorage.h:41:12: note: 'NSTextStorage' has been explicitly marked unavailable here
   41 | @interface NSTextStorage : NSMutableAttributedString <NSSecureCoding>
      |            ^
/Users/admin/builder/spi-builder-workspace/.dependencies/checkouts/TextStory/Sources/Internal/TSYTextStorage.m:78:18: error: 'NSTextStorageEditedCharacters' is unavailable: not available on watchOS
   78 |     [self edited:NSTextStorageEditedCharacters range:range changeInLength:delta];
      |                  ^
In module 'UIKit' imported from /Users/admin/builder/spi-builder-workspace/.dependencies/checkouts/TextStory/Sources/Internal/TSYTextStorage.h:14:
/Applications/Xcode-26.5.0.app/Contents/Developer/Platforms/WatchOS.platform/Developer/SDKs/WatchOS26.5.sdk/System/Library/Frameworks/UIKit.framework/Headers/NSTextStorage.h:23:32: note: 'NSTextStorageEditActions' has been explicitly marked unavailable here
   23 | typedef NS_OPTIONS(NSUInteger, NSTextStorageEditActions) {
      |                                ^
/Users/admin/builder/spi-builder-workspace/.dependencies/checkouts/TextStory/Sources/Internal/TSYTextStorage.m:91:18: error: 'NSTextStorageEditedAttributes' is unavailable: not available on watchOS
   91 |     [self edited:NSTextStorageEditedAttributes range:range changeInLength:0];
      |                  ^
In module 'UIKit' imported from /Users/admin/builder/spi-builder-workspace/.dependencies/checkouts/TextStory/Sources/Internal/TSYTextStorage.h:14:
/Applications/Xcode-26.5.0.app/Contents/Developer/Platforms/WatchOS.platform/Developer/SDKs/WatchOS26.5.sdk/System/Library/Frameworks/UIKit.framework/Headers/NSTextStorage.h:23:32: note: 'NSTextStorageEditActions' has been explicitly marked unavailable here
   23 | typedef NS_OPTIONS(NSUInteger, NSTextStorageEditActions) {
      |                                ^
9 errors generated.
Failed frontend command:
/Applications/Xcode-26.5.0.app/Contents/Developer/Toolchains/XcodeDefault.xctoolchain/usr/bin/clang -cc1 -Wundef-prefix\=TARGET_OS_ -fdiagnostics-show-note-include-stack -fmacro-backtrace-limit\=0 -w -ferror-limit 19 -serialize-diagnostic-file /Users/admin/builder/spi-builder-workspace/.derivedData/Build/Intermediates.noindex/TextStory.build/Debug-watchos/Internal.build/Objects-normal/armv7k/TSYTextStorage.dia -Wdeprecated-objc-isa-usage -Werror\=deprecated-objc-isa-usage -Werror\=implicit-function-declaration -Wnon-modular-include-in-framework-module -Werror\=non-modular-include-in-framework-module -Wno-trigraphs -Wno-missing-field-initializers -Wno-missing-prototypes -Wno-return-type -Wno-implicit-atomic-properties -Wno-objc-interface-ivars -Wno-arc-repeated-use-of-weak -Wno-missing-braces -Wparentheses -Wswitch -Wno-unused-function -Wno-unused-label -Wno-unused-parameter -Wno-unused-variable -Wunused-value -Wno-empty-body -Wno-uninitialized -Wno-unknown-pragmas -Wno-shadow -Wno-four-char-constants -Wno-conversion -Wno-constant-conversion -Wno-int-conversion -Wno-bool-conversion -Wno-enum-conversion -Wno-float-conversion -Wno-non-literal-null-conversion -Wno-objc-literal-conversion -Wno-shorten-64-to-32 -Wpointer-sign -Wno-newline-eof -Wno-selector -Wno-strict-selector-match -Wno-undeclared-selector -Wno-deprecated-implementations -Wno-implicit-fallthrough -Wprotocol -Wdeprecated-declarations -Wno-sign-conversion -Wno-infinite-recursion -Wno-comma -Wno-block-capture-autoreleasing -Wno-strict-prototypes -Wno-semicolon-before-method-body -Wno-elaborated-enum-base -Wno-error\=allocator-wrappers -index-store-path /Users/admin/builder/spi-builder-workspace/.derivedData/Index.noindex/DataStore -index-unit-output-path /TextStory.build/Debug-watchos/Internal.build/Objects-normal/armv7k/TSYTextStorage.o -fmodule-map-file\=/Applications/Xcode-26.5.0.app/Contents/Developer/Platforms/WatchOS.platform/Developer/SDKs/WatchOS.sdk/System/Library/Frameworks/Foundation.framework/Modules/module.modulemap -fmodule-map-file\=/Applications/Xcode-26.5.0.app/Contents/Developer/Platforms/WatchOS.platform/Developer/SDKs/WatchOS.sdk/System/Library/Frameworks/UIKit.framework/Modules/module.modulemap -o /Users/admin/builder/spi-builder-workspace/.derivedData/Build/Intermediates.noindex/TextStory.build/Debug-watchos/Internal.build/Objects-normal/armv7k/TSYTextStorage.o -disable-free -emit-obj -x objective-c /Users/admin/builder/spi-builder-workspace/.dependencies/checkouts/TextStory/Sources/Internal/TSYTextStorage.m -target-abi aapcs16 -target-cpu cortex-a7 -target-feature +read-tp-tpidruro -target-feature +vfp2 -target-feature +vfp2sp -target-feature +vfp3 -target-feature +vfp3d16 -target-feature +vfp3d16sp -target-feature +vfp3sp -target-feature +fp16 -target-feature +vfp4 -target-feature +vfp4d16 -target-feature +vfp4d16sp -target-feature +vfp4sp -target-feature -fp-armv8 -target-feature -fp-armv8d16 -target-feature -fp-armv8d16sp -target-feature -fp-armv8sp -target-feature -fullfp16 -target-feature +fp64 -target-feature +d32 -target-feature +neon -target-feature -sha2 -target-feature -aes -target-feature -fp16fml -triple thumbv7k-apple-watchos6.0.0 -target-linker-version 1267 -target-sdk-version\=26.5 -fmodules-validate-system-headers -fno-modulemap-allow-subdirectory-search -isysroot /Applications/Xcode-26.5.0.app/Contents/Developer/Platforms/WatchOS.platform/Developer/SDKs/WatchOS26.5.sdk -resource-dir /Applications/Xcode-26.5.0.app/Contents/Developer/Toolchains/XcodeDefault.xctoolchain/usr/lib/clang/21 -fmodule-format\=obj -fmodule-file\=Foundation\=/Users/admin/builder/spi-builder-workspace/.derivedData/Build/Intermediates.noindex/ExplicitPrecompiledModules/Foundation-BSNQ2OJQRX5RTYW5TKC7Y9TIY.pcm -fmodule-file\=UIKit\=/Users/admin/builder/spi-builder-workspace/.derivedData/Build/Intermediates.noindex/ExplicitPrecompiledModules/UIKit-E8XMDN7NHM0XGAU0XYMVHO3T2.pcm -I /Users/admin/builder/spi-builder-workspace/.derivedData/Build/Products/Debug-watchos/include -I /Users/admin/builder/spi-builder-workspace/.dependencies/checkouts/TextStory/Sources/Internal -I /Users/admin/builder/spi-builder-workspace/.derivedData/Build/Intermediates.noindex/TextStory.build/Debug-watchos/Internal.build/DerivedSources-normal/armv7k -I /Users/admin/builder/spi-builder-workspace/.derivedData/Build/Intermediates.noindex/TextStory.build/Debug-watchos/Internal.build/DerivedSources/armv7k -I /Users/admin/builder/spi-builder-workspace/.derivedData/Build/Intermediates.noindex/TextStory.build/Debug-watchos/Internal.build/DerivedSources -F /Users/admin/builder/spi-builder-workspace/.derivedData/Build/Products/Debug-watchos -iframework /Applications/Xcode-26.5.0.app/Contents/Developer/Platforms/WatchOS.platform/Developer/Library/Frameworks -iframework /Applications/Xcode-26.5.0.app/Contents/Developer/Platforms/WatchOS.platform/Developer/SDKs/WatchOS26.5.sdk/Developer/Library/Frameworks -internal-isystem /Applications/Xcode-26.5.0.app/Contents/Developer/Platforms/WatchOS.platform/Developer/SDKs/WatchOS26.5.sdk/usr/local/include -internal-isystem /Applications/Xcode-26.5.0.app/Contents/Developer/Toolchains/XcodeDefault.xctoolchain/usr/lib/clang/21/include -internal-externc-isystem /Applications/Xcode-26.5.0.app/Contents/Developer/Platforms/WatchOS.platform/Developer/SDKs/WatchOS26.5.sdk/usr/include -internal-externc-isystem /Applications/Xcode-26.5.0.app/Contents/Developer/Toolchains/XcodeDefault.xctoolchain/usr/include -internal-iframework /Applications/Xcode-26.5.0.app/Contents/Developer/Platforms/WatchOS.platform/Developer/SDKs/WatchOS26.5.sdk/System/Library/Frameworks -internal-iframework /Applications/Xcode-26.5.0.app/Contents/Developer/Platforms/WatchOS.platform/Developer/SDKs/WatchOS26.5.sdk/System/Library/SubFrameworks -internal-iframework /Applications/Xcode-26.5.0.app/Contents/Developer/Platforms/WatchOS.platform/Developer/SDKs/WatchOS26.5.sdk/Library/Frameworks -ivfsstatcache /Users/admin/builder/spi-builder-workspace/.derivedData/SDKStatCaches.noindex/watchos26.5-23T570-688ef53f1462e2c8f657fdc38a81448f7931b973dfc65d9472806dbbc3af9379.sdkstatcache -std\=gnu11 -fexceptions -exception-model dwarf -fskip-odr-check-in-gmf -fmodules -fmodule-name\=Internal -fno-implicit-modules -fobjc-exceptions -fmax-type-align\=16 -fpascal-strings -fstack-check -fvisibility-inlines-hidden-static-local-var -mdarwin-stkchk-strong-link -fno-odr-hash-protocols -pic-level 2 -fencode-extended-block-signature -stack-protector 1 -fobjc-runtime\=watchos-6.0.0 -fobjc-arc -fobjc-runtime-has-weak -fobjc-weak -fgnuc-version\=4.2.1 -fblocks -fno-convergent-functions -ffp-contract\=on -fclang-abi-compat\=4.0 -fno-experimental-relative-c++-abi-vtables -fno-file-reproducible -clang-vendor-feature\=+disableNonDependentMemberExprInCurrentInstantiation -clang-vendor-feature\=+enableAggressiveVLAFolding -clang-vendor-feature\=+revert09abecef7bbf -clang-vendor-feature\=+thisNoAlignAttr -clang-vendor-feature\=+thisNoNullAttr -clang-vendor-feature\=+disableAtImportPrivateFrameworkInImplementationError -O0 -fno-assume-unique-vtables -fdebug-compilation-dir\=/Users/admin/builder/spi-builder-workspace/.swiftpm/xcode -fcoverage-compilation-dir\=/Users/admin/builder/spi-builder-workspace/.swiftpm/xcode -fcoverage-mapping -fcommon -fdwarf2-cfi-asm -fregister-global-dtors-with-atexit -fno-strict-return -dwarf-version\=4 -debugger-tuning\=lldb -disable-llvm-verifier -dwarf-ext-refs -mfloat-abi hard -funwind-tables\=2 -fprofile-instrument\=clang -clear-ast-before-backend -discard-value-names -main-file-name TSYTextStorage.m -mframe-pointer\=non-leaf -debug-info-kind\=standalone -fno-loop-interchange -fdiagnostics-hotness-threshold\=0 -fdiagnostics-misexpect-tolerance\=0 -D DEBUG\=1 -D OBJC_OLD_DISPATCH_PROTOTYPES\=1 -D SWIFT_PACKAGE -D Xcode -fdefine-target-os-macros -MT dependencies -dependency-file /Users/admin/builder/spi-builder-workspace/.derivedData/Build/Intermediates.noindex/TextStory.build/Debug-watchos/Internal.build/Objects-normal/armv7k/TSYTextStorage.d -skip-unused-modulemap-deps
CompileC /Users/admin/builder/spi-builder-workspace/.derivedData/Build/Intermediates.noindex/TextStory.build/Debug-watchos/Internal.build/Objects-normal/arm64/TSYTextStorage.o /Users/admin/builder/spi-builder-workspace/.dependencies/checkouts/TextStory/Sources/Internal/TSYTextStorage.m normal arm64 objective-c com.apple.compilers.llvm.clang.1_0.compiler (in target 'Internal' from project 'TextStory')
    cd /Users/admin/builder/spi-builder-workspace/.swiftpm/xcode

    Using response file: /Users/admin/builder/spi-builder-workspace/.derivedData/Build/Intermediates.noindex/TextStory.build/Debug-watchos/Internal.build/Objects-normal/arm64/e6072d4f65d7061329687fe24e3d63a7-common-args.resp

    /Applications/Xcode-26.5.0.app/Contents/Developer/Toolchains/XcodeDefault.xctoolchain/usr/bin/clang -x objective-c -ivfsstatcache /Users/admin/builder/spi-builder-workspace/.derivedData/SDKStatCaches.noindex/watchos26.5-23T570-688ef53f1462e2c8f657fdc38a81448f7931b973dfc65d9472806dbbc3af9379.sdkstatcache -target arm64-apple-watchos6.0 -fmessage-length\=0 -fdiagnostics-show-note-include-stack -fmacro-backtrace-limit\=0 -fno-color-diagnostics -fmodules-prune-interval\=86400 -fmodules-prune-after\=345600 -fbuild-session-file\=/Users/admin/builder/spi-builder-workspace/.derivedData/ModuleCache.noindex/Session.modulevalidation -fmodules-validate-once-per-build-session -Wnon-modular-include-in-framework-module -Werror\=non-modular-include-in-framework-module -Wno-trigraphs -Wno-missing-field-initializers -Wno-missing-prototypes -Wno-return-type -Wno-implicit-atomic-properties -Wno-objc-interface-ivars -Wno-arc-repeated-use-of-weak -Wno-missing-braces -Wparentheses -Wswitch -Wno-unused-function -Wno-unused-label -Wno-unused-parameter -Wno-unused-variable -Wunused-value -Wno-empty-body -Wno-uninitialized -Wno-unknown-pragmas -w -Wno-shadow -Wno-four-char-constants -Wno-conversion -Wno-constant-conversion -Wno-int-conversion -Wno-bool-conversion -Wno-enum-conversion -Wno-float-conversion -Wno-non-literal-null-conversion -Wno-objc-literal-conversion -Wshorten-64-to-32 -Wpointer-sign -Wno-newline-eof -Wno-selector -Wno-strict-selector-match -Wno-undeclared-selector -Wno-deprecated-implementations -Wno-implicit-fallthrough -isysroot /Applications/Xcode-26.5.0.app/Contents/Developer/Platforms/WatchOS.platform/Developer/SDKs/WatchOS26.5.sdk -fstrict-aliasing -Wprotocol -Wdeprecated-declarations -Wno-sign-conversion -Wno-infinite-recursion -Wno-comma -Wno-block-capture-autoreleasing -Wno-strict-prototypes -Wno-semicolon-before-method-body -index-store-path /Users/admin/builder/spi-builder-workspace/.derivedData/Index.noindex/DataStore @/Users/admin/builder/spi-builder-workspace/.derivedData/Build/Intermediates.noindex/TextStory.build/Debug-watchos/Internal.build/Objects-normal/arm64/e6072d4f65d7061329687fe24e3d63a7-common-args.resp -MMD -MT dependencies -MF /Users/admin/builder/spi-builder-workspace/.derivedData/Build/Intermediates.noindex/TextStory.build/Debug-watchos/Internal.build/Objects-normal/arm64/TSYTextStorage.d --serialize-diagnostics /Users/admin/builder/spi-builder-workspace/.derivedData/Build/Intermediates.noindex/TextStory.build/Debug-watchos/Internal.build/Objects-normal/arm64/TSYTextStorage.dia -c /Users/admin/builder/spi-builder-workspace/.dependencies/checkouts/TextStory/Sources/Internal/TSYTextStorage.m -o /Users/admin/builder/spi-builder-workspace/.derivedData/Build/Intermediates.noindex/TextStory.build/Debug-watchos/Internal.build/Objects-normal/arm64/TSYTextStorage.o -index-unit-output-path /TextStory.build/Debug-watchos/Internal.build/Objects-normal/arm64/TSYTextStorage.o
In file included from /Users/admin/builder/spi-builder-workspace/.dependencies/checkouts/TextStory/Sources/Internal/TSYTextStorage.m:9:
/Users/admin/builder/spi-builder-workspace/.dependencies/checkouts/TextStory/Sources/Internal/TSYTextStorage.h:21:29: error: 'NSTextStorage' is unavailable: not available on watchOS
   21 | @interface TSYTextStorage : NSTextStorage
      |                             ^
In module 'UIKit' imported from /Users/admin/builder/spi-builder-workspace/.dependencies/checkouts/TextStory/Sources/Internal/TSYTextStorage.h:14:
/Applications/Xcode-26.5.0.app/Contents/Developer/Platforms/WatchOS.platform/Developer/SDKs/WatchOS26.5.sdk/System/Library/Frameworks/UIKit.framework/Headers/NSTextStorage.h:41:12: note: 'NSTextStorage' has been explicitly marked unavailable here
   41 | @interface NSTextStorage : NSMutableAttributedString <NSSecureCoding>
      |            ^
In file included from /Users/admin/builder/spi-builder-workspace/.dependencies/checkouts/TextStory/Sources/Internal/TSYTextStorage.m:9:
/Users/admin/builder/spi-builder-workspace/.dependencies/checkouts/TextStory/Sources/Internal/TSYTextStorage.h:23:34: error: 'NSTextStorage' is unavailable: not available on watchOS
   23 | - (instancetype)initWithStorage:(NSTextStorage *)textStorage NS_DESIGNATED_INITIALIZER;
      |                                  ^
In module 'UIKit' imported from /Users/admin/builder/spi-builder-workspace/.dependencies/checkouts/TextStory/Sources/Internal/TSYTextStorage.h:14:
/Applications/Xcode-26.5.0.app/Contents/Developer/Platforms/WatchOS.platform/Developer/SDKs/WatchOS26.5.sdk/System/Library/Frameworks/UIKit.framework/Headers/NSTextStorage.h:41:12: note: 'NSTextStorage' has been explicitly marked unavailable here
   41 | @interface NSTextStorage : NSMutableAttributedString <NSSecureCoding>
      |            ^
In file included from /Users/admin/builder/spi-builder-workspace/.dependencies/checkouts/TextStory/Sources/Internal/TSYTextStorage.m:9:
/Users/admin/builder/spi-builder-workspace/.dependencies/checkouts/TextStory/Sources/Internal/TSYTextStorage.h:27:33: error: 'NSTextStorage' is unavailable: not available on watchOS
   27 | @property (nonatomic, readonly) NSTextStorage *internalStorage;
      |                                 ^
In module 'UIKit' imported from /Users/admin/builder/spi-builder-workspace/.dependencies/checkouts/TextStory/Sources/Internal/TSYTextStorage.h:14:
/Applications/Xcode-26.5.0.app/Contents/Developer/Platforms/WatchOS.platform/Developer/SDKs/WatchOS26.5.sdk/System/Library/Frameworks/UIKit.framework/Headers/NSTextStorage.h:41:12: note: 'NSTextStorage' has been explicitly marked unavailable here
   41 | @interface NSTextStorage : NSMutableAttributedString <NSSecureCoding>
      |            ^
In file included from /Users/admin/builder/spi-builder-workspace/.dependencies/checkouts/TextStory/Sources/Internal/TSYTextStorage.m:9:
/Users/admin/builder/spi-builder-workspace/.dependencies/checkouts/TextStory/Sources/Internal/TSYTextStorage.h:31:35: error: 'NSTextStorageDelegate' is unavailable: not available on watchOS
   31 | @protocol TSYTextStorageDelegate <NSTextStorageDelegate>
      |                                   ^
In module 'UIKit' imported from /Users/admin/builder/spi-builder-workspace/.dependencies/checkouts/TextStory/Sources/Internal/TSYTextStorage.h:14:
/Applications/Xcode-26.5.0.app/Contents/Developer/Platforms/WatchOS.platform/Developer/SDKs/WatchOS26.5.sdk/System/Library/Frameworks/UIKit.framework/Headers/NSTextStorage.h:101:36: note: 'NSTextStorageDelegate' has been explicitly marked unavailable here
  101 | API_UNAVAILABLE(watchos) @protocol NSTextStorageDelegate <NSObject>
      |                                    ^
/Users/admin/builder/spi-builder-workspace/.dependencies/checkouts/TextStory/Sources/Internal/TSYTextStorage.m:19:34: error: 'NSTextStorage' is unavailable: not available on watchOS
   19 | - (instancetype)initWithStorage:(NSTextStorage *)textStorage {
      |                                  ^
In module 'UIKit' imported from /Users/admin/builder/spi-builder-workspace/.dependencies/checkouts/TextStory/Sources/Internal/TSYTextStorage.h:14:
/Applications/Xcode-26.5.0.app/Contents/Developer/Platforms/WatchOS.platform/Developer/SDKs/WatchOS26.5.sdk/System/Library/Frameworks/UIKit.framework/Headers/NSTextStorage.h:41:12: note: 'NSTextStorage' has been explicitly marked unavailable here
   41 | @interface NSTextStorage : NSMutableAttributedString <NSSecureCoding>
      |            ^
/Users/admin/builder/spi-builder-workspace/.dependencies/checkouts/TextStory/Sources/Internal/TSYTextStorage.m:54:5: error: 'NSTextStorage' is unavailable: not available on watchOS
   54 |     NSTextStorage* storage = [[NSTextStorage alloc] initWithString:str];
      |     ^
In module 'UIKit' imported from /Users/admin/builder/spi-builder-workspace/.dependencies/checkouts/TextStory/Sources/Internal/TSYTextStorage.h:14:
/Applications/Xcode-26.5.0.app/Contents/Developer/Platforms/WatchOS.platform/Developer/SDKs/WatchOS26.5.sdk/System/Library/Frameworks/UIKit.framework/Headers/NSTextStorage.h:41:12: note: 'NSTextStorage' has been explicitly marked unavailable here
   41 | @interface NSTextStorage : NSMutableAttributedString <NSSecureCoding>
      |            ^
/Users/admin/builder/spi-builder-workspace/.dependencies/checkouts/TextStory/Sources/Internal/TSYTextStorage.m:54:46: error: 'NSTextStorage' is unavailable: not available on watchOS
   54 |     NSTextStorage* storage = [[NSTextStorage alloc] initWithString:str];
      |                                              ^
In module 'UIKit' imported from /Users/admin/builder/spi-builder-workspace/.dependencies/checkouts/TextStory/Sources/Internal/TSYTextStorage.h:14:
/Applications/Xcode-26.5.0.app/Contents/Developer/Platforms/WatchOS.platform/Developer/SDKs/WatchOS26.5.sdk/System/Library/Frameworks/UIKit.framework/Headers/NSTextStorage.h:41:12: note: 'NSTextStorage' has been explicitly marked unavailable here
   41 | @interface NSTextStorage : NSMutableAttributedString <NSSecureCoding>
      |            ^
/Users/admin/builder/spi-builder-workspace/.dependencies/checkouts/TextStory/Sources/Internal/TSYTextStorage.m:78:18: error: 'NSTextStorageEditedCharacters' is unavailable: not available on watchOS
   78 |     [self edited:NSTextStorageEditedCharacters range:range changeInLength:delta];
      |                  ^
In module 'UIKit' imported from /Users/admin/builder/spi-builder-workspace/.dependencies/checkouts/TextStory/Sources/Internal/TSYTextStorage.h:14:
/Applications/Xcode-26.5.0.app/Contents/Developer/Platforms/WatchOS.platform/Developer/SDKs/WatchOS26.5.sdk/System/Library/Frameworks/UIKit.framework/Headers/NSTextStorage.h:23:32: note: 'NSTextStorageEditActions' has been explicitly marked unavailable here
   23 | typedef NS_OPTIONS(NSUInteger, NSTextStorageEditActions) {
      |                                ^
/Users/admin/builder/spi-builder-workspace/.dependencies/checkouts/TextStory/Sources/Internal/TSYTextStorage.m:91:18: error: 'NSTextStorageEditedAttributes' is unavailable: not available on watchOS
   91 |     [self edited:NSTextStorageEditedAttributes range:range changeInLength:0];
      |                  ^
In module 'UIKit' imported from /Users/admin/builder/spi-builder-workspace/.dependencies/checkouts/TextStory/Sources/Internal/TSYTextStorage.h:14:
/Applications/Xcode-26.5.0.app/Contents/Developer/Platforms/WatchOS.platform/Developer/SDKs/WatchOS26.5.sdk/System/Library/Frameworks/UIKit.framework/Headers/NSTextStorage.h:23:32: note: 'NSTextStorageEditActions' has been explicitly marked unavailable here
   23 | typedef NS_OPTIONS(NSUInteger, NSTextStorageEditActions) {
      |                                ^
9 errors generated.
Failed frontend command:
/Applications/Xcode-26.5.0.app/Contents/Developer/Toolchains/XcodeDefault.xctoolchain/usr/bin/clang -cc1 -Wundef-prefix\=TARGET_OS_ -fdiagnostics-show-note-include-stack -fmacro-backtrace-limit\=0 -w -ferror-limit 19 -serialize-diagnostic-file /Users/admin/builder/spi-builder-workspace/.derivedData/Build/Intermediates.noindex/TextStory.build/Debug-watchos/Internal.build/Objects-normal/arm64/TSYTextStorage.dia -Wdeprecated-objc-isa-usage -Werror\=deprecated-objc-isa-usage -Werror\=implicit-function-declaration -Wnon-modular-include-in-framework-module -Werror\=non-modular-include-in-framework-module -Wno-trigraphs -Wno-missing-field-initializers -Wno-missing-prototypes -Wno-return-type -Wno-implicit-atomic-properties -Wno-objc-interface-ivars -Wno-arc-repeated-use-of-weak -Wno-missing-braces -Wparentheses -Wswitch -Wno-unused-function -Wno-unused-label -Wno-unused-parameter -Wno-unused-variable -Wunused-value -Wno-empty-body -Wno-uninitialized -Wno-unknown-pragmas -Wno-shadow -Wno-four-char-constants -Wno-conversion -Wno-constant-conversion -Wno-int-conversion -Wno-bool-conversion -Wno-enum-conversion -Wno-float-conversion -Wno-non-literal-null-conversion -Wno-objc-literal-conversion -Wshorten-64-to-32 -Wpointer-sign -Wno-newline-eof -Wno-selector -Wno-strict-selector-match -Wno-undeclared-selector -Wno-deprecated-implementations -Wno-implicit-fallthrough -Wprotocol -Wdeprecated-declarations -Wno-sign-conversion -Wno-infinite-recursion -Wno-comma -Wno-block-capture-autoreleasing -Wno-strict-prototypes -Wno-semicolon-before-method-body -Wno-elaborated-enum-base -Wno-error\=allocator-wrappers -index-store-path /Users/admin/builder/spi-builder-workspace/.derivedData/Index.noindex/DataStore -index-unit-output-path /TextStory.build/Debug-watchos/Internal.build/Objects-normal/arm64/TSYTextStorage.o -fmodule-map-file\=/Applications/Xcode-26.5.0.app/Contents/Developer/Platforms/WatchOS.platform/Developer/SDKs/WatchOS.sdk/System/Library/Frameworks/Foundation.framework/Modules/module.modulemap -fmodule-map-file\=/Applications/Xcode-26.5.0.app/Contents/Developer/Platforms/WatchOS.platform/Developer/SDKs/WatchOS.sdk/System/Library/Frameworks/UIKit.framework/Modules/module.modulemap -o /Users/admin/builder/spi-builder-workspace/.derivedData/Build/Intermediates.noindex/TextStory.build/Debug-watchos/Internal.build/Objects-normal/arm64/TSYTextStorage.o -disable-free -emit-obj -x objective-c /Users/admin/builder/spi-builder-workspace/.dependencies/checkouts/TextStory/Sources/Internal/TSYTextStorage.m -target-abi darwinpcs -target-cpu apple-s9 -target-feature +v8.6a -target-feature +aes -target-feature +bf16 -target-feature +complxnum -target-feature +crc -target-feature +dotprod -target-feature +fp-armv8 -target-feature +fp16fml -target-feature +fpac -target-feature +fullfp16 -target-feature +hcx -target-feature +i8mm -target-feature +jsconv -target-feature +lse -target-feature +neon -target-feature +pauth -target-feature +perfmon -target-feature +ras -target-feature +rcpc -target-feature +rdm -target-feature +sha2 -target-feature +sha3 -target-feature +ssbs -triple arm64-apple-watchos6.0.0 -target-linker-version 1267 -target-sdk-version\=26.5 -fmodules-validate-system-headers -fno-modulemap-allow-subdirectory-search -isysroot /Applications/Xcode-26.5.0.app/Contents/Developer/Platforms/WatchOS.platform/Developer/SDKs/WatchOS26.5.sdk -resource-dir /Applications/Xcode-26.5.0.app/Contents/Developer/Toolchains/XcodeDefault.xctoolchain/usr/lib/clang/21 -fmodule-format\=obj -fmodule-file\=Foundation\=/Users/admin/builder/spi-builder-workspace/.derivedData/Build/Intermediates.noindex/ExplicitPrecompiledModules/Foundation-E1IIEQ927HDLJ3PVJW4EPURDG.pcm -fmodule-file\=UIKit\=/Users/admin/builder/spi-builder-workspace/.derivedData/Build/Intermediates.noindex/ExplicitPrecompiledModules/UIKit-2NIWSIW6OM4J6NHG0T9BLGV3O.pcm -I /Users/admin/builder/spi-builder-workspace/.derivedData/Build/Products/Debug-watchos/include -I /Users/admin/builder/spi-builder-workspace/.dependencies/checkouts/TextStory/Sources/Internal -I /Users/admin/builder/spi-builder-workspace/.derivedData/Build/Intermediates.noindex/TextStory.build/Debug-watchos/Internal.build/DerivedSources-normal/arm64 -I /Users/admin/builder/spi-builder-workspace/.derivedData/Build/Intermediates.noindex/TextStory.build/Debug-watchos/Internal.build/DerivedSources/arm64 -I /Users/admin/builder/spi-builder-workspace/.derivedData/Build/Intermediates.noindex/TextStory.build/Debug-watchos/Internal.build/DerivedSources -F /Users/admin/builder/spi-builder-workspace/.derivedData/Build/Products/Debug-watchos -iframework /Applications/Xcode-26.5.0.app/Contents/Developer/Platforms/WatchOS.platform/Developer/Library/Frameworks -iframework /Applications/Xcode-26.5.0.app/Contents/Developer/Platforms/WatchOS.platform/Developer/SDKs/WatchOS26.5.sdk/Developer/Library/Frameworks -internal-isystem /Applications/Xcode-26.5.0.app/Contents/Developer/Platforms/WatchOS.platform/Developer/SDKs/WatchOS26.5.sdk/usr/local/include -internal-isystem /Applications/Xcode-26.5.0.app/Contents/Developer/Toolchains/XcodeDefault.xctoolchain/usr/lib/clang/21/include -internal-externc-isystem /Applications/Xcode-26.5.0.app/Contents/Developer/Platforms/WatchOS.platform/Developer/SDKs/WatchOS26.5.sdk/usr/include -internal-externc-isystem /Applications/Xcode-26.5.0.app/Contents/Developer/Toolchains/XcodeDefault.xctoolchain/usr/include -internal-iframework /Applications/Xcode-26.5.0.app/Contents/Developer/Platforms/WatchOS.platform/Developer/SDKs/WatchOS26.5.sdk/System/Library/Frameworks -internal-iframework /Applications/Xcode-26.5.0.app/Contents/Developer/Platforms/WatchOS.platform/Developer/SDKs/WatchOS26.5.sdk/System/Library/SubFrameworks -internal-iframework /Applications/Xcode-26.5.0.app/Contents/Developer/Platforms/WatchOS.platform/Developer/SDKs/WatchOS26.5.sdk/Library/Frameworks -ivfsstatcache /Users/admin/builder/spi-builder-workspace/.derivedData/SDKStatCaches.noindex/watchos26.5-23T570-688ef53f1462e2c8f657fdc38a81448f7931b973dfc65d9472806dbbc3af9379.sdkstatcache -std\=gnu11 -fexceptions -fskip-odr-check-in-gmf -fmodules -fmodule-name\=Internal -fno-implicit-modules -fobjc-exceptions -fmax-type-align\=16 -fpascal-strings -fstack-check -fvisibility-inlines-hidden-static-local-var -mdarwin-stkchk-strong-link -fno-odr-hash-protocols -pic-level 2 -fencode-extended-block-signature -stack-protector 1 -fobjc-runtime\=watchos-6.0.0 -fobjc-arc -fobjc-runtime-has-weak -fobjc-weak -fgnuc-version\=4.2.1 -fblocks -fno-convergent-functions -ffp-contract\=on -fclang-abi-compat\=4.0 -fno-experimental-relative-c++-abi-vtables -fno-file-reproducible -clang-vendor-feature\=+disableNonDependentMemberExprInCurrentInstantiation -clang-vendor-feature\=+enableAggressiveVLAFolding -clang-vendor-feature\=+revert09abecef7bbf -clang-vendor-feature\=+thisNoAlignAttr -clang-vendor-feature\=+thisNoNullAttr -clang-vendor-feature\=+disableAtImportPrivateFrameworkInImplementationError -O0 -fno-assume-unique-vtables -fdebug-compilation-dir\=/Users/admin/builder/spi-builder-workspace/.swiftpm/xcode -fcoverage-compilation-dir\=/Users/admin/builder/spi-builder-workspace/.swiftpm/xcode -fcoverage-mapping -fcommon -fdwarf2-cfi-asm -fobjc-msgsend-selector-stubs -fregister-global-dtors-with-atexit -fno-strict-return -dwarf-version\=4 -debugger-tuning\=lldb -disable-llvm-verifier -dwarf-ext-refs -funwind-tables\=1 -fprofile-instrument\=clang -enable-tlsdesc -clear-ast-before-backend -discard-value-names -main-file-name TSYTextStorage.m -mframe-pointer\=non-leaf -debug-info-kind\=standalone -fno-loop-interchange -fdiagnostics-hotness-threshold\=0 -fdiagnostics-misexpect-tolerance\=0 -D DEBUG\=1 -D OBJC_OLD_DISPATCH_PROTOTYPES\=1 -D SWIFT_PACKAGE -D Xcode -fdefine-target-os-macros -MT dependencies -dependency-file /Users/admin/builder/spi-builder-workspace/.derivedData/Build/Intermediates.noindex/TextStory.build/Debug-watchos/Internal.build/Objects-normal/arm64/TSYTextStorage.d -skip-unused-modulemap-deps
2026-09-03 18:49:27.964 xcodebuild[1082:5711] [MT] IDERunDestination: Supported platforms for the buildables in the current scheme is empty.
** BUILD FAILED **
The following build commands failed:
	CompileC /Users/admin/builder/spi-builder-workspace/.derivedData/Build/Intermediates.noindex/TextStory.build/Debug-watchos/Internal.build/Objects-normal/arm64_32/TSYTextStorage.o /Users/admin/builder/spi-builder-workspace/.dependencies/checkouts/TextStory/Sources/Internal/TSYTextStorage.m normal arm64_32 objective-c com.apple.compilers.llvm.clang.1_0.compiler (in target 'Internal' from project 'TextStory')
	CompileC /Users/admin/builder/spi-builder-workspace/.derivedData/Build/Intermediates.noindex/TextStory.build/Debug-watchos/Internal.build/Objects-normal/armv7k/TSYTextStorage.o /Users/admin/builder/spi-builder-workspace/.dependencies/checkouts/TextStory/Sources/Internal/TSYTextStorage.m normal armv7k objective-c com.apple.compilers.llvm.clang.1_0.compiler (in target 'Internal' from project 'TextStory')
	CompileC /Users/admin/builder/spi-builder-workspace/.derivedData/Build/Intermediates.noindex/TextStory.build/Debug-watchos/Internal.build/Objects-normal/arm64/TSYTextStorage.o /Users/admin/builder/spi-builder-workspace/.dependencies/checkouts/TextStory/Sources/Internal/TSYTextStorage.m normal arm64 objective-c com.apple.compilers.llvm.clang.1_0.compiler (in target 'Internal' from project 'TextStory')
	Building workspace spi-builder-workspace with scheme TextFormation
(4 failures)
BUILD FAILURE 6.3 watchOS