The Swift Package Index logo.Swift Package Index

Build Information

Failed to build TSCore, reference main (9c3227), with Swift 6.1 for macOS (Xcode) using Xcode 16.3 on 29 Sep 2026 22:02:57 UTC.

Build Command

env DEVELOPER_DIR=/Applications/Xcode-16.3.0.app xcrun xcodebuild -IDEClonedSourcePackagesDirPathOverride=$PWD/.dependencies -skipMacroValidation -skipPackagePluginValidation -derivedDataPath $PWD/.derivedData build -scheme TSCore -destination platform=macOS,arch=arm64

Build Log

========================================
RunAll
========================================
Builder version: 5.1.0
Interrupt handler set up.
========================================
Checkout
========================================
Clone URL: https://github.com/TransmitSecurity/core-ios-sdk.git
Reference: main
Initialized empty Git repository in /Users/admin/builder/spi-builder-workspace/.git/
From https://github.com/TransmitSecurity/core-ios-sdk
 * branch            main       -> FETCH_HEAD
 * [new branch]      main       -> origin/main
HEAD is now at 9c3227b Merge pull request #6 from TransmitSecurity/Enable-arm64-simulator-support
Cloned https://github.com/TransmitSecurity/core-ios-sdk.git
Revision (git rev-parse @):
9c3227b58a18dc2cc03911e4713378bc7b284c12
SUCCESS checkout https://github.com/TransmitSecurity/core-ios-sdk.git at main
========================================
Build
========================================
Selected platform:         macosXcodebuild
Swift version:             6.1
Building package at path:  $PWD
https://github.com/TransmitSecurity/core-ios-sdk.git
https://github.com/TransmitSecurity/core-ios-sdk.git
{
  "dependencies" : [
  ],
  "manifest_display_name" : "TSCore",
  "name" : "TSCore",
  "path" : "/Users/admin/builder/spi-builder-workspace",
  "platforms" : [
    {
      "name" : "ios",
      "version" : "13.0"
    }
  ],
  "products" : [
    {
      "name" : "TSCoreSDK",
      "targets" : [
        "TSCoreSDK"
      ],
      "type" : {
        "library" : [
          "automatic"
        ]
      }
    }
  ],
  "targets" : [
    {
      "c99name" : "TSCoreSDK",
      "module_type" : "BinaryTarget",
      "name" : "TSCoreSDK",
      "path" : "Sources/TSCoreSDK.xcframework",
      "product_memberships" : [
        "TSCoreSDK"
      ],
      "sources" : [
      ],
      "type" : "binary"
    }
  ],
  "tools_version" : "5.5"
}
Command line invocation:
    /Applications/Xcode-16.3.0.app/Contents/Developer/usr/bin/xcodebuild -IDEClonedSourcePackagesDirPathOverride=/Users/admin/builder/spi-builder-workspace/.dependencies -resolvePackageDependencies
Resolve Package Graph
Resolved source packages:
  TSCore: /Users/admin/builder/spi-builder-workspace
resolved source packages: TSCore
{
  "dependencies" : [
  ],
  "manifest_display_name" : "TSCore",
  "name" : "TSCore",
  "path" : "/Users/admin/builder/spi-builder-workspace",
  "platforms" : [
    {
      "name" : "ios",
      "version" : "13.0"
    }
  ],
  "products" : [
    {
      "name" : "TSCoreSDK",
      "targets" : [
        "TSCoreSDK"
      ],
      "type" : {
        "library" : [
          "automatic"
        ]
      }
    }
  ],
  "targets" : [
    {
      "c99name" : "TSCoreSDK",
      "module_type" : "BinaryTarget",
      "name" : "TSCoreSDK",
      "path" : "Sources/TSCoreSDK.xcframework",
      "product_memberships" : [
        "TSCoreSDK"
      ],
      "sources" : [
      ],
      "type" : "binary"
    }
  ],
  "tools_version" : "5.5"
}
{
  "workspace" : {
    "name" : "spi-builder-workspace",
    "schemes" : [
      "TSCore"
    ]
  }
}
Running build ...
env DEVELOPER_DIR=/Applications/Xcode-16.3.0.app xcrun xcodebuild -IDEClonedSourcePackagesDirPathOverride=$PWD/.dependencies -skipMacroValidation -skipPackagePluginValidation -derivedDataPath $PWD/.derivedData build -scheme TSCore -destination platform=macOS,arch=arm64 OTHER_SWIFT_FLAGS=-stats-output-dir .stats -strict-concurrency=complete -enable-upcoming-feature StrictConcurrency -enable-upcoming-feature DisableOutwardActorInference -enable-upcoming-feature GlobalActorIsolatedTypesUsability -enable-upcoming-feature InferSendableFromCaptures
Command line invocation:
    /Applications/Xcode-16.3.0.app/Contents/Developer/usr/bin/xcodebuild -IDEClonedSourcePackagesDirPathOverride=/Users/admin/builder/spi-builder-workspace/.dependencies -skipMacroValidation -skipPackagePluginValidation -derivedDataPath /Users/admin/builder/spi-builder-workspace/.derivedData build -scheme TSCore -destination platform=macOS,arch=arm64 "OTHER_SWIFT_FLAGS=-stats-output-dir .stats -strict-concurrency=complete -enable-upcoming-feature StrictConcurrency -enable-upcoming-feature DisableOutwardActorInference -enable-upcoming-feature GlobalActorIsolatedTypesUsability -enable-upcoming-feature InferSendableFromCaptures"
Build settings from command line:
    OTHER_SWIFT_FLAGS = -stats-output-dir .stats -strict-concurrency=complete -enable-upcoming-feature StrictConcurrency -enable-upcoming-feature DisableOutwardActorInference -enable-upcoming-feature GlobalActorIsolatedTypesUsability -enable-upcoming-feature InferSendableFromCaptures
Resolve Package Graph
Resolved source packages:
  TSCore: /Users/admin/builder/spi-builder-workspace
ComputePackagePrebuildTargetDependencyGraph
Prepare packages
CreateBuildRequest
SendProjectDescription
CreateBuildOperation
ComputeTargetDependencyGraph
note: Building targets in dependency order
note: Target dependency graph (1 target)
    Target 'TSCoreSDK' in project 'TSCore' (no dependencies)
GatherProvisioningInputs
CreateBuildDescription
ExecuteExternalTool /Applications/Xcode-16.3.0.app/Contents/Developer/Toolchains/XcodeDefault.xctoolchain/usr/bin/clang -v -E -dM -isysroot /Applications/Xcode-16.3.0.app/Contents/Developer/Platforms/MacOSX.platform/Developer/SDKs/MacOSX15.4.sdk -x c -c /dev/null
Build description signature: d8a75a4bcc83da0a2fadf2260d4ae957
Build description path: /Users/admin/builder/spi-builder-workspace/.derivedData/Build/Intermediates.noindex/XCBuildData/d8a75a4bcc83da0a2fadf2260d4ae957.xcbuilddata
/Users/admin/builder/spi-builder-workspace/Sources/TSCoreSDK.xcframework:1:1: error: While building for macOS, no library for this platform was found in '/Users/admin/builder/spi-builder-workspace/Sources/TSCoreSDK.xcframework'. (in target 'TSCoreSDK' from project 'TSCore')
--- xcodebuild: WARNING: Using the first of multiple matching destinations:
{ platform:macOS, arch:arm64, id:da14148546382be23bb5de4fa7ab21a3f0b98f95, name:My Mac }
{ platform:macOS, arch:arm64, variant:Mac Catalyst, id:da14148546382be23bb5de4fa7ab21a3f0b98f95, name:My Mac }
{ platform:macOS, arch:arm64, variant:DriverKit, id:da14148546382be23bb5de4fa7ab21a3f0b98f95, name:My Mac }
{ platform:macOS, arch:arm64, variant:Designed for [iPad,iPhone], id:da14148546382be23bb5de4fa7ab21a3f0b98f95, name:My Mac }
** BUILD FAILED **
The following build commands failed:
	Building workspace spi-builder-workspace with scheme TSCore
(1 failure)
Command line invocation:
    /Applications/Xcode-16.3.0.app/Contents/Developer/usr/bin/xcodebuild -IDEClonedSourcePackagesDirPathOverride=/Users/admin/builder/spi-builder-workspace/.dependencies -resolvePackageDependencies
Resolve Package Graph
Resolved source packages:
  TSCore: /Users/admin/builder/spi-builder-workspace
resolved source packages: TSCore
{
  "dependencies" : [
  ],
  "manifest_display_name" : "TSCore",
  "name" : "TSCore",
  "path" : "/Users/admin/builder/spi-builder-workspace",
  "platforms" : [
    {
      "name" : "ios",
      "version" : "13.0"
    }
  ],
  "products" : [
    {
      "name" : "TSCoreSDK",
      "targets" : [
        "TSCoreSDK"
      ],
      "type" : {
        "library" : [
          "automatic"
        ]
      }
    }
  ],
  "targets" : [
    {
      "c99name" : "TSCoreSDK",
      "module_type" : "BinaryTarget",
      "name" : "TSCoreSDK",
      "path" : "Sources/TSCoreSDK.xcframework",
      "product_memberships" : [
        "TSCoreSDK"
      ],
      "sources" : [
      ],
      "type" : "binary"
    }
  ],
  "tools_version" : "5.5"
}
{
  "workspace" : {
    "name" : "spi-builder-workspace",
    "schemes" : [
      "TSCore"
    ]
  }
}
Running build ...
env DEVELOPER_DIR=/Applications/Xcode-16.3.0.app xcrun xcodebuild -IDEClonedSourcePackagesDirPathOverride=$PWD/.dependencies -skipMacroValidation -skipPackagePluginValidation -derivedDataPath $PWD/.derivedData build -scheme TSCore -destination platform=macOS,arch=arm64
Command line invocation:
    /Applications/Xcode-16.3.0.app/Contents/Developer/usr/bin/xcodebuild -IDEClonedSourcePackagesDirPathOverride=/Users/admin/builder/spi-builder-workspace/.dependencies -skipMacroValidation -skipPackagePluginValidation -derivedDataPath /Users/admin/builder/spi-builder-workspace/.derivedData build -scheme TSCore -destination platform=macOS,arch=arm64
Resolve Package Graph
Resolved source packages:
  TSCore: /Users/admin/builder/spi-builder-workspace
ComputePackagePrebuildTargetDependencyGraph
Prepare packages
CreateBuildRequest
SendProjectDescription
CreateBuildOperation
ComputeTargetDependencyGraph
note: Building targets in dependency order
note: Target dependency graph (1 target)
    Target 'TSCoreSDK' in project 'TSCore' (no dependencies)
GatherProvisioningInputs
CreateBuildDescription
ExecuteExternalTool /Applications/Xcode-16.3.0.app/Contents/Developer/Toolchains/XcodeDefault.xctoolchain/usr/bin/clang -v -E -dM -isysroot /Applications/Xcode-16.3.0.app/Contents/Developer/Platforms/MacOSX.platform/Developer/SDKs/MacOSX15.4.sdk -x c -c /dev/null
Build description signature: a49a1b1b9d07d0746ec5f09f1f09c914
Build description path: /Users/admin/builder/spi-builder-workspace/.derivedData/Build/Intermediates.noindex/XCBuildData/a49a1b1b9d07d0746ec5f09f1f09c914.xcbuilddata
/Users/admin/builder/spi-builder-workspace/Sources/TSCoreSDK.xcframework:1:1: error: While building for macOS, no library for this platform was found in '/Users/admin/builder/spi-builder-workspace/Sources/TSCoreSDK.xcframework'. (in target 'TSCoreSDK' from project 'TSCore')
--- xcodebuild: WARNING: Using the first of multiple matching destinations:
{ platform:macOS, arch:arm64, id:da14148546382be23bb5de4fa7ab21a3f0b98f95, name:My Mac }
{ platform:macOS, arch:arm64, variant:Mac Catalyst, id:da14148546382be23bb5de4fa7ab21a3f0b98f95, name:My Mac }
{ platform:macOS, arch:arm64, variant:DriverKit, id:da14148546382be23bb5de4fa7ab21a3f0b98f95, name:My Mac }
{ platform:macOS, arch:arm64, variant:Designed for [iPad,iPhone], id:da14148546382be23bb5de4fa7ab21a3f0b98f95, name:My Mac }
** BUILD FAILED **
The following build commands failed:
	Building workspace spi-builder-workspace with scheme TSCore
(1 failure)
BUILD FAILURE 6.1 macosXcodebuild