Build Information
Failed to build SwiftCardanoMultitool, reference main (01e815), with Swift 6.2 for Wasm on 12 Oct 2026 07:49:55 UTC.
Build Command
bash -c docker run --pull=always --rm -v "checkouts-54344843-0":/host -w "$PWD" -e JAVA_HOME="/root/.sdkman/candidates/java/current" -e SPI_BUILD="1" -e SPI_PROCESSING="1" registry.gitlab.com/saguaro1/spi-images:wasm-6.2-latest swift build --swift-sdk swift-6.2-RELEASE_wasm 2>&1Build Log
========================================
RunAll
========================================
Builder version: 5.1.1
Interrupt handler set up.
========================================
Checkout
========================================
Clone URL: https://github.com/Kingpin-Apps/swift-cardano-multitool.git
Reference: main
Initialized empty Git repository in /host/spi-builder-workspace/.git/
hint: Using 'master' as the name for the initial branch. This default branch name
hint: is subject to change. To configure the initial branch name to use in all
hint: of your new repositories, which will suppress this warning, call:
hint:
hint: git config --global init.defaultBranch <name>
hint:
hint: Names commonly chosen instead of 'master' are 'main', 'trunk' and
hint: 'development'. The just-created branch can be renamed via this command:
hint:
hint: git branch -m <name>
From https://github.com/Kingpin-Apps/swift-cardano-multitool
* branch main -> FETCH_HEAD
* [new branch] main -> origin/main
HEAD is now at 01e815f bump: version 0.19.0 → 0.19.1
Cloned https://github.com/Kingpin-Apps/swift-cardano-multitool.git
Revision (git rev-parse @):
01e815f167ec862a4c79aa48ef7c5a6fc124b185
SPI manifest file found: $PWD/.spi.yml
SUCCESS checkout https://github.com/Kingpin-Apps/swift-cardano-multitool.git at main
========================================
Build
========================================
Selected platform: wasm
Swift version: 6.2
Building package at path: $PWD
https://github.com/Kingpin-Apps/swift-cardano-multitool.git
Running build ...
bash -c docker run --pull=always --rm -v "checkouts-54344843-0":/host -w "$PWD" -e JAVA_HOME="/root/.sdkman/candidates/java/current" -e SPI_BUILD="1" -e SPI_PROCESSING="1" registry.gitlab.com/saguaro1/spi-images:wasm-6.2-latest swift build --swift-sdk swift-6.2-RELEASE_wasm 2>&1
wasm-6.2-latest: Pulling from saguaro1/spi-images
Digest: sha256:c092ff8dc506a2a30e6239b6992792fd4f7dfaaa46cac3b3c48d8fe35e954282
Status: Image is up to date for registry.gitlab.com/saguaro1/spi-images:wasm-6.2-latest
Fetching https://github.com/tuist/Noora
Fetching https://github.com/mgacy/swift-version-file-plugin
Fetching https://github.com/Kingpin-Apps/swift-nacl.git
Fetching https://github.com/mxcl/Version.git
Fetching https://github.com/mattt/swift-toml.git
[1/311] Fetching version
[135/518] Fetching version, swift-version-file-plugin
Fetched https://github.com/mxcl/Version.git from cache (0.38s)
Fetching https://github.com/mattt/swift-configuration-toml.git
[1/331] Fetching swift-toml
Fetched https://github.com/mgacy/swift-version-file-plugin from cache (0.39s)
Fetching https://github.com/Kingpin-Apps/swift-gnupg.git
[18/1188] Fetching swift-toml, swift-nacl
Fetched https://github.com/mattt/swift-toml.git from cache (0.44s)
Fetching https://github.com/Kingpin-Apps/swift-handles-api.git
[403/857] Fetching swift-nacl
[816/20627] Fetching swift-nacl, noora
Fetched https://github.com/Kingpin-Apps/swift-nacl.git from cache (0.66s)
Fetching https://github.com/Kingpin-Apps/swift-cardano-wallet.git
[2966/19770] Fetching noora
[8305/20012] Fetching noora, swift-gnupg
[8429/20143] Fetching noora, swift-gnupg, swift-configuration-toml
Fetched https://github.com/mattt/swift-configuration-toml.git from cache (0.38s)
Fetching https://github.com/Kingpin-Apps/swift-koios.git
[8745/20086] Fetching noora, swift-gnupg, swift-handles-api
Fetched https://github.com/Kingpin-Apps/swift-gnupg.git from cache (0.39s)
[8511/19844] Fetching noora, swift-handles-api
Fetching https://github.com/Kingpin-Apps/swift-cardano-utils.git
Fetched https://github.com/Kingpin-Apps/swift-handles-api.git from cache (0.35s)
Fetching https://github.com/Kingpin-Apps/swift-cardano-signer.git
[9095/19770] Fetching noora
[9096/20235] Fetching noora, swift-cardano-wallet
Fetched https://github.com/Kingpin-Apps/swift-cardano-wallet.git from cache (0.44s)
Fetching https://github.com/Kingpin-Apps/swift-cardano-txvalidator.git
[9096/20801] Fetching noora, swift-cardano-utils
[9963/20992] Fetching noora, swift-cardano-utils, swift-koios
[10255/21102] Fetching noora, swift-cardano-utils, swift-koios, swift-cardano-signer
Fetched https://github.com/Kingpin-Apps/swift-cardano-utils.git from cache (0.43s)
[9348/20071] Fetching noora, swift-koios, swift-cardano-signer
Fetching https://github.com/Kingpin-Apps/swift-cardano-txbuilder.git
Fetched https://github.com/Kingpin-Apps/swift-cardano-signer.git from cache (0.41s)
Fetching https://github.com/Kingpin-Apps/swift-cardano-token-registry.git
Fetched https://github.com/Kingpin-Apps/swift-koios.git from cache (0.46s)
Fetching https://github.com/Kingpin-Apps/swift-cardano-explorers.git
[9096/20617] Fetching noora, swift-cardano-txvalidator
[10172/20699] Fetching noora, swift-cardano-txvalidator, swift-cardano-explorers
Fetched https://github.com/Kingpin-Apps/swift-cardano-txvalidator.git from cache (0.45s)
Fetching https://github.com/Kingpin-Apps/swift-cardano-cips.git
[9385/20172] Fetching noora, swift-cardano-explorers, swift-cardano-token-registry
Fetched https://github.com/Kingpin-Apps/swift-cardano-explorers.git from cache (0.36s)
Fetching https://github.com/Kingpin-Apps/swift-cardano-chain.git
[9485/20606] Fetching noora, swift-cardano-token-registry, swift-cardano-txbuilder
Fetched https://github.com/Kingpin-Apps/swift-cardano-token-registry.git from cache (0.39s)
[9552/20286] Fetching noora, swift-cardano-txbuilder
Fetching https://github.com/Kingpin-Apps/swift-cbor-codable.git
Fetched https://github.com/Kingpin-Apps/swift-cardano-txbuilder.git from cache (0.46s)
Fetching https://github.com/Kingpin-Apps/swift-cardano-core.git
[9325/20061] Fetching noora, swift-cardano-cips
Fetched https://github.com/Kingpin-Apps/swift-cardano-cips.git from cache (0.37s)
Fetching https://github.com/jpsim/Yams.git
[9325/24804] Fetching noora, swift-cardano-core
[9527/25121] Fetching noora, swift-cardano-core, swift-cbor-codable
Fetched https://github.com/Kingpin-Apps/swift-cbor-codable.git from cache (0.50s)
Fetching https://github.com/apple/swift-system.git
[14722/24804] Fetching noora, swift-cardano-core
[15118/26457] Fetching noora, swift-cardano-core, swift-cardano-chain
Fetched https://github.com/Kingpin-Apps/swift-cardano-core.git from cache (0.69s)
Fetching https://github.com/apple/swift-crypto.git
[13318/21423] Fetching noora, swift-cardano-chain
[14703/33305] Fetching noora, swift-cardano-chain, yams
Fetched https://github.com/Kingpin-Apps/swift-cardano-chain.git from cache (1.09s)
Fetching https://github.com/apple/swift-configuration
[14711/31652] Fetching noora, yams
[22392/38893] Fetching noora, yams, swift-system
[35686/57522] Fetching noora, yams, swift-system, swift-crypto
[40401/61450] Fetching noora, yams, swift-system, swift-crypto, swift-configuration
Fetched https://github.com/apple/swift-system.git from cache (1.17s)
[33790/54209] Fetching noora, yams, swift-crypto, swift-configuration
Fetching https://github.com/swiftlang/swift-docc-plugin
Fetching https://github.com/thoven87/icalendar-kit.git
Fetched https://github.com/apple/swift-configuration from cache (1.04s)
Fetching https://github.com/apple/swift-argument-parser.git
Fetched https://github.com/jpsim/Yams.git from cache (1.81s)
[23496/38399] Fetching noora, swift-crypto
Fetched https://github.com/tuist/Noora from cache (3.78s)
[4658/18629] Fetching swift-crypto
[18630/19412] Fetching swift-crypto, icalendar-kit
[18787/21757] Fetching swift-crypto, icalendar-kit, swift-docc-plugin
Fetched https://github.com/thoven87/icalendar-kit.git from cache (0.47s)
[18887/20974] Fetching swift-crypto, swift-docc-plugin
Fetched https://github.com/swiftlang/swift-docc-plugin from cache (1.01s)
[1/19112] Fetching swift-argument-parser
Fetched https://github.com/apple/swift-crypto.git from cache (2.20s)
Fetched https://github.com/apple/swift-argument-parser.git from cache (0.96s)
Computing version for https://github.com/thoven87/icalendar-kit.git
Computed https://github.com/thoven87/icalendar-kit.git at 2.1.3 (4.83s)
Computing version for https://github.com/mxcl/Version.git
Computed https://github.com/mxcl/Version.git at 2.2.1 (1.04s)
Computing version for https://github.com/mgacy/swift-version-file-plugin
Computed https://github.com/mgacy/swift-version-file-plugin at 0.3.0 (0.15s)
Computing version for https://github.com/mattt/swift-toml.git
Computed https://github.com/mattt/swift-toml.git at 2.0.0 (0.15s)
Computing version for https://github.com/mattt/swift-configuration-toml.git
Computed https://github.com/mattt/swift-configuration-toml.git at 2.0.0 (0.16s)
Fetching https://github.com/apple/swift-metrics
[1/3563] Fetching swift-metrics
Fetched https://github.com/apple/swift-metrics from cache (0.48s)
Computing version for https://github.com/Kingpin-Apps/swift-nacl.git
Computed https://github.com/Kingpin-Apps/swift-nacl.git at 1.0.3 (1.51s)
Fetching https://github.com/attaswift/BigInt.git
Fetching https://github.com/norio-nomura/Base32.git
[1/4943] Fetching bigint
[2176/6111] Fetching bigint, base32
Fetched https://github.com/norio-nomura/Base32.git from cache (1.08s)
Fetched https://github.com/attaswift/BigInt.git from cache (1.45s)
Computing version for https://github.com/Kingpin-Apps/swift-gnupg.git
Computed https://github.com/Kingpin-Apps/swift-gnupg.git at 0.1.6 (1.79s)
Fetching https://github.com/apple/swift-log.git
[1/8257] Fetching swift-log
Fetched https://github.com/apple/swift-log.git from cache (0.56s)
Computing version for https://github.com/Kingpin-Apps/swift-handles-api.git
Computed https://github.com/Kingpin-Apps/swift-handles-api.git at 0.1.1 (0.71s)
Fetching https://github.com/apple/swift-openapi-runtime
Fetching https://github.com/apple/swift-openapi-generator
Fetching https://github.com/apple/swift-openapi-urlsession
[1/1200] Fetching swift-openapi-urlsession
Fetched https://github.com/apple/swift-openapi-urlsession from cache (0.37s)
[1/7175] Fetching swift-openapi-runtime
[7176/25933] Fetching swift-openapi-runtime, swift-openapi-generator
Fetched https://github.com/apple/swift-openapi-runtime from cache (1.00s)
Fetched https://github.com/apple/swift-openapi-generator from cache (1.00s)
Computing version for https://github.com/Kingpin-Apps/swift-cardano-wallet.git
Computed https://github.com/Kingpin-Apps/swift-cardano-wallet.git at 1.7.2 (1.18s)
Fetching https://github.com/Kingpin-Apps/swift-mnemonic.git
[1/230] Fetching swift-mnemonic
Fetched https://github.com/Kingpin-Apps/swift-mnemonic.git from cache (0.40s)
Computing version for https://github.com/Kingpin-Apps/swift-koios.git
Computed https://github.com/Kingpin-Apps/swift-koios.git at 0.2.2 (0.56s)
Computing version for https://github.com/Kingpin-Apps/swift-cardano-utils.git
Computed https://github.com/Kingpin-Apps/swift-cardano-utils.git at 0.5.8 (0.15s)
Fetching https://github.com/tuist/Command.git
[1/2525] Fetching command
Fetched https://github.com/tuist/Command.git from cache (1.16s)
Computing version for https://github.com/Kingpin-Apps/swift-cardano-signer.git
Computed https://github.com/Kingpin-Apps/swift-cardano-signer.git at 0.1.2 (1.31s)
Computing version for https://github.com/Kingpin-Apps/swift-cardano-txvalidator.git
Computed https://github.com/Kingpin-Apps/swift-cardano-txvalidator.git at 0.5.0 (0.15s)
Fetching https://github.com/Kingpin-Apps/swift-cardano-uplc.git
[1/3158] Fetching swift-cardano-uplc
Fetched https://github.com/Kingpin-Apps/swift-cardano-uplc.git from cache (0.46s)
Computing version for https://github.com/Kingpin-Apps/swift-cardano-txbuilder.git
Computed https://github.com/Kingpin-Apps/swift-cardano-txbuilder.git at 1.2.0 (0.62s)
Computing version for https://github.com/Kingpin-Apps/swift-cardano-token-registry.git
Computed https://github.com/Kingpin-Apps/swift-cardano-token-registry.git at 0.2.1 (0.15s)
Computing version for https://github.com/Kingpin-Apps/swift-cardano-explorers.git
Computed https://github.com/Kingpin-Apps/swift-cardano-explorers.git at 0.1.2 (0.14s)
Computing version for https://github.com/Kingpin-Apps/swift-cardano-cips.git
Computed https://github.com/Kingpin-Apps/swift-cardano-cips.git at 0.4.0 (0.16s)
Fetching https://github.com/Kingpin-Apps/swift-cose.git
Fetching https://github.com/Kingpin-Apps/swift-jsonld.git
[1/1030] Fetching swift-cose
[568/1150] Fetching swift-cose, swift-jsonld
Fetched https://github.com/Kingpin-Apps/swift-jsonld.git from cache (0.38s)
Fetched https://github.com/Kingpin-Apps/swift-cose.git from cache (0.38s)
Computing version for https://github.com/Kingpin-Apps/swift-cardano-chain.git
Computed https://github.com/Kingpin-Apps/swift-cardano-chain.git at 0.12.0 (0.55s)
Fetching https://github.com/Kingpin-Apps/swift-yaci-api.git
Fetching https://github.com/Kingpin-Apps/swift-ogmios.git
Fetching https://github.com/Kingpin-Apps/swift-kupo.git
Fetching https://github.com/Kingpin-Apps/swift-cardano-network.git
Fetching https://github.com/Kingpin-Apps/swift-blockfrost-api.git
[1/107] Fetching swift-kupo
[80/160] Fetching swift-kupo, swift-yaci-api
[108/312] Fetching swift-kupo, swift-yaci-api, swift-blockfrost-api
[313/1190] Fetching swift-kupo, swift-yaci-api, swift-blockfrost-api, swift-cardano-network
Fetched https://github.com/Kingpin-Apps/swift-blockfrost-api.git from cache (0.40s)
[187/1038] Fetching swift-kupo, swift-yaci-api, swift-cardano-network
Fetched https://github.com/Kingpin-Apps/swift-cardano-network.git from cache (0.46s)
[1/912] Fetching swift-ogmios
Fetched https://github.com/Kingpin-Apps/swift-kupo.git from cache (0.65s)
Fetched https://github.com/Kingpin-Apps/swift-ogmios.git from cache (0.65s)
Fetched https://github.com/Kingpin-Apps/swift-yaci-api.git from cache (0.65s)
Computing version for https://github.com/Kingpin-Apps/swift-cbor-codable.git
Computed https://github.com/Kingpin-Apps/swift-cbor-codable.git at 0.3.4 (0.81s)
Fetching https://github.com/apple/swift-collections.git
Fetching https://github.com/SusanDoggie/Float16.git
[1/310] Fetching float16
Fetched https://github.com/SusanDoggie/Float16.git from cache (0.49s)
[1/28703] Fetching swift-collections
Fetched https://github.com/apple/swift-collections.git from cache (1.33s)
Computing version for https://github.com/Kingpin-Apps/swift-cardano-core.git
Computed https://github.com/Kingpin-Apps/swift-cardano-core.git at 0.8.5 (1.50s)
Fetching https://github.com/Kingpin-Apps/swift-base58.git
Fetching https://github.com/Kingpin-Apps/swift-kes.git
Fetching https://github.com/krzyzanowskim/CryptoSwift.git
Fetching https://github.com/Frizlab/swift-fraction-number.git
[1/124] Fetching swift-kes
[60/210] Fetching swift-kes, swift-base58
[211/236] Fetching swift-kes, swift-base58, swift-fraction-number
Fetched https://github.com/Kingpin-Apps/swift-base58.git from cache (0.36s)
[1/13439] Fetching cryptoswift
Fetched https://github.com/Frizlab/swift-fraction-number.git from cache (1.12s)
Fetched https://github.com/Kingpin-Apps/swift-kes.git from cache (1.12s)
Fetched https://github.com/krzyzanowskim/CryptoSwift.git from cache (1.13s)
Computing version for https://github.com/jpsim/Yams.git
Computed https://github.com/jpsim/Yams.git at 6.2.2 (1.28s)
Computing version for https://github.com/apple/swift-system.git
Computed https://github.com/apple/swift-system.git at 1.8.1 (0.18s)
Computing version for https://github.com/apple/swift-crypto.git
Computed https://github.com/apple/swift-crypto.git at 4.5.2 (0.48s)
Fetching https://github.com/apple/swift-asn1.git
[1/2009] Fetching swift-asn1
Fetched https://github.com/apple/swift-asn1.git from cache (0.45s)
Computing version for https://github.com/apple/swift-configuration
Computed https://github.com/apple/swift-configuration at 1.2.2 (0.66s)
Fetching https://github.com/swift-server/swift-service-lifecycle
[1/2867] Fetching swift-service-lifecycle
Fetched https://github.com/swift-server/swift-service-lifecycle from cache (0.47s)
Computing version for https://github.com/swiftlang/swift-docc-plugin
Computed https://github.com/swiftlang/swift-docc-plugin at 1.5.0 (0.66s)
Fetching https://github.com/swiftlang/swift-docc-symbolkit
[1/3837] Fetching swift-docc-symbolkit
Fetched https://github.com/swiftlang/swift-docc-symbolkit from cache (0.63s)
Computing version for https://github.com/apple/swift-argument-parser.git
Computed https://github.com/apple/swift-argument-parser.git at 1.8.2 (0.81s)
Computing version for https://github.com/norio-nomura/Base32.git
Computed https://github.com/norio-nomura/Base32.git at 0.9.0 (0.89s)
Computing version for https://github.com/Kingpin-Apps/swift-mnemonic.git
Computed https://github.com/Kingpin-Apps/swift-mnemonic.git at 0.2.5 (0.15s)
Computing version for https://github.com/Kingpin-Apps/swift-jsonld.git
Computed https://github.com/Kingpin-Apps/swift-jsonld.git at 0.1.3 (0.15s)
Fetching https://github.com/Kingpin-Apps/swift-rdf-canonize.git
[1/139] Fetching swift-rdf-canonize
Fetched https://github.com/Kingpin-Apps/swift-rdf-canonize.git from cache (0.57s)
Computing version for https://github.com/Kingpin-Apps/swift-cardano-network.git
Computed https://github.com/Kingpin-Apps/swift-cardano-network.git at 1.1.1 (0.73s)
Fetching https://github.com/apple/swift-nio.git
Fetching https://github.com/apple/swift-nio-extras.git
[1/6704] Fetching swift-nio-extras
Fetched https://github.com/apple/swift-nio-extras.git from cache (0.71s)
[1/86380] Fetching swift-nio
Fetched https://github.com/apple/swift-nio.git from cache (3.32s)
Computing version for https://github.com/Kingpin-Apps/swift-yaci-api.git
Computed https://github.com/Kingpin-Apps/swift-yaci-api.git at 0.1.0 (3.48s)
Computing version for https://github.com/Kingpin-Apps/swift-kupo.git
Computed https://github.com/Kingpin-Apps/swift-kupo.git at 0.1.2 (0.15s)
Computing version for https://github.com/Kingpin-Apps/swift-ogmios.git
Computed https://github.com/Kingpin-Apps/swift-ogmios.git at 0.3.2 (0.15s)
Fetching https://github.com/vapor/websocket-kit.git
[1/2681] Fetching websocket-kit
Fetched https://github.com/vapor/websocket-kit.git from cache (0.49s)
Computing version for https://github.com/Kingpin-Apps/swift-blockfrost-api.git
Computed https://github.com/Kingpin-Apps/swift-blockfrost-api.git at 0.2.1 (0.65s)
Fetching https://github.com/apple/swift-nio-ssl
[1/16880] Fetching swift-nio-ssl
Fetched https://github.com/apple/swift-nio-ssl from cache (1.23s)
Computing version for https://github.com/SusanDoggie/Float16.git
Computed https://github.com/SusanDoggie/Float16.git at 1.1.1 (1.41s)
Fetching https://github.com/apple/swift-numerics
[1/6743] Fetching swift-numerics
Fetched https://github.com/apple/swift-numerics from cache (0.60s)
Computing version for https://github.com/swiftlang/swift-docc-symbolkit
Computed https://github.com/swiftlang/swift-docc-symbolkit at 1.0.0 (0.81s)
Computing version for https://github.com/Kingpin-Apps/swift-rdf-canonize.git
Computed https://github.com/Kingpin-Apps/swift-rdf-canonize.git at 0.2.2 (0.15s)
Computing version for https://github.com/vapor/websocket-kit.git
Computed https://github.com/vapor/websocket-kit.git at 2.16.2 (0.15s)
Fetching https://github.com/apple/swift-atomics.git
Fetching https://github.com/apple/swift-nio-transport-services.git
[1/2867] Fetching swift-nio-transport-services
[145/4756] Fetching swift-nio-transport-services, swift-atomics
Fetched https://github.com/apple/swift-nio-transport-services.git from cache (0.47s)
Fetched https://github.com/apple/swift-atomics.git from cache (0.51s)
Computing version for https://github.com/Kingpin-Apps/swift-cose.git
Computed https://github.com/Kingpin-Apps/swift-cose.git at 1.3.3 (0.67s)
Fetching https://github.com/Kingpin-Apps/swift-curve448.git
Fetching https://github.com/Kingpin-Apps/swift-goldilocks.git
Fetching https://github.com/apple/swift-certificates.git
Fetching https://github.com/21-DOT-DEV/swift-secp256k1
[1/291] Fetching swift-curve448
[211/379] Fetching swift-curve448, swift-goldilocks
[380/7992] Fetching swift-curve448, swift-goldilocks, swift-certificates
Fetched https://github.com/apple/swift-certificates.git from cache (0.56s)
[1/11437] Fetching swift-secp256k1
Fetched https://github.com/Kingpin-Apps/swift-curve448.git from cache (1.45s)
Fetched https://github.com/Kingpin-Apps/swift-goldilocks.git from cache (1.45s)
Fetched https://github.com/21-DOT-DEV/swift-secp256k1 from cache (1.46s)
Computing version for https://github.com/Kingpin-Apps/swift-goldilocks.git
Computed https://github.com/Kingpin-Apps/swift-goldilocks.git at 0.1.1 (1.62s)
Computing version for https://github.com/krzyzanowskim/CryptoSwift.git
Computed https://github.com/krzyzanowskim/CryptoSwift.git at 1.10.0 (0.18s)
Computing version for https://github.com/Kingpin-Apps/swift-kes.git
Computed https://github.com/Kingpin-Apps/swift-kes.git at 1.0.2 (0.15s)
Computing version for https://github.com/Kingpin-Apps/swift-base58.git
Computed https://github.com/Kingpin-Apps/swift-base58.git at 0.1.5 (0.15s)
Computing version for https://github.com/Frizlab/swift-fraction-number.git
Computed https://github.com/Frizlab/swift-fraction-number.git at 0.2.0 (0.14s)
Computing version for https://github.com/Kingpin-Apps/swift-curve448.git
Computed https://github.com/Kingpin-Apps/swift-curve448.git at 0.3.1 (0.15s)
Computing version for https://github.com/tuist/Noora
Computed https://github.com/tuist/Noora at 0.57.5 (0.15s)
Fetching https://github.com/tuist/path
Fetching https://github.com/onevcat/Rainbow
[1/1514] Fetching rainbow
[1258/1932] Fetching rainbow, path
Fetched https://github.com/onevcat/Rainbow from cache (0.39s)
Fetched https://github.com/tuist/path from cache (0.39s)
Computing version for https://github.com/tuist/path
Computed https://github.com/tuist/path at 0.3.8 (0.57s)
Computing version for https://github.com/onevcat/Rainbow
Computed https://github.com/onevcat/Rainbow at 4.2.2 (0.88s)
Computing version for https://github.com/attaswift/BigInt.git
Computed https://github.com/attaswift/BigInt.git at 6.0.1 (0.14s)
Computing version for https://github.com/Kingpin-Apps/swift-cardano-uplc.git
Computed https://github.com/Kingpin-Apps/swift-cardano-uplc.git at 0.8.0 (0.15s)
Fetching https://github.com/Kingpin-Apps/swift-blst.git
[1/254] Fetching swift-blst
Fetched https://github.com/Kingpin-Apps/swift-blst.git from cache (0.47s)
Computing version for https://github.com/Kingpin-Apps/swift-blst.git
Computed https://github.com/Kingpin-Apps/swift-blst.git at 0.1.9 (0.68s)
Computing version for https://github.com/apple/swift-openapi-urlsession
Computed https://github.com/apple/swift-openapi-urlsession at 1.3.2 (0.22s)
Fetching https://github.com/apple/swift-http-types
[1/1939] Fetching swift-http-types
Fetched https://github.com/apple/swift-http-types from cache (0.40s)
Computing version for https://github.com/apple/swift-atomics.git
Computed https://github.com/apple/swift-atomics.git at 1.3.1 (0.56s)
Computing version for https://github.com/21-DOT-DEV/swift-secp256k1
Computed https://github.com/21-DOT-DEV/swift-secp256k1 at 0.23.2 (0.22s)
Computing version for https://github.com/apple/swift-openapi-runtime
Computed https://github.com/apple/swift-openapi-runtime at 1.13.0 (0.16s)
Computing version for https://github.com/apple/swift-http-types
Computed https://github.com/apple/swift-http-types at 1.8.0 (0.18s)
Computing version for https://github.com/apple/swift-numerics
Computed https://github.com/apple/swift-numerics at 1.1.1 (0.15s)
Computing version for https://github.com/apple/swift-openapi-generator
Computed https://github.com/apple/swift-openapi-generator at 1.14.0 (0.22s)
Fetching https://github.com/mattpolzin/OpenAPIKit
Fetching https://github.com/apple/swift-algorithms
[1/6164] Fetching swift-algorithms
Fetched https://github.com/apple/swift-algorithms from cache (0.54s)
[1/186435] Fetching openapikit
Fetched https://github.com/mattpolzin/OpenAPIKit from cache (7.13s)
Computing version for https://github.com/apple/swift-algorithms
Computed https://github.com/apple/swift-algorithms at 1.2.1 (7.32s)
Computing version for https://github.com/mattpolzin/OpenAPIKit
Computed https://github.com/mattpolzin/OpenAPIKit at 6.4.0 (0.16s)
Computing version for https://github.com/apple/swift-metrics
Computed https://github.com/apple/swift-metrics at 2.12.0 (0.15s)
Computing version for https://github.com/swift-server/swift-service-lifecycle
Computed https://github.com/swift-server/swift-service-lifecycle at 2.12.1 (0.15s)
Fetching https://github.com/apple/swift-async-algorithms.git
[1/6820] Fetching swift-async-algorithms
Fetched https://github.com/apple/swift-async-algorithms.git from cache (0.57s)
Computing version for https://github.com/apple/swift-log.git
Computed https://github.com/apple/swift-log.git at 1.16.0 (0.73s)
Computing version for https://github.com/apple/swift-async-algorithms.git
Computed https://github.com/apple/swift-async-algorithms.git at 1.1.7 (0.21s)
Computing version for https://github.com/apple/swift-collections.git
Computed https://github.com/apple/swift-collections.git at 1.7.2 (0.25s)
Computing version for https://github.com/apple/swift-asn1.git
Computed https://github.com/apple/swift-asn1.git at 1.7.3 (0.18s)
Computing version for https://github.com/tuist/Command.git
Computed https://github.com/tuist/Command.git at 0.14.14 (0.15s)
Fetching https://github.com/Kolos65/Mockable
[1/2130] Fetching mockable
Fetched https://github.com/Kolos65/Mockable from cache (0.57s)
Computing version for https://github.com/Kolos65/Mockable
Computed https://github.com/Kolos65/Mockable at 0.6.4 (0.76s)
Fetching https://github.com/swiftlang/swift-syntax.git
Fetching https://github.com/pointfreeco/xctest-dynamic-overlay
[1/2727] Fetching xctest-dynamic-overlay
[2728/83190] Fetching xctest-dynamic-overlay, swift-syntax
Fetched https://github.com/pointfreeco/xctest-dynamic-overlay from cache (3.84s)
Fetched https://github.com/swiftlang/swift-syntax.git from cache (3.86s)
Computing version for https://github.com/pointfreeco/xctest-dynamic-overlay
Computed https://github.com/pointfreeco/xctest-dynamic-overlay at 1.9.0 (4.03s)
Computing version for https://github.com/apple/swift-nio-transport-services.git
Computed https://github.com/apple/swift-nio-transport-services.git at 1.28.0 (0.16s)
Computing version for https://github.com/swiftlang/swift-syntax.git
Computed https://github.com/swiftlang/swift-syntax.git at 603.0.2 (0.26s)
Computing version for https://github.com/apple/swift-nio-ssl
Computed https://github.com/apple/swift-nio-ssl at 2.37.5 (0.19s)
Computing version for https://github.com/apple/swift-nio.git
Computed https://github.com/apple/swift-nio.git at 2.104.0 (0.36s)
Computing version for https://github.com/apple/swift-nio-extras.git
Computed https://github.com/apple/swift-nio-extras.git at 1.35.1 (0.28s)
Fetching https://github.com/apple/swift-http-structured-headers.git
Fetching https://github.com/apple/swift-nio-http2.git
[1/1253] Fetching swift-http-structured-headers
Fetched https://github.com/apple/swift-http-structured-headers.git from cache (0.40s)
[1/12294] Fetching swift-nio-http2
Fetched https://github.com/apple/swift-nio-http2.git from cache (0.98s)
Computing version for https://github.com/apple/swift-http-structured-headers.git
Computed https://github.com/apple/swift-http-structured-headers.git at 1.7.0 (1.14s)
Computing version for https://github.com/apple/swift-certificates.git
Computed https://github.com/apple/swift-certificates.git at 1.21.0 (0.21s)
Computing version for https://github.com/apple/swift-nio-http2.git
Computed https://github.com/apple/swift-nio-http2.git at 1.46.0 (0.17s)
Creating working copy for https://github.com/apple/swift-nio-http2.git
Working copy of https://github.com/apple/swift-nio-http2.git resolved at 1.46.0
Creating working copy for https://github.com/apple/swift-openapi-generator
Working copy of https://github.com/apple/swift-openapi-generator resolved at 1.14.0
Creating working copy for https://github.com/vapor/websocket-kit.git
Working copy of https://github.com/vapor/websocket-kit.git resolved at 2.16.2
Creating working copy for https://github.com/onevcat/Rainbow
Working copy of https://github.com/onevcat/Rainbow resolved at 4.2.2
Creating working copy for https://github.com/attaswift/BigInt.git
Working copy of https://github.com/attaswift/BigInt.git resolved at 6.0.1
Creating working copy for https://github.com/mattpolzin/OpenAPIKit
Working copy of https://github.com/mattpolzin/OpenAPIKit resolved at 6.4.0
Creating working copy for https://github.com/Kingpin-Apps/swift-cardano-signer.git
Working copy of https://github.com/Kingpin-Apps/swift-cardano-signer.git resolved at 0.1.2
Creating working copy for https://github.com/Kingpin-Apps/swift-curve448.git
Working copy of https://github.com/Kingpin-Apps/swift-curve448.git resolved at 0.3.1
Creating working copy for https://github.com/Kingpin-Apps/swift-cardano-chain.git
Working copy of https://github.com/Kingpin-Apps/swift-cardano-chain.git resolved at 0.12.0
Creating working copy for https://github.com/mxcl/Version.git
Working copy of https://github.com/mxcl/Version.git resolved at 2.2.1
Creating working copy for https://github.com/Kingpin-Apps/swift-mnemonic.git
Working copy of https://github.com/Kingpin-Apps/swift-mnemonic.git resolved at 0.2.5
Creating working copy for https://github.com/Kingpin-Apps/swift-blockfrost-api.git
Working copy of https://github.com/Kingpin-Apps/swift-blockfrost-api.git resolved at 0.2.1
Creating working copy for https://github.com/pointfreeco/xctest-dynamic-overlay
Working copy of https://github.com/pointfreeco/xctest-dynamic-overlay resolved at 1.9.0
Creating working copy for https://github.com/Kingpin-Apps/swift-rdf-canonize.git
Working copy of https://github.com/Kingpin-Apps/swift-rdf-canonize.git resolved at 0.2.2
Creating working copy for https://github.com/Kingpin-Apps/swift-cardano-token-registry.git
Working copy of https://github.com/Kingpin-Apps/swift-cardano-token-registry.git resolved at 0.2.1
Creating working copy for https://github.com/SusanDoggie/Float16.git
Working copy of https://github.com/SusanDoggie/Float16.git resolved at 1.1.1
Creating working copy for https://github.com/apple/swift-log.git
Working copy of https://github.com/apple/swift-log.git resolved at 1.16.0
Creating working copy for https://github.com/mattt/swift-configuration-toml.git
Working copy of https://github.com/mattt/swift-configuration-toml.git resolved at 2.0.0
Creating working copy for https://github.com/apple/swift-crypto.git
Working copy of https://github.com/apple/swift-crypto.git resolved at 4.5.2
Creating working copy for https://github.com/apple/swift-certificates.git
Working copy of https://github.com/apple/swift-certificates.git resolved at 1.21.0
Creating working copy for https://github.com/Kingpin-Apps/swift-cardano-utils.git
Working copy of https://github.com/Kingpin-Apps/swift-cardano-utils.git resolved at 0.5.8
Creating working copy for https://github.com/apple/swift-algorithms
Working copy of https://github.com/apple/swift-algorithms resolved at 1.2.1
Creating working copy for https://github.com/apple/swift-argument-parser.git
Working copy of https://github.com/apple/swift-argument-parser.git resolved at 1.8.2
Creating working copy for https://github.com/mgacy/swift-version-file-plugin
Working copy of https://github.com/mgacy/swift-version-file-plugin resolved at 0.3.0
Creating working copy for https://github.com/Kingpin-Apps/swift-cose.git
Working copy of https://github.com/Kingpin-Apps/swift-cose.git resolved at 1.3.3
Creating working copy for https://github.com/swiftlang/swift-docc-plugin
Working copy of https://github.com/swiftlang/swift-docc-plugin resolved at 1.5.0
Creating working copy for https://github.com/Kingpin-Apps/swift-gnupg.git
Working copy of https://github.com/Kingpin-Apps/swift-gnupg.git resolved at 0.1.6
Creating working copy for https://github.com/norio-nomura/Base32.git
Working copy of https://github.com/norio-nomura/Base32.git resolved at 0.9.0
Creating working copy for https://github.com/apple/swift-configuration
Working copy of https://github.com/apple/swift-configuration resolved at 1.2.2
Creating working copy for https://github.com/apple/swift-http-structured-headers.git
Working copy of https://github.com/apple/swift-http-structured-headers.git resolved at 1.7.0
Creating working copy for https://github.com/tuist/Command.git
Working copy of https://github.com/tuist/Command.git resolved at 0.14.14
Creating working copy for https://github.com/Kingpin-Apps/swift-kes.git
Working copy of https://github.com/Kingpin-Apps/swift-kes.git resolved at 1.0.2
Creating working copy for https://github.com/Kingpin-Apps/swift-handles-api.git
Working copy of https://github.com/Kingpin-Apps/swift-handles-api.git resolved at 0.1.1
Creating working copy for https://github.com/Kingpin-Apps/swift-cbor-codable.git
Working copy of https://github.com/Kingpin-Apps/swift-cbor-codable.git resolved at 0.3.4
Creating working copy for https://github.com/Kingpin-Apps/swift-cardano-cips.git
Working copy of https://github.com/Kingpin-Apps/swift-cardano-cips.git resolved at 0.4.0
Creating working copy for https://github.com/apple/swift-atomics.git
Working copy of https://github.com/apple/swift-atomics.git resolved at 1.3.1
Creating working copy for https://github.com/Kingpin-Apps/swift-cardano-explorers.git
Working copy of https://github.com/Kingpin-Apps/swift-cardano-explorers.git resolved at 0.1.2
Creating working copy for https://github.com/apple/swift-collections.git
Working copy of https://github.com/apple/swift-collections.git resolved at 1.7.2
Creating working copy for https://github.com/apple/swift-nio-extras.git
Working copy of https://github.com/apple/swift-nio-extras.git resolved at 1.35.1
Creating working copy for https://github.com/krzyzanowskim/CryptoSwift.git
Working copy of https://github.com/krzyzanowskim/CryptoSwift.git resolved at 1.10.0
Creating working copy for https://github.com/apple/swift-system.git
Working copy of https://github.com/apple/swift-system.git resolved at 1.8.1
Creating working copy for https://github.com/swiftlang/swift-docc-symbolkit
Working copy of https://github.com/swiftlang/swift-docc-symbolkit resolved at 1.0.0
Creating working copy for https://github.com/Kingpin-Apps/swift-nacl.git
Working copy of https://github.com/Kingpin-Apps/swift-nacl.git resolved at 1.0.3
Creating working copy for https://github.com/apple/swift-openapi-urlsession
Working copy of https://github.com/apple/swift-openapi-urlsession resolved at 1.3.2
Creating working copy for https://github.com/Kingpin-Apps/swift-cardano-core.git
Working copy of https://github.com/Kingpin-Apps/swift-cardano-core.git resolved at 0.8.5
Creating working copy for https://github.com/Kingpin-Apps/swift-cardano-txvalidator.git
Working copy of https://github.com/Kingpin-Apps/swift-cardano-txvalidator.git resolved at 0.5.0
Creating working copy for https://github.com/apple/swift-async-algorithms.git
Working copy of https://github.com/apple/swift-async-algorithms.git resolved at 1.1.7
Creating working copy for https://github.com/Kingpin-Apps/swift-goldilocks.git
Working copy of https://github.com/Kingpin-Apps/swift-goldilocks.git resolved at 0.1.1
Creating working copy for https://github.com/Frizlab/swift-fraction-number.git
Working copy of https://github.com/Frizlab/swift-fraction-number.git resolved at 0.2.0
Creating working copy for https://github.com/Kolos65/Mockable
Working copy of https://github.com/Kolos65/Mockable resolved at 0.6.4
Creating working copy for https://github.com/apple/swift-metrics
Working copy of https://github.com/apple/swift-metrics resolved at 2.12.0
Creating working copy for https://github.com/apple/swift-nio-ssl
Working copy of https://github.com/apple/swift-nio-ssl resolved at 2.37.5
Creating working copy for https://github.com/jpsim/Yams.git
Working copy of https://github.com/jpsim/Yams.git resolved at 6.2.2
Creating working copy for https://github.com/thoven87/icalendar-kit.git
Working copy of https://github.com/thoven87/icalendar-kit.git resolved at 2.1.3
Creating working copy for https://github.com/Kingpin-Apps/swift-base58.git
Working copy of https://github.com/Kingpin-Apps/swift-base58.git resolved at 0.1.5
Creating working copy for https://github.com/tuist/path
Working copy of https://github.com/tuist/path resolved at 0.3.8
Creating working copy for https://github.com/Kingpin-Apps/swift-ogmios.git
Working copy of https://github.com/Kingpin-Apps/swift-ogmios.git resolved at 0.3.2
Creating working copy for https://github.com/Kingpin-Apps/swift-jsonld.git
Working copy of https://github.com/Kingpin-Apps/swift-jsonld.git resolved at 0.1.3
Creating working copy for https://github.com/apple/swift-http-types
Working copy of https://github.com/apple/swift-http-types resolved at 1.8.0
Creating working copy for https://github.com/Kingpin-Apps/swift-koios.git
Working copy of https://github.com/Kingpin-Apps/swift-koios.git resolved at 0.2.2
Creating working copy for https://github.com/apple/swift-nio.git
Working copy of https://github.com/apple/swift-nio.git resolved at 2.104.0
Creating working copy for https://github.com/apple/swift-asn1.git
Working copy of https://github.com/apple/swift-asn1.git resolved at 1.7.3
Creating working copy for https://github.com/apple/swift-numerics
Working copy of https://github.com/apple/swift-numerics resolved at 1.1.1
Creating working copy for https://github.com/21-DOT-DEV/swift-secp256k1
Working copy of https://github.com/21-DOT-DEV/swift-secp256k1 resolved at 0.23.2
Creating working copy for https://github.com/Kingpin-Apps/swift-yaci-api.git
Working copy of https://github.com/Kingpin-Apps/swift-yaci-api.git resolved at 0.1.0
Creating working copy for https://github.com/Kingpin-Apps/swift-blst.git
Working copy of https://github.com/Kingpin-Apps/swift-blst.git resolved at 0.1.9
Creating working copy for https://github.com/Kingpin-Apps/swift-cardano-network.git
Working copy of https://github.com/Kingpin-Apps/swift-cardano-network.git resolved at 1.1.1
Creating working copy for https://github.com/apple/swift-openapi-runtime
Working copy of https://github.com/apple/swift-openapi-runtime resolved at 1.13.0
Creating working copy for https://github.com/swift-server/swift-service-lifecycle
Working copy of https://github.com/swift-server/swift-service-lifecycle resolved at 2.12.1
Creating working copy for https://github.com/tuist/Noora
Working copy of https://github.com/tuist/Noora resolved at 0.57.5
Creating working copy for https://github.com/Kingpin-Apps/swift-kupo.git
Working copy of https://github.com/Kingpin-Apps/swift-kupo.git resolved at 0.1.2
Creating working copy for https://github.com/swiftlang/swift-syntax.git
Working copy of https://github.com/swiftlang/swift-syntax.git resolved at 603.0.2
Creating working copy for https://github.com/Kingpin-Apps/swift-cardano-txbuilder.git
Working copy of https://github.com/Kingpin-Apps/swift-cardano-txbuilder.git resolved at 1.2.0
Creating working copy for https://github.com/Kingpin-Apps/swift-cardano-wallet.git
Working copy of https://github.com/Kingpin-Apps/swift-cardano-wallet.git resolved at 1.7.2
Creating working copy for https://github.com/Kingpin-Apps/swift-cardano-uplc.git
Working copy of https://github.com/Kingpin-Apps/swift-cardano-uplc.git resolved at 0.8.0
Creating working copy for https://github.com/apple/swift-nio-transport-services.git
Working copy of https://github.com/apple/swift-nio-transport-services.git resolved at 1.28.0
Creating working copy for https://github.com/mattt/swift-toml.git
Working copy of https://github.com/mattt/swift-toml.git resolved at 2.0.0
[0/32] Write sources
[11/32] Compiling _NumericsShims _NumericsShims.c
[12/32] Compiling reader.c
[13/32] Compiling writer.c
[14/32] Write swift-version-24593BA9C3E375BF.txt
[15/32] Compiling parser.c
[16/32] Compiling api.c
[17/32] Compiling emitter.c
[18/78] Compiling scanner.c
[20/98] Emitting module ArgumentParserToolInfo
[21/98] Emitting module OpenAPIKitCore
[22/102] Emitting module Yams
[23/104] Compiling Yams Encoder.swift
[24/104] Compiling Yams Node.Scalar.swift
[25/105] Compiling Yams Tag.swift
[26/105] Compiling Yams YamlAnchorProviding.swift
[27/105] Compiling Yams Node.Sequence.swift
[28/105] Compiling Yams Node.swift
[29/105] Compiling Yams Decoder.swift
[30/105] Compiling Yams Emitter.swift
[31/105] Emitting module RealModule
[32/105] Compiling RealModule RelaxedArithmetic.swift
[33/105] Compiling RealModule Real.swift
[34/105] Compiling RealModule Float16+Real.swift
[35/105] Compiling RealModule RealFunctions.swift
[36/105] Compiling RealModule Float80+Real.swift
[38/106] Compiling ArgumentParserToolInfo ToolInfo.swift
[38/107] Wrapping AST for RealModule for debugging
[40/179] Wrapping AST for ArgumentParserToolInfo for debugging
[42/179] Compiling ArgumentParser Mutex.swift
[43/179] Compiling ArgumentParser Platform.swift
[44/179] Compiling ArgumentParser SequenceExtensions.swift
[45/179] Compiling ArgumentParser StringExtensions.swift
[46/179] Compiling ArgumentParser SwiftExtensions.swift
[47/179] Compiling ArgumentParser Tree.swift
[48/185] Compiling ArgumentParser SplitArguments.swift
[49/185] Compiling ArgumentParser DumpHelpGenerator.swift
[50/185] Compiling ArgumentParser HelpCommand.swift
[51/185] Compiling ArgumentParser HelpGenerator.swift
[52/185] Compiling ArgumentParser Name.swift
[53/185] Compiling ArgumentParser Parsed.swift
[54/185] Compiling ArgumentParser ParsedValues.swift
[55/185] Compiling ArgumentParser ParserError.swift
[56/185] Compiling ArgumentParser ArgumentSet.swift
[57/185] Compiling ArgumentParser CommandParser.swift
[58/185] Compiling ArgumentParser InputKey.swift
[59/185] Compiling ArgumentParser InputOrigin.swift
[60/185] Compiling ArgumentParser ArgumentVisibility.swift
[61/185] Compiling ArgumentParser CompletionKind.swift
[62/185] Compiling ArgumentParser Errors.swift
[63/185] Compiling ArgumentParser Flag.swift
[64/185] Compiling ArgumentParser NameSpecification.swift
[65/185] Compiling ArgumentParser Option.swift
[66/185] Compiling ArgumentParser OptionGroup.swift
[67/185] Compiling ArgumentParser BashCompletionsGenerator.swift
[68/185] Compiling ArgumentParser CompletionsGenerator.swift
[69/185] Compiling ArgumentParser FishCompletionsGenerator.swift
[70/185] Compiling ArgumentParser ZshCompletionsGenerator.swift
[71/185] Compiling ArgumentParser Argument.swift
[72/185] Compiling ArgumentParser ArgumentDiscussion.swift
[73/185] Compiling ArgumentParser ArgumentHelp.swift
[74/185] Compiling ArgumentParser ParentCommand.swift
[75/185] Compiling ArgumentParser ParsableArguments.swift
[76/185] Compiling ArgumentParser ParsableCommand.swift
[77/185] Compiling ArgumentParser ArgumentDecoder.swift
[78/185] Compiling ArgumentParser ArgumentDefinition.swift
[79/185] Compiling ArgumentParser AsyncParsableCommand.swift
[80/185] Compiling ArgumentParser CommandConfiguration.swift
[81/185] Compiling ArgumentParser CommandGroup.swift
[82/185] Compiling ArgumentParser EnumerableFlag.swift
[83/185] Compiling ArgumentParser ExpressibleByArgument.swift
[89/215] Compiling OpenAPIKit OpenAPI.swift
[90/215] Compiling OpenAPIKit OpenAPIConditionalWarnings.swift
[92/215] Compiling OpenAPIKit30 Components+Locatable.swift
[93/215] Compiling OpenAPIKit Components.swift
[94/215] Compiling OpenAPIKit Content.swift
[95/215] Compiling OpenAPIKit30 Discriminator.swift
[96/215] Compiling OpenAPIKit30 DereferencedDocument.swift
[97/215] Compiling OpenAPIKit JSONReference+URIResolution.swift
[98/216] Compiling OpenAPIKit Callbacks.swift
[99/217] Compiling OpenAPIKit CodableVendorExtendable.swift
[100/217] Compiling OpenAPIKit Components+JSONReference.swift
[101/218] Compiling OpenAPIKit ContentEncoding.swift
[102/218] Compiling OpenAPIKit30 DereferencedContent.swift
[103/218] Compiling OpenAPIKit30 DereferencedContentEncoding.swift
[103/251] Wrapping AST for OpenAPIKitCore for debugging
[105/328] Wrapping AST for Yams for debugging
[107/328] Compiling OpenAPIKit30 PathDecodingError.swift
[108/328] Compiling OpenAPIKit30 ResponseDecodingError.swift
[109/328] Compiling OpenAPIKit30 Example.swift
[118/331] Compiling OpenAPIKit30 Request.swift
[119/331] Compiling OpenAPIKit30 DereferencedResponse.swift
[120/331] Compiling OpenAPIKit30 Response.swift
[121/331] Compiling OpenAPIKit30 RuntimeExpression.swift
[122/331] Compiling OpenAPIKit30 SchemaProtocols.swift
[123/331] Compiling OpenAPIKit30 SwiftPrimitiveTypes+OpenAPI.swift
[124/331] Compiling OpenAPIKit30 Either+Convenience.swift
[125/331] Compiling OpenAPIKit30 Either+ExternallyDereferenceable.swift
[126/331] Compiling OpenAPIKit30 Either+LocallyDereferenceable.swift
[127/331] Compiling OpenAPIKit30 Either+Validatable.swift
[128/331] Compiling OpenAPIKit30 DocumentDecodingError.swift
[129/331] Compiling OpenAPIKit30 OperationDecodingError.swift
[130/331] Compiling OpenAPIKit30 Document.swift
[131/331] Compiling OpenAPIKit30 DocumentInfo.swift
[132/331] Compiling OpenAPIKit30 ResolvedDocument.swift
[133/331] Compiling OpenAPIKit30 ResolvedEndpoint.swift
[134/331] Compiling OpenAPIKit30 DereferencedParameter.swift
[135/331] Compiling OpenAPIKit30 DereferencedSchemaContext.swift
[136/331] Compiling OpenAPIKit30 Parameter.swift
[137/331] Compiling OpenAPIKit30 ParameterContext.swift
[138/331] Compiling OpenAPIKit30 ParameterContextLocation.swift
[142/331] Compiling OpenAPIKit30 Document+URIResolution.swift
[143/331] Emitting module Algorithms
[144/331] Compiling OpenAPIKit30 JSONReference+URIResolution.swift
[145/331] Compiling OpenAPIKit30 JSONReference.swift
[146/331] Compiling OpenAPIKit30 Link.swift
[147/331] Compiling OpenAPIKit30 OpenAPI.swift
[148/331] Compiling OpenAPIKit30 DereferencedOperation.swift
[149/331] Compiling OpenAPIKit30 Operation.swift
[150/331] Emitting module OpenAPIKit
[151/341] Compiling Algorithms Trim.swift
[152/341] Compiling Algorithms Unique.swift
[153/341] Compiling Algorithms Windows.swift
[154/342] Wrapping AST for Algorithms for debugging
[156/342] Emitting module ArgumentParser
[157/342] Compiling OpenAPIKit30 DereferencedSecurityRequirement.swift
[158/342] Compiling OpenAPIKit30 OAuthFlows.swift
[159/342] Compiling OpenAPIKit30 SecurityScheme.swift
[160/342] Compiling OpenAPIKit30 Server.swift
[161/342] Compiling OpenAPIKit30 Tag.swift
[162/342] Compiling OpenAPIKit30 URLTemplate+Validatable.swift
[163/342] Compiling OpenAPIKit30 Array+ExternallyDereferenceable.swift
[164/342] Compiling OpenAPIKit30 Container+DecodeURLAsString.swift
[165/342] Compiling OpenAPIKit30 Dictionary+ExternallyDereferenceable.swift
[185/351] Compiling OpenAPIKit30 Optional+ExternallyDereferenceable.swift
[186/351] Compiling OpenAPIKit30 OrderedDictionary+ExternallyDereferenceable.swift
[187/351] Compiling OpenAPIKit30 OrderedDictionry+LocallyDereferenceable.swift
[188/351] Compiling OpenAPIKit30 Validation+Builtins.swift
[189/351] Compiling OpenAPIKit30 Validation.swift
[207/351] Compiling OpenAPIKit30 Header.swift
[215/351] Compiling OpenAPIKit30 Validator+Convenience.swift
[216/351] Compiling OpenAPIKit30 Validator.swift
[217/351] Compiling OpenAPIKit30 XML.swift
[218/351] Compiling OpenAPIKit30 _CoreReExport.swift
[254/352] Emitting module OpenAPIKit30
[254/352] Wrapping AST for ArgumentParser for debugging
[270/352] Compiling OpenAPIKit Validation+Builtins.swift
[271/352] Compiling OpenAPIKit Validation.swift
[272/352] Compiling OpenAPIKit Validator+Convenience.swift
[273/352] Compiling OpenAPIKit Validator.swift
[274/352] Compiling OpenAPIKit XML.swift
[275/352] Compiling OpenAPIKit _CoreReExport.swift
[298/352] Compiling OpenAPIKit30 ParameterSchemaContext.swift
[299/352] Compiling OpenAPIKit30 ParameterSchemaContextStyle.swift
[300/352] Compiling OpenAPIKit30 DereferencedPathItem.swift
[301/352] Compiling OpenAPIKit30 PathItem.swift
[302/352] Compiling OpenAPIKit30 ResolvedRoute.swift
[303/352] Compiling OpenAPIKit30 DereferencedRequest.swift
[310/352] Compiling OpenAPIKit30 DereferencedJSONSchema.swift
[311/352] Compiling OpenAPIKit30 JSONSchema+Combining.swift
[312/352] Compiling OpenAPIKit30 JSONSchema.swift
[313/352] Compiling OpenAPIKit30 JSONSchemaContext.swift
[314/352] Compiling OpenAPIKit30 SimplifiedJSONSchema.swift
[315/352] Compiling OpenAPIKit30 TypesAndFormats.swift
[316/353] Wrapping AST for OpenAPIKit30 for debugging
[348/354] Wrapping AST for OpenAPIKit for debugging
[350/357] Compiling OpenAPIKitCompat Either+Map.swift
[351/357] Emitting module OpenAPIKitCompat
[352/357] Compiling OpenAPIKitCompat Compat30To31.swift
[353/358] Wrapping AST for OpenAPIKitCompat for debugging
[355/440] Compiling _OpenAPIGeneratorCore ResponseKind.swift
[356/440] Compiling _OpenAPIGeneratorCore TypedResponse.swift
[357/440] Compiling _OpenAPIGeneratorCore TypedResponseHeader.swift
[358/440] Compiling _OpenAPIGeneratorCore acceptHeaderContentTypes.swift
[359/440] Compiling _OpenAPIGeneratorCore translateResponse.swift
[360/440] Compiling _OpenAPIGeneratorCore translateResponseHeader.swift
[361/440] Compiling _OpenAPIGeneratorCore translateResponseOutcome.swift
[362/440] Compiling _OpenAPIGeneratorCore ServerTranslator.swift
[363/440] Compiling _OpenAPIGeneratorCore translateServerMethod.swift
[364/440] Compiling _OpenAPIGeneratorCore TranslatorProtocol.swift
[365/440] Compiling _OpenAPIGeneratorCore Builtins.swift
[366/451] Compiling _OpenAPIGeneratorCore Config.swift
[367/451] Compiling _OpenAPIGeneratorCore Diagnostics.swift
[368/451] Compiling _OpenAPIGeneratorCore DiagnosticsCollectorProvider.swift
[369/451] Compiling _OpenAPIGeneratorCore Errors.swift
[370/451] Compiling _OpenAPIGeneratorCore Foundation.swift
[371/451] Compiling _OpenAPIGeneratorCore OpenAPIKit.swift
[372/451] Compiling _OpenAPIGeneratorCore String.swift
[373/451] Compiling _OpenAPIGeneratorCore SwiftStandardLibrary.swift
[374/451] Compiling _OpenAPIGeneratorCore FeatureFlags.swift
[375/451] Compiling _OpenAPIGeneratorCore GeneratorMode.swift
[376/451] Compiling _OpenAPIGeneratorCore GeneratorPipeline.swift
[377/451] Compiling _OpenAPIGeneratorCore GeneratorPipelineStage.swift
[378/451] Compiling _OpenAPIGeneratorCore ReferenceStack.swift
[379/451] Compiling _OpenAPIGeneratorCore SafeNameGenerator.swift
[380/451] Compiling _OpenAPIGeneratorCore TypeAssigner.swift
[381/451] Compiling _OpenAPIGeneratorCore TypeLocation.swift
[382/451] Compiling _OpenAPIGeneratorCore TypeMatcher.swift
[383/451] Compiling _OpenAPIGeneratorCore TypeName.swift
[384/451] Compiling _OpenAPIGeneratorCore TypeUsage.swift
[385/451] Compiling _OpenAPIGeneratorCore isSchemaSupported.swift
[386/451] Compiling _OpenAPIGeneratorCore TypesFileTranslator.swift
[387/451] Compiling _OpenAPIGeneratorCore translateAPIProtocol.swift
[388/451] Compiling _OpenAPIGeneratorCore translateBoxedTypes.swift
[389/451] Emitting module _OpenAPIGeneratorCore
[390/451] Compiling _OpenAPIGeneratorCore translateClientMethod.swift
[391/451] Compiling _OpenAPIGeneratorCore translateAllAnyOneOf.swift
[392/451] Compiling _OpenAPIGeneratorCore translateArray.swift
[393/451] Compiling _OpenAPIGeneratorCore translateCodable.swift
[394/451] Compiling _OpenAPIGeneratorCore translateObjectStruct.swift
[395/451] Compiling _OpenAPIGeneratorCore translateRawEnum.swift
[396/451] Compiling _OpenAPIGeneratorCore translateRawRepresentableEnum.swift
[397/451] Compiling _OpenAPIGeneratorCore translateSchema.swift
[398/451] Compiling _OpenAPIGeneratorCore translateStructBlueprint.swift
[399/451] Compiling _OpenAPIGeneratorCore translateTypealias.swift
[400/451] Compiling _OpenAPIGeneratorCore Annotations.swift
[401/451] Compiling _OpenAPIGeneratorCore CommentExtensions.swift
[402/451] Compiling _OpenAPIGeneratorCore Constants.swift
[403/451] Compiling _OpenAPIGeneratorCore DiscriminatorExtensions.swift
[404/451] Compiling _OpenAPIGeneratorCore SchemaOverrides.swift
[405/451] Compiling _OpenAPIGeneratorCore StructBlueprint.swift
[406/451] Compiling _OpenAPIGeneratorCore CodingStrategy.swift
[407/451] Compiling _OpenAPIGeneratorCore ContentInspector.swift
[408/451] Compiling _OpenAPIGeneratorCore ContentType.swift
[409/451] Compiling _OpenAPIGeneratorCore SchemaContent.swift
[410/451] Compiling _OpenAPIGeneratorCore FileTranslator+FeatureFlags.swift
[411/451] Compiling _OpenAPIGeneratorCore FileTranslator.swift
[412/451] Compiling _OpenAPIGeneratorCore MultipartAdditionalProperties.swift
[413/451] Compiling _OpenAPIGeneratorCore MultipartContent.swift
[414/451] Compiling _OpenAPIGeneratorCore translateComponentHeaders.swift
[415/451] Compiling _OpenAPIGeneratorCore translateComponentParameters.swift
[416/451] Compiling _OpenAPIGeneratorCore translateComponentRequestBodies.swift
[417/451] Compiling _OpenAPIGeneratorCore translateComponentResponses.swift
[418/451] Compiling _OpenAPIGeneratorCore translateComponents.swift
[419/451] Compiling _OpenAPIGeneratorCore translateOperations.swift
[420/451] Compiling _OpenAPIGeneratorCore translateSchemas.swift
[421/451] Compiling _OpenAPIGeneratorCore translateServers.swift
[422/451] Compiling _OpenAPIGeneratorCore translateServersVariables.swift
[423/451] Compiling _OpenAPIGeneratorCore TypeOverrides.swift
[424/451] Compiling _OpenAPIGeneratorCore YamlFileDiagnosticsCollector.swift
[425/451] Compiling _OpenAPIGeneratorCore MultipartContentInspector.swift
[426/451] Compiling _OpenAPIGeneratorCore translateMultipart.swift
[427/451] Compiling _OpenAPIGeneratorCore MultiplexTranslator.swift
[428/451] Compiling _OpenAPIGeneratorCore OperationDescription.swift
[429/451] Compiling _OpenAPIGeneratorCore TypedParameter.swift
[430/451] Compiling _OpenAPIGeneratorCore translateParameter.swift
[431/451] Compiling _OpenAPIGeneratorCore DeclarationRecursionDetector.swift
[432/451] Compiling _OpenAPIGeneratorCore RecursionDetector.swift
[433/451] Compiling _OpenAPIGeneratorCore TypedRequestBody.swift
[434/451] Compiling _OpenAPIGeneratorCore translateRequestBody.swift
[435/451] Compiling _OpenAPIGeneratorCore HTTPStatusCodes.swift
[436/451] Compiling _OpenAPIGeneratorCore DocumentFilter.swift
[437/451] Compiling _OpenAPIGeneratorCore FilteredDocument.swift
[438/451] Compiling _OpenAPIGeneratorCore ParsedOpenAPIRepresentation.swift
[439/451] Compiling _OpenAPIGeneratorCore RenderedSwiftRepresentation.swift
[440/451] Compiling _OpenAPIGeneratorCore StructuredSwiftRepresentation.swift
[441/451] Compiling _OpenAPIGeneratorCore ParserProtocol.swift
[442/451] Compiling _OpenAPIGeneratorCore YamsParser.swift
[443/451] Compiling _OpenAPIGeneratorCore validateDoc.swift
[444/451] Compiling _OpenAPIGeneratorCore PlatformChecks.swift
[445/451] Compiling _OpenAPIGeneratorCore RendererProtocol.swift
[446/451] Compiling _OpenAPIGeneratorCore TextBasedRenderer.swift
[447/451] Compiling _OpenAPIGeneratorCore ClientTranslator.swift
[448/461] Wrapping AST for _OpenAPIGeneratorCore for debugging
[450/461] Compiling swift_openapi_generator Tool.swift
[451/462] Compiling swift_openapi_generator PluginSource.swift
[452/462] Compiling swift_openapi_generator UserConfig.swift
[453/462] Compiling swift_openapi_generator Extensions.swift
[454/462] Compiling swift_openapi_generator FilterCommand.swift
[455/462] Compiling swift_openapi_generator GenerateOptions.swift
[456/462] Compiling swift_openapi_generator GenerateOptions+runGenerator.swift
[457/462] Emitting module swift_openapi_generator
[458/462] Compiling swift_openapi_generator GenerateCommand.swift
[459/462] Compiling swift_openapi_generator runGenerator.swift
[460/463] Wrapping AST for swift-openapi-generator for debugging
[461/463] Write Objects.LinkFileList
[462/463] Linking swift-openapi-generator-tool
warning: 'swift-ogmios': found 2 file(s) which are unhandled; explicitly declare them as resources or exclude from the target
/host/spi-builder-workspace/.build/checkouts/swift-ogmios/Sources/SwiftOgmios/cardano.json
/host/spi-builder-workspace/.build/checkouts/swift-ogmios/Sources/SwiftOgmios/ogmios.json
[1/1] Compiling plugin VersionFile
[2/2] Compiling plugin OpenAPIGeneratorCommand
[3/3] Compiling plugin OpenAPIGenerator
[4/4] Compiling plugin SharedSourcesPlugin
[5/5] Compiling plugin Swift-DocC Preview
[6/6] Compiling plugin Swift-DocC
[7/7] Compiling plugin GenerateManual
[8/8] Compiling plugin GenerateDoccReference
Building for debugging...
[8/1175] Write sources
[36/1175] Compiling rdrand-x86_64-apple.S
[36/1175] Write sources
[38/1175] Compiling _SwiftSyntaxCShims PlatformMutex.c
[38/1175] Write sources
[40/1175] Compiling md5-586-linux.S
[41/1175] Write sources
[65/1175] Compiling _NumericsShims _NumericsShims.c
[66/1175] Compiling writer.c
[67/1175] Compiling reader.c
[68/1175] Compiling scanner.c
[69/1175] Compiling parser.c
[70/1175] Compiling api.c
[71/1175] Write sources
[72/1175] Compiling emitter.c
[73/1175] Compiling precomputed_ecmult_gen.c
[74/1175] Compiling x_sig.cc
[75/1175] Compiling x_req.cc
[75/1175] Write sources
[80/1175] Compiling _AtomicsShims.c
[81/1175] Write sources
[84/1175] Write embedded_resources.swift
[85/1175] Write sources
[89/1175] Write embedded_resources.swift
[90/1175] Write sources
[129/1175] Compiling Utility.c
[130/1175] Compiling version.c
[131/1175] Compiling runtime.c
[132/1175] Write swift-version-24593BA9C3E375BF.txt
[133/1175] Compiling x_x509.cc
[134/1175] Compiling utils.c
[135/1178] Compiling core.c
[136/1183] Compiling secp256k1.c
[137/1183] Compiling x_x509a.cc
[139/1191] Emitting module SwiftSyntax602
[140/1191] Compiling SwiftSyntax602 Empty.swift
[141/1194] Compiling x_spki.cc
[143/1194] Compiling SwiftSyntax603 Empty.swift
[144/1194] Emitting module SwiftSyntax603
[146/1199] Compiling SwiftSyntax600 Empty.swift
[147/1199] Emitting module SwiftSyntax601
[148/1199] Compiling SwiftSyntax601 Empty.swift
[149/1200] Emitting module SwiftSyntax600
[152/1209] Compiling SwiftSyntax510 Empty.swift
[153/1209] Emitting module SwiftSyntax510
[154/1210] Compiling SwiftSyntax509 Empty.swift
[155/1210] Emitting module SwiftSyntax509
[158/1291] Emitting module SwiftCardanoCIP21
[158/1291] Compiling precomputed_ecmult.c
[160/1306] Compiling Rainbow StringGenerator.swift
[161/1306] Compiling SwiftASN1 TimeUtilities.swift
[162/1306] Compiling SwiftASN1 UTCTime.swift
[163/1306] Compiling Rainbow Style.swift
[164/1306] Compiling _NIODataStructures _TinyArray.swift
[165/1309] Compiling Rainbow OutputTarget.swift
[166/1309] Compiling Rainbow Rainbow.swift
[167/1309] Compiling _NIODataStructures PriorityQueue.swift
[168/1309] Emitting module Version
[169/1309] Compiling Rainbow ModesExtractor.swift
[170/1309] Compiling Rainbow ConditionalStyleBuilder.swift
[171/1309] Compiling Rainbow ControlCode.swift
[172/1309] Compiling Rainbow BackgroundColor.swift
[173/1309] Compiling Rainbow CodesParser.swift
[174/1309] Emitting module SwiftASN1
[175/1309] Compiling Rainbow Color.swift
[176/1309] Compiling Rainbow ColorApproximation.swift
[177/1309] Compiling Rainbow HSLColorConverter.swift
[178/1309] Compiling Version Version+Range.swift
[179/1309] Compiling Version Version.swift
[180/1309] Compiling _NIOBase64 Base64.swift
[181/1309] Emitting module _NIOBase64
[182/1309] Compiling SwiftASN1 DER.swift
[183/1309] Compiling SwiftASN1 Errors.swift
[185/1310] Emitting module _CertificateInternals
[186/1310] Compiling _CertificateInternals _TinyArray.swift
[188/1370] Compiling P256K ASN1Boolean.swift
[189/1370] Compiling P256K ASN1Identifier.swift
[190/1370] Compiling P256K ASN1Any.swift
[191/1370] Compiling P256K ASN1BitString.swift
[195/1371] Compiling Path Path.swift
[196/1371] Emitting module Path
[198/1372] Compiling _NIODataStructures Heap.swift
[199/1372] Emitting module _NIODataStructures
[201/1378] Emitting module Rainbow
[202/1380] Compiling Logging MultiplexLogHandler.swift
[203/1380] Compiling Logging StreamLogHandler.swift
[204/1380] Compiling Logging SwiftLogNoOpLogHandler.swift
[205/1380] Compiling Logging Locks.swift
[206/1412] Compiling Version Version+Comparable.swift
[207/1412] Compiling Version Version+Codable.swift
[208/1412] Compiling InternalCollectionsUtilities Iterable+CopyContents.swift
[209/1412] Compiling InternalCollectionsUtilities Iterable+Equality.swift
[210/1412] Compiling InternalCollectionsUtilities LifetimeOverride.swift
[211/1412] Compiling InternalCollectionsUtilities MutableRef.swift
[212/1412] Compiling Version Version+Foundation.swift
[213/1416] Compiling Rainbow StyledStringBuilder.swift
[215/1416] Compiling InternalCollectionsUtilities BorrowingIteratorProtocol+Equality.swift
[216/1416] Compiling InternalCollectionsUtilities BorrowingIteratorProtocol+Extras.swift
[217/1416] Compiling InternalCollectionsUtilities Debugging.swift
[218/1416] Compiling InternalCollectionsUtilities Descriptions.swift
[219/1416] Compiling Logging LoggingSystem.swift
[220/1417] Compiling InternalCollectionsUtilities UInt+first and last set bit.swift
[221/1417] Compiling InternalCollectionsUtilities UInt+reversed.swift
[224/1417] Compiling InternalCollectionsUtilities FixedWidthInteger+roundUpToPowerOfTwo.swift
[225/1417] Compiling InternalCollectionsUtilities Integer rank.swift
[226/1418] Compiling InternalCollectionsUtilities UnsafeMutablePointer+Extras.swift
[227/1418] Compiling InternalCollectionsUtilities UnsafeMutableRawBufferPointer+Extras.swift
[228/1418] Compiling InternalCollectionsUtilities UnsafePointer+Extras.swift
[232/1440] Compiling SwiftCardanoCIP21 RawCBOR.swift
[233/1440] Compiling InternalCollectionsUtilities UnsafeRawBufferPointer+Extras.swift
[234/1440] Compiling InternalCollectionsUtilities _SortedCollection.swift
[235/1440] Compiling InternalCollectionsUtilities _UniqueCollection.swift
[236/1440] Compiling Logging MetadataProvider.swift
[237/1450] Compiling SwiftCardanoCIP21 CIP21.swift
[238/1450] Compiling SwiftCardanoCIP21 CIP21Check.swift
[239/1451] Compiling HTTPTypes HTTPField.swift
[240/1451] Compiling HTTPTypes HTTPFieldName.swift
[241/1451] Emitting module Logging
[242/1451] Compiling ICalendar ICalendarSerializer.swift
[243/1451] Compiling ICalendar ICalendarUtilities.swift
[244/1451] Compiling ICalendar ICalendarContext.swift
[245/1451] Compiling ICalendar ICalendarFormatter.swift
[247/1451] Compiling ICalendar ICalNonGregorianCalendars.swift
[248/1451] Compiling ICalendar ICalParameterCodec.swift
[249/1451] Compiling ICalendar ICalendarComponents.swift
[250/1451] Compiling ICalendar ICalendarParser.swift
[251/1451] Compiling ICalendar ICalendarBuilder.swift
[252/1451] Compiling ICalendar ICalendarRecurrence.swift
[253/1451] Compiling ICalendar ICalendarValidation.swift
[254/1451] Compiling ICalendar ICalendarValueTypes.swift
[255/1552] Compiling CryptoSwift AEAD.swift
[256/1552] Compiling CryptoSwift AEADChaCha20Poly1305.swift
[257/1552] Compiling CryptoSwift AEADXChaCha20Poly1305.swift
[258/1552] Compiling CryptoSwift AES.Cryptors.swift
[259/1552] Compiling CryptoSwift AES.swift
[260/1552] Compiling CryptoSwift ASN1.swift
[261/1552] Compiling CryptoSwift ASN1Decoder.swift
[262/1552] Compiling CryptoSwift ASN1Encoder.swift
[263/1562] Compiling HTTPTypes HTTPParsedFields.swift
[264/1563] Compiling FractionNumber Maths.swift
[265/1563] Emitting module FractionNumber
[266/1563] Compiling FractionNumber FractionNumber.swift
[270/1564] Compiling CryptoSwift Exponentiation.swift
[271/1564] Compiling CryptoSwift FloatingPointConversion.swift
[272/1564] Compiling CryptoSwift GCD.swift
[273/1564] Compiling CryptoSwift Utils+Foundation.swift
[274/1564] Compiling CryptoSwift XChaCha20+Foundation.swift
[275/1564] Compiling CryptoSwift Generics.swift
[276/1564] Compiling CryptoSwift HKDF.swift
[277/1564] Compiling CryptoSwift HMAC.swift
[278/1564] Compiling CryptoSwift ISO10126Padding.swift
[279/1564] Compiling CryptoSwift ISO78164Padding.swift
[280/1564] Compiling CryptoSwift Int+Extension.swift
[281/1564] Compiling CryptoSwift MD5.swift
[282/1564] Compiling CryptoSwift NoPadding.swift
[283/1564] Compiling CryptoSwift Operators.swift
[284/1564] Compiling CryptoSwift DER.swift
[285/1564] Compiling CryptoSwift PBKDF1.swift
[286/1564] Compiling HTTPTypes HTTPRequest+URL.swift
[287/1564] Compiling HTTPTypes HTTPRequest.swift
[288/1564] Compiling HTTPTypes HTTPFields.swift
[289/1569] Compiling P256K UInt256+Arithmetic.swift
[290/1569] Compiling P256K UInt256+FixedWidthInteger.swift
[291/1569] Compiling P256K UInt256+Modular.swift
[292/1569] Compiling P256K UInt256+Representation.swift
[293/1569] Compiling P256K UInt256.swift
[294/1569] Compiling P256K Utility.swift
[295/1569] Compiling P256K XonlyKeyImplementation.swift
[296/1569] Compiling P256K Zeroization.swift
[297/1569] Compiling Logging Logger.swift
[298/1569] Compiling Logging Logger+Attributes.swift
[299/1569] Compiling Logging Logger+With.swift
[301/1570] Emitting module InternalCollectionsUtilities
[302/1570] Compiling CoreMetrics Locks.swift
[303/1570] Compiling CoreMetrics WithMetricsFactory.swift
[304/1570] Compiling HTTPTypes HTTPResponse.swift
[305/1570] Compiling CryptoSwift CFB.swift
[306/1570] Compiling CryptoSwift CTR.swift
[307/1570] Compiling CryptoSwift CipherModeWorker.swift
[308/1570] Compiling CryptoSwift ECB.swift
[310/1614] Emitting module SpanPreview
[311/1614] Compiling Noora UpdatingTable.swift
[312/1614] Compiling Noora TextPrompt.swift
[313/1614] Compiling HTTPTypes HTTPFieldValue.swift
[314/1614] Compiling Noora TableStyle.swift
[315/1614] Compiling Noora UpdatingSelectableTable.swift
[316/1614] Compiling SpanPreview InputSpan.swift
[317/1614] Compiling SpanPreview MutableSpan+InputSpanHelpers.swift
[318/1614] Compiling SpanPreview OutputSpan+InputSpanHelpers.swift
[319/1615] Emitting module HTTPTypes
[321/1616] Compiling Noora TerminalText+DisplayWidth.swift
/host/spi-builder-workspace/.build/checkouts/Noora/cli/Sources/Noora/Utilities/Terminal.swift:13:12: error: no such module 'Darwin'
11 | import WinSDK
12 | #else
13 | import Darwin
| `- error: no such module 'Darwin'
14 | #endif
15 |
[322/1616] Compiling Noora TerminalText.swift
/host/spi-builder-workspace/.build/checkouts/Noora/cli/Sources/Noora/Utilities/Terminal.swift:13:12: error: no such module 'Darwin'
11 | import WinSDK
12 | #else
13 | import Darwin
| `- error: no such module 'Darwin'
14 | #endif
15 |
[323/1616] Compiling Noora ValidatableError.swift
/host/spi-builder-workspace/.build/checkouts/Noora/cli/Sources/Noora/Utilities/Terminal.swift:13:12: error: no such module 'Darwin'
11 | import WinSDK
12 | #else
13 | import Darwin
| `- error: no such module 'Darwin'
14 | #endif
15 |
[324/1616] Compiling Noora ValidatableRule.swift
/host/spi-builder-workspace/.build/checkouts/Noora/cli/Sources/Noora/Utilities/Terminal.swift:13:12: error: no such module 'Darwin'
11 | import WinSDK
12 | #else
13 | import Darwin
| `- error: no such module 'Darwin'
14 | #endif
15 |
[325/1616] Compiling Noora ValidationError.swift
/host/spi-builder-workspace/.build/checkouts/Noora/cli/Sources/Noora/Utilities/Terminal.swift:13:12: error: no such module 'Darwin'
11 | import WinSDK
12 | #else
13 | import Darwin
| `- error: no such module 'Darwin'
14 | #endif
15 |
[326/1621] Emitting module CoreMetrics
[327/1621] Compiling Noora Terminal.swift
[333/1621] Compiling Noora InputValidating.swift
[334/1621] Compiling Noora LengthValidationRule.swift
[336/1635] Emitting module ICalendar
[337/1680] Compiling OrderedCollections OrderedDictionary+Deprecations.swift
/host/spi-builder-workspace/.build/checkouts/Noora/cli/Sources/Noora/Utilities/Terminal.swift:13:12: error: no such module 'Darwin'
11 | import WinSDK
12 | #else
13 | import Darwin
| `- error: no such module 'Darwin'
14 | #endif
15 |
[338/1680] Compiling OrderedCollections OrderedDictionary+Descriptions.swift
/host/spi-builder-workspace/.build/checkouts/Noora/cli/Sources/Noora/Utilities/Terminal.swift:13:12: error: no such module 'Darwin'
11 | import WinSDK
12 | #else
13 | import Darwin
| `- error: no such module 'Darwin'
14 | #endif
15 |
[339/1680] Compiling OrderedCollections OrderedDictionary+Elements.SubSequence.swift
/host/spi-builder-workspace/.build/checkouts/Noora/cli/Sources/Noora/Utilities/Terminal.swift:13:12: error: no such module 'Darwin'
11 | import WinSDK
12 | #else
13 | import Darwin
| `- error: no such module 'Darwin'
14 | #endif
15 |
[340/1680] Compiling ICalendar ICalDateTimeFormatting.swift
/host/spi-builder-workspace/.build/checkouts/Noora/cli/Sources/Noora/Utilities/Terminal.swift:13:12: error: no such module 'Darwin'
11 | import WinSDK
12 | #else
13 | import Darwin
| `- error: no such module 'Darwin'
14 | #endif
15 |
[341/1680] Compiling OrderedCollections OrderedDictionary+Equatable.swift
/host/spi-builder-workspace/.build/checkouts/Noora/cli/Sources/Noora/Utilities/Terminal.swift:13:12: error: no such module 'Darwin'
11 | import WinSDK
12 | #else
13 | import Darwin
| `- error: no such module 'Darwin'
14 | #endif
15 |
[342/1680] Compiling OrderedCollections OrderedSet+Partial SetAlgebra isStrictSuperset.swift
/host/spi-builder-workspace/.build/checkouts/Noora/cli/Sources/Noora/Utilities/Terminal.swift:13:12: error: no such module 'Darwin'
11 | import WinSDK
12 | #else
13 | import Darwin
| `- error: no such module 'Darwin'
14 | #endif
15 |
[343/1680] Compiling OrderedCollections OrderedSet+Partial SetAlgebra isSubset.swift
/host/spi-builder-workspace/.build/checkouts/Noora/cli/Sources/Noora/Utilities/Terminal.swift:13:12: error: no such module 'Darwin'
11 | import WinSDK
12 | #else
13 | import Darwin
| `- error: no such module 'Darwin'
14 | #endif
15 |
[344/1680] Compiling OrderedCollections OrderedSet+Hashable.swift
/host/spi-builder-workspace/.build/checkouts/Noora/cli/Sources/Noora/Utilities/Terminal.swift:13:12: error: no such module 'Darwin'
11 | import WinSDK
12 | #else
13 | import Darwin
| `- error: no such module 'Darwin'
14 | #endif
15 |
[345/1680] Compiling OrderedCollections OrderedSet+Initializers.swift
/host/spi-builder-workspace/.build/checkouts/Noora/cli/Sources/Noora/Utilities/Terminal.swift:13:12: error: no such module 'Darwin'
11 | import WinSDK
12 | #else
13 | import Darwin
| `- error: no such module 'Darwin'
14 | #endif
15 |
[346/1680] Compiling OrderedCollections OrderedSet+Insertions.swift
/host/spi-builder-workspace/.build/checkouts/Noora/cli/Sources/Noora/Utilities/Terminal.swift:13:12: error: no such module 'Darwin'
11 | import WinSDK
12 | #else
13 | import Darwin
| `- error: no such module 'Darwin'
14 | #endif
15 |
[347/1680] Compiling OrderedCollections OrderedDictionary+Codable.swift
[348/1680] Compiling OrderedCollections OrderedDictionary+CustomReflectable.swift
[354/1680] Compiling OrderedCollections OrderedDictionary+ExpressibleByDictionaryLiteral.swift
[355/1682] Compiling OrderedCollections OrderedDictionary+Values.swift
[356/1682] Compiling OrderedCollections OrderedDictionary.swift
[357/1682] Compiling OrderedCollections OrderedSet+Codable.swift
[358/1682] Compiling OrderedCollections OrderedSet+CustomReflectable.swift
[359/1682] Compiling OrderedCollections OrderedSet+Descriptions.swift
[360/1682] Compiling OrderedCollections OrderedSet+Diffing.swift
[361/1682] Compiling OrderedCollections OrderedSet+Equatable.swift
[362/1682] Compiling OrderedCollections OrderedSet+ExpressibleByArrayLiteral.swift
error: emit-module command failed with exit code 1 (use -v to see invocation)
[363/1712] Emitting module Noora
/host/spi-builder-workspace/.build/checkouts/Noora/cli/Sources/Noora/Utilities/Terminal.swift:13:12: error: no such module 'Darwin'
11 | import WinSDK
12 | #else
13 | import Darwin
| `- error: no such module 'Darwin'
14 | #endif
15 |
[364/1722] Emitting module P256K
[365/1722] Compiling DequeModule RigidDeque+Append.swift
[366/1722] Compiling DequeModule RigidDeque+Consumption.swift
[367/1722] Compiling DequeModule RigidDeque+ContainerOperations.swift
[368/1722] Compiling DequeModule RigidDeque+Deprecations.swift
[369/1722] Compiling DequeModule RigidDeque+Descriptions.swift
[370/1722] Compiling DequeModule RigidDeque+Equatable.swift
[371/1722] Compiling DequeModule RigidDeque+Hashable.swift
[372/1722] Compiling DequeModule RigidDeque+Initializers.swift
[373/1722] Compiling DequeModule RigidDeque.swift
/host/spi-builder-workspace/.build/checkouts/Noora/cli/Sources/Noora/Utilities/Terminal.swift:13:12: error: no such module 'Darwin'
11 | import WinSDK
12 | #else
13 | import Darwin
| `- error: no such module 'Darwin'
14 | #endif
15 |
[374/1722] Compiling DequeModule UniqueDeque+Append.swift
/host/spi-builder-workspace/.build/checkouts/Noora/cli/Sources/Noora/Utilities/Terminal.swift:13:12: error: no such module 'Darwin'
11 | import WinSDK
12 | #else
13 | import Darwin
| `- error: no such module 'Darwin'
14 | #endif
15 |
[375/1722] Compiling DequeModule UniqueDeque+Consumption.swift
/host/spi-builder-workspace/.build/checkouts/Noora/cli/Sources/Noora/Utilities/Terminal.swift:13:12: error: no such module 'Darwin'
11 | import WinSDK
12 | #else
13 | import Darwin
| `- error: no such module 'Darwin'
14 | #endif
15 |
[376/1722] Compiling DequeModule UniqueDeque+ContainerOperations.swift
/host/spi-builder-workspace/.build/checkouts/Noora/cli/Sources/Noora/Utilities/Terminal.swift:13:12: error: no such module 'Darwin'
11 | import WinSDK
12 | #else
13 | import Darwin
| `- error: no such module 'Darwin'
14 | #endif
15 |
[377/1722] Compiling DequeModule UniqueDeque+Deprecations.swift
/host/spi-builder-workspace/.build/checkouts/Noora/cli/Sources/Noora/Utilities/Terminal.swift:13:12: error: no such module 'Darwin'
11 | import WinSDK
12 | #else
13 | import Darwin
| `- error: no such module 'Darwin'
14 | #endif
15 |
[378/1722] Compiling DequeModule Deque.swift
/host/spi-builder-workspace/.build/checkouts/Noora/cli/Sources/Noora/Utilities/Terminal.swift:13:12: error: no such module 'Darwin'
11 | import WinSDK
12 | #else
13 | import Darwin
| `- error: no such module 'Darwin'
14 | #endif
15 |
[379/1722] Compiling DequeModule RigidDeque+Prepend.swift
/host/spi-builder-workspace/.build/checkouts/Noora/cli/Sources/Noora/Utilities/Terminal.swift:13:12: error: no such module 'Darwin'
11 | import WinSDK
12 | #else
13 | import Darwin
| `- error: no such module 'Darwin'
14 | #endif
15 |
[380/1722] Compiling DequeModule RigidDeque+Removals.swift
/host/spi-builder-workspace/.build/checkouts/Noora/cli/Sources/Noora/Utilities/Terminal.swift:13:12: error: no such module 'Darwin'
11 | import WinSDK
12 | #else
13 | import Darwin
| `- error: no such module 'Darwin'
14 | #endif
15 |
[381/1722] Compiling DequeModule RigidDeque+Replacements.swift
/host/spi-builder-workspace/.build/checkouts/Noora/cli/Sources/Noora/Utilities/Terminal.swift:13:12: error: no such module 'Darwin'
11 | import WinSDK
12 | #else
13 | import Darwin
| `- error: no such module 'Darwin'
14 | #endif
15 |
[382/1722] Compiling DequeModule RigidDeque+Testing.swift
/host/spi-builder-workspace/.build/checkouts/Noora/cli/Sources/Noora/Utilities/Terminal.swift:13:12: error: no such module 'Darwin'
11 | import WinSDK
12 | #else
13 | import Darwin
| `- error: no such module 'Darwin'
14 | #endif
15 |
[384/1722] Compiling DequeModule RigidDeque+Insertions.swift
[385/1722] Compiling DequeModule RigidDeque+Iterable.swift
[393/1728] Compiling DequeModule Deque+Codable.swift
/host/spi-builder-workspace/.build/checkouts/Noora/cli/Sources/Noora/Utilities/Terminal.swift:13:12: error: no such module 'Darwin'
11 | import WinSDK
12 | #else
13 | import Darwin
| `- error: no such module 'Darwin'
14 | #endif
15 |
[394/1728] Compiling DequeModule Deque+Collection.swift
/host/spi-builder-workspace/.build/checkouts/Noora/cli/Sources/Noora/Utilities/Terminal.swift:13:12: error: no such module 'Darwin'
11 | import WinSDK
12 | #else
13 | import Darwin
| `- error: no such module 'Darwin'
14 | #endif
15 |
[395/1728] Compiling DequeModule Deque+CustomReflectable.swift
/host/spi-builder-workspace/.build/checkouts/Noora/cli/Sources/Noora/Utilities/Terminal.swift:13:12: error: no such module 'Darwin'
11 | import WinSDK
12 | #else
13 | import Darwin
| `- error: no such module 'Darwin'
14 | #endif
15 |
[396/1728] Compiling DequeModule Deque+Descriptions.swift
/host/spi-builder-workspace/.build/checkouts/Noora/cli/Sources/Noora/Utilities/Terminal.swift:13:12: error: no such module 'Darwin'
11 | import WinSDK
12 | #else
13 | import Darwin
| `- error: no such module 'Darwin'
14 | #endif
15 |
[397/1728] Compiling DequeModule Deque+Equatable.swift
/host/spi-builder-workspace/.build/checkouts/Noora/cli/Sources/Noora/Utilities/Terminal.swift:13:12: error: no such module 'Darwin'
11 | import WinSDK
12 | #else
13 | import Darwin
| `- error: no such module 'Darwin'
14 | #endif
15 |
[398/1728] Compiling DequeModule Deque+ExpressibleByArrayLiteral.swift
/host/spi-builder-workspace/.build/checkouts/Noora/cli/Sources/Noora/Utilities/Terminal.swift:13:12: error: no such module 'Darwin'
11 | import WinSDK
12 | #else
13 | import Darwin
| `- error: no such module 'Darwin'
14 | #endif
15 |
/host/spi-builder-workspace/.build/checkouts/Noora/cli/Sources/Noora/Utilities/Terminal.swift:13:12: error: no such module 'Darwin'
11 | import WinSDK
12 | #else
13 | import Darwin
| `- error: no such module 'Darwin'
14 | #endif
15 |
/host/spi-builder-workspace/.build/checkouts/Noora/cli/Sources/Noora/Utilities/Terminal.swift:13:12: error: no such module 'Darwin'
11 | import WinSDK
12 | #else
13 | import Darwin
| `- error: no such module 'Darwin'
14 | #endif
15 |
/host/spi-builder-workspace/.build/checkouts/Noora/cli/Sources/Noora/Utilities/Terminal.swift:13:12: error: no such module 'Darwin'
11 | import WinSDK
12 | #else
13 | import Darwin
| `- error: no such module 'Darwin'
14 | #endif
15 |
/host/spi-builder-workspace/.build/checkouts/Noora/cli/Sources/Noora/Utilities/Terminal.swift:13:12: error: no such module 'Darwin'
11 | import WinSDK
12 | #else
13 | import Darwin
| `- error: no such module 'Darwin'
14 | #endif
15 |
/host/spi-builder-workspace/.build/checkouts/Noora/cli/Sources/Noora/Utilities/Terminal.swift:13:12: error: no such module 'Darwin'
11 | import WinSDK
12 | #else
13 | import Darwin
| `- error: no such module 'Darwin'
14 | #endif
15 |
/host/spi-builder-workspace/.build/checkouts/Noora/cli/Sources/Noora/Utilities/Terminal.swift:13:12: error: no such module 'Darwin'
11 | import WinSDK
12 | #else
13 | import Darwin
| `- error: no such module 'Darwin'
14 | #endif
15 |
[405/1792] Compiling OpenAPIRuntime HTTPBody.swift
[406/1792] Compiling OpenAPIRuntime QuerySpaceNormalizingMiddleware.swift
[407/1792] Compiling OpenAPIRuntime SendableMetatype.swift
[408/1792] Compiling OpenAPIRuntime ServerTransport.swift
[409/1792] Compiling OpenAPIRuntime UniversalClient.swift
[410/1792] Compiling OpenAPIRuntime UniversalServer.swift
[411/1792] Compiling OpenAPIRuntime Converter+Server.swift
/host/spi-builder-workspace/.build/checkouts/Noora/cli/Sources/Noora/Utilities/Terminal.swift:13:12: error: no such module 'Darwin'
11 | import WinSDK
12 | #else
13 | import Darwin
| `- error: no such module 'Darwin'
14 | #endif
15 |
[412/1792] Compiling OpenAPIRuntime Converter.swift
/host/spi-builder-workspace/.build/checkouts/Noora/cli/Sources/Noora/Utilities/Terminal.swift:13:12: error: no such module 'Darwin'
11 | import WinSDK
12 | #else
13 | import Darwin
| `- error: no such module 'Darwin'
14 | #endif
15 |
[413/1792] Compiling OpenAPIRuntime CurrencyExtensions.swift
/host/spi-builder-workspace/.build/checkouts/Noora/cli/Sources/Noora/Utilities/Terminal.swift:13:12: error: no such module 'Darwin'
11 | import WinSDK
12 | #else
13 | import Darwin
| `- error: no such module 'Darwin'
14 | #endif
15 |
[414/1792] Compiling OpenAPIRuntime Acceptable.swift
/host/spi-builder-workspace/.build/checkouts/Noora/cli/Sources/Noora/Utilities/Terminal.swift:13:12: error: no such module 'Darwin'
11 | import WinSDK
12 | #else
13 | import Darwin
| `- error: no such module 'Darwin'
14 | #endif
15 |
[415/1792] Compiling OpenAPIRuntime Base64EncodedData.swift
/host/spi-builder-workspace/.build/checkouts/Noora/cli/Sources/Noora/Utilities/Terminal.swift:13:12: error: no such module 'Darwin'
11 | import WinSDK
12 | #else
13 | import Darwin
| `- error: no such module 'Darwin'
14 | #endif
15 |
[416/1792] Compiling OpenAPIRuntime ByteUtilities.swift
/host/spi-builder-workspace/.build/checkouts/Noora/cli/Sources/Noora/Utilities/Terminal.swift:13:12: error: no such module 'Darwin'
11 | import WinSDK
12 | #else
13 | import Darwin
| `- error: no such module 'Darwin'
14 | #endif
15 |
BUILD FAILURE 6.2 wasm