Build Information
Failed to build SmbCloudAuth, reference v1.1.1 (815d2b), with Swift 6.1 for Wasm on 11 Aug 2026 19:20:58 UTC.
Build Command
bash -c docker run --pull=always --rm -v "checkouts-54344844-1":/host -w "$PWD" -e JAVA_HOME="/root/.sdkman/candidates/java/current" -e SPI_BUILD="1" -e SPI_PROCESSING="1" registry.gitlab.com/saguaro1/spi-images:wasm-6.1-latest swift build --swift-sdk wasm32-unknown-wasi 2>&1Build Log
========================================
RunAll
========================================
Builder version: 729ceb5fcd9493dc13ee340bc4f0908bd201f85d
Interrupt handler set up.
========================================
Checkout
========================================
Clone URL: https://github.com/smbcloudXYZ/smbcloud-auth-swift.git
Reference: v1.1.1
Initialized empty Git repository in /host/spi-builder-workspace/.git/
hint: Using 'master' as the name for the initial branch. This default branch name
hint: is subject to change. To configure the initial branch name to use in all
hint: of your new repositories, which will suppress this warning, call:
hint:
hint: git config --global init.defaultBranch <name>
hint:
hint: Names commonly chosen instead of 'master' are 'main', 'trunk' and
hint: 'development'. The just-created branch can be renamed via this command:
hint:
hint: git branch -m <name>
From https://github.com/smbcloudXYZ/smbcloud-auth-swift
* tag v1.1.1 -> FETCH_HEAD
HEAD is now at 815d2b0 Fix hosted OIDC endpoints to use the /v1/client/oauth namespace
Cloned https://github.com/smbcloudXYZ/smbcloud-auth-swift.git
Revision (git rev-parse @):
815d2b03d45645f1c4084b0f154bfa15dc9e6069
SUCCESS checkout https://github.com/smbcloudXYZ/smbcloud-auth-swift.git at v1.1.1
========================================
Build
========================================
Selected platform: wasm
Swift version: 6.1
Building package at path: $PWD
https://github.com/smbcloudXYZ/smbcloud-auth-swift.git
https://github.com/smbcloudXYZ/smbcloud-auth-swift.git
WARNING: environment variable SUPPRESS_SWIFT_6_FLAGS is not set
Running build ...
bash -c docker run --pull=always --rm -v "checkouts-54344844-1":/host -w "$PWD" -e JAVA_HOME="/root/.sdkman/candidates/java/current" -e SPI_BUILD="1" -e SPI_PROCESSING="1" registry.gitlab.com/saguaro1/spi-images:wasm-6.1-latest swift build --swift-sdk wasm32-unknown-wasi -Xswiftc -Xfrontend -Xswiftc -stats-output-dir -Xswiftc -Xfrontend -Xswiftc .stats -Xswiftc -strict-concurrency=complete -Xswiftc -enable-upcoming-feature -Xswiftc StrictConcurrency -Xswiftc -enable-upcoming-feature -Xswiftc DisableOutwardActorInference -Xswiftc -enable-upcoming-feature -Xswiftc GlobalActorIsolatedTypesUsability -Xswiftc -enable-upcoming-feature -Xswiftc InferSendableFromCaptures 2>&1
wasm-6.1-latest: Pulling from saguaro1/spi-images
Digest: sha256:290f441d1f5b7bf0dbbe61e8b7514208804cdcb507d57b3c762463ad036298f7
Status: Image is up to date for registry.gitlab.com/saguaro1/spi-images:wasm-6.1-latest
Fetching https://github.com/apple/swift-crypto.git
[1/18316] Fetching swift-crypto
Fetched https://github.com/apple/swift-crypto.git from cache (1.47s)
Computing version for https://github.com/apple/swift-crypto.git
Computed https://github.com/apple/swift-crypto.git at 4.5.1 (3.04s)
Fetching https://github.com/apple/swift-asn1.git
[1/1914] Fetching swift-asn1
Fetched https://github.com/apple/swift-asn1.git from cache (0.49s)
Computing version for https://github.com/apple/swift-asn1.git
Computed https://github.com/apple/swift-asn1.git at 1.7.1 (0.74s)
Creating working copy for https://github.com/apple/swift-asn1.git
Working copy of https://github.com/apple/swift-asn1.git resolved at 1.7.1
Creating working copy for https://github.com/apple/swift-crypto.git
Working copy of https://github.com/apple/swift-crypto.git resolved at 4.5.1
Building for debugging...
[0/3] Write sources
[2/3] Write swift-version-24593BA9C3E375BF.txt
[4/12] Compiling AuthCore Networking.swift
<unknown>:0: warning: upcoming feature 'InferSendableFromCaptures' is already enabled as of Swift version 6
<unknown>:0: warning: upcoming feature 'GlobalActorIsolatedTypesUsability' is already enabled as of Swift version 6
<unknown>:0: warning: upcoming feature 'DisableOutwardActorInference' is already enabled as of Swift version 6
/host/spi-builder-workspace/Sources/AuthCore/OIDC.swift:10:12: error: no such module 'Crypto'
8 | import CryptoKit
9 | #else
10 | import Crypto
| `- error: no such module 'Crypto'
11 | #endif
12 |
[5/13] Compiling AuthCore SmbCloudCredentialsStore.swift
<unknown>:0: warning: upcoming feature 'InferSendableFromCaptures' is already enabled as of Swift version 6
<unknown>:0: warning: upcoming feature 'GlobalActorIsolatedTypesUsability' is already enabled as of Swift version 6
<unknown>:0: warning: upcoming feature 'DisableOutwardActorInference' is already enabled as of Swift version 6
/host/spi-builder-workspace/Sources/AuthCore/OIDC.swift:10:12: error: no such module 'Crypto'
8 | import CryptoKit
9 | #else
10 | import Crypto
| `- error: no such module 'Crypto'
11 | #endif
12 |
[6/13] Compiling AuthCore OIDC.swift
<unknown>:0: warning: upcoming feature 'InferSendableFromCaptures' is already enabled as of Swift version 6
<unknown>:0: warning: upcoming feature 'GlobalActorIsolatedTypesUsability' is already enabled as of Swift version 6
<unknown>:0: warning: upcoming feature 'DisableOutwardActorInference' is already enabled as of Swift version 6
/host/spi-builder-workspace/Sources/AuthCore/OIDC.swift:10:12: error: no such module 'Crypto'
8 | import CryptoKit
9 | #else
10 | import Crypto
| `- error: no such module 'Crypto'
11 | #endif
12 |
[7/13] Compiling AuthCore SmbCloudError.swift
<unknown>:0: warning: upcoming feature 'InferSendableFromCaptures' is already enabled as of Swift version 6
<unknown>:0: warning: upcoming feature 'GlobalActorIsolatedTypesUsability' is already enabled as of Swift version 6
<unknown>:0: warning: upcoming feature 'DisableOutwardActorInference' is already enabled as of Swift version 6
/host/spi-builder-workspace/Sources/AuthCore/OIDC.swift:10:12: error: no such module 'Crypto'
8 | import CryptoKit
9 | #else
10 | import Crypto
| `- error: no such module 'Crypto'
11 | #endif
12 |
[8/13] Compiling AuthCore SmbCloudEnvironment.swift
<unknown>:0: warning: upcoming feature 'InferSendableFromCaptures' is already enabled as of Swift version 6
<unknown>:0: warning: upcoming feature 'GlobalActorIsolatedTypesUsability' is already enabled as of Swift version 6
<unknown>:0: warning: upcoming feature 'DisableOutwardActorInference' is already enabled as of Swift version 6
/host/spi-builder-workspace/Sources/AuthCore/OIDC.swift:10:12: error: no such module 'Crypto'
8 | import CryptoKit
9 | #else
10 | import Crypto
| `- error: no such module 'Crypto'
11 | #endif
12 |
[9/13] Compiling AuthCore SmbCloudSession.swift
<unknown>:0: warning: upcoming feature 'InferSendableFromCaptures' is already enabled as of Swift version 6
<unknown>:0: warning: upcoming feature 'GlobalActorIsolatedTypesUsability' is already enabled as of Swift version 6
<unknown>:0: warning: upcoming feature 'DisableOutwardActorInference' is already enabled as of Swift version 6
/host/spi-builder-workspace/Sources/AuthCore/OIDC.swift:10:12: error: no such module 'Crypto'
8 | import CryptoKit
9 | #else
10 | import Crypto
| `- error: no such module 'Crypto'
11 | #endif
12 |
error: emit-module command failed with exit code 1 (use -v to see invocation)
[10/13] Emitting module AuthCore
<unknown>:0: warning: upcoming feature 'InferSendableFromCaptures' is already enabled as of Swift version 6
<unknown>:0: warning: upcoming feature 'GlobalActorIsolatedTypesUsability' is already enabled as of Swift version 6
<unknown>:0: warning: upcoming feature 'DisableOutwardActorInference' is already enabled as of Swift version 6
/host/spi-builder-workspace/Sources/AuthCore/OIDC.swift:10:12: error: no such module 'Crypto'
8 | import CryptoKit
9 | #else
10 | import Crypto
| `- error: no such module 'Crypto'
11 | #endif
12 |
[11/13] Compiling AuthCore Models.swift
<unknown>:0: warning: upcoming feature 'InferSendableFromCaptures' is already enabled as of Swift version 6
<unknown>:0: warning: upcoming feature 'GlobalActorIsolatedTypesUsability' is already enabled as of Swift version 6
<unknown>:0: warning: upcoming feature 'DisableOutwardActorInference' is already enabled as of Swift version 6
/host/spi-builder-workspace/Sources/AuthCore/OIDC.swift:10:12: error: no such module 'Crypto'
8 | import CryptoKit
9 | #else
10 | import Crypto
| `- error: no such module 'Crypto'
11 | #endif
12 |
[12/13] Compiling AuthCore AuthCoreClient.swift
<unknown>:0: warning: upcoming feature 'InferSendableFromCaptures' is already enabled as of Swift version 6
<unknown>:0: warning: upcoming feature 'GlobalActorIsolatedTypesUsability' is already enabled as of Swift version 6
<unknown>:0: warning: upcoming feature 'DisableOutwardActorInference' is already enabled as of Swift version 6
/host/spi-builder-workspace/Sources/AuthCore/OIDC.swift:10:12: error: no such module 'Crypto'
8 | import CryptoKit
9 | #else
10 | import Crypto
| `- error: no such module 'Crypto'
11 | #endif
12 |
[13/13] Compiling AuthCore ClientCredentials.swift
<unknown>:0: warning: upcoming feature 'InferSendableFromCaptures' is already enabled as of Swift version 6
<unknown>:0: warning: upcoming feature 'GlobalActorIsolatedTypesUsability' is already enabled as of Swift version 6
<unknown>:0: warning: upcoming feature 'DisableOutwardActorInference' is already enabled as of Swift version 6
/host/spi-builder-workspace/Sources/AuthCore/OIDC.swift:10:12: error: no such module 'Crypto'
8 | import CryptoKit
9 | #else
10 | import Crypto
| `- error: no such module 'Crypto'
11 | #endif
12 |
Running build ...
bash -c docker run --pull=always --rm -v "checkouts-54344844-1":/host -w "$PWD" -e JAVA_HOME="/root/.sdkman/candidates/java/current" -e SPI_BUILD="1" -e SPI_PROCESSING="1" registry.gitlab.com/saguaro1/spi-images:wasm-6.1-latest swift build --swift-sdk wasm32-unknown-wasi 2>&1
wasm-6.1-latest: Pulling from saguaro1/spi-images
Digest: sha256:290f441d1f5b7bf0dbbe61e8b7514208804cdcb507d57b3c762463ad036298f7
Status: Image is up to date for registry.gitlab.com/saguaro1/spi-images:wasm-6.1-latest
[0/1] Planning build
Building for debugging...
[0/1] Write swift-version-24593BA9C3E375BF.txt
[2/10] Compiling AuthCore SmbCloudEnvironment.swift
/host/spi-builder-workspace/Sources/AuthCore/OIDC.swift:10:12: error: no such module 'Crypto'
8 | import CryptoKit
9 | #else
10 | import Crypto
| `- error: no such module 'Crypto'
11 | #endif
12 |
[3/10] Compiling AuthCore SmbCloudError.swift
/host/spi-builder-workspace/Sources/AuthCore/OIDC.swift:10:12: error: no such module 'Crypto'
8 | import CryptoKit
9 | #else
10 | import Crypto
| `- error: no such module 'Crypto'
11 | #endif
12 |
[4/11] Compiling AuthCore SmbCloudCredentialsStore.swift
/host/spi-builder-workspace/Sources/AuthCore/OIDC.swift:10:12: error: no such module 'Crypto'
8 | import CryptoKit
9 | #else
10 | import Crypto
| `- error: no such module 'Crypto'
11 | #endif
12 |
[5/11] Compiling AuthCore OIDC.swift
/host/spi-builder-workspace/Sources/AuthCore/OIDC.swift:10:12: error: no such module 'Crypto'
8 | import CryptoKit
9 | #else
10 | import Crypto
| `- error: no such module 'Crypto'
11 | #endif
12 |
[6/11] Compiling AuthCore Models.swift
/host/spi-builder-workspace/Sources/AuthCore/OIDC.swift:10:12: error: no such module 'Crypto'
8 | import CryptoKit
9 | #else
10 | import Crypto
| `- error: no such module 'Crypto'
11 | #endif
12 |
error: emit-module command failed with exit code 1 (use -v to see invocation)
[7/11] Emitting module AuthCore
/host/spi-builder-workspace/Sources/AuthCore/OIDC.swift:10:12: error: no such module 'Crypto'
8 | import CryptoKit
9 | #else
10 | import Crypto
| `- error: no such module 'Crypto'
11 | #endif
12 |
[8/11] Compiling AuthCore Networking.swift
/host/spi-builder-workspace/Sources/AuthCore/OIDC.swift:10:12: error: no such module 'Crypto'
8 | import CryptoKit
9 | #else
10 | import Crypto
| `- error: no such module 'Crypto'
11 | #endif
12 |
[9/11] Compiling AuthCore AuthCoreClient.swift
/host/spi-builder-workspace/Sources/AuthCore/OIDC.swift:10:12: error: no such module 'Crypto'
8 | import CryptoKit
9 | #else
10 | import Crypto
| `- error: no such module 'Crypto'
11 | #endif
12 |
[10/11] Compiling AuthCore ClientCredentials.swift
/host/spi-builder-workspace/Sources/AuthCore/OIDC.swift:10:12: error: no such module 'Crypto'
8 | import CryptoKit
9 | #else
10 | import Crypto
| `- error: no such module 'Crypto'
11 | #endif
12 |
[11/11] Compiling AuthCore SmbCloudSession.swift
/host/spi-builder-workspace/Sources/AuthCore/OIDC.swift:10:12: error: no such module 'Crypto'
8 | import CryptoKit
9 | #else
10 | import Crypto
| `- error: no such module 'Crypto'
11 | #endif
12 |
BUILD FAILURE 6.1 wasm