The Swift Package Index logo.Swift Package Index

Build Information

Failed to build ProgressSpinnerKit, reference main (f0120d), with Swift 6.4 for iOS using Xcode 27.0 on 21 Sep 2026 13:12:04 UTC.

Build Command

env DEVELOPER_DIR=/Applications/Xcode-27.0.0-Release.Candidate.app xcrun xcodebuild -IDEClonedSourcePackagesDirPathOverride=$PWD/.dependencies -skipMacroValidation -skipPackagePluginValidation -derivedDataPath $PWD/.derivedData build -scheme ProgressSpinnerKit-Package -destination generic/platform=iOS

Build Log

CompileC /Users/admin/builder/spi-builder-workspace/.derivedData/Build/Intermediates.noindex/swift-tools-support-core.build/Debug-iphoneos/TSCclibc-t.build/Objects-normal/arm64/libc.o /Users/admin/builder/spi-builder-workspace/.dependencies/checkouts/swift-tools-support-core/Sources/TSCclibc/libc.c normal arm64 c com.apple.compilers.llvm.clang.1_0.compiler (in target 'TSCclibc' from project 'swift-tools-support-core')
    cd /Users/admin/builder/spi-builder-workspace/.swiftpm/xcode

    Using response file: /Users/admin/builder/spi-builder-workspace/.derivedData/Build/Intermediates.noindex/swift-tools-support-core.build/Debug-iphoneos/TSCclibc-t.build/Objects-normal/arm64/7187679823f38a2a940e0043cdf9d637-common-args.resp

    /Applications/Xcode-27.0.0-Release.Candidate.app/Contents/Developer/Toolchains/XcodeDefault.xctoolchain/usr/bin/clang -x c -ivfsstatcache /Users/admin/builder/spi-builder-workspace/.derivedData/SDKStatCaches.noindex/iphoneos27.0-24A430-e829b21a6f8c9b70876ba0858053c04440ceaa042ed91876912b2eeea4e3aa14.sdkstatcache -target arm64-apple-ios15.0 -fmessage-length\=0 -fdiagnostics-show-note-include-stack -fmacro-backtrace-limit\=0 -fno-color-diagnostics -fmodules-prune-interval\=86400 -fmodules-prune-after\=345600 -fbuild-session-file\=/Users/admin/builder/spi-builder-workspace/.derivedData/ModuleCache.noindex/Session.modulevalidation -fmodules-validate-once-per-build-session -Wnon-modular-include-in-framework-module -Werror\=non-modular-include-in-framework-module -Wno-trigraphs -Wno-missing-field-initializers -Wno-missing-prototypes -Wno-return-type -Wno-missing-braces -Wparentheses -Wswitch -Wno-unused-function -Wno-unused-label -Wno-unused-parameter -Wno-unused-variable -Wunused-value -Wno-empty-body -Wno-uninitialized -Wno-unknown-pragmas -w -Wno-shadow -Wno-four-char-constants -Wno-conversion -Wno-constant-conversion -Wno-int-conversion -Wno-bool-conversion -Wno-enum-conversion -Wno-float-conversion -Wno-non-literal-null-conversion -Wno-objc-literal-conversion -Wshorten-64-to-32 -Wpointer-sign -Wno-newline-eof -Wno-implicit-fallthrough -isysroot /Applications/Xcode-27.0.0-Release.Candidate.app/Contents/Developer/Platforms/iPhoneOS.platform/Developer/SDKs/iPhoneOS27.0.sdk -fstrict-aliasing -Wdeprecated-declarations -Wno-sign-conversion -Wno-infinite-recursion -Wno-comma -Wno-block-capture-autoreleasing -Wno-strict-prototypes -Wno-semicolon-before-method-body -index-store-path /Users/admin/builder/spi-builder-workspace/.derivedData/Index.noindex/DataStore @/Users/admin/builder/spi-builder-workspace/.derivedData/Build/Intermediates.noindex/swift-tools-support-core.build/Debug-iphoneos/TSCclibc-t.build/Objects-normal/arm64/7187679823f38a2a940e0043cdf9d637-common-args.resp -MMD -MT dependencies -MF /Users/admin/builder/spi-builder-workspace/.derivedData/Build/Intermediates.noindex/swift-tools-support-core.build/Debug-iphoneos/TSCclibc-t.build/Objects-normal/arm64/libc.d --serialize-diagnostics /Users/admin/builder/spi-builder-workspace/.derivedData/Build/Intermediates.noindex/swift-tools-support-core.build/Debug-iphoneos/TSCclibc-t.build/Objects-normal/arm64/libc.dia -c /Users/admin/builder/spi-builder-workspace/.dependencies/checkouts/swift-tools-support-core/Sources/TSCclibc/libc.c -o /Users/admin/builder/spi-builder-workspace/.derivedData/Build/Intermediates.noindex/swift-tools-support-core.build/Debug-iphoneos/TSCclibc-t.build/Objects-normal/arm64/libc.o -index-unit-output-path /swift-tools-support-core.build/Debug-iphoneos/TSCclibc-t.build/Objects-normal/arm64/libc.o
PrecompileModule /Users/admin/builder/spi-builder-workspace/.derivedData/Build/Intermediates.noindex/ExplicitPrecompiledModules/_Builtin_stddef-BYAU9TQUL7R3U93DKIIURNQ5G.scan
    cd /
    builtin-precompileModule /Users/admin/builder/spi-builder-workspace/.derivedData/Build/Intermediates.noindex/ExplicitPrecompiledModules/_Builtin_stddef-BYAU9TQUL7R3U93DKIIURNQ5G.scan
PrecompileModule /Users/admin/builder/spi-builder-workspace/.derivedData/Build/Intermediates.noindex/ExplicitPrecompiledModules/_AvailabilityInternal-AWQF1VWCVHYUL1XZBOK5MQAMR.scan
    cd /
    builtin-precompileModule /Users/admin/builder/spi-builder-workspace/.derivedData/Build/Intermediates.noindex/ExplicitPrecompiledModules/_AvailabilityInternal-AWQF1VWCVHYUL1XZBOK5MQAMR.scan
PrecompileModule /Users/admin/builder/spi-builder-workspace/.derivedData/Build/Intermediates.noindex/ExplicitPrecompiledModules/_Builtin_float-9ZG0O9P7RK4112B29E5A99HY2.scan
    cd /
    builtin-precompileModule /Users/admin/builder/spi-builder-workspace/.derivedData/Build/Intermediates.noindex/ExplicitPrecompiledModules/_Builtin_float-9ZG0O9P7RK4112B29E5A99HY2.scan
PrecompileModule /Users/admin/builder/spi-builder-workspace/.derivedData/Build/Intermediates.noindex/ExplicitPrecompiledModules/ptrcheck-D8SQM0IWJ9D6ZZ8GGLUOSF9EC.scan
    cd /
    builtin-precompileModule /Users/admin/builder/spi-builder-workspace/.derivedData/Build/Intermediates.noindex/ExplicitPrecompiledModules/ptrcheck-D8SQM0IWJ9D6ZZ8GGLUOSF9EC.scan
PrecompileModule /Users/admin/builder/spi-builder-workspace/.derivedData/Build/Intermediates.noindex/ExplicitPrecompiledModules/_Builtin_stdarg-ADEHSOIRI0KZRGGSO1RHT5A86.scan
    cd /
    builtin-precompileModule /Users/admin/builder/spi-builder-workspace/.derivedData/Build/Intermediates.noindex/ExplicitPrecompiledModules/_Builtin_stdarg-ADEHSOIRI0KZRGGSO1RHT5A86.scan
PrecompileModule /Users/admin/builder/spi-builder-workspace/.derivedData/Build/Intermediates.noindex/ExplicitPrecompiledModules/_DarwinFoundation1-DRGJDYWHSR0TCJ3FHGIAUL79O.scan
    cd /
    builtin-precompileModule /Users/admin/builder/spi-builder-workspace/.derivedData/Build/Intermediates.noindex/ExplicitPrecompiledModules/_DarwinFoundation1-DRGJDYWHSR0TCJ3FHGIAUL79O.scan
PrecompileModule /Users/admin/builder/spi-builder-workspace/.derivedData/Build/Intermediates.noindex/ExplicitPrecompiledModules/_DarwinFoundation2-58P6VOSQJ1WMGE6URHF11R2EX.scan
    cd /
    builtin-precompileModule /Users/admin/builder/spi-builder-workspace/.derivedData/Build/Intermediates.noindex/ExplicitPrecompiledModules/_DarwinFoundation2-58P6VOSQJ1WMGE6URHF11R2EX.scan
PrecompileModule /Users/admin/builder/spi-builder-workspace/.derivedData/Build/Intermediates.noindex/ExplicitPrecompiledModules/_Builtin_limits-E6MPN0ARWP7GBOC72RVKZ3IRT.scan
    cd /
    builtin-precompileModule /Users/admin/builder/spi-builder-workspace/.derivedData/Build/Intermediates.noindex/ExplicitPrecompiledModules/_Builtin_limits-E6MPN0ARWP7GBOC72RVKZ3IRT.scan
PrecompileModule /Users/admin/builder/spi-builder-workspace/.derivedData/Build/Intermediates.noindex/ExplicitPrecompiledModules/_Builtin_stdbool-GHNUDGVY1B2PCH4XTPLU2FRA.scan
    cd /
    builtin-precompileModule /Users/admin/builder/spi-builder-workspace/.derivedData/Build/Intermediates.noindex/ExplicitPrecompiledModules/_Builtin_stdbool-GHNUDGVY1B2PCH4XTPLU2FRA.scan
CompileC /Users/admin/builder/spi-builder-workspace/.derivedData/Build/Intermediates.noindex/swift-tools-support-core.build/Debug-iphoneos/TSCclibc-t.build/Objects-normal/arm64/strerror.o /Users/admin/builder/spi-builder-workspace/.dependencies/checkouts/swift-tools-support-core/Sources/TSCclibc/strerror.c normal arm64 c com.apple.compilers.llvm.clang.1_0.compiler (in target 'TSCclibc' from project 'swift-tools-support-core')
    cd /Users/admin/builder/spi-builder-workspace/.swiftpm/xcode

    Using response file: /Users/admin/builder/spi-builder-workspace/.derivedData/Build/Intermediates.noindex/swift-tools-support-core.build/Debug-iphoneos/TSCclibc-t.build/Objects-normal/arm64/7187679823f38a2a940e0043cdf9d637-common-args.resp

    /Applications/Xcode-27.0.0-Release.Candidate.app/Contents/Developer/Toolchains/XcodeDefault.xctoolchain/usr/bin/clang -x c -ivfsstatcache /Users/admin/builder/spi-builder-workspace/.derivedData/SDKStatCaches.noindex/iphoneos27.0-24A430-e829b21a6f8c9b70876ba0858053c04440ceaa042ed91876912b2eeea4e3aa14.sdkstatcache -target arm64-apple-ios15.0 -fmessage-length\=0 -fdiagnostics-show-note-include-stack -fmacro-backtrace-limit\=0 -fno-color-diagnostics -fmodules-prune-interval\=86400 -fmodules-prune-after\=345600 -fbuild-session-file\=/Users/admin/builder/spi-builder-workspace/.derivedData/ModuleCache.noindex/Session.modulevalidation -fmodules-validate-once-per-build-session -Wnon-modular-include-in-framework-module -Werror\=non-modular-include-in-framework-module -Wno-trigraphs -Wno-missing-field-initializers -Wno-missing-prototypes -Wno-return-type -Wno-missing-braces -Wparentheses -Wswitch -Wno-unused-function -Wno-unused-label -Wno-unused-parameter -Wno-unused-variable -Wunused-value -Wno-empty-body -Wno-uninitialized -Wno-unknown-pragmas -w -Wno-shadow -Wno-four-char-constants -Wno-conversion -Wno-constant-conversion -Wno-int-conversion -Wno-bool-conversion -Wno-enum-conversion -Wno-float-conversion -Wno-non-literal-null-conversion -Wno-objc-literal-conversion -Wshorten-64-to-32 -Wpointer-sign -Wno-newline-eof -Wno-implicit-fallthrough -isysroot /Applications/Xcode-27.0.0-Release.Candidate.app/Contents/Developer/Platforms/iPhoneOS.platform/Developer/SDKs/iPhoneOS27.0.sdk -fstrict-aliasing -Wdeprecated-declarations -Wno-sign-conversion -Wno-infinite-recursion -Wno-comma -Wno-block-capture-autoreleasing -Wno-strict-prototypes -Wno-semicolon-before-method-body -index-store-path /Users/admin/builder/spi-builder-workspace/.derivedData/Index.noindex/DataStore @/Users/admin/builder/spi-builder-workspace/.derivedData/Build/Intermediates.noindex/swift-tools-support-core.build/Debug-iphoneos/TSCclibc-t.build/Objects-normal/arm64/7187679823f38a2a940e0043cdf9d637-common-args.resp -MMD -MT dependencies -MF /Users/admin/builder/spi-builder-workspace/.derivedData/Build/Intermediates.noindex/swift-tools-support-core.build/Debug-iphoneos/TSCclibc-t.build/Objects-normal/arm64/strerror.d --serialize-diagnostics /Users/admin/builder/spi-builder-workspace/.derivedData/Build/Intermediates.noindex/swift-tools-support-core.build/Debug-iphoneos/TSCclibc-t.build/Objects-normal/arm64/strerror.dia -c /Users/admin/builder/spi-builder-workspace/.dependencies/checkouts/swift-tools-support-core/Sources/TSCclibc/strerror.c -o /Users/admin/builder/spi-builder-workspace/.derivedData/Build/Intermediates.noindex/swift-tools-support-core.build/Debug-iphoneos/TSCclibc-t.build/Objects-normal/arm64/strerror.o -index-unit-output-path /swift-tools-support-core.build/Debug-iphoneos/TSCclibc-t.build/Objects-normal/arm64/strerror.o
PrecompileModule /Users/admin/builder/spi-builder-workspace/.derivedData/Build/Intermediates.noindex/ExplicitPrecompiledModules/_Builtin_stdint-AN1L77IDTKHZMQBLZ9L3C61XB.scan
    cd /
    builtin-precompileModule /Users/admin/builder/spi-builder-workspace/.derivedData/Build/Intermediates.noindex/ExplicitPrecompiledModules/_Builtin_stdint-AN1L77IDTKHZMQBLZ9L3C61XB.scan
PrecompileModule /Users/admin/builder/spi-builder-workspace/.derivedData/Build/Intermediates.noindex/ExplicitPrecompiledModules/_DarwinFoundation3-CJR630PZZ1GJAPJ1V48ZE3EKN.scan
    cd /
    builtin-precompileModule /Users/admin/builder/spi-builder-workspace/.derivedData/Build/Intermediates.noindex/ExplicitPrecompiledModules/_DarwinFoundation3-CJR630PZZ1GJAPJ1V48ZE3EKN.scan
SwiftExplicitDependencyGeneratePcm arm64 /Users/admin/builder/spi-builder-workspace/.derivedData/SDKExplicitPrecompiledModules/_AvailabilityInternal-A68EWFTK1KMCWXEVQVUVX32IF.pcm
SwiftExplicitDependencyGeneratePcm arm64 /Users/admin/builder/spi-builder-workspace/.derivedData/SDKExplicitPrecompiledModules/ptrcheck-BEJ25RSXHVJMS8GY54A7TIDQC.pcm
SwiftExplicitDependencyGeneratePcm arm64 /Users/admin/builder/spi-builder-workspace/.derivedData/SDKExplicitPrecompiledModules/_Builtin_stdarg-353X4HCQ4QM1XN1RGUYE5DJXQ.pcm
SwiftExplicitDependencyGeneratePcm arm64 /Users/admin/builder/spi-builder-workspace/.derivedData/SDKExplicitPrecompiledModules/_Builtin_float-A3OTZIBNLUK4KRPK79SR9VALR.pcm
SwiftExplicitDependencyGeneratePcm arm64 /Users/admin/builder/spi-builder-workspace/.derivedData/SDKExplicitPrecompiledModules/_Builtin_stddef-9M60LQ19IG7KF2I6MAZT1EE2L.pcm
SwiftExplicitDependencyGeneratePcm arm64 /Users/admin/builder/spi-builder-workspace/.derivedData/SDKExplicitPrecompiledModules/_Builtin_stdbool-DS3M26O02MEUZY8PORVO63UN8.pcm
SwiftExplicitDependencyGeneratePcm arm64 /Users/admin/builder/spi-builder-workspace/.derivedData/SDKExplicitPrecompiledModules/SwiftShims-9ZM475TB9FF7V697OJNYX6RO9.pcm
SwiftExplicitDependencyGeneratePcm arm64 /Users/admin/builder/spi-builder-workspace/.derivedData/SDKExplicitPrecompiledModules/_SwiftConcurrencyShims-46VMPHZN3071T5WUKTVKV81O6.pcm
PrecompileModule /Users/admin/builder/spi-builder-workspace/.derivedData/Build/Intermediates.noindex/ExplicitPrecompiledModules/_Builtin_inttypes-28D6G3E7Y4HNP614JKOC75IAH.scan
    cd /
    builtin-precompileModule /Users/admin/builder/spi-builder-workspace/.derivedData/Build/Intermediates.noindex/ExplicitPrecompiledModules/_Builtin_inttypes-28D6G3E7Y4HNP614JKOC75IAH.scan
SwiftExplicitDependencyGeneratePcm arm64 /Users/admin/builder/spi-builder-workspace/.derivedData/SDKExplicitPrecompiledModules/_DarwinFoundation1-6AS4X33TU1806YATN4YELVHNM.pcm
PrecompileModule /Users/admin/builder/spi-builder-workspace/.derivedData/Build/Intermediates.noindex/ExplicitPrecompiledModules/Darwin-BN7LXWMM2FQSHI5P3ZJAFU3M0.scan
    cd /
    builtin-precompileModule /Users/admin/builder/spi-builder-workspace/.derivedData/Build/Intermediates.noindex/ExplicitPrecompiledModules/Darwin-BN7LXWMM2FQSHI5P3ZJAFU3M0.scan
SwiftExplicitDependencyGeneratePcm arm64 /Users/admin/builder/spi-builder-workspace/.derivedData/SDKExplicitPrecompiledModules/_Builtin_limits-BR17857KX1560DFAJ8X0RLP2X.pcm
SwiftExplicitDependencyGeneratePcm arm64 /Users/admin/builder/spi-builder-workspace/.derivedData/SDKExplicitPrecompiledModules/_DarwinFoundation2-DBOBRBKI8YXN3X7HCIRAXFELN.pcm
SwiftExplicitDependencyGeneratePcm arm64 /Users/admin/builder/spi-builder-workspace/.derivedData/SDKExplicitPrecompiledModules/_Builtin_stdint-3VRVITBSRYCNS1X3HOZPXQS3E.pcm
SwiftExplicitDependencyGeneratePcm arm64 /Users/admin/builder/spi-builder-workspace/.derivedData/SDKExplicitPrecompiledModules/sys_types-4H7GQGME5X7WUG5O55QKSXPG0.pcm
SwiftExplicitDependencyGeneratePcm arm64 /Users/admin/builder/spi-builder-workspace/.derivedData/SDKExplicitPrecompiledModules/_DarwinFoundation3-BWQ9HHUEF00PLTWBF6Y3RFT1Q.pcm
CompileC /Users/admin/builder/spi-builder-workspace/.derivedData/Build/Intermediates.noindex/swift-tools-support-core.build/Debug-iphoneos/TSCclibc-t.build/Objects-normal/arm64/process.o /Users/admin/builder/spi-builder-workspace/.dependencies/checkouts/swift-tools-support-core/Sources/TSCclibc/process.c normal arm64 c com.apple.compilers.llvm.clang.1_0.compiler (in target 'TSCclibc' from project 'swift-tools-support-core')
    cd /Users/admin/builder/spi-builder-workspace/.swiftpm/xcode

    Using response file: /Users/admin/builder/spi-builder-workspace/.derivedData/Build/Intermediates.noindex/swift-tools-support-core.build/Debug-iphoneos/TSCclibc-t.build/Objects-normal/arm64/7187679823f38a2a940e0043cdf9d637-common-args.resp

    /Applications/Xcode-27.0.0-Release.Candidate.app/Contents/Developer/Toolchains/XcodeDefault.xctoolchain/usr/bin/clang -x c -ivfsstatcache /Users/admin/builder/spi-builder-workspace/.derivedData/SDKStatCaches.noindex/iphoneos27.0-24A430-e829b21a6f8c9b70876ba0858053c04440ceaa042ed91876912b2eeea4e3aa14.sdkstatcache -target arm64-apple-ios15.0 -fmessage-length\=0 -fdiagnostics-show-note-include-stack -fmacro-backtrace-limit\=0 -fno-color-diagnostics -fmodules-prune-interval\=86400 -fmodules-prune-after\=345600 -fbuild-session-file\=/Users/admin/builder/spi-builder-workspace/.derivedData/ModuleCache.noindex/Session.modulevalidation -fmodules-validate-once-per-build-session -Wnon-modular-include-in-framework-module -Werror\=non-modular-include-in-framework-module -Wno-trigraphs -Wno-missing-field-initializers -Wno-missing-prototypes -Wno-return-type -Wno-missing-braces -Wparentheses -Wswitch -Wno-unused-function -Wno-unused-label -Wno-unused-parameter -Wno-unused-variable -Wunused-value -Wno-empty-body -Wno-uninitialized -Wno-unknown-pragmas -w -Wno-shadow -Wno-four-char-constants -Wno-conversion -Wno-constant-conversion -Wno-int-conversion -Wno-bool-conversion -Wno-enum-conversion -Wno-float-conversion -Wno-non-literal-null-conversion -Wno-objc-literal-conversion -Wshorten-64-to-32 -Wpointer-sign -Wno-newline-eof -Wno-implicit-fallthrough -isysroot /Applications/Xcode-27.0.0-Release.Candidate.app/Contents/Developer/Platforms/iPhoneOS.platform/Developer/SDKs/iPhoneOS27.0.sdk -fstrict-aliasing -Wdeprecated-declarations -Wno-sign-conversion -Wno-infinite-recursion -Wno-comma -Wno-block-capture-autoreleasing -Wno-strict-prototypes -Wno-semicolon-before-method-body -index-store-path /Users/admin/builder/spi-builder-workspace/.derivedData/Index.noindex/DataStore @/Users/admin/builder/spi-builder-workspace/.derivedData/Build/Intermediates.noindex/swift-tools-support-core.build/Debug-iphoneos/TSCclibc-t.build/Objects-normal/arm64/7187679823f38a2a940e0043cdf9d637-common-args.resp -MMD -MT dependencies -MF /Users/admin/builder/spi-builder-workspace/.derivedData/Build/Intermediates.noindex/swift-tools-support-core.build/Debug-iphoneos/TSCclibc-t.build/Objects-normal/arm64/process.d --serialize-diagnostics /Users/admin/builder/spi-builder-workspace/.derivedData/Build/Intermediates.noindex/swift-tools-support-core.build/Debug-iphoneos/TSCclibc-t.build/Objects-normal/arm64/process.dia -c /Users/admin/builder/spi-builder-workspace/.dependencies/checkouts/swift-tools-support-core/Sources/TSCclibc/process.c -o /Users/admin/builder/spi-builder-workspace/.derivedData/Build/Intermediates.noindex/swift-tools-support-core.build/Debug-iphoneos/TSCclibc-t.build/Objects-normal/arm64/process.o -index-unit-output-path /swift-tools-support-core.build/Debug-iphoneos/TSCclibc-t.build/Objects-normal/arm64/process.o
Ld /Users/admin/builder/spi-builder-workspace/.derivedData/Build/Products/Debug-iphoneos/TSCclibc.o normal (in target 'TSCclibc' from project 'swift-tools-support-core')
    cd /Users/admin/builder/spi-builder-workspace/.dependencies/checkouts/swift-tools-support-core
    /Applications/Xcode-27.0.0-Release.Candidate.app/Contents/Developer/Toolchains/XcodeDefault.xctoolchain/usr/bin/clang -Xlinker -reproducible -target arm64-apple-ios15.0 -r -isysroot /Applications/Xcode-27.0.0-Release.Candidate.app/Contents/Developer/Platforms/iPhoneOS.platform/Developer/SDKs/iPhoneOS27.0.sdk -O0 -w -Xlinker -no_warn_duplicate_libraries -F/Users/admin/builder/spi-builder-workspace/.derivedData/Build/Intermediates.noindex/EagerLinkingTBDs/Debug-iphoneos -F/Users/admin/builder/spi-builder-workspace/.derivedData/Build/Products/Debug-iphoneos -iframework /Applications/Xcode-27.0.0-Release.Candidate.app/Contents/Developer/Platforms/iPhoneOS.platform/Developer/Library/Frameworks -iframework /Applications/Xcode-27.0.0-Release.Candidate.app/Contents/Developer/Platforms/iPhoneOS.platform/Developer/SDKs/iPhoneOS27.0.sdk/Developer/Library/Frameworks -filelist /Users/admin/builder/spi-builder-workspace/.derivedData/Build/Intermediates.noindex/swift-tools-support-core.build/Debug-iphoneos/TSCclibc-t.build/Objects-normal/arm64/TSCclibc.LinkFileList -nostdlib -Xlinker -object_path_lto -Xlinker /Users/admin/builder/spi-builder-workspace/.derivedData/Build/Intermediates.noindex/swift-tools-support-core.build/Debug-iphoneos/TSCclibc-t.build/Objects-normal/arm64/TSCclibc_lto.o -Xlinker -no_deduplicate -Xlinker -debug_variant -Xlinker -dependency_info -Xlinker /Users/admin/builder/spi-builder-workspace/.derivedData/Build/Intermediates.noindex/swift-tools-support-core.build/Debug-iphoneos/TSCclibc-t.build/Objects-normal/arm64/TSCclibc_dependency_info.dat -o /Users/admin/builder/spi-builder-workspace/.derivedData/Build/Products/Debug-iphoneos/TSCclibc.o
SwiftExplicitDependencyGeneratePcm arm64 /Users/admin/builder/spi-builder-workspace/.derivedData/SDKExplicitPrecompiledModules/_Builtin_inttypes-F02YQXAV70SBQYNR1TCILSZQC.pcm
SwiftExplicitDependencyGeneratePcm arm64 /Users/admin/builder/spi-builder-workspace/.derivedData/SDKExplicitPrecompiledModules/Darwin-BI81F3DSM7GNALREB2L4UAO3K.pcm
SwiftEmitModule normal arm64 Emitting\ module\ for\ TSCLibc (in target 'TSCLibc' from project 'swift-tools-support-core')
SwiftCompile normal arm64 (in target 'TSCLibc' from project 'swift-tools-support-core')
    cd /Users/admin/builder/spi-builder-workspace/.swiftpm/xcode

SwiftCompile normal arm64 Compiling\ libc.swift /Users/admin/builder/spi-builder-workspace/.dependencies/checkouts/swift-tools-support-core/Sources/TSCLibc/libc.swift (in target 'TSCLibc' from project 'swift-tools-support-core')
SwiftCompile normal arm64 /Users/admin/builder/spi-builder-workspace/.dependencies/checkouts/swift-tools-support-core/Sources/TSCLibc/libc.swift (in target 'TSCLibc' from project 'swift-tools-support-core')
    cd /Users/admin/builder/spi-builder-workspace/.swiftpm/xcode
    builtin-SwiftPerFileCompile libc.swift
SwiftDriverJobDiscovery normal arm64 Emitting module for TSCLibc (in target 'TSCLibc' from project 'swift-tools-support-core')
SwiftDriver\ Compilation\ Requirements TSCLibc normal arm64 com.apple.xcode.tools.swift.compiler (in target 'TSCLibc' from project 'swift-tools-support-core')
    cd /Users/admin/builder/spi-builder-workspace/.swiftpm/xcode
    builtin-Swift-Compilation-Requirements -- /Applications/Xcode-27.0.0-Release.Candidate.app/Contents/Developer/Toolchains/XcodeDefault.xctoolchain/usr/bin/swiftc -parse-as-library -module-name TSCLibc -Onone @/Users/admin/builder/spi-builder-workspace/.derivedData/Build/Intermediates.noindex/swift-tools-support-core.build/Debug-iphoneos/TSCLibc-t.build/Objects-normal/arm64/TSCLibc.SwiftFileList -DSWIFT_PACKAGE -DDEBUG -DSWIFT_MODULE_RESOURCE_BUNDLE_UNAVAILABLE -DXcode -plugin-path /Applications/Xcode-27.0.0-Release.Candidate.app/Contents/Developer/Toolchains/XcodeDefault.xctoolchain/usr/lib/swift/host/plugins/testing -enable-experimental-feature DebugDescriptionMacro -sdk /Applications/Xcode-27.0.0-Release.Candidate.app/Contents/Developer/Platforms/iPhoneOS.platform/Developer/SDKs/iPhoneOS27.0.sdk -target arm64-apple-ios15.0 -g -module-cache-path /Users/admin/builder/spi-builder-workspace/.derivedData/ModuleCache.noindex -Xfrontend -serialize-debugging-options -profile-coverage-mapping -profile-generate -enable-testing -suppress-warnings -index-store-path /Users/admin/builder/spi-builder-workspace/.derivedData/Index.noindex/DataStore -Xcc -D_LIBCPP_HARDENING_MODE\=_LIBCPP_HARDENING_MODE_DEBUG -swift-version 5 -I /Users/admin/builder/spi-builder-workspace/.derivedData/Build/Products/Debug-iphoneos -Isystem /Applications/Xcode-27.0.0-Release.Candidate.app/Contents/Developer/Platforms/iPhoneOS.platform/Developer/usr/lib -F /Users/admin/builder/spi-builder-workspace/.derivedData/Build/Products/Debug-iphoneos -F /Applications/Xcode-27.0.0-Release.Candidate.app/Contents/Developer/Platforms/iPhoneOS.platform/Developer/Library/Frameworks -F /Applications/Xcode-27.0.0-Release.Candidate.app/Contents/Developer/Platforms/iPhoneOS.platform/Developer/SDKs/iPhoneOS27.0.sdk/Developer/Library/Frameworks -c -j10 -enable-batch-mode -incremental -Xcc -ivfsstatcache -Xcc /Users/admin/builder/spi-builder-workspace/.derivedData/SDKStatCaches.noindex/iphoneos27.0-24A430-e829b21a6f8c9b70876ba0858053c04440ceaa042ed91876912b2eeea4e3aa14.sdkstatcache -output-file-map /Users/admin/builder/spi-builder-workspace/.derivedData/Build/Intermediates.noindex/swift-tools-support-core.build/Debug-iphoneos/TSCLibc-t.build/Objects-normal/arm64/TSCLibc-OutputFileMap.json -save-temps -no-color-diagnostics -explicit-module-build -module-cache-path /Users/admin/builder/spi-builder-workspace/.derivedData/Build/Intermediates.noindex/SwiftExplicitPrecompiledModules -clang-scanner-module-cache-path /Users/admin/builder/spi-builder-workspace/.derivedData/ModuleCache.noindex -sdk-module-cache-path /Users/admin/builder/spi-builder-workspace/.derivedData/SDKExplicitPrecompiledModules -emit-dependencies -emit-module -emit-module-path /Users/admin/builder/spi-builder-workspace/.derivedData/Build/Intermediates.noindex/swift-tools-support-core.build/Debug-iphoneos/TSCLibc-t.build/Objects-normal/arm64/TSCLibc.swiftmodule -serialize-diagnostics -dependency-scan-serialize-diagnostics-path /Users/admin/builder/spi-builder-workspace/.derivedData/Build/Intermediates.noindex/swift-tools-support-core.build/Debug-iphoneos/TSCLibc-t.build/Objects-normal/arm64/TSCLibc-dependency-scan.dia -validate-clang-modules-once -clang-build-session-file /Users/admin/builder/spi-builder-workspace/.derivedData/ModuleCache.noindex/Session.modulevalidation -Xcc -fmodules-prune-interval\=86400 -Xcc -fmodules-prune-after\=345600 -emit-const-values -const-gather-protocols-list /Users/admin/builder/spi-builder-workspace/.derivedData/Build/Intermediates.noindex/swift-tools-support-core.build/Debug-iphoneos/TSCLibc-t.build/Objects-normal/arm64/TSCLibc_const_extract_protocols.json -Xcc -I/Users/admin/builder/spi-builder-workspace/.derivedData/Build/Products/Debug-iphoneos/include -Xcc -I/Users/admin/builder/spi-builder-workspace/.derivedData/Build/Intermediates.noindex/swift-tools-support-core.build/Debug-iphoneos/TSCLibc-t.build/DerivedSources-normal/arm64 -Xcc -I/Users/admin/builder/spi-builder-workspace/.derivedData/Build/Intermediates.noindex/swift-tools-support-core.build/Debug-iphoneos/TSCLibc-t.build/DerivedSources/arm64 -Xcc -I/Users/admin/builder/spi-builder-workspace/.derivedData/Build/Intermediates.noindex/swift-tools-support-core.build/Debug-iphoneos/TSCLibc-t.build/DerivedSources -Xcc -DSWIFT_PACKAGE -Xcc -DDEBUG\=1 -emit-objc-header -emit-objc-header-path /Users/admin/builder/spi-builder-workspace/.derivedData/Build/Intermediates.noindex/swift-tools-support-core.build/Debug-iphoneos/TSCLibc-t.build/Objects-normal/arm64/TSCLibc-Swift.h -working-directory /Users/admin/builder/spi-builder-workspace/.swiftpm/xcode -experimental-emit-module-separately -disable-cmo
SwiftMergeGeneratedHeaders /Users/admin/builder/spi-builder-workspace/.derivedData/Build/Intermediates.noindex/GeneratedModuleMaps-iphoneos/TSCLibc-Swift.h /Users/admin/builder/spi-builder-workspace/.derivedData/Build/Intermediates.noindex/swift-tools-support-core.build/Debug-iphoneos/TSCLibc-t.build/Objects-normal/arm64/TSCLibc-Swift.h (in target 'TSCLibc' from project 'swift-tools-support-core')
    cd /Users/admin/builder/spi-builder-workspace/.dependencies/checkouts/swift-tools-support-core
    builtin-swiftHeaderTool -arch arm64 /Users/admin/builder/spi-builder-workspace/.derivedData/Build/Intermediates.noindex/swift-tools-support-core.build/Debug-iphoneos/TSCLibc-t.build/Objects-normal/arm64/TSCLibc-Swift.h -o /Users/admin/builder/spi-builder-workspace/.derivedData/Build/Intermediates.noindex/GeneratedModuleMaps-iphoneos/TSCLibc-Swift.h
Copy /Users/admin/builder/spi-builder-workspace/.derivedData/Build/Products/Debug-iphoneos/TSCLibc.swiftmodule/arm64-apple-ios.abi.json /Users/admin/builder/spi-builder-workspace/.derivedData/Build/Intermediates.noindex/swift-tools-support-core.build/Debug-iphoneos/TSCLibc-t.build/Objects-normal/arm64/TSCLibc.abi.json (in target 'TSCLibc' from project 'swift-tools-support-core')
    cd /Users/admin/builder/spi-builder-workspace/.dependencies/checkouts/swift-tools-support-core
    builtin-copy -exclude .DS_Store -exclude CVS -exclude .svn -exclude .git -exclude .hg -resolve-src-symlinks -rename /Users/admin/builder/spi-builder-workspace/.derivedData/Build/Intermediates.noindex/swift-tools-support-core.build/Debug-iphoneos/TSCLibc-t.build/Objects-normal/arm64/TSCLibc.abi.json /Users/admin/builder/spi-builder-workspace/.derivedData/Build/Products/Debug-iphoneos/TSCLibc.swiftmodule/arm64-apple-ios.abi.json
Copy /Users/admin/builder/spi-builder-workspace/.derivedData/Build/Products/Debug-iphoneos/TSCLibc.swiftmodule/arm64-apple-ios.swiftmodule /Users/admin/builder/spi-builder-workspace/.derivedData/Build/Intermediates.noindex/swift-tools-support-core.build/Debug-iphoneos/TSCLibc-t.build/Objects-normal/arm64/TSCLibc.swiftmodule (in target 'TSCLibc' from project 'swift-tools-support-core')
    cd /Users/admin/builder/spi-builder-workspace/.dependencies/checkouts/swift-tools-support-core
    builtin-copy -exclude .DS_Store -exclude CVS -exclude .svn -exclude .git -exclude .hg -resolve-src-symlinks -rename /Users/admin/builder/spi-builder-workspace/.derivedData/Build/Intermediates.noindex/swift-tools-support-core.build/Debug-iphoneos/TSCLibc-t.build/Objects-normal/arm64/TSCLibc.swiftmodule /Users/admin/builder/spi-builder-workspace/.derivedData/Build/Products/Debug-iphoneos/TSCLibc.swiftmodule/arm64-apple-ios.swiftmodule
Copy /Users/admin/builder/spi-builder-workspace/.derivedData/Build/Products/Debug-iphoneos/TSCLibc.swiftmodule/arm64-apple-ios.swiftdoc /Users/admin/builder/spi-builder-workspace/.derivedData/Build/Intermediates.noindex/swift-tools-support-core.build/Debug-iphoneos/TSCLibc-t.build/Objects-normal/arm64/TSCLibc.swiftdoc (in target 'TSCLibc' from project 'swift-tools-support-core')
    cd /Users/admin/builder/spi-builder-workspace/.dependencies/checkouts/swift-tools-support-core
    builtin-copy -exclude .DS_Store -exclude CVS -exclude .svn -exclude .git -exclude .hg -resolve-src-symlinks -rename /Users/admin/builder/spi-builder-workspace/.derivedData/Build/Intermediates.noindex/swift-tools-support-core.build/Debug-iphoneos/TSCLibc-t.build/Objects-normal/arm64/TSCLibc.swiftdoc /Users/admin/builder/spi-builder-workspace/.derivedData/Build/Products/Debug-iphoneos/TSCLibc.swiftmodule/arm64-apple-ios.swiftdoc
Copy /Users/admin/builder/spi-builder-workspace/.derivedData/Build/Products/Debug-iphoneos/TSCLibc.swiftmodule/Project/arm64-apple-ios.swiftsourceinfo /Users/admin/builder/spi-builder-workspace/.derivedData/Build/Intermediates.noindex/swift-tools-support-core.build/Debug-iphoneos/TSCLibc-t.build/Objects-normal/arm64/TSCLibc.swiftsourceinfo (in target 'TSCLibc' from project 'swift-tools-support-core')
    cd /Users/admin/builder/spi-builder-workspace/.dependencies/checkouts/swift-tools-support-core
    builtin-copy -exclude .DS_Store -exclude CVS -exclude .svn -exclude .git -exclude .hg -resolve-src-symlinks -rename /Users/admin/builder/spi-builder-workspace/.derivedData/Build/Intermediates.noindex/swift-tools-support-core.build/Debug-iphoneos/TSCLibc-t.build/Objects-normal/arm64/TSCLibc.swiftsourceinfo /Users/admin/builder/spi-builder-workspace/.derivedData/Build/Products/Debug-iphoneos/TSCLibc.swiftmodule/Project/arm64-apple-ios.swiftsourceinfo
SwiftDriver TSCBasic normal arm64 com.apple.xcode.tools.swift.compiler (in target 'TSCBasic' from project 'swift-tools-support-core')
    cd /Users/admin/builder/spi-builder-workspace/.swiftpm/xcode
    builtin-SwiftDriver -- /Applications/Xcode-27.0.0-Release.Candidate.app/Contents/Developer/Toolchains/XcodeDefault.xctoolchain/usr/bin/swiftc -parse-as-library -module-name TSCBasic -Onone @/Users/admin/builder/spi-builder-workspace/.derivedData/Build/Intermediates.noindex/swift-tools-support-core.build/Debug-iphoneos/TSCBasic-t.build/Objects-normal/arm64/TSCBasic.SwiftFileList -DSWIFT_PACKAGE -DDEBUG -DSWIFT_MODULE_RESOURCE_BUNDLE_UNAVAILABLE -Xcc -fmodule-map-file\=/Users/admin/builder/spi-builder-workspace/.dependencies/checkouts/swift-tools-support-core/Sources/TSCclibc/include/module.modulemap -DXcode -plugin-path /Applications/Xcode-27.0.0-Release.Candidate.app/Contents/Developer/Toolchains/XcodeDefault.xctoolchain/usr/lib/swift/host/plugins/testing -enable-experimental-feature DebugDescriptionMacro -sdk /Applications/Xcode-27.0.0-Release.Candidate.app/Contents/Developer/Platforms/iPhoneOS.platform/Developer/SDKs/iPhoneOS27.0.sdk -target arm64-apple-ios15.0 -g -module-cache-path /Users/admin/builder/spi-builder-workspace/.derivedData/ModuleCache.noindex -Xfrontend -serialize-debugging-options -profile-coverage-mapping -profile-generate -enable-testing -suppress-warnings -index-store-path /Users/admin/builder/spi-builder-workspace/.derivedData/Index.noindex/DataStore -Xcc -D_LIBCPP_HARDENING_MODE\=_LIBCPP_HARDENING_MODE_DEBUG -swift-version 5 -I /Users/admin/builder/spi-builder-workspace/.derivedData/Build/Products/Debug-iphoneos -Isystem /Applications/Xcode-27.0.0-Release.Candidate.app/Contents/Developer/Platforms/iPhoneOS.platform/Developer/usr/lib -F /Users/admin/builder/spi-builder-workspace/.derivedData/Build/Products/Debug-iphoneos/PackageFrameworks -F /Users/admin/builder/spi-builder-workspace/.derivedData/Build/Products/Debug-iphoneos -F /Applications/Xcode-27.0.0-Release.Candidate.app/Contents/Developer/Platforms/iPhoneOS.platform/Developer/Library/Frameworks -F /Applications/Xcode-27.0.0-Release.Candidate.app/Contents/Developer/Platforms/iPhoneOS.platform/Developer/SDKs/iPhoneOS27.0.sdk/Developer/Library/Frameworks -c -j10 -enable-batch-mode -incremental -Xcc -ivfsstatcache -Xcc /Users/admin/builder/spi-builder-workspace/.derivedData/SDKStatCaches.noindex/iphoneos27.0-24A430-e829b21a6f8c9b70876ba0858053c04440ceaa042ed91876912b2eeea4e3aa14.sdkstatcache -output-file-map /Users/admin/builder/spi-builder-workspace/.derivedData/Build/Intermediates.noindex/swift-tools-support-core.build/Debug-iphoneos/TSCBasic-t.build/Objects-normal/arm64/TSCBasic-OutputFileMap.json -save-temps -no-color-diagnostics -explicit-module-build -module-cache-path /Users/admin/builder/spi-builder-workspace/.derivedData/Build/Intermediates.noindex/SwiftExplicitPrecompiledModules -clang-scanner-module-cache-path /Users/admin/builder/spi-builder-workspace/.derivedData/ModuleCache.noindex -sdk-module-cache-path /Users/admin/builder/spi-builder-workspace/.derivedData/SDKExplicitPrecompiledModules -emit-dependencies -emit-module -emit-module-path /Users/admin/builder/spi-builder-workspace/.derivedData/Build/Intermediates.noindex/swift-tools-support-core.build/Debug-iphoneos/TSCBasic-t.build/Objects-normal/arm64/TSCBasic.swiftmodule -serialize-diagnostics -dependency-scan-serialize-diagnostics-path /Users/admin/builder/spi-builder-workspace/.derivedData/Build/Intermediates.noindex/swift-tools-support-core.build/Debug-iphoneos/TSCBasic-t.build/Objects-normal/arm64/TSCBasic-dependency-scan.dia -validate-clang-modules-once -clang-build-session-file /Users/admin/builder/spi-builder-workspace/.derivedData/ModuleCache.noindex/Session.modulevalidation -Xcc -fmodules-prune-interval\=86400 -Xcc -fmodules-prune-after\=345600 -emit-const-values -const-gather-protocols-list /Users/admin/builder/spi-builder-workspace/.derivedData/Build/Intermediates.noindex/swift-tools-support-core.build/Debug-iphoneos/TSCBasic-t.build/Objects-normal/arm64/TSCBasic_const_extract_protocols.json -Xcc -I/Users/admin/builder/spi-builder-workspace/.dependencies/checkouts/swift-tools-support-core/Sources/TSCclibc/include -Xcc -I/Users/admin/builder/spi-builder-workspace/.derivedData/Build/Products/Debug-iphoneos/include -Xcc -I/Users/admin/builder/spi-builder-workspace/.derivedData/Build/Intermediates.noindex/swift-tools-support-core.build/Debug-iphoneos/TSCBasic-t.build/DerivedSources-normal/arm64 -Xcc -I/Users/admin/builder/spi-builder-workspace/.derivedData/Build/Intermediates.noindex/swift-tools-support-core.build/Debug-iphoneos/TSCBasic-t.build/DerivedSources/arm64 -Xcc -I/Users/admin/builder/spi-builder-workspace/.derivedData/Build/Intermediates.noindex/swift-tools-support-core.build/Debug-iphoneos/TSCBasic-t.build/DerivedSources -Xcc -DSWIFT_PACKAGE -Xcc -DDEBUG\=1 -emit-objc-header -emit-objc-header-path /Users/admin/builder/spi-builder-workspace/.derivedData/Build/Intermediates.noindex/swift-tools-support-core.build/Debug-iphoneos/TSCBasic-t.build/Objects-normal/arm64/TSCBasic-Swift.h -working-directory /Users/admin/builder/spi-builder-workspace/.swiftpm/xcode -experimental-emit-module-separately -disable-cmo
SwiftExplicitDependencyGeneratePcm arm64 /Users/admin/builder/spi-builder-workspace/.derivedData/SDKExplicitPrecompiledModules/string_h-4SPNE64SFJA0QV142KR6FB8H.pcm
SwiftExplicitDependencyGeneratePcm arm64 /Users/admin/builder/spi-builder-workspace/.derivedData/SDKExplicitPrecompiledModules/ObjectiveC-B11KXH0CHRPAR6DL0V15OUWX.pcm
SwiftExplicitDependencyGeneratePcm arm64 /Users/admin/builder/spi-builder-workspace/.derivedData/Build/Intermediates.noindex/SwiftExplicitPrecompiledModules/TSCclibc-8R81GDLYT823ASQBH72NTNHHA.pcm
SwiftExplicitDependencyGeneratePcm arm64 /Users/admin/builder/spi-builder-workspace/.derivedData/SDKExplicitPrecompiledModules/ptrauth-ELWSSDP0MKO9UN7OCGHYENU4N.pcm
SwiftExplicitDependencyGeneratePcm arm64 /Users/admin/builder/spi-builder-workspace/.derivedData/SDKExplicitPrecompiledModules/os_object-39R6K1ZW4M0CXKJ1WMJZK8M2C.pcm
SwiftDriverJobDiscovery normal arm64 Compiling libc.swift (in target 'TSCLibc' from project 'swift-tools-support-core')
SwiftDriver\ Compilation TSCLibc normal arm64 com.apple.xcode.tools.swift.compiler (in target 'TSCLibc' from project 'swift-tools-support-core')
    cd /Users/admin/builder/spi-builder-workspace/.swiftpm/xcode
    builtin-Swift-Compilation -- /Applications/Xcode-27.0.0-Release.Candidate.app/Contents/Developer/Toolchains/XcodeDefault.xctoolchain/usr/bin/swiftc -parse-as-library -module-name TSCLibc -Onone @/Users/admin/builder/spi-builder-workspace/.derivedData/Build/Intermediates.noindex/swift-tools-support-core.build/Debug-iphoneos/TSCLibc-t.build/Objects-normal/arm64/TSCLibc.SwiftFileList -DSWIFT_PACKAGE -DDEBUG -DSWIFT_MODULE_RESOURCE_BUNDLE_UNAVAILABLE -DXcode -plugin-path /Applications/Xcode-27.0.0-Release.Candidate.app/Contents/Developer/Toolchains/XcodeDefault.xctoolchain/usr/lib/swift/host/plugins/testing -enable-experimental-feature DebugDescriptionMacro -sdk /Applications/Xcode-27.0.0-Release.Candidate.app/Contents/Developer/Platforms/iPhoneOS.platform/Developer/SDKs/iPhoneOS27.0.sdk -target arm64-apple-ios15.0 -g -module-cache-path /Users/admin/builder/spi-builder-workspace/.derivedData/ModuleCache.noindex -Xfrontend -serialize-debugging-options -profile-coverage-mapping -profile-generate -enable-testing -suppress-warnings -index-store-path /Users/admin/builder/spi-builder-workspace/.derivedData/Index.noindex/DataStore -Xcc -D_LIBCPP_HARDENING_MODE\=_LIBCPP_HARDENING_MODE_DEBUG -swift-version 5 -I /Users/admin/builder/spi-builder-workspace/.derivedData/Build/Products/Debug-iphoneos -Isystem /Applications/Xcode-27.0.0-Release.Candidate.app/Contents/Developer/Platforms/iPhoneOS.platform/Developer/usr/lib -F /Users/admin/builder/spi-builder-workspace/.derivedData/Build/Products/Debug-iphoneos -F /Applications/Xcode-27.0.0-Release.Candidate.app/Contents/Developer/Platforms/iPhoneOS.platform/Developer/Library/Frameworks -F /Applications/Xcode-27.0.0-Release.Candidate.app/Contents/Developer/Platforms/iPhoneOS.platform/Developer/SDKs/iPhoneOS27.0.sdk/Developer/Library/Frameworks -c -j10 -enable-batch-mode -incremental -Xcc -ivfsstatcache -Xcc /Users/admin/builder/spi-builder-workspace/.derivedData/SDKStatCaches.noindex/iphoneos27.0-24A430-e829b21a6f8c9b70876ba0858053c04440ceaa042ed91876912b2eeea4e3aa14.sdkstatcache -output-file-map /Users/admin/builder/spi-builder-workspace/.derivedData/Build/Intermediates.noindex/swift-tools-support-core.build/Debug-iphoneos/TSCLibc-t.build/Objects-normal/arm64/TSCLibc-OutputFileMap.json -save-temps -no-color-diagnostics -explicit-module-build -module-cache-path /Users/admin/builder/spi-builder-workspace/.derivedData/Build/Intermediates.noindex/SwiftExplicitPrecompiledModules -clang-scanner-module-cache-path /Users/admin/builder/spi-builder-workspace/.derivedData/ModuleCache.noindex -sdk-module-cache-path /Users/admin/builder/spi-builder-workspace/.derivedData/SDKExplicitPrecompiledModules -emit-dependencies -emit-module -emit-module-path /Users/admin/builder/spi-builder-workspace/.derivedData/Build/Intermediates.noindex/swift-tools-support-core.build/Debug-iphoneos/TSCLibc-t.build/Objects-normal/arm64/TSCLibc.swiftmodule -serialize-diagnostics -dependency-scan-serialize-diagnostics-path /Users/admin/builder/spi-builder-workspace/.derivedData/Build/Intermediates.noindex/swift-tools-support-core.build/Debug-iphoneos/TSCLibc-t.build/Objects-normal/arm64/TSCLibc-dependency-scan.dia -validate-clang-modules-once -clang-build-session-file /Users/admin/builder/spi-builder-workspace/.derivedData/ModuleCache.noindex/Session.modulevalidation -Xcc -fmodules-prune-interval\=86400 -Xcc -fmodules-prune-after\=345600 -emit-const-values -const-gather-protocols-list /Users/admin/builder/spi-builder-workspace/.derivedData/Build/Intermediates.noindex/swift-tools-support-core.build/Debug-iphoneos/TSCLibc-t.build/Objects-normal/arm64/TSCLibc_const_extract_protocols.json -Xcc -I/Users/admin/builder/spi-builder-workspace/.derivedData/Build/Products/Debug-iphoneos/include -Xcc -I/Users/admin/builder/spi-builder-workspace/.derivedData/Build/Intermediates.noindex/swift-tools-support-core.build/Debug-iphoneos/TSCLibc-t.build/DerivedSources-normal/arm64 -Xcc -I/Users/admin/builder/spi-builder-workspace/.derivedData/Build/Intermediates.noindex/swift-tools-support-core.build/Debug-iphoneos/TSCLibc-t.build/DerivedSources/arm64 -Xcc -I/Users/admin/builder/spi-builder-workspace/.derivedData/Build/Intermediates.noindex/swift-tools-support-core.build/Debug-iphoneos/TSCLibc-t.build/DerivedSources -Xcc -DSWIFT_PACKAGE -Xcc -DDEBUG\=1 -emit-objc-header -emit-objc-header-path /Users/admin/builder/spi-builder-workspace/.derivedData/Build/Intermediates.noindex/swift-tools-support-core.build/Debug-iphoneos/TSCLibc-t.build/Objects-normal/arm64/TSCLibc-Swift.h -working-directory /Users/admin/builder/spi-builder-workspace/.swiftpm/xcode -experimental-emit-module-separately -disable-cmo
Ld /Users/admin/builder/spi-builder-workspace/.derivedData/Build/Products/Debug-iphoneos/TSCLibc.o normal (in target 'TSCLibc' from project 'swift-tools-support-core')
    cd /Users/admin/builder/spi-builder-workspace/.dependencies/checkouts/swift-tools-support-core
    /Applications/Xcode-27.0.0-Release.Candidate.app/Contents/Developer/Toolchains/XcodeDefault.xctoolchain/usr/bin/clang -Xlinker -reproducible -target arm64-apple-ios15.0 -r -isysroot /Applications/Xcode-27.0.0-Release.Candidate.app/Contents/Developer/Platforms/iPhoneOS.platform/Developer/SDKs/iPhoneOS27.0.sdk -O0 -w -Xlinker -no_warn_duplicate_libraries -F/Users/admin/builder/spi-builder-workspace/.derivedData/Build/Intermediates.noindex/EagerLinkingTBDs/Debug-iphoneos -F/Users/admin/builder/spi-builder-workspace/.derivedData/Build/Products/Debug-iphoneos -iframework /Applications/Xcode-27.0.0-Release.Candidate.app/Contents/Developer/Platforms/iPhoneOS.platform/Developer/Library/Frameworks -iframework /Applications/Xcode-27.0.0-Release.Candidate.app/Contents/Developer/Platforms/iPhoneOS.platform/Developer/SDKs/iPhoneOS27.0.sdk/Developer/Library/Frameworks -filelist /Users/admin/builder/spi-builder-workspace/.derivedData/Build/Intermediates.noindex/swift-tools-support-core.build/Debug-iphoneos/TSCLibc-t.build/Objects-normal/arm64/TSCLibc.LinkFileList -nostdlib -Xlinker -object_path_lto -Xlinker /Users/admin/builder/spi-builder-workspace/.derivedData/Build/Intermediates.noindex/swift-tools-support-core.build/Debug-iphoneos/TSCLibc-t.build/Objects-normal/arm64/TSCLibc_lto.o -Xlinker -no_deduplicate -Xlinker -debug_variant -Xlinker -dependency_info -Xlinker /Users/admin/builder/spi-builder-workspace/.derivedData/Build/Intermediates.noindex/swift-tools-support-core.build/Debug-iphoneos/TSCLibc-t.build/Objects-normal/arm64/TSCLibc_dependency_info.dat -fobjc-link-runtime -L/Applications/Xcode-27.0.0-Release.Candidate.app/Contents/Developer/Toolchains/XcodeDefault.xctoolchain/usr/lib/swift/iphoneos -L/usr/lib/swift -Xlinker -add_ast_path -Xlinker /Users/admin/builder/spi-builder-workspace/.derivedData/Build/Intermediates.noindex/swift-tools-support-core.build/Debug-iphoneos/TSCLibc-t.build/Objects-normal/arm64/TSCLibc.swiftmodule -o /Users/admin/builder/spi-builder-workspace/.derivedData/Build/Products/Debug-iphoneos/TSCLibc.o
ExtractAppIntentsMetadata (in target 'TSCLibc' from project 'swift-tools-support-core')
    cd /Users/admin/builder/spi-builder-workspace/.dependencies/checkouts/swift-tools-support-core
    /Applications/Xcode-27.0.0-Release.Candidate.app/Contents/Developer/Toolchains/XcodeDefault.xctoolchain/usr/bin/appintentsmetadataprocessor --toolchain-dir /var/run/com.apple.security.cryptexd/mnt/com.apple.MobileAsset.MetalToolchain-v27.1.266.1.qJPSdJ/Metal.xctoolchain --module-name TSCLibc --sdk-root /Applications/Xcode-27.0.0-Release.Candidate.app/Contents/Developer/Platforms/iPhoneOS.platform/Developer/SDKs/iPhoneOS27.0.sdk --xcode-version 27A266a --platform-family iOS --deployment-target 15.0 --bundle-identifier swift-tools-support-core.TSCLibc --output /Users/admin/builder/spi-builder-workspace/.derivedData/Build/Products/Debug-iphoneos/TSCLibc.appintents --target-triple arm64-apple-ios15.0 --binary-file /Users/admin/builder/spi-builder-workspace/.derivedData/Build/Products/Debug-iphoneos/TSCLibc.o --dependency-file /Users/admin/builder/spi-builder-workspace/.derivedData/Build/Intermediates.noindex/swift-tools-support-core.build/Debug-iphoneos/TSCLibc-t.build/Objects-normal/arm64/TSCLibc_dependency_info.dat --stringsdata-file /Users/admin/builder/spi-builder-workspace/.derivedData/Build/Intermediates.noindex/swift-tools-support-core.build/Debug-iphoneos/TSCLibc-t.build/Objects-normal/arm64/ExtractedAppShortcutsMetadata.stringsdata --source-file-list /Users/admin/builder/spi-builder-workspace/.derivedData/Build/Intermediates.noindex/swift-tools-support-core.build/Debug-iphoneos/TSCLibc-t.build/Objects-normal/arm64/TSCLibc.SwiftFileList --metadata-file-list /Users/admin/builder/spi-builder-workspace/.derivedData/Build/Intermediates.noindex/swift-tools-support-core.build/Debug-iphoneos/TSCLibc-t.build/TSCLibc.DependencyMetadataFileList --static-metadata-file-list /Users/admin/builder/spi-builder-workspace/.derivedData/Build/Intermediates.noindex/swift-tools-support-core.build/Debug-iphoneos/TSCLibc-t.build/TSCLibc.DependencyStaticMetadataFileList --swift-const-vals-list /Users/admin/builder/spi-builder-workspace/.derivedData/Build/Intermediates.noindex/swift-tools-support-core.build/Debug-iphoneos/TSCLibc-t.build/Objects-normal/arm64/TSCLibc.SwiftConstValuesFileList --force --compile-time-extraction --deployment-aware-processing --no-app-shortcuts-localization
2026-09-21 09:11:56.846 appintentsmetadataprocessor[755:4538] Starting appintentsmetadataprocessor export
2026-09-21 09:11:56.937 appintentsmetadataprocessor[755:4538] Extracted no relevant App Intents symbols, skipping writing output
SwiftExplicitDependencyGeneratePcm arm64 /Users/admin/builder/spi-builder-workspace/.derivedData/SDKExplicitPrecompiledModules/os_workgroup-24KM5066VOM199SLPK0FMLPYP.pcm
SwiftExplicitDependencyGeneratePcm arm64 /Users/admin/builder/spi-builder-workspace/.derivedData/SDKExplicitPrecompiledModules/Dispatch-ATYRC6ZTNZOFUFVI4AZT0N36L.pcm
SwiftExplicitDependencyGeneratePcm arm64 /Users/admin/builder/spi-builder-workspace/.derivedData/SDKExplicitPrecompiledModules/CoreFoundation-6RZ7WG7C70RNLQ7W9TEHN64U.pcm
SwiftExplicitDependencyGeneratePcm arm64 /Users/admin/builder/spi-builder-workspace/.derivedData/SDKExplicitPrecompiledModules/XPC-2B8LCRX5U2HGX5DUXAJMAUYF5.pcm
SwiftExplicitDependencyGeneratePcm arm64 /Users/admin/builder/spi-builder-workspace/.derivedData/SDKExplicitPrecompiledModules/CFNetwork-CKHY0HEWI1S67QSGB5QKT2KK1.pcm
SwiftExplicitDependencyGeneratePcm arm64 /Users/admin/builder/spi-builder-workspace/.derivedData/SDKExplicitPrecompiledModules/Security-38LZ2U8T2TAJNP8SDQ1CJJE3F.pcm
SwiftExplicitDependencyGeneratePcm arm64 /Users/admin/builder/spi-builder-workspace/.derivedData/SDKExplicitPrecompiledModules/Foundation-1A84M7V1QOXIBMN0W05H3CVWO.pcm
SwiftExplicitDependencyGeneratePcm arm64 /Users/admin/builder/spi-builder-workspace/.derivedData/SDKExplicitPrecompiledModules/LocalAuthentication-8FYOKDCCDOIRWGNN3O6BGXST.pcm
SwiftEmitModule normal arm64 Emitting\ module\ for\ TSCBasic (in target 'TSCBasic' from project 'swift-tools-support-core')
SwiftCompile normal arm64 (in target 'TSCBasic' from project 'swift-tools-support-core')
    cd /Users/admin/builder/spi-builder-workspace/.swiftpm/xcode

SwiftCompile normal arm64 Compiling\ SynchronizedQueue.swift,\ TemporaryFile.swift,\ TerminalController.swift /Users/admin/builder/spi-builder-workspace/.dependencies/checkouts/swift-tools-support-core/Sources/TSCBasic/SynchronizedQueue.swift /Users/admin/builder/spi-builder-workspace/.dependencies/checkouts/swift-tools-support-core/Sources/TSCBasic/TemporaryFile.swift /Users/admin/builder/spi-builder-workspace/.dependencies/checkouts/swift-tools-support-core/Sources/TSCBasic/TerminalController.swift (in target 'TSCBasic' from project 'swift-tools-support-core')
SwiftCompile normal arm64 /Users/admin/builder/spi-builder-workspace/.dependencies/checkouts/swift-tools-support-core/Sources/TSCBasic/SynchronizedQueue.swift (in target 'TSCBasic' from project 'swift-tools-support-core')
    cd /Users/admin/builder/spi-builder-workspace/.swiftpm/xcode
    builtin-SwiftPerFileCompile SynchronizedQueue.swift
SwiftCompile normal arm64 /Users/admin/builder/spi-builder-workspace/.dependencies/checkouts/swift-tools-support-core/Sources/TSCBasic/TemporaryFile.swift (in target 'TSCBasic' from project 'swift-tools-support-core')
    cd /Users/admin/builder/spi-builder-workspace/.swiftpm/xcode
    builtin-SwiftPerFileCompile TemporaryFile.swift
SwiftCompile normal arm64 /Users/admin/builder/spi-builder-workspace/.dependencies/checkouts/swift-tools-support-core/Sources/TSCBasic/TerminalController.swift (in target 'TSCBasic' from project 'swift-tools-support-core')
    cd /Users/admin/builder/spi-builder-workspace/.swiftpm/xcode
    builtin-SwiftPerFileCompile TerminalController.swift
SwiftCompile normal arm64 Compiling\ Thread.swift,\ WritableByteStream.swift,\ misc.swift /Users/admin/builder/spi-builder-workspace/.dependencies/checkouts/swift-tools-support-core/Sources/TSCBasic/Thread.swift /Users/admin/builder/spi-builder-workspace/.dependencies/checkouts/swift-tools-support-core/Sources/TSCBasic/WritableByteStream.swift /Users/admin/builder/spi-builder-workspace/.dependencies/checkouts/swift-tools-support-core/Sources/TSCBasic/misc.swift (in target 'TSCBasic' from project 'swift-tools-support-core')
SwiftCompile normal arm64 /Users/admin/builder/spi-builder-workspace/.dependencies/checkouts/swift-tools-support-core/Sources/TSCBasic/Thread.swift (in target 'TSCBasic' from project 'swift-tools-support-core')
    cd /Users/admin/builder/spi-builder-workspace/.swiftpm/xcode
    builtin-SwiftPerFileCompile Thread.swift
SwiftCompile normal arm64 /Users/admin/builder/spi-builder-workspace/.dependencies/checkouts/swift-tools-support-core/Sources/TSCBasic/WritableByteStream.swift (in target 'TSCBasic' from project 'swift-tools-support-core')
    cd /Users/admin/builder/spi-builder-workspace/.swiftpm/xcode
    builtin-SwiftPerFileCompile WritableByteStream.swift
SwiftCompile normal arm64 /Users/admin/builder/spi-builder-workspace/.dependencies/checkouts/swift-tools-support-core/Sources/TSCBasic/misc.swift (in target 'TSCBasic' from project 'swift-tools-support-core')
    cd /Users/admin/builder/spi-builder-workspace/.swiftpm/xcode
    builtin-SwiftPerFileCompile misc.swift
SwiftCompile normal arm64 Compiling\ Result.swift,\ SortedArray.swift,\ StringConversions.swift /Users/admin/builder/spi-builder-workspace/.dependencies/checkouts/swift-tools-support-core/Sources/TSCBasic/Result.swift /Users/admin/builder/spi-builder-workspace/.dependencies/checkouts/swift-tools-support-core/Sources/TSCBasic/SortedArray.swift /Users/admin/builder/spi-builder-workspace/.dependencies/checkouts/swift-tools-support-core/Sources/TSCBasic/StringConversions.swift (in target 'TSCBasic' from project 'swift-tools-support-core')
SwiftCompile normal arm64 /Users/admin/builder/spi-builder-workspace/.dependencies/checkouts/swift-tools-support-core/Sources/TSCBasic/Result.swift (in target 'TSCBasic' from project 'swift-tools-support-core')
    cd /Users/admin/builder/spi-builder-workspace/.swiftpm/xcode
    builtin-SwiftPerFileCompile Result.swift
SwiftCompile normal arm64 /Users/admin/builder/spi-builder-workspace/.dependencies/checkouts/swift-tools-support-core/Sources/TSCBasic/SortedArray.swift (in target 'TSCBasic' from project 'swift-tools-support-core')
    cd /Users/admin/builder/spi-builder-workspace/.swiftpm/xcode
    builtin-SwiftPerFileCompile SortedArray.swift
SwiftCompile normal arm64 /Users/admin/builder/spi-builder-workspace/.dependencies/checkouts/swift-tools-support-core/Sources/TSCBasic/StringConversions.swift (in target 'TSCBasic' from project 'swift-tools-support-core')
    cd /Users/admin/builder/spi-builder-workspace/.swiftpm/xcode
    builtin-SwiftPerFileCompile StringConversions.swift
SwiftCompile normal arm64 Compiling\ JSONMapper.swift,\ KeyedPair.swift,\ Lock.swift,\ OrderedDictionary.swift /Users/admin/builder/spi-builder-workspace/.dependencies/checkouts/swift-tools-support-core/Sources/TSCBasic/JSONMapper.swift /Users/admin/builder/spi-builder-workspace/.dependencies/checkouts/swift-tools-support-core/Sources/TSCBasic/KeyedPair.swift /Users/admin/builder/spi-builder-workspace/.dependencies/checkouts/swift-tools-support-core/Sources/TSCBasic/Lock.swift /Users/admin/builder/spi-builder-workspace/.dependencies/checkouts/swift-tools-support-core/Sources/TSCBasic/OrderedDictionary.swift (in target 'TSCBasic' from project 'swift-tools-support-core')
SwiftCompile normal arm64 /Users/admin/builder/spi-builder-workspace/.dependencies/checkouts/swift-tools-support-core/Sources/TSCBasic/JSONMapper.swift (in target 'TSCBasic' from project 'swift-tools-support-core')
    cd /Users/admin/builder/spi-builder-workspace/.swiftpm/xcode
    builtin-SwiftPerFileCompile JSONMapper.swift
SwiftCompile normal arm64 /Users/admin/builder/spi-builder-workspace/.dependencies/checkouts/swift-tools-support-core/Sources/TSCBasic/KeyedPair.swift (in target 'TSCBasic' from project 'swift-tools-support-core')
    cd /Users/admin/builder/spi-builder-workspace/.swiftpm/xcode
    builtin-SwiftPerFileCompile KeyedPair.swift
SwiftCompile normal arm64 /Users/admin/builder/spi-builder-workspace/.dependencies/checkouts/swift-tools-support-core/Sources/TSCBasic/Lock.swift (in target 'TSCBasic' from project 'swift-tools-support-core')
    cd /Users/admin/builder/spi-builder-workspace/.swiftpm/xcode
    builtin-SwiftPerFileCompile Lock.swift
SwiftCompile normal arm64 /Users/admin/builder/spi-builder-workspace/.dependencies/checkouts/swift-tools-support-core/Sources/TSCBasic/OrderedDictionary.swift (in target 'TSCBasic' from project 'swift-tools-support-core')
    cd /Users/admin/builder/spi-builder-workspace/.swiftpm/xcode
    builtin-SwiftPerFileCompile OrderedDictionary.swift
SwiftCompile normal arm64 Compiling\ OrderedSet.swift,\ Path.swift,\ PathShims.swift,\ Process.swift /Users/admin/builder/spi-builder-workspace/.dependencies/checkouts/swift-tools-support-core/Sources/TSCBasic/OrderedSet.swift /Users/admin/builder/spi-builder-workspace/.dependencies/checkouts/swift-tools-support-core/Sources/TSCBasic/Path.swift /Users/admin/builder/spi-builder-workspace/.dependencies/checkouts/swift-tools-support-core/Sources/TSCBasic/PathShims.swift /Users/admin/builder/spi-builder-workspace/.dependencies/checkouts/swift-tools-support-core/Sources/TSCBasic/Process/Process.swift (in target 'TSCBasic' from project 'swift-tools-support-core')
SwiftCompile normal arm64 /Users/admin/builder/spi-builder-workspace/.dependencies/checkouts/swift-tools-support-core/Sources/TSCBasic/OrderedSet.swift (in target 'TSCBasic' from project 'swift-tools-support-core')
    cd /Users/admin/builder/spi-builder-workspace/.swiftpm/xcode
    builtin-SwiftPerFileCompile OrderedSet.swift
SwiftCompile normal arm64 /Users/admin/builder/spi-builder-workspace/.dependencies/checkouts/swift-tools-support-core/Sources/TSCBasic/Path.swift (in target 'TSCBasic' from project 'swift-tools-support-core')
    cd /Users/admin/builder/spi-builder-workspace/.swiftpm/xcode
    builtin-SwiftPerFileCompile Path.swift
SwiftCompile normal arm64 /Users/admin/builder/spi-builder-workspace/.dependencies/checkouts/swift-tools-support-core/Sources/TSCBasic/PathShims.swift (in target 'TSCBasic' from project 'swift-tools-support-core')
    cd /Users/admin/builder/spi-builder-workspace/.swiftpm/xcode
    builtin-SwiftPerFileCompile PathShims.swift
SwiftCompile normal arm64 /Users/admin/builder/spi-builder-workspace/.dependencies/checkouts/swift-tools-support-core/Sources/TSCBasic/Process/Process.swift (in target 'TSCBasic' from project 'swift-tools-support-core')
    cd /Users/admin/builder/spi-builder-workspace/.swiftpm/xcode
    builtin-SwiftPerFileCompile Process.swift
SwiftCompile normal arm64 Compiling\ ProcessEnv.swift,\ ProcessSet.swift,\ RegEx.swift /Users/admin/builder/spi-builder-workspace/.dependencies/checkouts/swift-tools-support-core/Sources/TSCBasic/Process/ProcessEnv.swift /Users/admin/builder/spi-builder-workspace/.dependencies/checkouts/swift-tools-support-core/Sources/TSCBasic/Process/ProcessSet.swift /Users/admin/builder/spi-builder-workspace/.dependencies/checkouts/swift-tools-support-core/Sources/TSCBasic/RegEx.swift (in target 'TSCBasic' from project 'swift-tools-support-core')
SwiftCompile normal arm64 /Users/admin/builder/spi-builder-workspace/.dependencies/checkouts/swift-tools-support-core/Sources/TSCBasic/Process/ProcessEnv.swift (in target 'TSCBasic' from project 'swift-tools-support-core')
    cd /Users/admin/builder/spi-builder-workspace/.swiftpm/xcode
    builtin-SwiftPerFileCompile ProcessEnv.swift
SwiftCompile normal arm64 /Users/admin/builder/spi-builder-workspace/.dependencies/checkouts/swift-tools-support-core/Sources/TSCBasic/Process/ProcessSet.swift (in target 'TSCBasic' from project 'swift-tools-support-core')
    cd /Users/admin/builder/spi-builder-workspace/.swiftpm/xcode
    builtin-SwiftPerFileCompile ProcessSet.swift
SwiftCompile normal arm64 /Users/admin/builder/spi-builder-workspace/.dependencies/checkouts/swift-tools-support-core/Sources/TSCBasic/RegEx.swift (in target 'TSCBasic' from project 'swift-tools-support-core')
    cd /Users/admin/builder/spi-builder-workspace/.swiftpm/xcode
    builtin-SwiftPerFileCompile RegEx.swift
SwiftCompile normal arm64 Compiling\ FileSystem.swift,\ GraphAlgorithms.swift,\ HashAlgorithms.swift,\ JSON.swift /Users/admin/builder/spi-builder-workspace/.dependencies/checkouts/swift-tools-support-core/Sources/TSCBasic/FileSystem.swift /Users/admin/builder/spi-builder-workspace/.dependencies/checkouts/swift-tools-support-core/Sources/TSCBasic/GraphAlgorithms.swift /Users/admin/builder/spi-builder-workspace/.dependencies/checkouts/swift-tools-support-core/Sources/TSCBasic/HashAlgorithms.swift /Users/admin/builder/spi-builder-workspace/.dependencies/checkouts/swift-tools-support-core/Sources/TSCBasic/JSON.swift (in target 'TSCBasic' from project 'swift-tools-support-core')
SwiftCompile normal arm64 /Users/admin/builder/spi-builder-workspace/.dependencies/checkouts/swift-tools-support-core/Sources/TSCBasic/FileSystem.swift (in target 'TSCBasic' from project 'swift-tools-support-core')
    cd /Users/admin/builder/spi-builder-workspace/.swiftpm/xcode
    builtin-SwiftPerFileCompile FileSystem.swift
SwiftCompile normal arm64 /Users/admin/builder/spi-builder-workspace/.dependencies/checkouts/swift-tools-support-core/Sources/TSCBasic/GraphAlgorithms.swift (in target 'TSCBasic' from project 'swift-tools-support-core')
    cd /Users/admin/builder/spi-builder-workspace/.swiftpm/xcode
    builtin-SwiftPerFileCompile GraphAlgorithms.swift
SwiftCompile normal arm64 /Users/admin/builder/spi-builder-workspace/.dependencies/checkouts/swift-tools-support-core/Sources/TSCBasic/HashAlgorithms.swift (in target 'TSCBasic' from project 'swift-tools-support-core')
    cd /Users/admin/builder/spi-builder-workspace/.swiftpm/xcode
    builtin-SwiftPerFileCompile HashAlgorithms.swift
SwiftCompile normal arm64 /Users/admin/builder/spi-builder-workspace/.dependencies/checkouts/swift-tools-support-core/Sources/TSCBasic/JSON.swift (in target 'TSCBasic' from project 'swift-tools-support-core')
    cd /Users/admin/builder/spi-builder-workspace/.swiftpm/xcode
    builtin-SwiftPerFileCompile JSON.swift
SwiftCompile normal arm64 Compiling\ DictionaryExtensions.swift,\ DictionaryLiteralExtensions.swift,\ EditDistance.swift,\ FileInfo.swift /Users/admin/builder/spi-builder-workspace/.dependencies/checkouts/swift-tools-support-core/Sources/TSCBasic/DictionaryExtensions.swift /Users/admin/builder/spi-builder-workspace/.dependencies/checkouts/swift-tools-support-core/Sources/TSCBasic/DictionaryLiteralExtensions.swift /Users/admin/builder/spi-builder-workspace/.dependencies/checkouts/swift-tools-support-core/Sources/TSCBasic/EditDistance.swift /Users/admin/builder/spi-builder-workspace/.dependencies/checkouts/swift-tools-support-core/Sources/TSCBasic/FileInfo.swift (in target 'TSCBasic' from project 'swift-tools-support-core')
SwiftCompile normal arm64 /Users/admin/builder/spi-builder-workspace/.dependencies/checkouts/swift-tools-support-core/Sources/TSCBasic/DictionaryExtensions.swift (in target 'TSCBasic' from project 'swift-tools-support-core')
    cd /Users/admin/builder/spi-builder-workspace/.swiftpm/xcode
    builtin-SwiftPerFileCompile DictionaryExtensions.swift
SwiftCompile normal arm64 /Users/admin/builder/spi-builder-workspace/.dependencies/checkouts/swift-tools-support-core/Sources/TSCBasic/DictionaryLiteralExtensions.swift (in target 'TSCBasic' from project 'swift-tools-support-core')
    cd /Users/admin/builder/spi-builder-workspace/.swiftpm/xcode
    builtin-SwiftPerFileCompile DictionaryLiteralExtensions.swift
SwiftCompile normal arm64 /Users/admin/builder/spi-builder-workspace/.dependencies/checkouts/swift-tools-support-core/Sources/TSCBasic/EditDistance.swift (in target 'TSCBasic' from project 'swift-tools-support-core')
    cd /Users/admin/builder/spi-builder-workspace/.swiftpm/xcode
    builtin-SwiftPerFileCompile EditDistance.swift
SwiftCompile normal arm64 /Users/admin/builder/spi-builder-workspace/.dependencies/checkouts/swift-tools-support-core/Sources/TSCBasic/FileInfo.swift (in target 'TSCBasic' from project 'swift-tools-support-core')
    cd /Users/admin/builder/spi-builder-workspace/.swiftpm/xcode
    builtin-SwiftPerFileCompile FileInfo.swift
SwiftCompile normal arm64 Compiling\ Await.swift,\ ByteString.swift,\ CStringArray.swift,\ Closable.swift /Users/admin/builder/spi-builder-workspace/.dependencies/checkouts/swift-tools-support-core/Sources/TSCBasic/Await.swift /Users/admin/builder/spi-builder-workspace/.dependencies/checkouts/swift-tools-support-core/Sources/TSCBasic/ByteString.swift /Users/admin/builder/spi-builder-workspace/.dependencies/checkouts/swift-tools-support-core/Sources/TSCBasic/CStringArray.swift /Users/admin/builder/spi-builder-workspace/.dependencies/checkouts/swift-tools-support-core/Sources/TSCBasic/Closable.swift (in target 'TSCBasic' from project 'swift-tools-support-core')
SwiftCompile normal arm64 /Users/admin/builder/spi-builder-workspace/.dependencies/checkouts/swift-tools-support-core/Sources/TSCBasic/Await.swift (in target 'TSCBasic' from project 'swift-tools-support-core')
    cd /Users/admin/builder/spi-builder-workspace/.swiftpm/xcode
    builtin-SwiftPerFileCompile Await.swift
SwiftCompile normal arm64 /Users/admin/builder/spi-builder-workspace/.dependencies/checkouts/swift-tools-support-core/Sources/TSCBasic/ByteString.swift (in target 'TSCBasic' from project 'swift-tools-support-core')
    cd /Users/admin/builder/spi-builder-workspace/.swiftpm/xcode
    builtin-SwiftPerFileCompile ByteString.swift
SwiftCompile normal arm64 /Users/admin/builder/spi-builder-workspace/.dependencies/checkouts/swift-tools-support-core/Sources/TSCBasic/CStringArray.swift (in target 'TSCBasic' from project 'swift-tools-support-core')
    cd /Users/admin/builder/spi-builder-workspace/.swiftpm/xcode
    builtin-SwiftPerFileCompile CStringArray.swift
SwiftCompile normal arm64 /Users/admin/builder/spi-builder-workspace/.dependencies/checkouts/swift-tools-support-core/Sources/TSCBasic/Closable.swift (in target 'TSCBasic' from project 'swift-tools-support-core')
    cd /Users/admin/builder/spi-builder-workspace/.swiftpm/xcode
    builtin-SwiftPerFileCompile Closable.swift
SwiftCompile normal arm64 Compiling\ CollectionAlgorithms.swift,\ CollectionExtensions.swift,\ Condition.swift,\ DiagnosticsEngine.swift /Users/admin/builder/spi-builder-workspace/.dependencies/checkouts/swift-tools-support-core/Sources/TSCBasic/CollectionAlgorithms.swift /Users/admin/builder/spi-builder-workspace/.dependencies/checkouts/swift-tools-support-core/Sources/TSCBasic/CollectionExtensions.swift /Users/admin/builder/spi-builder-workspace/.dependencies/checkouts/swift-tools-support-core/Sources/TSCBasic/Condition.swift /Users/admin/builder/spi-builder-workspace/.dependencies/checkouts/swift-tools-support-core/Sources/TSCBasic/DiagnosticsEngine.swift (in target 'TSCBasic' from project 'swift-tools-support-core')
SwiftCompile normal arm64 /Users/admin/builder/spi-builder-workspace/.dependencies/checkouts/swift-tools-support-core/Sources/TSCBasic/CollectionAlgorithms.swift (in target 'TSCBasic' from project 'swift-tools-support-core')
    cd /Users/admin/builder/spi-builder-workspace/.swiftpm/xcode
    builtin-SwiftPerFileCompile CollectionAlgorithms.swift
SwiftCompile normal arm64 /Users/admin/builder/spi-builder-workspace/.dependencies/checkouts/swift-tools-support-core/Sources/TSCBasic/CollectionExtensions.swift (in target 'TSCBasic' from project 'swift-tools-support-core')
    cd /Users/admin/builder/spi-builder-workspace/.swiftpm/xcode
    builtin-SwiftPerFileCompile CollectionExtensions.swift
SwiftCompile normal arm64 /Users/admin/builder/spi-builder-workspace/.dependencies/checkouts/swift-tools-support-core/Sources/TSCBasic/Condition.swift (in target 'TSCBasic' from project 'swift-tools-support-core')
    cd /Users/admin/builder/spi-builder-workspace/.swiftpm/xcode
    builtin-SwiftPerFileCompile Condition.swift
SwiftCompile normal arm64 /Users/admin/builder/spi-builder-workspace/.dependencies/checkouts/swift-tools-support-core/Sources/TSCBasic/DiagnosticsEngine.swift (in target 'TSCBasic' from project 'swift-tools-support-core')
    cd /Users/admin/builder/spi-builder-workspace/.swiftpm/xcode
    builtin-SwiftPerFileCompile DiagnosticsEngine.swift
SwiftDriverJobDiscovery normal arm64 Emitting module for TSCBasic (in target 'TSCBasic' from project 'swift-tools-support-core')
SwiftDriver\ Compilation\ Requirements TSCBasic normal arm64 com.apple.xcode.tools.swift.compiler (in target 'TSCBasic' from project 'swift-tools-support-core')
    cd /Users/admin/builder/spi-builder-workspace/.swiftpm/xcode
    builtin-Swift-Compilation-Requirements -- /Applications/Xcode-27.0.0-Release.Candidate.app/Contents/Developer/Toolchains/XcodeDefault.xctoolchain/usr/bin/swiftc -parse-as-library -module-name TSCBasic -Onone @/Users/admin/builder/spi-builder-workspace/.derivedData/Build/Intermediates.noindex/swift-tools-support-core.build/Debug-iphoneos/TSCBasic-t.build/Objects-normal/arm64/TSCBasic.SwiftFileList -DSWIFT_PACKAGE -DDEBUG -DSWIFT_MODULE_RESOURCE_BUNDLE_UNAVAILABLE -Xcc -fmodule-map-file\=/Users/admin/builder/spi-builder-workspace/.dependencies/checkouts/swift-tools-support-core/Sources/TSCclibc/include/module.modulemap -DXcode -plugin-path /Applications/Xcode-27.0.0-Release.Candidate.app/Contents/Developer/Toolchains/XcodeDefault.xctoolchain/usr/lib/swift/host/plugins/testing -enable-experimental-feature DebugDescriptionMacro -sdk /Applications/Xcode-27.0.0-Release.Candidate.app/Contents/Developer/Platforms/iPhoneOS.platform/Developer/SDKs/iPhoneOS27.0.sdk -target arm64-apple-ios15.0 -g -module-cache-path /Users/admin/builder/spi-builder-workspace/.derivedData/ModuleCache.noindex -Xfrontend -serialize-debugging-options -profile-coverage-mapping -profile-generate -enable-testing -suppress-warnings -index-store-path /Users/admin/builder/spi-builder-workspace/.derivedData/Index.noindex/DataStore -Xcc -D_LIBCPP_HARDENING_MODE\=_LIBCPP_HARDENING_MODE_DEBUG -swift-version 5 -I /Users/admin/builder/spi-builder-workspace/.derivedData/Build/Products/Debug-iphoneos -Isystem /Applications/Xcode-27.0.0-Release.Candidate.app/Contents/Developer/Platforms/iPhoneOS.platform/Developer/usr/lib -F /Users/admin/builder/spi-builder-workspace/.derivedData/Build/Products/Debug-iphoneos/PackageFrameworks -F /Users/admin/builder/spi-builder-workspace/.derivedData/Build/Products/Debug-iphoneos -F /Applications/Xcode-27.0.0-Release.Candidate.app/Contents/Developer/Platforms/iPhoneOS.platform/Developer/Library/Frameworks -F /Applications/Xcode-27.0.0-Release.Candidate.app/Contents/Developer/Platforms/iPhoneOS.platform/Developer/SDKs/iPhoneOS27.0.sdk/Developer/Library/Frameworks -c -j10 -enable-batch-mode -incremental -Xcc -ivfsstatcache -Xcc /Users/admin/builder/spi-builder-workspace/.derivedData/SDKStatCaches.noindex/iphoneos27.0-24A430-e829b21a6f8c9b70876ba0858053c04440ceaa042ed91876912b2eeea4e3aa14.sdkstatcache -output-file-map /Users/admin/builder/spi-builder-workspace/.derivedData/Build/Intermediates.noindex/swift-tools-support-core.build/Debug-iphoneos/TSCBasic-t.build/Objects-normal/arm64/TSCBasic-OutputFileMap.json -save-temps -no-color-diagnostics -explicit-module-build -module-cache-path /Users/admin/builder/spi-builder-workspace/.derivedData/Build/Intermediates.noindex/SwiftExplicitPrecompiledModules -clang-scanner-module-cache-path /Users/admin/builder/spi-builder-workspace/.derivedData/ModuleCache.noindex -sdk-module-cache-path /Users/admin/builder/spi-builder-workspace/.derivedData/SDKExplicitPrecompiledModules -emit-dependencies -emit-module -emit-module-path /Users/admin/builder/spi-builder-workspace/.derivedData/Build/Intermediates.noindex/swift-tools-support-core.build/Debug-iphoneos/TSCBasic-t.build/Objects-normal/arm64/TSCBasic.swiftmodule -serialize-diagnostics -dependency-scan-serialize-diagnostics-path /Users/admin/builder/spi-builder-workspace/.derivedData/Build/Intermediates.noindex/swift-tools-support-core.build/Debug-iphoneos/TSCBasic-t.build/Objects-normal/arm64/TSCBasic-dependency-scan.dia -validate-clang-modules-once -clang-build-session-file /Users/admin/builder/spi-builder-workspace/.derivedData/ModuleCache.noindex/Session.modulevalidation -Xcc -fmodules-prune-interval\=86400 -Xcc -fmodules-prune-after\=345600 -emit-const-values -const-gather-protocols-list /Users/admin/builder/spi-builder-workspace/.derivedData/Build/Intermediates.noindex/swift-tools-support-core.build/Debug-iphoneos/TSCBasic-t.build/Objects-normal/arm64/TSCBasic_const_extract_protocols.json -Xcc -I/Users/admin/builder/spi-builder-workspace/.dependencies/checkouts/swift-tools-support-core/Sources/TSCclibc/include -Xcc -I/Users/admin/builder/spi-builder-workspace/.derivedData/Build/Products/Debug-iphoneos/include -Xcc -I/Users/admin/builder/spi-builder-workspace/.derivedData/Build/Intermediates.noindex/swift-tools-support-core.build/Debug-iphoneos/TSCBasic-t.build/DerivedSources-normal/arm64 -Xcc -I/Users/admin/builder/spi-builder-workspace/.derivedData/Build/Intermediates.noindex/swift-tools-support-core.build/Debug-iphoneos/TSCBasic-t.build/DerivedSources/arm64 -Xcc -I/Users/admin/builder/spi-builder-workspace/.derivedData/Build/Intermediates.noindex/swift-tools-support-core.build/Debug-iphoneos/TSCBasic-t.build/DerivedSources -Xcc -DSWIFT_PACKAGE -Xcc -DDEBUG\=1 -emit-objc-header -emit-objc-header-path /Users/admin/builder/spi-builder-workspace/.derivedData/Build/Intermediates.noindex/swift-tools-support-core.build/Debug-iphoneos/TSCBasic-t.build/Objects-normal/arm64/TSCBasic-Swift.h -working-directory /Users/admin/builder/spi-builder-workspace/.swiftpm/xcode -experimental-emit-module-separately -disable-cmo
SwiftDriverJobDiscovery normal arm64 Compiling SynchronizedQueue.swift, TemporaryFile.swift, TerminalController.swift (in target 'TSCBasic' from project 'swift-tools-support-core')
SwiftDriverJobDiscovery normal arm64 Compiling Await.swift, ByteString.swift, CStringArray.swift, Closable.swift (in target 'TSCBasic' from project 'swift-tools-support-core')
SwiftDriverJobDiscovery normal arm64 Compiling ProcessEnv.swift, ProcessSet.swift, RegEx.swift (in target 'TSCBasic' from project 'swift-tools-support-core')
SwiftDriverJobDiscovery normal arm64 Compiling DictionaryExtensions.swift, DictionaryLiteralExtensions.swift, EditDistance.swift, FileInfo.swift (in target 'TSCBasic' from project 'swift-tools-support-core')
SwiftDriverJobDiscovery normal arm64 Compiling JSONMapper.swift, KeyedPair.swift, Lock.swift, OrderedDictionary.swift (in target 'TSCBasic' from project 'swift-tools-support-core')
SwiftMergeGeneratedHeaders /Users/admin/builder/spi-builder-workspace/.derivedData/Build/Intermediates.noindex/GeneratedModuleMaps-iphoneos/TSCBasic-Swift.h /Users/admin/builder/spi-builder-workspace/.derivedData/Build/Intermediates.noindex/swift-tools-support-core.build/Debug-iphoneos/TSCBasic-t.build/Objects-normal/arm64/TSCBasic-Swift.h (in target 'TSCBasic' from project 'swift-tools-support-core')
    cd /Users/admin/builder/spi-builder-workspace/.dependencies/checkouts/swift-tools-support-core
    builtin-swiftHeaderTool -arch arm64 /Users/admin/builder/spi-builder-workspace/.derivedData/Build/Intermediates.noindex/swift-tools-support-core.build/Debug-iphoneos/TSCBasic-t.build/Objects-normal/arm64/TSCBasic-Swift.h -o /Users/admin/builder/spi-builder-workspace/.derivedData/Build/Intermediates.noindex/GeneratedModuleMaps-iphoneos/TSCBasic-Swift.h
SwiftDriverJobDiscovery normal arm64 Compiling Result.swift, SortedArray.swift, StringConversions.swift (in target 'TSCBasic' from project 'swift-tools-support-core')
Copy /Users/admin/builder/spi-builder-workspace/.derivedData/Build/Products/Debug-iphoneos/TSCBasic.swiftmodule/arm64-apple-ios.swiftmodule /Users/admin/builder/spi-builder-workspace/.derivedData/Build/Intermediates.noindex/swift-tools-support-core.build/Debug-iphoneos/TSCBasic-t.build/Objects-normal/arm64/TSCBasic.swiftmodule (in target 'TSCBasic' from project 'swift-tools-support-core')
    cd /Users/admin/builder/spi-builder-workspace/.dependencies/checkouts/swift-tools-support-core
    builtin-copy -exclude .DS_Store -exclude CVS -exclude .svn -exclude .git -exclude .hg -resolve-src-symlinks -rename /Users/admin/builder/spi-builder-workspace/.derivedData/Build/Intermediates.noindex/swift-tools-support-core.build/Debug-iphoneos/TSCBasic-t.build/Objects-normal/arm64/TSCBasic.swiftmodule /Users/admin/builder/spi-builder-workspace/.derivedData/Build/Products/Debug-iphoneos/TSCBasic.swiftmodule/arm64-apple-ios.swiftmodule
Copy /Users/admin/builder/spi-builder-workspace/.derivedData/Build/Products/Debug-iphoneos/TSCBasic.swiftmodule/arm64-apple-ios.swiftdoc /Users/admin/builder/spi-builder-workspace/.derivedData/Build/Intermediates.noindex/swift-tools-support-core.build/Debug-iphoneos/TSCBasic-t.build/Objects-normal/arm64/TSCBasic.swiftdoc (in target 'TSCBasic' from project 'swift-tools-support-core')
    cd /Users/admin/builder/spi-builder-workspace/.dependencies/checkouts/swift-tools-support-core
    builtin-copy -exclude .DS_Store -exclude CVS -exclude .svn -exclude .git -exclude .hg -resolve-src-symlinks -rename /Users/admin/builder/spi-builder-workspace/.derivedData/Build/Intermediates.noindex/swift-tools-support-core.build/Debug-iphoneos/TSCBasic-t.build/Objects-normal/arm64/TSCBasic.swiftdoc /Users/admin/builder/spi-builder-workspace/.derivedData/Build/Products/Debug-iphoneos/TSCBasic.swiftmodule/arm64-apple-ios.swiftdoc
Copy /Users/admin/builder/spi-builder-workspace/.derivedData/Build/Products/Debug-iphoneos/TSCBasic.swiftmodule/arm64-apple-ios.abi.json /Users/admin/builder/spi-builder-workspace/.derivedData/Build/Intermediates.noindex/swift-tools-support-core.build/Debug-iphoneos/TSCBasic-t.build/Objects-normal/arm64/TSCBasic.abi.json (in target 'TSCBasic' from project 'swift-tools-support-core')
    cd /Users/admin/builder/spi-builder-workspace/.dependencies/checkouts/swift-tools-support-core
    builtin-copy -exclude .DS_Store -exclude CVS -exclude .svn -exclude .git -exclude .hg -resolve-src-symlinks -rename /Users/admin/builder/spi-builder-workspace/.derivedData/Build/Intermediates.noindex/swift-tools-support-core.build/Debug-iphoneos/TSCBasic-t.build/Objects-normal/arm64/TSCBasic.abi.json /Users/admin/builder/spi-builder-workspace/.derivedData/Build/Products/Debug-iphoneos/TSCBasic.swiftmodule/arm64-apple-ios.abi.json
Copy /Users/admin/builder/spi-builder-workspace/.derivedData/Build/Products/Debug-iphoneos/TSCBasic.swiftmodule/Project/arm64-apple-ios.swiftsourceinfo /Users/admin/builder/spi-builder-workspace/.derivedData/Build/Intermediates.noindex/swift-tools-support-core.build/Debug-iphoneos/TSCBasic-t.build/Objects-normal/arm64/TSCBasic.swiftsourceinfo (in target 'TSCBasic' from project 'swift-tools-support-core')
    cd /Users/admin/builder/spi-builder-workspace/.dependencies/checkouts/swift-tools-support-core
    builtin-copy -exclude .DS_Store -exclude CVS -exclude .svn -exclude .git -exclude .hg -resolve-src-symlinks -rename /Users/admin/builder/spi-builder-workspace/.derivedData/Build/Intermediates.noindex/swift-tools-support-core.build/Debug-iphoneos/TSCBasic-t.build/Objects-normal/arm64/TSCBasic.swiftsourceinfo /Users/admin/builder/spi-builder-workspace/.derivedData/Build/Products/Debug-iphoneos/TSCBasic.swiftmodule/Project/arm64-apple-ios.swiftsourceinfo
SwiftDriverJobDiscovery normal arm64 Compiling Thread.swift, WritableByteStream.swift, misc.swift (in target 'TSCBasic' from project 'swift-tools-support-core')
SwiftDriver TSCUtility normal arm64 com.apple.xcode.tools.swift.compiler (in target 'TSCUtility' from project 'swift-tools-support-core')
    cd /Users/admin/builder/spi-builder-workspace/.swiftpm/xcode
    builtin-SwiftDriver -- /Applications/Xcode-27.0.0-Release.Candidate.app/Contents/Developer/Toolchains/XcodeDefault.xctoolchain/usr/bin/swiftc -parse-as-library -module-name TSCUtility -Onone @/Users/admin/builder/spi-builder-workspace/.derivedData/Build/Intermediates.noindex/swift-tools-support-core.build/Debug-iphoneos/TSCUtility-t.build/Objects-normal/arm64/TSCUtility.SwiftFileList -DSWIFT_PACKAGE -DDEBUG -DSWIFT_MODULE_RESOURCE_BUNDLE_UNAVAILABLE -Xcc -fmodule-map-file\=/Users/admin/builder/spi-builder-workspace/.dependencies/checkouts/swift-tools-support-core/Sources/TSCclibc/include/module.modulemap -DXcode -plugin-path /Applications/Xcode-27.0.0-Release.Candidate.app/Contents/Developer/Toolchains/XcodeDefault.xctoolchain/usr/lib/swift/host/plugins/testing -enable-experimental-feature DebugDescriptionMacro -sdk /Applications/Xcode-27.0.0-Release.Candidate.app/Contents/Developer/Platforms/iPhoneOS.platform/Developer/SDKs/iPhoneOS27.0.sdk -target arm64-apple-ios15.0 -g -module-cache-path /Users/admin/builder/spi-builder-workspace/.derivedData/ModuleCache.noindex -Xfrontend -serialize-debugging-options -profile-coverage-mapping -profile-generate -enable-testing -suppress-warnings -index-store-path /Users/admin/builder/spi-builder-workspace/.derivedData/Index.noindex/DataStore -Xcc -D_LIBCPP_HARDENING_MODE\=_LIBCPP_HARDENING_MODE_DEBUG -swift-version 5 -I /Users/admin/builder/spi-builder-workspace/.derivedData/Build/Products/Debug-iphoneos -Isystem /Applications/Xcode-27.0.0-Release.Candidate.app/Contents/Developer/Platforms/iPhoneOS.platform/Developer/usr/lib -F /Users/admin/builder/spi-builder-workspace/.derivedData/Build/Products/Debug-iphoneos/PackageFrameworks -F /Users/admin/builder/spi-builder-workspace/.derivedData/Build/Products/Debug-iphoneos -F /Applications/Xcode-27.0.0-Release.Candidate.app/Contents/Developer/Platforms/iPhoneOS.platform/Developer/Library/Frameworks -F /Applications/Xcode-27.0.0-Release.Candidate.app/Contents/Developer/Platforms/iPhoneOS.platform/Developer/SDKs/iPhoneOS27.0.sdk/Developer/Library/Frameworks -c -j10 -enable-batch-mode -incremental -Xcc -ivfsstatcache -Xcc /Users/admin/builder/spi-builder-workspace/.derivedData/SDKStatCaches.noindex/iphoneos27.0-24A430-e829b21a6f8c9b70876ba0858053c04440ceaa042ed91876912b2eeea4e3aa14.sdkstatcache -output-file-map /Users/admin/builder/spi-builder-workspace/.derivedData/Build/Intermediates.noindex/swift-tools-support-core.build/Debug-iphoneos/TSCUtility-t.build/Objects-normal/arm64/TSCUtility-OutputFileMap.json -save-temps -no-color-diagnostics -explicit-module-build -module-cache-path /Users/admin/builder/spi-builder-workspace/.derivedData/Build/Intermediates.noindex/SwiftExplicitPrecompiledModules -clang-scanner-module-cache-path /Users/admin/builder/spi-builder-workspace/.derivedData/ModuleCache.noindex -sdk-module-cache-path /Users/admin/builder/spi-builder-workspace/.derivedData/SDKExplicitPrecompiledModules -emit-dependencies -emit-module -emit-module-path /Users/admin/builder/spi-builder-workspace/.derivedData/Build/Intermediates.noindex/swift-tools-support-core.build/Debug-iphoneos/TSCUtility-t.build/Objects-normal/arm64/TSCUtility.swiftmodule -serialize-diagnostics -dependency-scan-serialize-diagnostics-path /Users/admin/builder/spi-builder-workspace/.derivedData/Build/Intermediates.noindex/swift-tools-support-core.build/Debug-iphoneos/TSCUtility-t.build/Objects-normal/arm64/TSCUtility-dependency-scan.dia -validate-clang-modules-once -clang-build-session-file /Users/admin/builder/spi-builder-workspace/.derivedData/ModuleCache.noindex/Session.modulevalidation -Xcc -fmodules-prune-interval\=86400 -Xcc -fmodules-prune-after\=345600 -emit-const-values -const-gather-protocols-list /Users/admin/builder/spi-builder-workspace/.derivedData/Build/Intermediates.noindex/swift-tools-support-core.build/Debug-iphoneos/TSCUtility-t.build/Objects-normal/arm64/TSCUtility_const_extract_protocols.json -Xcc -I/Users/admin/builder/spi-builder-workspace/.dependencies/checkouts/swift-tools-support-core/Sources/TSCclibc/include -Xcc -I/Users/admin/builder/spi-builder-workspace/.derivedData/Build/Products/Debug-iphoneos/include -Xcc -I/Users/admin/builder/spi-builder-workspace/.derivedData/Build/Intermediates.noindex/swift-tools-support-core.build/Debug-iphoneos/TSCUtility-t.build/DerivedSources-normal/arm64 -Xcc -I/Users/admin/builder/spi-builder-workspace/.derivedData/Build/Intermediates.noindex/swift-tools-support-core.build/Debug-iphoneos/TSCUtility-t.build/DerivedSources/arm64 -Xcc -I/Users/admin/builder/spi-builder-workspace/.derivedData/Build/Intermediates.noindex/swift-tools-support-core.build/Debug-iphoneos/TSCUtility-t.build/DerivedSources -Xcc -DSWIFT_PACKAGE -Xcc -DDEBUG\=1 -emit-objc-header -emit-objc-header-path /Users/admin/builder/spi-builder-workspace/.derivedData/Build/Intermediates.noindex/swift-tools-support-core.build/Debug-iphoneos/TSCUtility-t.build/Objects-normal/arm64/TSCUtility-Swift.h -working-directory /Users/admin/builder/spi-builder-workspace/.swiftpm/xcode -experimental-emit-module-separately -disable-cmo
SwiftDriverJobDiscovery normal arm64 Compiling CollectionAlgorithms.swift, CollectionExtensions.swift, Condition.swift, DiagnosticsEngine.swift (in target 'TSCBasic' from project 'swift-tools-support-core')
SwiftDriverJobDiscovery normal arm64 Compiling OrderedSet.swift, Path.swift, PathShims.swift, Process.swift (in target 'TSCBasic' from project 'swift-tools-support-core')
SwiftDriverJobDiscovery normal arm64 Compiling FileSystem.swift, GraphAlgorithms.swift, HashAlgorithms.swift, JSON.swift (in target 'TSCBasic' from project 'swift-tools-support-core')
SwiftDriver\ Compilation TSCBasic normal arm64 com.apple.xcode.tools.swift.compiler (in target 'TSCBasic' from project 'swift-tools-support-core')
    cd /Users/admin/builder/spi-builder-workspace/.swiftpm/xcode
    builtin-Swift-Compilation -- /Applications/Xcode-27.0.0-Release.Candidate.app/Contents/Developer/Toolchains/XcodeDefault.xctoolchain/usr/bin/swiftc -parse-as-library -module-name TSCBasic -Onone @/Users/admin/builder/spi-builder-workspace/.derivedData/Build/Intermediates.noindex/swift-tools-support-core.build/Debug-iphoneos/TSCBasic-t.build/Objects-normal/arm64/TSCBasic.SwiftFileList -DSWIFT_PACKAGE -DDEBUG -DSWIFT_MODULE_RESOURCE_BUNDLE_UNAVAILABLE -Xcc -fmodule-map-file\=/Users/admin/builder/spi-builder-workspace/.dependencies/checkouts/swift-tools-support-core/Sources/TSCclibc/include/module.modulemap -DXcode -plugin-path /Applications/Xcode-27.0.0-Release.Candidate.app/Contents/Developer/Toolchains/XcodeDefault.xctoolchain/usr/lib/swift/host/plugins/testing -enable-experimental-feature DebugDescriptionMacro -sdk /Applications/Xcode-27.0.0-Release.Candidate.app/Contents/Developer/Platforms/iPhoneOS.platform/Developer/SDKs/iPhoneOS27.0.sdk -target arm64-apple-ios15.0 -g -module-cache-path /Users/admin/builder/spi-builder-workspace/.derivedData/ModuleCache.noindex -Xfrontend -serialize-debugging-options -profile-coverage-mapping -profile-generate -enable-testing -suppress-warnings -index-store-path /Users/admin/builder/spi-builder-workspace/.derivedData/Index.noindex/DataStore -Xcc -D_LIBCPP_HARDENING_MODE\=_LIBCPP_HARDENING_MODE_DEBUG -swift-version 5 -I /Users/admin/builder/spi-builder-workspace/.derivedData/Build/Products/Debug-iphoneos -Isystem /Applications/Xcode-27.0.0-Release.Candidate.app/Contents/Developer/Platforms/iPhoneOS.platform/Developer/usr/lib -F /Users/admin/builder/spi-builder-workspace/.derivedData/Build/Products/Debug-iphoneos/PackageFrameworks -F /Users/admin/builder/spi-builder-workspace/.derivedData/Build/Products/Debug-iphoneos -F /Applications/Xcode-27.0.0-Release.Candidate.app/Contents/Developer/Platforms/iPhoneOS.platform/Developer/Library/Frameworks -F /Applications/Xcode-27.0.0-Release.Candidate.app/Contents/Developer/Platforms/iPhoneOS.platform/Developer/SDKs/iPhoneOS27.0.sdk/Developer/Library/Frameworks -c -j10 -enable-batch-mode -incremental -Xcc -ivfsstatcache -Xcc /Users/admin/builder/spi-builder-workspace/.derivedData/SDKStatCaches.noindex/iphoneos27.0-24A430-e829b21a6f8c9b70876ba0858053c04440ceaa042ed91876912b2eeea4e3aa14.sdkstatcache -output-file-map /Users/admin/builder/spi-builder-workspace/.derivedData/Build/Intermediates.noindex/swift-tools-support-core.build/Debug-iphoneos/TSCBasic-t.build/Objects-normal/arm64/TSCBasic-OutputFileMap.json -save-temps -no-color-diagnostics -explicit-module-build -module-cache-path /Users/admin/builder/spi-builder-workspace/.derivedData/Build/Intermediates.noindex/SwiftExplicitPrecompiledModules -clang-scanner-module-cache-path /Users/admin/builder/spi-builder-workspace/.derivedData/ModuleCache.noindex -sdk-module-cache-path /Users/admin/builder/spi-builder-workspace/.derivedData/SDKExplicitPrecompiledModules -emit-dependencies -emit-module -emit-module-path /Users/admin/builder/spi-builder-workspace/.derivedData/Build/Intermediates.noindex/swift-tools-support-core.build/Debug-iphoneos/TSCBasic-t.build/Objects-normal/arm64/TSCBasic.swiftmodule -serialize-diagnostics -dependency-scan-serialize-diagnostics-path /Users/admin/builder/spi-builder-workspace/.derivedData/Build/Intermediates.noindex/swift-tools-support-core.build/Debug-iphoneos/TSCBasic-t.build/Objects-normal/arm64/TSCBasic-dependency-scan.dia -validate-clang-modules-once -clang-build-session-file /Users/admin/builder/spi-builder-workspace/.derivedData/ModuleCache.noindex/Session.modulevalidation -Xcc -fmodules-prune-interval\=86400 -Xcc -fmodules-prune-after\=345600 -emit-const-values -const-gather-protocols-list /Users/admin/builder/spi-builder-workspace/.derivedData/Build/Intermediates.noindex/swift-tools-support-core.build/Debug-iphoneos/TSCBasic-t.build/Objects-normal/arm64/TSCBasic_const_extract_protocols.json -Xcc -I/Users/admin/builder/spi-builder-workspace/.dependencies/checkouts/swift-tools-support-core/Sources/TSCclibc/include -Xcc -I/Users/admin/builder/spi-builder-workspace/.derivedData/Build/Products/Debug-iphoneos/include -Xcc -I/Users/admin/builder/spi-builder-workspace/.derivedData/Build/Intermediates.noindex/swift-tools-support-core.build/Debug-iphoneos/TSCBasic-t.build/DerivedSources-normal/arm64 -Xcc -I/Users/admin/builder/spi-builder-workspace/.derivedData/Build/Intermediates.noindex/swift-tools-support-core.build/Debug-iphoneos/TSCBasic-t.build/DerivedSources/arm64 -Xcc -I/Users/admin/builder/spi-builder-workspace/.derivedData/Build/Intermediates.noindex/swift-tools-support-core.build/Debug-iphoneos/TSCBasic-t.build/DerivedSources -Xcc -DSWIFT_PACKAGE -Xcc -DDEBUG\=1 -emit-objc-header -emit-objc-header-path /Users/admin/builder/spi-builder-workspace/.derivedData/Build/Intermediates.noindex/swift-tools-support-core.build/Debug-iphoneos/TSCBasic-t.build/Objects-normal/arm64/TSCBasic-Swift.h -working-directory /Users/admin/builder/spi-builder-workspace/.swiftpm/xcode -experimental-emit-module-separately -disable-cmo
Ld /Users/admin/builder/spi-builder-workspace/.derivedData/Build/Products/Debug-iphoneos/TSCBasic.o normal (in target 'TSCBasic' from project 'swift-tools-support-core')
    cd /Users/admin/builder/spi-builder-workspace/.dependencies/checkouts/swift-tools-support-core
    /Applications/Xcode-27.0.0-Release.Candidate.app/Contents/Developer/Toolchains/XcodeDefault.xctoolchain/usr/bin/clang -Xlinker -reproducible -target arm64-apple-ios15.0 -r -isysroot /Applications/Xcode-27.0.0-Release.Candidate.app/Contents/Developer/Platforms/iPhoneOS.platform/Developer/SDKs/iPhoneOS27.0.sdk -O0 -w -Xlinker -no_warn_duplicate_libraries -F/Users/admin/builder/spi-builder-workspace/.derivedData/Build/Intermediates.noindex/EagerLinkingTBDs/Debug-iphoneos -F/Users/admin/builder/spi-builder-workspace/.derivedData/Build/Products/Debug-iphoneos/PackageFrameworks -F/Users/admin/builder/spi-builder-workspace/.derivedData/Build/Products/Debug-iphoneos -iframework /Applications/Xcode-27.0.0-Release.Candidate.app/Contents/Developer/Platforms/iPhoneOS.platform/Developer/Library/Frameworks -iframework /Applications/Xcode-27.0.0-Release.Candidate.app/Contents/Developer/Platforms/iPhoneOS.platform/Developer/SDKs/iPhoneOS27.0.sdk/Developer/Library/Frameworks -filelist /Users/admin/builder/spi-builder-workspace/.derivedData/Build/Intermediates.noindex/swift-tools-support-core.build/Debug-iphoneos/TSCBasic-t.build/Objects-normal/arm64/TSCBasic.LinkFileList -nostdlib -Xlinker -object_path_lto -Xlinker /Users/admin/builder/spi-builder-workspace/.derivedData/Build/Intermediates.noindex/swift-tools-support-core.build/Debug-iphoneos/TSCBasic-t.build/Objects-normal/arm64/TSCBasic_lto.o -Xlinker -no_deduplicate -Xlinker -debug_variant -Xlinker -dependency_info -Xlinker /Users/admin/builder/spi-builder-workspace/.derivedData/Build/Intermediates.noindex/swift-tools-support-core.build/Debug-iphoneos/TSCBasic-t.build/Objects-normal/arm64/TSCBasic_dependency_info.dat -fobjc-link-runtime -L/Applications/Xcode-27.0.0-Release.Candidate.app/Contents/Developer/Toolchains/XcodeDefault.xctoolchain/usr/lib/swift/iphoneos -L/usr/lib/swift -Xlinker -add_ast_path -Xlinker /Users/admin/builder/spi-builder-workspace/.derivedData/Build/Intermediates.noindex/swift-tools-support-core.build/Debug-iphoneos/TSCBasic-t.build/Objects-normal/arm64/TSCBasic.swiftmodule -o /Users/admin/builder/spi-builder-workspace/.derivedData/Build/Products/Debug-iphoneos/TSCBasic.o
SwiftCompile normal arm64 Compiling\ Bits.swift,\ Bitstream.swift,\ BitstreamReader.swift /Users/admin/builder/spi-builder-workspace/.dependencies/checkouts/swift-tools-support-core/Sources/TSCUtility/Bits.swift /Users/admin/builder/spi-builder-workspace/.dependencies/checkouts/swift-tools-support-core/Sources/TSCUtility/Bitstream.swift /Users/admin/builder/spi-builder-workspace/.dependencies/checkouts/swift-tools-support-core/Sources/TSCUtility/BitstreamReader.swift (in target 'TSCUtility' from project 'swift-tools-support-core')
SwiftCompile normal arm64 /Users/admin/builder/spi-builder-workspace/.dependencies/checkouts/swift-tools-support-core/Sources/TSCUtility/Bits.swift (in target 'TSCUtility' from project 'swift-tools-support-core')
    cd /Users/admin/builder/spi-builder-workspace/.swiftpm/xcode
    builtin-SwiftPerFileCompile Bits.swift
SwiftCompile normal arm64 /Users/admin/builder/spi-builder-workspace/.dependencies/checkouts/swift-tools-support-core/Sources/TSCUtility/Bitstream.swift (in target 'TSCUtility' from project 'swift-tools-support-core')
    cd /Users/admin/builder/spi-builder-workspace/.swiftpm/xcode
    builtin-SwiftPerFileCompile Bitstream.swift
SwiftCompile normal arm64 /Users/admin/builder/spi-builder-workspace/.dependencies/checkouts/swift-tools-support-core/Sources/TSCUtility/BitstreamReader.swift (in target 'TSCUtility' from project 'swift-tools-support-core')
    cd /Users/admin/builder/spi-builder-workspace/.swiftpm/xcode
    builtin-SwiftPerFileCompile BitstreamReader.swift
SwiftCompile normal arm64 Compiling\ FSWatch.swift,\ Git.swift /Users/admin/builder/spi-builder-workspace/.dependencies/checkouts/swift-tools-support-core/Sources/TSCUtility/FSWatch.swift /Users/admin/builder/spi-builder-workspace/.dependencies/checkouts/swift-tools-support-core/Sources/TSCUtility/Git.swift (in target 'TSCUtility' from project 'swift-tools-support-core')
SwiftCompile normal arm64 /Users/admin/builder/spi-builder-workspace/.dependencies/checkouts/swift-tools-support-core/Sources/TSCUtility/FSWatch.swift (in target 'TSCUtility' from project 'swift-tools-support-core')
    cd /Users/admin/builder/spi-builder-workspace/.swiftpm/xcode
    builtin-SwiftPerFileCompile FSWatch.swift
SwiftCompile normal arm64 /Users/admin/builder/spi-builder-workspace/.dependencies/checkouts/swift-tools-support-core/Sources/TSCUtility/Git.swift (in target 'TSCUtility' from project 'swift-tools-support-core')
    cd /Users/admin/builder/spi-builder-workspace/.swiftpm/xcode
    builtin-SwiftPerFileCompile Git.swift
SwiftCompile normal arm64 Compiling\ Platform.swift,\ ProgressAnimation.swift /Users/admin/builder/spi-builder-workspace/.dependencies/checkouts/swift-tools-support-core/Sources/TSCUtility/Platform.swift /Users/admin/builder/spi-builder-workspace/.dependencies/checkouts/swift-tools-support-core/Sources/TSCUtility/ProgressAnimation.swift (in target 'TSCUtility' from project 'swift-tools-support-core')
SwiftCompile normal arm64 /Users/admin/builder/spi-builder-workspace/.dependencies/checkouts/swift-tools-support-core/Sources/TSCUtility/Platform.swift (in target 'TSCUtility' from project 'swift-tools-support-core')
    cd /Users/admin/builder/spi-builder-workspace/.swiftpm/xcode
    builtin-SwiftPerFileCompile Platform.swift
SwiftCompile normal arm64 /Users/admin/builder/spi-builder-workspace/.dependencies/checkouts/swift-tools-support-core/Sources/TSCUtility/ProgressAnimation.swift (in target 'TSCUtility' from project 'swift-tools-support-core')
    cd /Users/admin/builder/spi-builder-workspace/.swiftpm/xcode
    builtin-SwiftPerFileCompile ProgressAnimation.swift
SwiftCompile normal arm64 Compiling\ SerializedDiagnostics.swift,\ SimplePersistence.swift /Users/admin/builder/spi-builder-workspace/.dependencies/checkouts/swift-tools-support-core/Sources/TSCUtility/SerializedDiagnostics.swift /Users/admin/builder/spi-builder-workspace/.dependencies/checkouts/swift-tools-support-core/Sources/TSCUtility/SimplePersistence.swift (in target 'TSCUtility' from project 'swift-tools-support-core')
SwiftCompile normal arm64 /Users/admin/builder/spi-builder-workspace/.dependencies/checkouts/swift-tools-support-core/Sources/TSCUtility/SerializedDiagnostics.swift (in target 'TSCUtility' from project 'swift-tools-support-core')
    cd /Users/admin/builder/spi-builder-workspace/.swiftpm/xcode
    builtin-SwiftPerFileCompile SerializedDiagnostics.swift
SwiftCompile normal arm64 /Users/admin/builder/spi-builder-workspace/.dependencies/checkouts/swift-tools-support-core/Sources/TSCUtility/SimplePersistence.swift (in target 'TSCUtility' from project 'swift-tools-support-core')
    cd /Users/admin/builder/spi-builder-workspace/.swiftpm/xcode
    builtin-SwiftPerFileCompile SimplePersistence.swift
SwiftEmitModule normal arm64 Emitting\ module\ for\ TSCUtility (in target 'TSCUtility' from project 'swift-tools-support-core')
SwiftCompile normal arm64 (in target 'TSCUtility' from project 'swift-tools-support-core')
    cd /Users/admin/builder/spi-builder-workspace/.swiftpm/xcode

SwiftCompile normal arm64 Compiling\ CollectionExtensions.swift,\ Diagnostics.swift /Users/admin/builder/spi-builder-workspace/.dependencies/checkouts/swift-tools-support-core/Sources/TSCUtility/CollectionExtensions.swift /Users/admin/builder/spi-builder-workspace/.dependencies/checkouts/swift-tools-support-core/Sources/TSCUtility/Diagnostics.swift (in target 'TSCUtility' from project 'swift-tools-support-core')
SwiftCompile normal arm64 /Users/admin/builder/spi-builder-workspace/.dependencies/checkouts/swift-tools-support-core/Sources/TSCUtility/CollectionExtensions.swift (in target 'TSCUtility' from project 'swift-tools-support-core')
    cd /Users/admin/builder/spi-builder-workspace/.swiftpm/xcode
    builtin-SwiftPerFileCompile CollectionExtensions.swift
SwiftCompile normal arm64 /Users/admin/builder/spi-builder-workspace/.dependencies/checkouts/swift-tools-support-core/Sources/TSCUtility/Diagnostics.swift (in target 'TSCUtility' from project 'swift-tools-support-core')
    cd /Users/admin/builder/spi-builder-workspace/.swiftpm/xcode
    builtin-SwiftPerFileCompile Diagnostics.swift
SwiftCompile normal arm64 Compiling\ IndexStore.swift,\ JSONMessageStreamingParser.swift /Users/admin/builder/spi-builder-workspace/.dependencies/checkouts/swift-tools-support-core/Sources/TSCUtility/IndexStore.swift /Users/admin/builder/spi-builder-workspace/.dependencies/checkouts/swift-tools-support-core/Sources/TSCUtility/JSONMessageStreamingParser.swift (in target 'TSCUtility' from project 'swift-tools-support-core')
SwiftCompile normal arm64 /Users/admin/builder/spi-builder-workspace/.dependencies/checkouts/swift-tools-support-core/Sources/TSCUtility/IndexStore.swift (in target 'TSCUtility' from project 'swift-tools-support-core')
    cd /Users/admin/builder/spi-builder-workspace/.swiftpm/xcode
    builtin-SwiftPerFileCompile IndexStore.swift
SwiftCompile normal arm64 /Users/admin/builder/spi-builder-workspace/.dependencies/checkouts/swift-tools-support-core/Sources/TSCUtility/JSONMessageStreamingParser.swift (in target 'TSCUtility' from project 'swift-tools-support-core')
    cd /Users/admin/builder/spi-builder-workspace/.swiftpm/xcode
    builtin-SwiftPerFileCompile JSONMessageStreamingParser.swift
SwiftCompile normal arm64 Compiling\ StringExtensions.swift,\ StringMangling.swift /Users/admin/builder/spi-builder-workspace/.dependencies/checkouts/swift-tools-support-core/Sources/TSCUtility/StringExtensions.swift /Users/admin/builder/spi-builder-workspace/.dependencies/checkouts/swift-tools-support-core/Sources/TSCUtility/StringMangling.swift (in target 'TSCUtility' from project 'swift-tools-support-core')
SwiftCompile normal arm64 /Users/admin/builder/spi-builder-workspace/.dependencies/checkouts/swift-tools-support-core/Sources/TSCUtility/StringExtensions.swift (in target 'TSCUtility' from project 'swift-tools-support-core')
    cd /Users/admin/builder/spi-builder-workspace/.swiftpm/xcode
    builtin-SwiftPerFileCompile StringExtensions.swift
SwiftCompile normal arm64 /Users/admin/builder/spi-builder-workspace/.dependencies/checkouts/swift-tools-support-core/Sources/TSCUtility/StringMangling.swift (in target 'TSCUtility' from project 'swift-tools-support-core')
    cd /Users/admin/builder/spi-builder-workspace/.swiftpm/xcode
    builtin-SwiftPerFileCompile StringMangling.swift
SwiftCompile normal arm64 Compiling\ Version.swift,\ Versioning.swift /Users/admin/builder/spi-builder-workspace/.dependencies/checkouts/swift-tools-support-core/Sources/TSCUtility/Version.swift /Users/admin/builder/spi-builder-workspace/.dependencies/checkouts/swift-tools-support-core/Sources/TSCUtility/Versioning.swift (in target 'TSCUtility' from project 'swift-tools-support-core')
SwiftCompile normal arm64 /Users/admin/builder/spi-builder-workspace/.dependencies/checkouts/swift-tools-support-core/Sources/TSCUtility/Version.swift (in target 'TSCUtility' from project 'swift-tools-support-core')
    cd /Users/admin/builder/spi-builder-workspace/.swiftpm/xcode
    builtin-SwiftPerFileCompile Version.swift
SwiftCompile normal arm64 /Users/admin/builder/spi-builder-workspace/.dependencies/checkouts/swift-tools-support-core/Sources/TSCUtility/Versioning.swift (in target 'TSCUtility' from project 'swift-tools-support-core')
    cd /Users/admin/builder/spi-builder-workspace/.swiftpm/xcode
    builtin-SwiftPerFileCompile Versioning.swift
SwiftCompile normal arm64 Compiling\ URL.swift,\ Verbosity.swift /Users/admin/builder/spi-builder-workspace/.dependencies/checkouts/swift-tools-support-core/Sources/TSCUtility/URL.swift /Users/admin/builder/spi-builder-workspace/.dependencies/checkouts/swift-tools-support-core/Sources/TSCUtility/Verbosity.swift (in target 'TSCUtility' from project 'swift-tools-support-core')
SwiftCompile normal arm64 /Users/admin/builder/spi-builder-workspace/.dependencies/checkouts/swift-tools-support-core/Sources/TSCUtility/URL.swift (in target 'TSCUtility' from project 'swift-tools-support-core')
    cd /Users/admin/builder/spi-builder-workspace/.swiftpm/xcode
    builtin-SwiftPerFileCompile URL.swift
SwiftCompile normal arm64 /Users/admin/builder/spi-builder-workspace/.dependencies/checkouts/swift-tools-support-core/Sources/TSCUtility/Verbosity.swift (in target 'TSCUtility' from project 'swift-tools-support-core')
    cd /Users/admin/builder/spi-builder-workspace/.swiftpm/xcode
    builtin-SwiftPerFileCompile Verbosity.swift
SwiftCompile normal arm64 Compiling\ dlopen.swift,\ misc.swift /Users/admin/builder/spi-builder-workspace/.dependencies/checkouts/swift-tools-support-core/Sources/TSCUtility/dlopen.swift /Users/admin/builder/spi-builder-workspace/.dependencies/checkouts/swift-tools-support-core/Sources/TSCUtility/misc.swift (in target 'TSCUtility' from project 'swift-tools-support-core')
SwiftCompile normal arm64 /Users/admin/builder/spi-builder-workspace/.dependencies/checkouts/swift-tools-support-core/Sources/TSCUtility/dlopen.swift (in target 'TSCUtility' from project 'swift-tools-support-core')
    cd /Users/admin/builder/spi-builder-workspace/.swiftpm/xcode
    builtin-SwiftPerFileCompile dlopen.swift
SwiftCompile normal arm64 /Users/admin/builder/spi-builder-workspace/.dependencies/checkouts/swift-tools-support-core/Sources/TSCUtility/misc.swift (in target 'TSCUtility' from project 'swift-tools-support-core')
    cd /Users/admin/builder/spi-builder-workspace/.swiftpm/xcode
    builtin-SwiftPerFileCompile misc.swift
SwiftDriverJobDiscovery normal arm64 Compiling URL.swift, Verbosity.swift (in target 'TSCUtility' from project 'swift-tools-support-core')
SwiftDriverJobDiscovery normal arm64 Compiling FSWatch.swift, Git.swift (in target 'TSCUtility' from project 'swift-tools-support-core')
ExtractAppIntentsMetadata (in target 'TSCBasic' from project 'swift-tools-support-core')
    cd /Users/admin/builder/spi-builder-workspace/.dependencies/checkouts/swift-tools-support-core
    /Applications/Xcode-27.0.0-Release.Candidate.app/Contents/Developer/Toolchains/XcodeDefault.xctoolchain/usr/bin/appintentsmetadataprocessor --toolchain-dir /var/run/com.apple.security.cryptexd/mnt/com.apple.MobileAsset.MetalToolchain-v27.1.266.1.qJPSdJ/Metal.xctoolchain --module-name TSCBasic --sdk-root /Applications/Xcode-27.0.0-Release.Candidate.app/Contents/Developer/Platforms/iPhoneOS.platform/Developer/SDKs/iPhoneOS27.0.sdk --xcode-version 27A266a --platform-family iOS --deployment-target 15.0 --bundle-identifier swift-tools-support-core.TSCBasic --output /Users/admin/builder/spi-builder-workspace/.derivedData/Build/Products/Debug-iphoneos/TSCBasic.appintents --target-triple arm64-apple-ios15.0 --binary-file /Users/admin/builder/spi-builder-workspace/.derivedData/Build/Products/Debug-iphoneos/TSCBasic.o --dependency-file /Users/admin/builder/spi-builder-workspace/.derivedData/Build/Intermediates.noindex/swift-tools-support-core.build/Debug-iphoneos/TSCBasic-t.build/Objects-normal/arm64/TSCBasic_dependency_info.dat --stringsdata-file /Users/admin/builder/spi-builder-workspace/.derivedData/Build/Intermediates.noindex/swift-tools-support-core.build/Debug-iphoneos/TSCBasic-t.build/Objects-normal/arm64/ExtractedAppShortcutsMetadata.stringsdata --source-file-list /Users/admin/builder/spi-builder-workspace/.derivedData/Build/Intermediates.noindex/swift-tools-support-core.build/Debug-iphoneos/TSCBasic-t.build/Objects-normal/arm64/TSCBasic.SwiftFileList --metadata-file-list /Users/admin/builder/spi-builder-workspace/.derivedData/Build/Intermediates.noindex/swift-tools-support-core.build/Debug-iphoneos/TSCBasic-t.build/TSCBasic.DependencyMetadataFileList --static-metadata-file-list /Users/admin/builder/spi-builder-workspace/.derivedData/Build/Intermediates.noindex/swift-tools-support-core.build/Debug-iphoneos/TSCBasic-t.build/TSCBasic.DependencyStaticMetadataFileList --swift-const-vals-list /Users/admin/builder/spi-builder-workspace/.derivedData/Build/Intermediates.noindex/swift-tools-support-core.build/Debug-iphoneos/TSCBasic-t.build/Objects-normal/arm64/TSCBasic.SwiftConstValuesFileList --force --compile-time-extraction --deployment-aware-processing --no-app-shortcuts-localization
2026-09-21 09:11:59.203 appintentsmetadataprocessor[788:4694] Starting appintentsmetadataprocessor export
2026-09-21 09:11:59.277 appintentsmetadataprocessor[788:4694] Extracted no relevant App Intents symbols, skipping writing output
SwiftDriverJobDiscovery normal arm64 Compiling CollectionExtensions.swift, Diagnostics.swift (in target 'TSCUtility' from project 'swift-tools-support-core')
SwiftDriverJobDiscovery normal arm64 Emitting module for TSCUtility (in target 'TSCUtility' from project 'swift-tools-support-core')
SwiftDriver\ Compilation\ Requirements TSCUtility normal arm64 com.apple.xcode.tools.swift.compiler (in target 'TSCUtility' from project 'swift-tools-support-core')
    cd /Users/admin/builder/spi-builder-workspace/.swiftpm/xcode
    builtin-Swift-Compilation-Requirements -- /Applications/Xcode-27.0.0-Release.Candidate.app/Contents/Developer/Toolchains/XcodeDefault.xctoolchain/usr/bin/swiftc -parse-as-library -module-name TSCUtility -Onone @/Users/admin/builder/spi-builder-workspace/.derivedData/Build/Intermediates.noindex/swift-tools-support-core.build/Debug-iphoneos/TSCUtility-t.build/Objects-normal/arm64/TSCUtility.SwiftFileList -DSWIFT_PACKAGE -DDEBUG -DSWIFT_MODULE_RESOURCE_BUNDLE_UNAVAILABLE -Xcc -fmodule-map-file\=/Users/admin/builder/spi-builder-workspace/.dependencies/checkouts/swift-tools-support-core/Sources/TSCclibc/include/module.modulemap -DXcode -plugin-path /Applications/Xcode-27.0.0-Release.Candidate.app/Contents/Developer/Toolchains/XcodeDefault.xctoolchain/usr/lib/swift/host/plugins/testing -enable-experimental-feature DebugDescriptionMacro -sdk /Applications/Xcode-27.0.0-Release.Candidate.app/Contents/Developer/Platforms/iPhoneOS.platform/Developer/SDKs/iPhoneOS27.0.sdk -target arm64-apple-ios15.0 -g -module-cache-path /Users/admin/builder/spi-builder-workspace/.derivedData/ModuleCache.noindex -Xfrontend -serialize-debugging-options -profile-coverage-mapping -profile-generate -enable-testing -suppress-warnings -index-store-path /Users/admin/builder/spi-builder-workspace/.derivedData/Index.noindex/DataStore -Xcc -D_LIBCPP_HARDENING_MODE\=_LIBCPP_HARDENING_MODE_DEBUG -swift-version 5 -I /Users/admin/builder/spi-builder-workspace/.derivedData/Build/Products/Debug-iphoneos -Isystem /Applications/Xcode-27.0.0-Release.Candidate.app/Contents/Developer/Platforms/iPhoneOS.platform/Developer/usr/lib -F /Users/admin/builder/spi-builder-workspace/.derivedData/Build/Products/Debug-iphoneos/PackageFrameworks -F /Users/admin/builder/spi-builder-workspace/.derivedData/Build/Products/Debug-iphoneos -F /Applications/Xcode-27.0.0-Release.Candidate.app/Contents/Developer/Platforms/iPhoneOS.platform/Developer/Library/Frameworks -F /Applications/Xcode-27.0.0-Release.Candidate.app/Contents/Developer/Platforms/iPhoneOS.platform/Developer/SDKs/iPhoneOS27.0.sdk/Developer/Library/Frameworks -c -j10 -enable-batch-mode -incremental -Xcc -ivfsstatcache -Xcc /Users/admin/builder/spi-builder-workspace/.derivedData/SDKStatCaches.noindex/iphoneos27.0-24A430-e829b21a6f8c9b70876ba0858053c04440ceaa042ed91876912b2eeea4e3aa14.sdkstatcache -output-file-map /Users/admin/builder/spi-builder-workspace/.derivedData/Build/Intermediates.noindex/swift-tools-support-core.build/Debug-iphoneos/TSCUtility-t.build/Objects-normal/arm64/TSCUtility-OutputFileMap.json -save-temps -no-color-diagnostics -explicit-module-build -module-cache-path /Users/admin/builder/spi-builder-workspace/.derivedData/Build/Intermediates.noindex/SwiftExplicitPrecompiledModules -clang-scanner-module-cache-path /Users/admin/builder/spi-builder-workspace/.derivedData/ModuleCache.noindex -sdk-module-cache-path /Users/admin/builder/spi-builder-workspace/.derivedData/SDKExplicitPrecompiledModules -emit-dependencies -emit-module -emit-module-path /Users/admin/builder/spi-builder-workspace/.derivedData/Build/Intermediates.noindex/swift-tools-support-core.build/Debug-iphoneos/TSCUtility-t.build/Objects-normal/arm64/TSCUtility.swiftmodule -serialize-diagnostics -dependency-scan-serialize-diagnostics-path /Users/admin/builder/spi-builder-workspace/.derivedData/Build/Intermediates.noindex/swift-tools-support-core.build/Debug-iphoneos/TSCUtility-t.build/Objects-normal/arm64/TSCUtility-dependency-scan.dia -validate-clang-modules-once -clang-build-session-file /Users/admin/builder/spi-builder-workspace/.derivedData/ModuleCache.noindex/Session.modulevalidation -Xcc -fmodules-prune-interval\=86400 -Xcc -fmodules-prune-after\=345600 -emit-const-values -const-gather-protocols-list /Users/admin/builder/spi-builder-workspace/.derivedData/Build/Intermediates.noindex/swift-tools-support-core.build/Debug-iphoneos/TSCUtility-t.build/Objects-normal/arm64/TSCUtility_const_extract_protocols.json -Xcc -I/Users/admin/builder/spi-builder-workspace/.dependencies/checkouts/swift-tools-support-core/Sources/TSCclibc/include -Xcc -I/Users/admin/builder/spi-builder-workspace/.derivedData/Build/Products/Debug-iphoneos/include -Xcc -I/Users/admin/builder/spi-builder-workspace/.derivedData/Build/Intermediates.noindex/swift-tools-support-core.build/Debug-iphoneos/TSCUtility-t.build/DerivedSources-normal/arm64 -Xcc -I/Users/admin/builder/spi-builder-workspace/.derivedData/Build/Intermediates.noindex/swift-tools-support-core.build/Debug-iphoneos/TSCUtility-t.build/DerivedSources/arm64 -Xcc -I/Users/admin/builder/spi-builder-workspace/.derivedData/Build/Intermediates.noindex/swift-tools-support-core.build/Debug-iphoneos/TSCUtility-t.build/DerivedSources -Xcc -DSWIFT_PACKAGE -Xcc -DDEBUG\=1 -emit-objc-header -emit-objc-header-path /Users/admin/builder/spi-builder-workspace/.derivedData/Build/Intermediates.noindex/swift-tools-support-core.build/Debug-iphoneos/TSCUtility-t.build/Objects-normal/arm64/TSCUtility-Swift.h -working-directory /Users/admin/builder/spi-builder-workspace/.swiftpm/xcode -experimental-emit-module-separately -disable-cmo
SwiftMergeGeneratedHeaders /Users/admin/builder/spi-builder-workspace/.derivedData/Build/Intermediates.noindex/GeneratedModuleMaps-iphoneos/TSCUtility-Swift.h /Users/admin/builder/spi-builder-workspace/.derivedData/Build/Intermediates.noindex/swift-tools-support-core.build/Debug-iphoneos/TSCUtility-t.build/Objects-normal/arm64/TSCUtility-Swift.h (in target 'TSCUtility' from project 'swift-tools-support-core')
    cd /Users/admin/builder/spi-builder-workspace/.dependencies/checkouts/swift-tools-support-core
    builtin-swiftHeaderTool -arch arm64 /Users/admin/builder/spi-builder-workspace/.derivedData/Build/Intermediates.noindex/swift-tools-support-core.build/Debug-iphoneos/TSCUtility-t.build/Objects-normal/arm64/TSCUtility-Swift.h -o /Users/admin/builder/spi-builder-workspace/.derivedData/Build/Intermediates.noindex/GeneratedModuleMaps-iphoneos/TSCUtility-Swift.h
Copy /Users/admin/builder/spi-builder-workspace/.derivedData/Build/Products/Debug-iphoneos/TSCUtility.swiftmodule/arm64-apple-ios.swiftdoc /Users/admin/builder/spi-builder-workspace/.derivedData/Build/Intermediates.noindex/swift-tools-support-core.build/Debug-iphoneos/TSCUtility-t.build/Objects-normal/arm64/TSCUtility.swiftdoc (in target 'TSCUtility' from project 'swift-tools-support-core')
    cd /Users/admin/builder/spi-builder-workspace/.dependencies/checkouts/swift-tools-support-core
    builtin-copy -exclude .DS_Store -exclude CVS -exclude .svn -exclude .git -exclude .hg -resolve-src-symlinks -rename /Users/admin/builder/spi-builder-workspace/.derivedData/Build/Intermediates.noindex/swift-tools-support-core.build/Debug-iphoneos/TSCUtility-t.build/Objects-normal/arm64/TSCUtility.swiftdoc /Users/admin/builder/spi-builder-workspace/.derivedData/Build/Products/Debug-iphoneos/TSCUtility.swiftmodule/arm64-apple-ios.swiftdoc
Copy /Users/admin/builder/spi-builder-workspace/.derivedData/Build/Products/Debug-iphoneos/TSCUtility.swiftmodule/arm64-apple-ios.swiftmodule /Users/admin/builder/spi-builder-workspace/.derivedData/Build/Intermediates.noindex/swift-tools-support-core.build/Debug-iphoneos/TSCUtility-t.build/Objects-normal/arm64/TSCUtility.swiftmodule (in target 'TSCUtility' from project 'swift-tools-support-core')
    cd /Users/admin/builder/spi-builder-workspace/.dependencies/checkouts/swift-tools-support-core
    builtin-copy -exclude .DS_Store -exclude CVS -exclude .svn -exclude .git -exclude .hg -resolve-src-symlinks -rename /Users/admin/builder/spi-builder-workspace/.derivedData/Build/Intermediates.noindex/swift-tools-support-core.build/Debug-iphoneos/TSCUtility-t.build/Objects-normal/arm64/TSCUtility.swiftmodule /Users/admin/builder/spi-builder-workspace/.derivedData/Build/Products/Debug-iphoneos/TSCUtility.swiftmodule/arm64-apple-ios.swiftmodule
Copy /Users/admin/builder/spi-builder-workspace/.derivedData/Build/Products/Debug-iphoneos/TSCUtility.swiftmodule/arm64-apple-ios.abi.json /Users/admin/builder/spi-builder-workspace/.derivedData/Build/Intermediates.noindex/swift-tools-support-core.build/Debug-iphoneos/TSCUtility-t.build/Objects-normal/arm64/TSCUtility.abi.json (in target 'TSCUtility' from project 'swift-tools-support-core')
    cd /Users/admin/builder/spi-builder-workspace/.dependencies/checkouts/swift-tools-support-core
    builtin-copy -exclude .DS_Store -exclude CVS -exclude .svn -exclude .git -exclude .hg -resolve-src-symlinks -rename /Users/admin/builder/spi-builder-workspace/.derivedData/Build/Intermediates.noindex/swift-tools-support-core.build/Debug-iphoneos/TSCUtility-t.build/Objects-normal/arm64/TSCUtility.abi.json /Users/admin/builder/spi-builder-workspace/.derivedData/Build/Products/Debug-iphoneos/TSCUtility.swiftmodule/arm64-apple-ios.abi.json
Copy /Users/admin/builder/spi-builder-workspace/.derivedData/Build/Products/Debug-iphoneos/TSCUtility.swiftmodule/Project/arm64-apple-ios.swiftsourceinfo /Users/admin/builder/spi-builder-workspace/.derivedData/Build/Intermediates.noindex/swift-tools-support-core.build/Debug-iphoneos/TSCUtility-t.build/Objects-normal/arm64/TSCUtility.swiftsourceinfo (in target 'TSCUtility' from project 'swift-tools-support-core')
    cd /Users/admin/builder/spi-builder-workspace/.dependencies/checkouts/swift-tools-support-core
    builtin-copy -exclude .DS_Store -exclude CVS -exclude .svn -exclude .git -exclude .hg -resolve-src-symlinks -rename /Users/admin/builder/spi-builder-workspace/.derivedData/Build/Intermediates.noindex/swift-tools-support-core.build/Debug-iphoneos/TSCUtility-t.build/Objects-normal/arm64/TSCUtility.swiftsourceinfo /Users/admin/builder/spi-builder-workspace/.derivedData/Build/Products/Debug-iphoneos/TSCUtility.swiftmodule/Project/arm64-apple-ios.swiftsourceinfo
SwiftDriver ProgressSpinnerKit normal arm64 com.apple.xcode.tools.swift.compiler (in target 'ProgressSpinnerKit' from project 'ProgressSpinnerKit')
    cd /Users/admin/builder/spi-builder-workspace/.swiftpm/xcode
    builtin-SwiftDriver -- /Applications/Xcode-27.0.0-Release.Candidate.app/Contents/Developer/Toolchains/XcodeDefault.xctoolchain/usr/bin/swiftc -parse-as-library -module-name ProgressSpinnerKit -Onone @/Users/admin/builder/spi-builder-workspace/.derivedData/Build/Intermediates.noindex/ProgressSpinnerKit.build/Debug-iphoneos/ProgressSpinnerKit-t.build/Objects-normal/arm64/ProgressSpinnerKit.SwiftFileList -DSWIFT_PACKAGE -DDEBUG -DSWIFT_MODULE_RESOURCE_BUNDLE_UNAVAILABLE -Xcc -fmodule-map-file\=/Users/admin/builder/spi-builder-workspace/.dependencies/checkouts/swift-tools-support-core/Sources/TSCclibc/include/module.modulemap -DXcode -plugin-path /Applications/Xcode-27.0.0-Release.Candidate.app/Contents/Developer/Toolchains/XcodeDefault.xctoolchain/usr/lib/swift/host/plugins/testing -enable-experimental-feature DebugDescriptionMacro -sdk /Applications/Xcode-27.0.0-Release.Candidate.app/Contents/Developer/Platforms/iPhoneOS.platform/Developer/SDKs/iPhoneOS27.0.sdk -target arm64-apple-ios15.0 -g -module-cache-path /Users/admin/builder/spi-builder-workspace/.derivedData/ModuleCache.noindex -Xfrontend -serialize-debugging-options -profile-coverage-mapping -profile-generate -enable-testing -index-store-path /Users/admin/builder/spi-builder-workspace/.derivedData/Index.noindex/DataStore -Xcc -D_LIBCPP_HARDENING_MODE\=_LIBCPP_HARDENING_MODE_DEBUG -swift-version 5 -I /Users/admin/builder/spi-builder-workspace/.derivedData/Build/Products/Debug-iphoneos -Isystem /Applications/Xcode-27.0.0-Release.Candidate.app/Contents/Developer/Platforms/iPhoneOS.platform/Developer/usr/lib -F /Users/admin/builder/spi-builder-workspace/.derivedData/Build/Products/Debug-iphoneos/PackageFrameworks -F /Users/admin/builder/spi-builder-workspace/.derivedData/Build/Products/Debug-iphoneos -F /Applications/Xcode-27.0.0-Release.Candidate.app/Contents/Developer/Platforms/iPhoneOS.platform/Developer/Library/Frameworks -F /Applications/Xcode-27.0.0-Release.Candidate.app/Contents/Developer/Platforms/iPhoneOS.platform/Developer/SDKs/iPhoneOS27.0.sdk/Developer/Library/Frameworks -c -j10 -enable-batch-mode -incremental -Xcc -ivfsstatcache -Xcc /Users/admin/builder/spi-builder-workspace/.derivedData/SDKStatCaches.noindex/iphoneos27.0-24A430-e829b21a6f8c9b70876ba0858053c04440ceaa042ed91876912b2eeea4e3aa14.sdkstatcache -output-file-map /Users/admin/builder/spi-builder-workspace/.derivedData/Build/Intermediates.noindex/ProgressSpinnerKit.build/Debug-iphoneos/ProgressSpinnerKit-t.build/Objects-normal/arm64/ProgressSpinnerKit-OutputFileMap.json -save-temps -no-color-diagnostics -explicit-module-build -module-cache-path /Users/admin/builder/spi-builder-workspace/.derivedData/Build/Intermediates.noindex/SwiftExplicitPrecompiledModules -clang-scanner-module-cache-path /Users/admin/builder/spi-builder-workspace/.derivedData/ModuleCache.noindex -sdk-module-cache-path /Users/admin/builder/spi-builder-workspace/.derivedData/SDKExplicitPrecompiledModules -emit-dependencies -emit-module -emit-module-path /Users/admin/builder/spi-builder-workspace/.derivedData/Build/Intermediates.noindex/ProgressSpinnerKit.build/Debug-iphoneos/ProgressSpinnerKit-t.build/Objects-normal/arm64/ProgressSpinnerKit.swiftmodule -serialize-diagnostics -dependency-scan-serialize-diagnostics-path /Users/admin/builder/spi-builder-workspace/.derivedData/Build/Intermediates.noindex/ProgressSpinnerKit.build/Debug-iphoneos/ProgressSpinnerKit-t.build/Objects-normal/arm64/ProgressSpinnerKit-dependency-scan.dia -validate-clang-modules-once -clang-build-session-file /Users/admin/builder/spi-builder-workspace/.derivedData/ModuleCache.noindex/Session.modulevalidation -Xcc -fmodules-prune-interval\=86400 -Xcc -fmodules-prune-after\=345600 -package-name spi_builder_workspace -emit-const-values -const-gather-protocols-list /Users/admin/builder/spi-builder-workspace/.derivedData/Build/Intermediates.noindex/ProgressSpinnerKit.build/Debug-iphoneos/ProgressSpinnerKit-t.build/Objects-normal/arm64/ProgressSpinnerKit_const_extract_protocols.json -Xcc -I/Users/admin/builder/spi-builder-workspace/.dependencies/checkouts/swift-tools-support-core/Sources/TSCclibc/include -Xcc -I/Users/admin/builder/spi-builder-workspace/.derivedData/Build/Products/Debug-iphoneos/include -Xcc -I/Users/admin/builder/spi-builder-workspace/.derivedData/Build/Intermediates.noindex/ProgressSpinnerKit.build/Debug-iphoneos/ProgressSpinnerKit-t.build/DerivedSources-normal/arm64 -Xcc -I/Users/admin/builder/spi-builder-workspace/.derivedData/Build/Intermediates.noindex/ProgressSpinnerKit.build/Debug-iphoneos/ProgressSpinnerKit-t.build/DerivedSources/arm64 -Xcc -I/Users/admin/builder/spi-builder-workspace/.derivedData/Build/Intermediates.noindex/ProgressSpinnerKit.build/Debug-iphoneos/ProgressSpinnerKit-t.build/DerivedSources -Xcc -DSWIFT_PACKAGE -Xcc -DDEBUG\=1 -emit-objc-header -emit-objc-header-path /Users/admin/builder/spi-builder-workspace/.derivedData/Build/Intermediates.noindex/ProgressSpinnerKit.build/Debug-iphoneos/ProgressSpinnerKit-t.build/Objects-normal/arm64/ProgressSpinnerKit-Swift.h -working-directory /Users/admin/builder/spi-builder-workspace/.swiftpm/xcode -experimental-emit-module-separately -disable-cmo
SwiftDriverJobDiscovery normal arm64 Compiling Platform.swift, ProgressAnimation.swift (in target 'TSCUtility' from project 'swift-tools-support-core')
SwiftDriverJobDiscovery normal arm64 Compiling Version.swift, Versioning.swift (in target 'TSCUtility' from project 'swift-tools-support-core')
SwiftDriverJobDiscovery normal arm64 Compiling dlopen.swift, misc.swift (in target 'TSCUtility' from project 'swift-tools-support-core')
SwiftDriverJobDiscovery normal arm64 Compiling SerializedDiagnostics.swift, SimplePersistence.swift (in target 'TSCUtility' from project 'swift-tools-support-core')
SwiftDriverJobDiscovery normal arm64 Compiling StringExtensions.swift, StringMangling.swift (in target 'TSCUtility' from project 'swift-tools-support-core')
SwiftDriverJobDiscovery normal arm64 Compiling IndexStore.swift, JSONMessageStreamingParser.swift (in target 'TSCUtility' from project 'swift-tools-support-core')
SwiftCompile normal arm64 Compiling\ ProgressSpinner.swift /Users/admin/builder/spi-builder-workspace/Sources/ProgressSpinnerKit/ProgressSpinner.swift (in target 'ProgressSpinnerKit' from project 'ProgressSpinnerKit')
/Users/admin/builder/spi-builder-workspace/Sources/ProgressSpinnerKit/ProgressSpinner.swift:38:23: error: 'sleep(for:tolerance:clock:)' is only available in iOS 16.0 or newer
 19 |
 20 | /// A single line progress bar.
 21 | final class SingleLineProgressSpinner: ProgressSpinnable {
    |             `- note: add '@available' attribute to enclosing class
 22 |   private let stream: OutputByteStream
 23 |   private let header: String
    :
 30 |   }
 31 |
 32 |   func start() async {
    |        `- note: add '@available' attribute to enclosing instance method
 33 |     stream.send(header)
 34 |     stream.send("\n")
    :
 36 |
 37 |     let timer = AsyncStream {
 38 |       try? await Task.sleep(for: .seconds(fps))
    |                       |- error: 'sleep(for:tolerance:clock:)' is only available in iOS 16.0 or newer
    |                       `- note: add 'if #available' version check
 39 |     }
 40 |
/Users/admin/builder/spi-builder-workspace/Sources/ProgressSpinnerKit/ProgressSpinner.swift:38:35: error: 'seconds' is only available in iOS 16.0 or newer
 19 |
 20 | /// A single line progress bar.
 21 | final class SingleLineProgressSpinner: ProgressSpinnable {
    |             `- note: add '@available' attribute to enclosing class
 22 |   private let stream: OutputByteStream
 23 |   private let header: String
    :
 30 |   }
 31 |
 32 |   func start() async {
    |        `- note: add '@available' attribute to enclosing instance method
 33 |     stream.send(header)
 34 |     stream.send("\n")
    :
 36 |
 37 |     let timer = AsyncStream {
 38 |       try? await Task.sleep(for: .seconds(fps))
    |                                   |- error: 'seconds' is only available in iOS 16.0 or newer
    |                                   `- note: add 'if #available' version check
 39 |     }
 40 |
/Users/admin/builder/spi-builder-workspace/Sources/ProgressSpinnerKit/ProgressSpinner.swift:68:23: error: 'sleep(for:tolerance:clock:)' is only available in iOS 16.0 or newer
 49 | }
 50 |
 51 | final class SimpleProgressSpinner: ProgressSpinnable {
    |             `- note: add '@available' attribute to enclosing class
 52 |   private let stream: OutputByteStream
 53 |   private let header: String
    :
 60 |   }
 61 |
 62 |   func start() async {
    |        `- note: add '@available' attribute to enclosing instance method
 63 |     stream.send(header)
 64 |     stream.send("\n")
    :
 66 |
 67 |     let timer = AsyncStream {
 68 |       try? await Task.sleep(for: .seconds(fps))
    |                       |- error: 'sleep(for:tolerance:clock:)' is only available in iOS 16.0 or newer
    |                       `- note: add 'if #available' version check
 69 |     }
 70 |
/Users/admin/builder/spi-builder-workspace/Sources/ProgressSpinnerKit/ProgressSpinner.swift:68:35: error: 'seconds' is only available in iOS 16.0 or newer
 49 | }
 50 |
 51 | final class SimpleProgressSpinner: ProgressSpinnable {
    |             `- note: add '@available' attribute to enclosing class
 52 |   private let stream: OutputByteStream
 53 |   private let header: String
    :
 60 |   }
 61 |
 62 |   func start() async {
    |        `- note: add '@available' attribute to enclosing instance method
 63 |     stream.send(header)
 64 |     stream.send("\n")
    :
 66 |
 67 |     let timer = AsyncStream {
 68 |       try? await Task.sleep(for: .seconds(fps))
    |                                   |- error: 'seconds' is only available in iOS 16.0 or newer
    |                                   `- note: add 'if #available' version check
 69 |     }
 70 |
/Users/admin/builder/spi-builder-workspace/Sources/ProgressSpinnerKit/ProgressSpinner.swift:94:22: error: 'sleep(for:tolerance:clock:)' is only available in iOS 16.0 or newer
 79 | }
 80 |
 81 | final class ProgressSpinner: ProgressSpinnable {
    |             `- note: add '@available' attribute to enclosing class
 82 |   private let term: TerminalController
 83 |   private let header: String
    :
 90 |   }
 91 |
 92 |   func start() async {
    |        `- note: add '@available' attribute to enclosing instance method
 93 |     let timer = AsyncThrowingStream {
 94 |       try await Task.sleep(for: .seconds(fps))
    |                      |- error: 'sleep(for:tolerance:clock:)' is only available in iOS 16.0 or newer
    |                      `- note: add 'if #available' version check
 95 |     }
 96 |
/Users/admin/builder/spi-builder-workspace/Sources/ProgressSpinnerKit/ProgressSpinner.swift:94:34: error: 'seconds' is only available in iOS 16.0 or newer
 79 | }
 80 |
 81 | final class ProgressSpinner: ProgressSpinnable {
    |             `- note: add '@available' attribute to enclosing class
 82 |   private let term: TerminalController
 83 |   private let header: String
    :
 90 |   }
 91 |
 92 |   func start() async {
    |        `- note: add '@available' attribute to enclosing instance method
 93 |     let timer = AsyncThrowingStream {
 94 |       try await Task.sleep(for: .seconds(fps))
    |                                  |- error: 'seconds' is only available in iOS 16.0 or newer
    |                                  `- note: add 'if #available' version check
 95 |     }
 96 |
Failed frontend command:
/Applications/Xcode-27.0.0-Release.Candidate.app/Contents/Developer/Toolchains/XcodeDefault.xctoolchain/usr/bin/swift-frontend -frontend -c -primary-file /Users/admin/builder/spi-builder-workspace/Sources/ProgressSpinnerKit/ProgressSpinner.swift /Users/admin/builder/spi-builder-workspace/Sources/ProgressSpinnerKit/Spinner.swift -emit-dependencies-path /Users/admin/builder/spi-builder-workspace/.derivedData/Build/Intermediates.noindex/ProgressSpinnerKit.build/Debug-iphoneos/ProgressSpinnerKit-t.build/Objects-normal/arm64/ProgressSpinner.d -emit-const-values-path /Users/admin/builder/spi-builder-workspace/.derivedData/Build/Intermediates.noindex/ProgressSpinnerKit.build/Debug-iphoneos/ProgressSpinnerKit-t.build/Objects-normal/arm64/ProgressSpinner.swiftconstvalues -emit-reference-dependencies-path /Users/admin/builder/spi-builder-workspace/.derivedData/Build/Intermediates.noindex/ProgressSpinnerKit.build/Debug-iphoneos/ProgressSpinnerKit-t.build/Objects-normal/arm64/ProgressSpinner.swiftdeps -serialize-diagnostics-path /Users/admin/builder/spi-builder-workspace/.derivedData/Build/Intermediates.noindex/ProgressSpinnerKit.build/Debug-iphoneos/ProgressSpinnerKit-t.build/Objects-normal/arm64/ProgressSpinner.dia -target arm64-apple-ios15.0 -disable-cross-import-overlay-search -load-resolved-plugin /Applications/Xcode-27.0.0-Release.Candidate.app/Contents/Developer/Platforms/iPhoneOS.platform/Developer/usr/lib/swift/host/plugins/libFoundationMacros.dylib\#/Applications/Xcode-27.0.0-Release.Candidate.app/Contents/Developer/Platforms/iPhoneOS.platform/Developer/usr/bin/swift-plugin-server\#FoundationMacros -load-resolved-plugin /Applications/Xcode-27.0.0-Release.Candidate.app/Contents/Developer/Platforms/iPhoneOS.platform/Developer/usr/lib/swift/host/plugins/libObservationMacros.dylib\#/Applications/Xcode-27.0.0-Release.Candidate.app/Contents/Developer/Platforms/iPhoneOS.platform/Developer/usr/bin/swift-plugin-server\#ObservationMacros -load-resolved-plugin /Applications/Xcode-27.0.0-Release.Candidate.app/Contents/Developer/Platforms/iPhoneOS.platform/Developer/usr/lib/swift/host/plugins/libSwiftMacros.dylib\#/Applications/Xcode-27.0.0-Release.Candidate.app/Contents/Developer/Platforms/iPhoneOS.platform/Developer/usr/bin/swift-plugin-server\#SwiftMacros -disable-implicit-swift-modules -Xcc -fno-implicit-modules -Xcc -fno-implicit-module-maps -explicit-swift-module-map-file /Users/admin/builder/spi-builder-workspace/.derivedData/Build/Intermediates.noindex/ProgressSpinnerKit.build/Debug-iphoneos/ProgressSpinnerKit-t.build/Objects-normal/arm64/ProgressSpinnerKit-dependencies-1.json -Xllvm -aarch64-use-tbi -enable-objc-interop -stack-check -sdk /Applications/Xcode-27.0.0-Release.Candidate.app/Contents/Developer/Platforms/iPhoneOS.platform/Developer/SDKs/iPhoneOS27.0.sdk -I /Users/admin/builder/spi-builder-workspace/.derivedData/Build/Products/Debug-iphoneos -Isystem /Applications/Xcode-27.0.0-Release.Candidate.app/Contents/Developer/Platforms/iPhoneOS.platform/Developer/usr/lib -F /Users/admin/builder/spi-builder-workspace/.derivedData/Build/Products/Debug-iphoneos/PackageFrameworks -F /Users/admin/builder/spi-builder-workspace/.derivedData/Build/Products/Debug-iphoneos -F /Applications/Xcode-27.0.0-Release.Candidate.app/Contents/Developer/Platforms/iPhoneOS.platform/Developer/Library/Frameworks -F /Applications/Xcode-27.0.0-Release.Candidate.app/Contents/Developer/Platforms/iPhoneOS.platform/Developer/SDKs/iPhoneOS27.0.sdk/Developer/Library/Frameworks -module-cache-path /Users/admin/builder/spi-builder-workspace/.derivedData/Build/Intermediates.noindex/SwiftExplicitPrecompiledModules -no-color-diagnostics -Xcc -fno-color-diagnostics -enable-testing -g -debug-info-format\=dwarf -dwarf-version\=4 -profile-generate -profile-coverage-mapping -swift-version 5 -Onone -D SWIFT_PACKAGE -D DEBUG -D SWIFT_MODULE_RESOURCE_BUNDLE_UNAVAILABLE -D Xcode -serialize-debugging-options -enable-experimental-feature DebugDescriptionMacro -empty-abi-descriptor -validate-clang-modules-once -clang-build-session-file /Users/admin/builder/spi-builder-workspace/.derivedData/ModuleCache.noindex/Session.modulevalidation -Xcc -working-directory -Xcc /Users/admin/builder/spi-builder-workspace/.swiftpm/xcode -enable-anonymous-context-mangled-names -file-compilation-dir /Users/admin/builder/spi-builder-workspace/.swiftpm/xcode -Xcc -fmodule-map-file\=/Users/admin/builder/spi-builder-workspace/.dependencies/checkouts/swift-tools-support-core/Sources/TSCclibc/include/module.modulemap -Xcc -D_LIBCPP_HARDENING_MODE\=_LIBCPP_HARDENING_MODE_DEBUG -Xcc -ivfsstatcache -Xcc /Users/admin/builder/spi-builder-workspace/.derivedData/SDKStatCaches.noindex/iphoneos27.0-24A430-e829b21a6f8c9b70876ba0858053c04440ceaa042ed91876912b2eeea4e3aa14.sdkstatcache -Xcc -fmodules-prune-interval\=86400 -Xcc -fmodules-prune-after\=345600 -Xcc -I/Users/admin/builder/spi-builder-workspace/.dependencies/checkouts/swift-tools-support-core/Sources/TSCclibc/include -Xcc -I/Users/admin/builder/spi-builder-workspace/.derivedData/Build/Products/Debug-iphoneos/include -Xcc -I/Users/admin/builder/spi-builder-workspace/.derivedData/Build/Intermediates.noindex/ProgressSpinnerKit.build/Debug-iphoneos/ProgressSpinnerKit-t.build/DerivedSources-normal/arm64 -Xcc -I/Users/admin/builder/spi-builder-workspace/.derivedData/Build/Intermediates.noindex/ProgressSpinnerKit.build/Debug-iphoneos/ProgressSpinnerKit-t.build/DerivedSources/arm64 -Xcc -I/Users/admin/builder/spi-builder-workspace/.derivedData/Build/Intermediates.noindex/ProgressSpinnerKit.build/Debug-iphoneos/ProgressSpinnerKit-t.build/DerivedSources -Xcc -DSWIFT_PACKAGE -Xcc -DDEBUG\=1 -no-auto-bridging-header-chaining -module-name ProgressSpinnerKit -package-name spi_builder_workspace -const-gather-protocols-file /Users/admin/builder/spi-builder-workspace/.derivedData/Build/Intermediates.noindex/ProgressSpinnerKit.build/Debug-iphoneos/ProgressSpinnerKit-t.build/Objects-normal/arm64/ProgressSpinnerKit_const_extract_protocols.json -disable-clang-spi -clang-target arm64-apple-ios27.0 -target-sdk-version 27.0 -target-sdk-name iphoneos27.0 -in-process-plugin-server-path /Applications/Xcode-27.0.0-Release.Candidate.app/Contents/Developer/Toolchains/XcodeDefault.xctoolchain/usr/lib/swift/host/libSwiftInProcPluginServer.dylib -parse-as-library -o /Users/admin/builder/spi-builder-workspace/.derivedData/Build/Intermediates.noindex/ProgressSpinnerKit.build/Debug-iphoneos/ProgressSpinnerKit-t.build/Objects-normal/arm64/ProgressSpinner.o -debug-module-path /Users/admin/builder/spi-builder-workspace/.derivedData/Build/Intermediates.noindex/ProgressSpinnerKit.build/Debug-iphoneos/ProgressSpinnerKit-t.build/Objects-normal/arm64/ProgressSpinnerKit.swiftmodule -index-unit-output-path /ProgressSpinnerKit.build/Debug-iphoneos/ProgressSpinnerKit-t.build/Objects-normal/arm64/ProgressSpinner.o -index-store-path /Users/admin/builder/spi-builder-workspace/.derivedData/Index.noindex/DataStore -index-system-modules
SwiftCompile normal arm64 /Users/admin/builder/spi-builder-workspace/Sources/ProgressSpinnerKit/ProgressSpinner.swift (in target 'ProgressSpinnerKit' from project 'ProgressSpinnerKit')
    cd /Users/admin/builder/spi-builder-workspace/.swiftpm/xcode
    builtin-SwiftPerFileCompile ProgressSpinner.swift
SwiftEmitModule normal arm64 Emitting\ module\ for\ ProgressSpinnerKit (in target 'ProgressSpinnerKit' from project 'ProgressSpinnerKit')
SwiftCompile normal arm64 (in target 'ProgressSpinnerKit' from project 'ProgressSpinnerKit')
    cd /Users/admin/builder/spi-builder-workspace/.swiftpm/xcode

SwiftCompile normal arm64 Compiling\ Spinner.swift /Users/admin/builder/spi-builder-workspace/Sources/ProgressSpinnerKit/Spinner.swift (in target 'ProgressSpinnerKit' from project 'ProgressSpinnerKit')
SwiftCompile normal arm64 /Users/admin/builder/spi-builder-workspace/Sources/ProgressSpinnerKit/Spinner.swift (in target 'ProgressSpinnerKit' from project 'ProgressSpinnerKit')
    cd /Users/admin/builder/spi-builder-workspace/.swiftpm/xcode
    builtin-SwiftPerFileCompile Spinner.swift
SwiftDriverJobDiscovery normal arm64 Emitting module for ProgressSpinnerKit (in target 'ProgressSpinnerKit' from project 'ProgressSpinnerKit')
SwiftDriver\ Compilation\ Requirements ProgressSpinnerKit normal arm64 com.apple.xcode.tools.swift.compiler (in target 'ProgressSpinnerKit' from project 'ProgressSpinnerKit')
    cd /Users/admin/builder/spi-builder-workspace/.swiftpm/xcode
    builtin-Swift-Compilation-Requirements -- /Applications/Xcode-27.0.0-Release.Candidate.app/Contents/Developer/Toolchains/XcodeDefault.xctoolchain/usr/bin/swiftc -parse-as-library -module-name ProgressSpinnerKit -Onone @/Users/admin/builder/spi-builder-workspace/.derivedData/Build/Intermediates.noindex/ProgressSpinnerKit.build/Debug-iphoneos/ProgressSpinnerKit-t.build/Objects-normal/arm64/ProgressSpinnerKit.SwiftFileList -DSWIFT_PACKAGE -DDEBUG -DSWIFT_MODULE_RESOURCE_BUNDLE_UNAVAILABLE -Xcc -fmodule-map-file\=/Users/admin/builder/spi-builder-workspace/.dependencies/checkouts/swift-tools-support-core/Sources/TSCclibc/include/module.modulemap -DXcode -plugin-path /Applications/Xcode-27.0.0-Release.Candidate.app/Contents/Developer/Toolchains/XcodeDefault.xctoolchain/usr/lib/swift/host/plugins/testing -enable-experimental-feature DebugDescriptionMacro -sdk /Applications/Xcode-27.0.0-Release.Candidate.app/Contents/Developer/Platforms/iPhoneOS.platform/Developer/SDKs/iPhoneOS27.0.sdk -target arm64-apple-ios15.0 -g -module-cache-path /Users/admin/builder/spi-builder-workspace/.derivedData/ModuleCache.noindex -Xfrontend -serialize-debugging-options -profile-coverage-mapping -profile-generate -enable-testing -index-store-path /Users/admin/builder/spi-builder-workspace/.derivedData/Index.noindex/DataStore -Xcc -D_LIBCPP_HARDENING_MODE\=_LIBCPP_HARDENING_MODE_DEBUG -swift-version 5 -I /Users/admin/builder/spi-builder-workspace/.derivedData/Build/Products/Debug-iphoneos -Isystem /Applications/Xcode-27.0.0-Release.Candidate.app/Contents/Developer/Platforms/iPhoneOS.platform/Developer/usr/lib -F /Users/admin/builder/spi-builder-workspace/.derivedData/Build/Products/Debug-iphoneos/PackageFrameworks -F /Users/admin/builder/spi-builder-workspace/.derivedData/Build/Products/Debug-iphoneos -F /Applications/Xcode-27.0.0-Release.Candidate.app/Contents/Developer/Platforms/iPhoneOS.platform/Developer/Library/Frameworks -F /Applications/Xcode-27.0.0-Release.Candidate.app/Contents/Developer/Platforms/iPhoneOS.platform/Developer/SDKs/iPhoneOS27.0.sdk/Developer/Library/Frameworks -c -j10 -enable-batch-mode -incremental -Xcc -ivfsstatcache -Xcc /Users/admin/builder/spi-builder-workspace/.derivedData/SDKStatCaches.noindex/iphoneos27.0-24A430-e829b21a6f8c9b70876ba0858053c04440ceaa042ed91876912b2eeea4e3aa14.sdkstatcache -output-file-map /Users/admin/builder/spi-builder-workspace/.derivedData/Build/Intermediates.noindex/ProgressSpinnerKit.build/Debug-iphoneos/ProgressSpinnerKit-t.build/Objects-normal/arm64/ProgressSpinnerKit-OutputFileMap.json -save-temps -no-color-diagnostics -explicit-module-build -module-cache-path /Users/admin/builder/spi-builder-workspace/.derivedData/Build/Intermediates.noindex/SwiftExplicitPrecompiledModules -clang-scanner-module-cache-path /Users/admin/builder/spi-builder-workspace/.derivedData/ModuleCache.noindex -sdk-module-cache-path /Users/admin/builder/spi-builder-workspace/.derivedData/SDKExplicitPrecompiledModules -emit-dependencies -emit-module -emit-module-path /Users/admin/builder/spi-builder-workspace/.derivedData/Build/Intermediates.noindex/ProgressSpinnerKit.build/Debug-iphoneos/ProgressSpinnerKit-t.build/Objects-normal/arm64/ProgressSpinnerKit.swiftmodule -serialize-diagnostics -dependency-scan-serialize-diagnostics-path /Users/admin/builder/spi-builder-workspace/.derivedData/Build/Intermediates.noindex/ProgressSpinnerKit.build/Debug-iphoneos/ProgressSpinnerKit-t.build/Objects-normal/arm64/ProgressSpinnerKit-dependency-scan.dia -validate-clang-modules-once -clang-build-session-file /Users/admin/builder/spi-builder-workspace/.derivedData/ModuleCache.noindex/Session.modulevalidation -Xcc -fmodules-prune-interval\=86400 -Xcc -fmodules-prune-after\=345600 -package-name spi_builder_workspace -emit-const-values -const-gather-protocols-list /Users/admin/builder/spi-builder-workspace/.derivedData/Build/Intermediates.noindex/ProgressSpinnerKit.build/Debug-iphoneos/ProgressSpinnerKit-t.build/Objects-normal/arm64/ProgressSpinnerKit_const_extract_protocols.json -Xcc -I/Users/admin/builder/spi-builder-workspace/.dependencies/checkouts/swift-tools-support-core/Sources/TSCclibc/include -Xcc -I/Users/admin/builder/spi-builder-workspace/.derivedData/Build/Products/Debug-iphoneos/include -Xcc -I/Users/admin/builder/spi-builder-workspace/.derivedData/Build/Intermediates.noindex/ProgressSpinnerKit.build/Debug-iphoneos/ProgressSpinnerKit-t.build/DerivedSources-normal/arm64 -Xcc -I/Users/admin/builder/spi-builder-workspace/.derivedData/Build/Intermediates.noindex/ProgressSpinnerKit.build/Debug-iphoneos/ProgressSpinnerKit-t.build/DerivedSources/arm64 -Xcc -I/Users/admin/builder/spi-builder-workspace/.derivedData/Build/Intermediates.noindex/ProgressSpinnerKit.build/Debug-iphoneos/ProgressSpinnerKit-t.build/DerivedSources -Xcc -DSWIFT_PACKAGE -Xcc -DDEBUG\=1 -emit-objc-header -emit-objc-header-path /Users/admin/builder/spi-builder-workspace/.derivedData/Build/Intermediates.noindex/ProgressSpinnerKit.build/Debug-iphoneos/ProgressSpinnerKit-t.build/Objects-normal/arm64/ProgressSpinnerKit-Swift.h -working-directory /Users/admin/builder/spi-builder-workspace/.swiftpm/xcode -experimental-emit-module-separately -disable-cmo
SwiftMergeGeneratedHeaders /Users/admin/builder/spi-builder-workspace/.derivedData/Build/Intermediates.noindex/GeneratedModuleMaps-iphoneos/ProgressSpinnerKit-Swift.h /Users/admin/builder/spi-builder-workspace/.derivedData/Build/Intermediates.noindex/ProgressSpinnerKit.build/Debug-iphoneos/ProgressSpinnerKit-t.build/Objects-normal/arm64/ProgressSpinnerKit-Swift.h (in target 'ProgressSpinnerKit' from project 'ProgressSpinnerKit')
    cd /Users/admin/builder/spi-builder-workspace
    builtin-swiftHeaderTool -arch arm64 /Users/admin/builder/spi-builder-workspace/.derivedData/Build/Intermediates.noindex/ProgressSpinnerKit.build/Debug-iphoneos/ProgressSpinnerKit-t.build/Objects-normal/arm64/ProgressSpinnerKit-Swift.h -o /Users/admin/builder/spi-builder-workspace/.derivedData/Build/Intermediates.noindex/GeneratedModuleMaps-iphoneos/ProgressSpinnerKit-Swift.h
Copy /Users/admin/builder/spi-builder-workspace/.derivedData/Build/Products/Debug-iphoneos/ProgressSpinnerKit.swiftmodule/arm64-apple-ios.abi.json /Users/admin/builder/spi-builder-workspace/.derivedData/Build/Intermediates.noindex/ProgressSpinnerKit.build/Debug-iphoneos/ProgressSpinnerKit-t.build/Objects-normal/arm64/ProgressSpinnerKit.abi.json (in target 'ProgressSpinnerKit' from project 'ProgressSpinnerKit')
    cd /Users/admin/builder/spi-builder-workspace
    builtin-copy -exclude .DS_Store -exclude CVS -exclude .svn -exclude .git -exclude .hg -resolve-src-symlinks -rename /Users/admin/builder/spi-builder-workspace/.derivedData/Build/Intermediates.noindex/ProgressSpinnerKit.build/Debug-iphoneos/ProgressSpinnerKit-t.build/Objects-normal/arm64/ProgressSpinnerKit.abi.json /Users/admin/builder/spi-builder-workspace/.derivedData/Build/Products/Debug-iphoneos/ProgressSpinnerKit.swiftmodule/arm64-apple-ios.abi.json
Copy /Users/admin/builder/spi-builder-workspace/.derivedData/Build/Products/Debug-iphoneos/ProgressSpinnerKit.swiftmodule/arm64-apple-ios.swiftmodule /Users/admin/builder/spi-builder-workspace/.derivedData/Build/Intermediates.noindex/ProgressSpinnerKit.build/Debug-iphoneos/ProgressSpinnerKit-t.build/Objects-normal/arm64/ProgressSpinnerKit.swiftmodule (in target 'ProgressSpinnerKit' from project 'ProgressSpinnerKit')
    cd /Users/admin/builder/spi-builder-workspace
    builtin-copy -exclude .DS_Store -exclude CVS -exclude .svn -exclude .git -exclude .hg -resolve-src-symlinks -rename /Users/admin/builder/spi-builder-workspace/.derivedData/Build/Intermediates.noindex/ProgressSpinnerKit.build/Debug-iphoneos/ProgressSpinnerKit-t.build/Objects-normal/arm64/ProgressSpinnerKit.swiftmodule /Users/admin/builder/spi-builder-workspace/.derivedData/Build/Products/Debug-iphoneos/ProgressSpinnerKit.swiftmodule/arm64-apple-ios.swiftmodule
Copy /Users/admin/builder/spi-builder-workspace/.derivedData/Build/Products/Debug-iphoneos/ProgressSpinnerKit.swiftmodule/arm64-apple-ios.swiftdoc /Users/admin/builder/spi-builder-workspace/.derivedData/Build/Intermediates.noindex/ProgressSpinnerKit.build/Debug-iphoneos/ProgressSpinnerKit-t.build/Objects-normal/arm64/ProgressSpinnerKit.swiftdoc (in target 'ProgressSpinnerKit' from project 'ProgressSpinnerKit')
    cd /Users/admin/builder/spi-builder-workspace
    builtin-copy -exclude .DS_Store -exclude CVS -exclude .svn -exclude .git -exclude .hg -resolve-src-symlinks -rename /Users/admin/builder/spi-builder-workspace/.derivedData/Build/Intermediates.noindex/ProgressSpinnerKit.build/Debug-iphoneos/ProgressSpinnerKit-t.build/Objects-normal/arm64/ProgressSpinnerKit.swiftdoc /Users/admin/builder/spi-builder-workspace/.derivedData/Build/Products/Debug-iphoneos/ProgressSpinnerKit.swiftmodule/arm64-apple-ios.swiftdoc
Copy /Users/admin/builder/spi-builder-workspace/.derivedData/Build/Products/Debug-iphoneos/ProgressSpinnerKit.swiftmodule/Project/arm64-apple-ios.swiftsourceinfo /Users/admin/builder/spi-builder-workspace/.derivedData/Build/Intermediates.noindex/ProgressSpinnerKit.build/Debug-iphoneos/ProgressSpinnerKit-t.build/Objects-normal/arm64/ProgressSpinnerKit.swiftsourceinfo (in target 'ProgressSpinnerKit' from project 'ProgressSpinnerKit')
    cd /Users/admin/builder/spi-builder-workspace
    builtin-copy -exclude .DS_Store -exclude CVS -exclude .svn -exclude .git -exclude .hg -resolve-src-symlinks -rename /Users/admin/builder/spi-builder-workspace/.derivedData/Build/Intermediates.noindex/ProgressSpinnerKit.build/Debug-iphoneos/ProgressSpinnerKit-t.build/Objects-normal/arm64/ProgressSpinnerKit.swiftsourceinfo /Users/admin/builder/spi-builder-workspace/.derivedData/Build/Products/Debug-iphoneos/ProgressSpinnerKit.swiftmodule/Project/arm64-apple-ios.swiftsourceinfo
SwiftDriver demo normal arm64 com.apple.xcode.tools.swift.compiler (in target 'demo-product' from project 'ProgressSpinnerKit')
    cd /Users/admin/builder/spi-builder-workspace/.swiftpm/xcode
    builtin-SwiftDriver -- /Applications/Xcode-27.0.0-Release.Candidate.app/Contents/Developer/Toolchains/XcodeDefault.xctoolchain/usr/bin/swiftc -parse-as-library -module-name demo -Onone @/Users/admin/builder/spi-builder-workspace/.derivedData/Build/Intermediates.noindex/ProgressSpinnerKit.build/Debug-iphoneos/demo-p.build/Objects-normal/arm64/demo.SwiftFileList -DSWIFT_PACKAGE -DDEBUG -Xcc -fmodule-map-file\=/Users/admin/builder/spi-builder-workspace/.dependencies/checkouts/swift-tools-support-core/Sources/TSCclibc/include/module.modulemap -DXcode -plugin-path /Applications/Xcode-27.0.0-Release.Candidate.app/Contents/Developer/Toolchains/XcodeDefault.xctoolchain/usr/lib/swift/host/plugins/testing -enable-experimental-feature DebugDescriptionMacro -sdk /Applications/Xcode-27.0.0-Release.Candidate.app/Contents/Developer/Platforms/iPhoneOS.platform/Developer/SDKs/iPhoneOS27.0.sdk -target arm64-apple-ios15.0 -g -module-cache-path /Users/admin/builder/spi-builder-workspace/.derivedData/ModuleCache.noindex -Xfrontend -serialize-debugging-options -profile-coverage-mapping -profile-generate -enable-testing -index-store-path /Users/admin/builder/spi-builder-workspace/.derivedData/Index.noindex/DataStore -Xcc -D_LIBCPP_HARDENING_MODE\=_LIBCPP_HARDENING_MODE_DEBUG -swift-version 5 -I /Users/admin/builder/spi-builder-workspace/.derivedData/Build/Products/Debug-iphoneos -Isystem /Applications/Xcode-27.0.0-Release.Candidate.app/Contents/Developer/Platforms/iPhoneOS.platform/Developer/usr/lib -F /Users/admin/builder/spi-builder-workspace/.derivedData/Build/Products/Debug-iphoneos/PackageFrameworks -F /Users/admin/builder/spi-builder-workspace/.derivedData/Build/Products/Debug-iphoneos -F /Applications/Xcode-27.0.0-Release.Candidate.app/Contents/Developer/Platforms/iPhoneOS.platform/Developer/Library/Frameworks -F /Applications/Xcode-27.0.0-Release.Candidate.app/Contents/Developer/Platforms/iPhoneOS.platform/Developer/SDKs/iPhoneOS27.0.sdk/Developer/Library/Frameworks -c -j10 -enable-batch-mode -incremental -Xcc -ivfsstatcache -Xcc /Users/admin/builder/spi-builder-workspace/.derivedData/SDKStatCaches.noindex/iphoneos27.0-24A430-e829b21a6f8c9b70876ba0858053c04440ceaa042ed91876912b2eeea4e3aa14.sdkstatcache -output-file-map /Users/admin/builder/spi-builder-workspace/.derivedData/Build/Intermediates.noindex/ProgressSpinnerKit.build/Debug-iphoneos/demo-p.build/Objects-normal/arm64/demo-OutputFileMap.json -save-temps -no-color-diagnostics -explicit-module-build -module-cache-path /Users/admin/builder/spi-builder-workspace/.derivedData/Build/Intermediates.noindex/SwiftExplicitPrecompiledModules -clang-scanner-module-cache-path /Users/admin/builder/spi-builder-workspace/.derivedData/ModuleCache.noindex -sdk-module-cache-path /Users/admin/builder/spi-builder-workspace/.derivedData/SDKExplicitPrecompiledModules -emit-dependencies -emit-module -emit-module-path /Users/admin/builder/spi-builder-workspace/.derivedData/Build/Intermediates.noindex/ProgressSpinnerKit.build/Debug-iphoneos/demo-p.build/Objects-normal/arm64/demo.swiftmodule -serialize-diagnostics -dependency-scan-serialize-diagnostics-path /Users/admin/builder/spi-builder-workspace/.derivedData/Build/Intermediates.noindex/ProgressSpinnerKit.build/Debug-iphoneos/demo-p.build/Objects-normal/arm64/demo-dependency-scan.dia -validate-clang-modules-once -clang-build-session-file /Users/admin/builder/spi-builder-workspace/.derivedData/ModuleCache.noindex/Session.modulevalidation -Xcc -fmodules-prune-interval\=86400 -Xcc -fmodules-prune-after\=345600 -package-name spi_builder_workspace -emit-const-values -const-gather-protocols-list /Users/admin/builder/spi-builder-workspace/.derivedData/Build/Intermediates.noindex/ProgressSpinnerKit.build/Debug-iphoneos/demo-p.build/Objects-normal/arm64/demo_const_extract_protocols.json -Xcc -I/Users/admin/builder/spi-builder-workspace/.dependencies/checkouts/swift-tools-support-core/Sources/TSCclibc/include -Xcc -I/Users/admin/builder/spi-builder-workspace/.derivedData/Build/Products/Debug-iphoneos/include -Xcc -I/Users/admin/builder/spi-builder-workspace/.derivedData/Build/Intermediates.noindex/ProgressSpinnerKit.build/Debug-iphoneos/demo-p.build/DerivedSources-normal/arm64 -Xcc -I/Users/admin/builder/spi-builder-workspace/.derivedData/Build/Intermediates.noindex/ProgressSpinnerKit.build/Debug-iphoneos/demo-p.build/DerivedSources/arm64 -Xcc -I/Users/admin/builder/spi-builder-workspace/.derivedData/Build/Intermediates.noindex/ProgressSpinnerKit.build/Debug-iphoneos/demo-p.build/DerivedSources -Xcc -DSWIFT_PACKAGE -Xcc -DDEBUG\=1 -working-directory /Users/admin/builder/spi-builder-workspace/.swiftpm/xcode -experimental-emit-module-separately -disable-cmo
PruneExplicitPrecompiledModules /Users/admin/builder/spi-builder-workspace/.derivedData/Build/Intermediates.noindex/SwiftExplicitPrecompiledModules
PruneExplicitPrecompiledModules /Users/admin/builder/spi-builder-workspace/.derivedData/SDKExplicitPrecompiledModules
PruneExplicitPrecompiledModules /Users/admin/builder/spi-builder-workspace/.derivedData/Build/Intermediates.noindex/ExplicitPrecompiledModules
2026-09-21 09:11:53.531 xcodebuild[665:4053] [MT] IDERunDestination: Supported platforms for the buildables in the current scheme is empty.
** BUILD FAILED **
The following build commands failed:
	SwiftCompile normal arm64 Compiling\ ProgressSpinner.swift /Users/admin/builder/spi-builder-workspace/Sources/ProgressSpinnerKit/ProgressSpinner.swift (in target 'ProgressSpinnerKit' from project 'ProgressSpinnerKit')
	SwiftCompile normal arm64 /Users/admin/builder/spi-builder-workspace/Sources/ProgressSpinnerKit/ProgressSpinner.swift (in target 'ProgressSpinnerKit' from project 'ProgressSpinnerKit')
	Building workspace ProgressSpinnerKit with scheme ProgressSpinnerKit-Package
(3 failures)
Command line invocation:
    /Applications/Xcode-27.0.0-Release.Candidate.app/Contents/Developer/usr/bin/xcodebuild -IDEClonedSourcePackagesDirPathOverride=/Users/admin/builder/spi-builder-workspace/.dependencies -resolvePackageDependencies
Resolve Package Graph
Resolved source packages:
  swift-tools-support-core: https://github.com/swiftlang/swift-tools-support-core.git @ 0.8.0
  ProgressSpinnerKit: /Users/admin/builder/spi-builder-workspace
resolved source packages: swift-tools-support-core, ProgressSpinnerKit
2026-09-21 09:12:01.164 xcodebuild[792:4831] [MT] IDERunDestination: Supported platforms for the buildables in the current scheme is empty.
{
  "dependencies" : [
    {
      "identity" : "swift-tools-support-core",
      "requirement" : {
        "range" : [
          {
            "lower_bound" : "0.7.0",
            "upper_bound" : "1.0.0"
          }
        ]
      },
      "type" : "sourceControl",
      "url" : "https://github.com/swiftlang/swift-tools-support-core.git"
    }
  ],
  "manifest_display_name" : "ProgressSpinnerKit",
  "name" : "ProgressSpinnerKit",
  "path" : "/Users/admin/builder/spi-builder-workspace",
  "platforms" : [
    {
      "name" : "macos",
      "version" : "13.0"
    }
  ],
  "products" : [
    {
      "name" : "ProgressSpinnerKit",
      "targets" : [
        "ProgressSpinnerKit"
      ],
      "type" : {
        "library" : [
          "automatic"
        ]
      }
    },
    {
      "name" : "demo",
      "targets" : [
        "demo"
      ],
      "type" : {
        "executable" : null
      }
    }
  ],
  "targets" : [
    {
      "c99name" : "demo",
      "module_type" : "SwiftTarget",
      "name" : "demo",
      "path" : "Sources/demo",
      "product_memberships" : [
        "demo"
      ],
      "sources" : [
        "Demo.swift"
      ],
      "target_dependencies" : [
        "ProgressSpinnerKit"
      ],
      "type" : "executable"
    },
    {
      "c99name" : "ProgressSpinnerKitTests",
      "module_type" : "SwiftTarget",
      "name" : "ProgressSpinnerKitTests",
      "path" : "Tests/ProgressSpinnerKitTests",
      "sources" : [
        "ProgressSpinnerTests.swift"
      ],
      "target_dependencies" : [
        "ProgressSpinnerKit"
      ],
      "type" : "test"
    },
    {
      "c99name" : "ProgressSpinnerKit",
      "module_type" : "SwiftTarget",
      "name" : "ProgressSpinnerKit",
      "path" : "Sources/ProgressSpinnerKit",
      "product_dependencies" : [
        "SwiftToolsSupport"
      ],
      "product_memberships" : [
        "ProgressSpinnerKit",
        "demo"
      ],
      "sources" : [
        "ProgressSpinner.swift",
        "Spinner.swift"
      ],
      "type" : "library"
    }
  ],
  "tools_version" : "5.9"
}
{
  "workspace" : {
    "name" : "ProgressSpinnerKit",
    "schemes" : [
      "demo",
      "ProgressSpinnerKit",
      "ProgressSpinnerKit-Package"
    ]
  }
}
2026-09-21 09:12:02.566 xcodebuild[800:4904] [MT] IDERunDestination: Supported platforms for the buildables in the current scheme is empty.
Running build ...
env DEVELOPER_DIR=/Applications/Xcode-27.0.0-Release.Candidate.app xcrun xcodebuild -IDEClonedSourcePackagesDirPathOverride=$PWD/.dependencies -skipMacroValidation -skipPackagePluginValidation -derivedDataPath $PWD/.derivedData build -scheme ProgressSpinnerKit-Package -destination generic/platform=iOS
Command line invocation:
    /Applications/Xcode-27.0.0-Release.Candidate.app/Contents/Developer/usr/bin/xcodebuild -IDEClonedSourcePackagesDirPathOverride=/Users/admin/builder/spi-builder-workspace/.dependencies -skipMacroValidation -skipPackagePluginValidation -derivedDataPath /Users/admin/builder/spi-builder-workspace/.derivedData build -scheme ProgressSpinnerKit-Package -destination generic/platform=iOS
Resolve Package Graph
Resolved source packages:
  ProgressSpinnerKit: /Users/admin/builder/spi-builder-workspace
  swift-tools-support-core: https://github.com/swiftlang/swift-tools-support-core.git @ 0.8.0
ComputePackagePrebuildTargetDependencyGraph
Prepare packages
CreateBuildRequest
SendProjectDescription
CreateBuildOperation
ComputeTargetDependencyGraph
note: Building targets in dependency order
note: Target dependency graph (8 targets)
    Target 'demo-product' in project 'ProgressSpinnerKit'
        ➜ Explicit dependency on target 'SwiftToolsSupport-product' in project 'swift-tools-support-core'
        ➜ Explicit dependency on target 'ProgressSpinnerKit' in project 'ProgressSpinnerKit'
    Target 'ProgressSpinnerKit-product' in project 'ProgressSpinnerKit'
        ➜ Explicit dependency on target 'ProgressSpinnerKit' in project 'ProgressSpinnerKit'
        ➜ Explicit dependency on target 'SwiftToolsSupport-product' in project 'swift-tools-support-core'
    Target 'ProgressSpinnerKit' in project 'ProgressSpinnerKit'
        ➜ Explicit dependency on target 'SwiftToolsSupport-product' in project 'swift-tools-support-core'
    Target 'SwiftToolsSupport-product' in project 'swift-tools-support-core'
        ➜ Explicit dependency on target 'TSCBasic' in project 'swift-tools-support-core'
        ➜ Explicit dependency on target 'TSCUtility' in project 'swift-tools-support-core'
        ➜ Explicit dependency on target 'TSCLibc' in project 'swift-tools-support-core'
        ➜ Explicit dependency on target 'TSCclibc' in project 'swift-tools-support-core'
    Target 'TSCUtility' in project 'swift-tools-support-core'
        ➜ Explicit dependency on target 'TSCLibc' in project 'swift-tools-support-core'
        ➜ Explicit dependency on target 'TSCclibc' in project 'swift-tools-support-core'
        ➜ Explicit dependency on target 'TSCBasic' in project 'swift-tools-support-core'
    Target 'TSCBasic' in project 'swift-tools-support-core'
        ➜ Explicit dependency on target 'TSCLibc' in project 'swift-tools-support-core'
        ➜ Explicit dependency on target 'TSCclibc' in project 'swift-tools-support-core'
    Target 'TSCclibc' in project 'swift-tools-support-core' (no dependencies)
    Target 'TSCLibc' in project 'swift-tools-support-core' (no dependencies)
GatherProvisioningInputs
CreateBuildDescription
ClangStatCache /Applications/Xcode-27.0.0-Release.Candidate.app/Contents/Developer/Toolchains/XcodeDefault.xctoolchain/usr/bin/clang-stat-cache /Applications/Xcode-27.0.0-Release.Candidate.app/Contents/Developer/Platforms/iPhoneOS.platform/Developer/SDKs/iPhoneOS27.0.sdk /Users/admin/builder/spi-builder-workspace/.derivedData/SDKStatCaches.noindex/iphoneos27.0-24A430-e829b21a6f8c9b70876ba0858053c04440ceaa042ed91876912b2eeea4e3aa14.sdkstatcache
    cd /Users/admin/builder/spi-builder-workspace/.swiftpm/xcode
    /Applications/Xcode-27.0.0-Release.Candidate.app/Contents/Developer/Toolchains/XcodeDefault.xctoolchain/usr/bin/clang-stat-cache /Applications/Xcode-27.0.0-Release.Candidate.app/Contents/Developer/Platforms/iPhoneOS.platform/Developer/SDKs/iPhoneOS27.0.sdk -o /Users/admin/builder/spi-builder-workspace/.derivedData/SDKStatCaches.noindex/iphoneos27.0-24A430-e829b21a6f8c9b70876ba0858053c04440ceaa042ed91876912b2eeea4e3aa14.sdkstatcache
SwiftDriver TSCUtility normal arm64 com.apple.xcode.tools.swift.compiler (in target 'TSCUtility' from project 'swift-tools-support-core')
    cd /Users/admin/builder/spi-builder-workspace/.swiftpm/xcode
    builtin-SwiftDriver -- /Applications/Xcode-27.0.0-Release.Candidate.app/Contents/Developer/Toolchains/XcodeDefault.xctoolchain/usr/bin/swiftc -parse-as-library -module-name TSCUtility -Onone @/Users/admin/builder/spi-builder-workspace/.derivedData/Build/Intermediates.noindex/swift-tools-support-core.build/Debug-iphoneos/TSCUtility-t.build/Objects-normal/arm64/TSCUtility.SwiftFileList -DSWIFT_PACKAGE -DDEBUG -DSWIFT_MODULE_RESOURCE_BUNDLE_UNAVAILABLE -Xcc -fmodule-map-file\=/Users/admin/builder/spi-builder-workspace/.dependencies/checkouts/swift-tools-support-core/Sources/TSCclibc/include/module.modulemap -DXcode -plugin-path /Applications/Xcode-27.0.0-Release.Candidate.app/Contents/Developer/Toolchains/XcodeDefault.xctoolchain/usr/lib/swift/host/plugins/testing -enable-experimental-feature DebugDescriptionMacro -sdk /Applications/Xcode-27.0.0-Release.Candidate.app/Contents/Developer/Platforms/iPhoneOS.platform/Developer/SDKs/iPhoneOS27.0.sdk -target arm64-apple-ios15.0 -g -module-cache-path /Users/admin/builder/spi-builder-workspace/.derivedData/ModuleCache.noindex -Xfrontend -serialize-debugging-options -profile-coverage-mapping -profile-generate -enable-testing -suppress-warnings -index-store-path /Users/admin/builder/spi-builder-workspace/.derivedData/Index.noindex/DataStore -Xcc -D_LIBCPP_HARDENING_MODE\=_LIBCPP_HARDENING_MODE_DEBUG -swift-version 5 -I /Users/admin/builder/spi-builder-workspace/.derivedData/Build/Products/Debug-iphoneos -Isystem /Applications/Xcode-27.0.0-Release.Candidate.app/Contents/Developer/Platforms/iPhoneOS.platform/Developer/usr/lib -F /Users/admin/builder/spi-builder-workspace/.derivedData/Build/Products/Debug-iphoneos/PackageFrameworks -F /Users/admin/builder/spi-builder-workspace/.derivedData/Build/Products/Debug-iphoneos -F /Applications/Xcode-27.0.0-Release.Candidate.app/Contents/Developer/Platforms/iPhoneOS.platform/Developer/Library/Frameworks -F /Applications/Xcode-27.0.0-Release.Candidate.app/Contents/Developer/Platforms/iPhoneOS.platform/Developer/SDKs/iPhoneOS27.0.sdk/Developer/Library/Frameworks -c -j10 -enable-batch-mode -incremental -Xcc -ivfsstatcache -Xcc /Users/admin/builder/spi-builder-workspace/.derivedData/SDKStatCaches.noindex/iphoneos27.0-24A430-e829b21a6f8c9b70876ba0858053c04440ceaa042ed91876912b2eeea4e3aa14.sdkstatcache -output-file-map /Users/admin/builder/spi-builder-workspace/.derivedData/Build/Intermediates.noindex/swift-tools-support-core.build/Debug-iphoneos/TSCUtility-t.build/Objects-normal/arm64/TSCUtility-OutputFileMap.json -save-temps -no-color-diagnostics -explicit-module-build -module-cache-path /Users/admin/builder/spi-builder-workspace/.derivedData/Build/Intermediates.noindex/SwiftExplicitPrecompiledModules -clang-scanner-module-cache-path /Users/admin/builder/spi-builder-workspace/.derivedData/ModuleCache.noindex -sdk-module-cache-path /Users/admin/builder/spi-builder-workspace/.derivedData/SDKExplicitPrecompiledModules -emit-dependencies -emit-module -emit-module-path /Users/admin/builder/spi-builder-workspace/.derivedData/Build/Intermediates.noindex/swift-tools-support-core.build/Debug-iphoneos/TSCUtility-t.build/Objects-normal/arm64/TSCUtility.swiftmodule -serialize-diagnostics -dependency-scan-serialize-diagnostics-path /Users/admin/builder/spi-builder-workspace/.derivedData/Build/Intermediates.noindex/swift-tools-support-core.build/Debug-iphoneos/TSCUtility-t.build/Objects-normal/arm64/TSCUtility-dependency-scan.dia -validate-clang-modules-once -clang-build-session-file /Users/admin/builder/spi-builder-workspace/.derivedData/ModuleCache.noindex/Session.modulevalidation -Xcc -fmodules-prune-interval\=86400 -Xcc -fmodules-prune-after\=345600 -emit-const-values -const-gather-protocols-list /Users/admin/builder/spi-builder-workspace/.derivedData/Build/Intermediates.noindex/swift-tools-support-core.build/Debug-iphoneos/TSCUtility-t.build/Objects-normal/arm64/TSCUtility_const_extract_protocols.json -Xcc -I/Users/admin/builder/spi-builder-workspace/.dependencies/checkouts/swift-tools-support-core/Sources/TSCclibc/include -Xcc -I/Users/admin/builder/spi-builder-workspace/.derivedData/Build/Products/Debug-iphoneos/include -Xcc -I/Users/admin/builder/spi-builder-workspace/.derivedData/Build/Intermediates.noindex/swift-tools-support-core.build/Debug-iphoneos/TSCUtility-t.build/DerivedSources-normal/arm64 -Xcc -I/Users/admin/builder/spi-builder-workspace/.derivedData/Build/Intermediates.noindex/swift-tools-support-core.build/Debug-iphoneos/TSCUtility-t.build/DerivedSources/arm64 -Xcc -I/Users/admin/builder/spi-builder-workspace/.derivedData/Build/Intermediates.noindex/swift-tools-support-core.build/Debug-iphoneos/TSCUtility-t.build/DerivedSources -Xcc -DSWIFT_PACKAGE -Xcc -DDEBUG\=1 -emit-objc-header -emit-objc-header-path /Users/admin/builder/spi-builder-workspace/.derivedData/Build/Intermediates.noindex/swift-tools-support-core.build/Debug-iphoneos/TSCUtility-t.build/Objects-normal/arm64/TSCUtility-Swift.h -working-directory /Users/admin/builder/spi-builder-workspace/.swiftpm/xcode -experimental-emit-module-separately -disable-cmo
SwiftDriver ProgressSpinnerKit normal arm64 com.apple.xcode.tools.swift.compiler (in target 'ProgressSpinnerKit' from project 'ProgressSpinnerKit')
    cd /Users/admin/builder/spi-builder-workspace/.swiftpm/xcode
    builtin-SwiftDriver -- /Applications/Xcode-27.0.0-Release.Candidate.app/Contents/Developer/Toolchains/XcodeDefault.xctoolchain/usr/bin/swiftc -parse-as-library -module-name ProgressSpinnerKit -Onone @/Users/admin/builder/spi-builder-workspace/.derivedData/Build/Intermediates.noindex/ProgressSpinnerKit.build/Debug-iphoneos/ProgressSpinnerKit-t.build/Objects-normal/arm64/ProgressSpinnerKit.SwiftFileList -DSWIFT_PACKAGE -DDEBUG -DSWIFT_MODULE_RESOURCE_BUNDLE_UNAVAILABLE -Xcc -fmodule-map-file\=/Users/admin/builder/spi-builder-workspace/.dependencies/checkouts/swift-tools-support-core/Sources/TSCclibc/include/module.modulemap -DXcode -plugin-path /Applications/Xcode-27.0.0-Release.Candidate.app/Contents/Developer/Toolchains/XcodeDefault.xctoolchain/usr/lib/swift/host/plugins/testing -enable-experimental-feature DebugDescriptionMacro -sdk /Applications/Xcode-27.0.0-Release.Candidate.app/Contents/Developer/Platforms/iPhoneOS.platform/Developer/SDKs/iPhoneOS27.0.sdk -target arm64-apple-ios15.0 -g -module-cache-path /Users/admin/builder/spi-builder-workspace/.derivedData/ModuleCache.noindex -Xfrontend -serialize-debugging-options -profile-coverage-mapping -profile-generate -enable-testing -index-store-path /Users/admin/builder/spi-builder-workspace/.derivedData/Index.noindex/DataStore -Xcc -D_LIBCPP_HARDENING_MODE\=_LIBCPP_HARDENING_MODE_DEBUG -swift-version 5 -I /Users/admin/builder/spi-builder-workspace/.derivedData/Build/Products/Debug-iphoneos -Isystem /Applications/Xcode-27.0.0-Release.Candidate.app/Contents/Developer/Platforms/iPhoneOS.platform/Developer/usr/lib -F /Users/admin/builder/spi-builder-workspace/.derivedData/Build/Products/Debug-iphoneos/PackageFrameworks -F /Users/admin/builder/spi-builder-workspace/.derivedData/Build/Products/Debug-iphoneos -F /Applications/Xcode-27.0.0-Release.Candidate.app/Contents/Developer/Platforms/iPhoneOS.platform/Developer/Library/Frameworks -F /Applications/Xcode-27.0.0-Release.Candidate.app/Contents/Developer/Platforms/iPhoneOS.platform/Developer/SDKs/iPhoneOS27.0.sdk/Developer/Library/Frameworks -c -j10 -enable-batch-mode -incremental -Xcc -ivfsstatcache -Xcc /Users/admin/builder/spi-builder-workspace/.derivedData/SDKStatCaches.noindex/iphoneos27.0-24A430-e829b21a6f8c9b70876ba0858053c04440ceaa042ed91876912b2eeea4e3aa14.sdkstatcache -output-file-map /Users/admin/builder/spi-builder-workspace/.derivedData/Build/Intermediates.noindex/ProgressSpinnerKit.build/Debug-iphoneos/ProgressSpinnerKit-t.build/Objects-normal/arm64/ProgressSpinnerKit-OutputFileMap.json -save-temps -no-color-diagnostics -explicit-module-build -module-cache-path /Users/admin/builder/spi-builder-workspace/.derivedData/Build/Intermediates.noindex/SwiftExplicitPrecompiledModules -clang-scanner-module-cache-path /Users/admin/builder/spi-builder-workspace/.derivedData/ModuleCache.noindex -sdk-module-cache-path /Users/admin/builder/spi-builder-workspace/.derivedData/SDKExplicitPrecompiledModules -emit-dependencies -emit-module -emit-module-path /Users/admin/builder/spi-builder-workspace/.derivedData/Build/Intermediates.noindex/ProgressSpinnerKit.build/Debug-iphoneos/ProgressSpinnerKit-t.build/Objects-normal/arm64/ProgressSpinnerKit.swiftmodule -serialize-diagnostics -dependency-scan-serialize-diagnostics-path /Users/admin/builder/spi-builder-workspace/.derivedData/Build/Intermediates.noindex/ProgressSpinnerKit.build/Debug-iphoneos/ProgressSpinnerKit-t.build/Objects-normal/arm64/ProgressSpinnerKit-dependency-scan.dia -validate-clang-modules-once -clang-build-session-file /Users/admin/builder/spi-builder-workspace/.derivedData/ModuleCache.noindex/Session.modulevalidation -Xcc -fmodules-prune-interval\=86400 -Xcc -fmodules-prune-after\=345600 -package-name spi_builder_workspace -emit-const-values -const-gather-protocols-list /Users/admin/builder/spi-builder-workspace/.derivedData/Build/Intermediates.noindex/ProgressSpinnerKit.build/Debug-iphoneos/ProgressSpinnerKit-t.build/Objects-normal/arm64/ProgressSpinnerKit_const_extract_protocols.json -Xcc -I/Users/admin/builder/spi-builder-workspace/.dependencies/checkouts/swift-tools-support-core/Sources/TSCclibc/include -Xcc -I/Users/admin/builder/spi-builder-workspace/.derivedData/Build/Products/Debug-iphoneos/include -Xcc -I/Users/admin/builder/spi-builder-workspace/.derivedData/Build/Intermediates.noindex/ProgressSpinnerKit.build/Debug-iphoneos/ProgressSpinnerKit-t.build/DerivedSources-normal/arm64 -Xcc -I/Users/admin/builder/spi-builder-workspace/.derivedData/Build/Intermediates.noindex/ProgressSpinnerKit.build/Debug-iphoneos/ProgressSpinnerKit-t.build/DerivedSources/arm64 -Xcc -I/Users/admin/builder/spi-builder-workspace/.derivedData/Build/Intermediates.noindex/ProgressSpinnerKit.build/Debug-iphoneos/ProgressSpinnerKit-t.build/DerivedSources -Xcc -DSWIFT_PACKAGE -Xcc -DDEBUG\=1 -emit-objc-header -emit-objc-header-path /Users/admin/builder/spi-builder-workspace/.derivedData/Build/Intermediates.noindex/ProgressSpinnerKit.build/Debug-iphoneos/ProgressSpinnerKit-t.build/Objects-normal/arm64/ProgressSpinnerKit-Swift.h -working-directory /Users/admin/builder/spi-builder-workspace/.swiftpm/xcode -experimental-emit-module-separately -disable-cmo
SwiftDriver demo normal arm64 com.apple.xcode.tools.swift.compiler (in target 'demo-product' from project 'ProgressSpinnerKit')
    cd /Users/admin/builder/spi-builder-workspace/.swiftpm/xcode
    builtin-SwiftDriver -- /Applications/Xcode-27.0.0-Release.Candidate.app/Contents/Developer/Toolchains/XcodeDefault.xctoolchain/usr/bin/swiftc -parse-as-library -module-name demo -Onone @/Users/admin/builder/spi-builder-workspace/.derivedData/Build/Intermediates.noindex/ProgressSpinnerKit.build/Debug-iphoneos/demo-p.build/Objects-normal/arm64/demo.SwiftFileList -DSWIFT_PACKAGE -DDEBUG -Xcc -fmodule-map-file\=/Users/admin/builder/spi-builder-workspace/.dependencies/checkouts/swift-tools-support-core/Sources/TSCclibc/include/module.modulemap -DXcode -plugin-path /Applications/Xcode-27.0.0-Release.Candidate.app/Contents/Developer/Toolchains/XcodeDefault.xctoolchain/usr/lib/swift/host/plugins/testing -enable-experimental-feature DebugDescriptionMacro -sdk /Applications/Xcode-27.0.0-Release.Candidate.app/Contents/Developer/Platforms/iPhoneOS.platform/Developer/SDKs/iPhoneOS27.0.sdk -target arm64-apple-ios15.0 -g -module-cache-path /Users/admin/builder/spi-builder-workspace/.derivedData/ModuleCache.noindex -Xfrontend -serialize-debugging-options -profile-coverage-mapping -profile-generate -enable-testing -index-store-path /Users/admin/builder/spi-builder-workspace/.derivedData/Index.noindex/DataStore -Xcc -D_LIBCPP_HARDENING_MODE\=_LIBCPP_HARDENING_MODE_DEBUG -swift-version 5 -I /Users/admin/builder/spi-builder-workspace/.derivedData/Build/Products/Debug-iphoneos -Isystem /Applications/Xcode-27.0.0-Release.Candidate.app/Contents/Developer/Platforms/iPhoneOS.platform/Developer/usr/lib -F /Users/admin/builder/spi-builder-workspace/.derivedData/Build/Products/Debug-iphoneos/PackageFrameworks -F /Users/admin/builder/spi-builder-workspace/.derivedData/Build/Products/Debug-iphoneos -F /Applications/Xcode-27.0.0-Release.Candidate.app/Contents/Developer/Platforms/iPhoneOS.platform/Developer/Library/Frameworks -F /Applications/Xcode-27.0.0-Release.Candidate.app/Contents/Developer/Platforms/iPhoneOS.platform/Developer/SDKs/iPhoneOS27.0.sdk/Developer/Library/Frameworks -c -j10 -enable-batch-mode -incremental -Xcc -ivfsstatcache -Xcc /Users/admin/builder/spi-builder-workspace/.derivedData/SDKStatCaches.noindex/iphoneos27.0-24A430-e829b21a6f8c9b70876ba0858053c04440ceaa042ed91876912b2eeea4e3aa14.sdkstatcache -output-file-map /Users/admin/builder/spi-builder-workspace/.derivedData/Build/Intermediates.noindex/ProgressSpinnerKit.build/Debug-iphoneos/demo-p.build/Objects-normal/arm64/demo-OutputFileMap.json -save-temps -no-color-diagnostics -explicit-module-build -module-cache-path /Users/admin/builder/spi-builder-workspace/.derivedData/Build/Intermediates.noindex/SwiftExplicitPrecompiledModules -clang-scanner-module-cache-path /Users/admin/builder/spi-builder-workspace/.derivedData/ModuleCache.noindex -sdk-module-cache-path /Users/admin/builder/spi-builder-workspace/.derivedData/SDKExplicitPrecompiledModules -emit-dependencies -emit-module -emit-module-path /Users/admin/builder/spi-builder-workspace/.derivedData/Build/Intermediates.noindex/ProgressSpinnerKit.build/Debug-iphoneos/demo-p.build/Objects-normal/arm64/demo.swiftmodule -serialize-diagnostics -dependency-scan-serialize-diagnostics-path /Users/admin/builder/spi-builder-workspace/.derivedData/Build/Intermediates.noindex/ProgressSpinnerKit.build/Debug-iphoneos/demo-p.build/Objects-normal/arm64/demo-dependency-scan.dia -validate-clang-modules-once -clang-build-session-file /Users/admin/builder/spi-builder-workspace/.derivedData/ModuleCache.noindex/Session.modulevalidation -Xcc -fmodules-prune-interval\=86400 -Xcc -fmodules-prune-after\=345600 -package-name spi_builder_workspace -emit-const-values -const-gather-protocols-list /Users/admin/builder/spi-builder-workspace/.derivedData/Build/Intermediates.noindex/ProgressSpinnerKit.build/Debug-iphoneos/demo-p.build/Objects-normal/arm64/demo_const_extract_protocols.json -Xcc -I/Users/admin/builder/spi-builder-workspace/.dependencies/checkouts/swift-tools-support-core/Sources/TSCclibc/include -Xcc -I/Users/admin/builder/spi-builder-workspace/.derivedData/Build/Products/Debug-iphoneos/include -Xcc -I/Users/admin/builder/spi-builder-workspace/.derivedData/Build/Intermediates.noindex/ProgressSpinnerKit.build/Debug-iphoneos/demo-p.build/DerivedSources-normal/arm64 -Xcc -I/Users/admin/builder/spi-builder-workspace/.derivedData/Build/Intermediates.noindex/ProgressSpinnerKit.build/Debug-iphoneos/demo-p.build/DerivedSources/arm64 -Xcc -I/Users/admin/builder/spi-builder-workspace/.derivedData/Build/Intermediates.noindex/ProgressSpinnerKit.build/Debug-iphoneos/demo-p.build/DerivedSources -Xcc -DSWIFT_PACKAGE -Xcc -DDEBUG\=1 -working-directory /Users/admin/builder/spi-builder-workspace/.swiftpm/xcode -experimental-emit-module-separately -disable-cmo
SwiftCompile normal arm64 Compiling\ Spinner.swift /Users/admin/builder/spi-builder-workspace/Sources/ProgressSpinnerKit/Spinner.swift (in target 'ProgressSpinnerKit' from project 'ProgressSpinnerKit')
SwiftCompile normal arm64 /Users/admin/builder/spi-builder-workspace/Sources/ProgressSpinnerKit/Spinner.swift (in target 'ProgressSpinnerKit' from project 'ProgressSpinnerKit')
    cd /Users/admin/builder/spi-builder-workspace/.swiftpm/xcode
    builtin-SwiftPerFileCompile Spinner.swift
SwiftEmitModule normal arm64 Emitting\ module\ for\ ProgressSpinnerKit (in target 'ProgressSpinnerKit' from project 'ProgressSpinnerKit')
SwiftCompile normal arm64 (in target 'ProgressSpinnerKit' from project 'ProgressSpinnerKit')
    cd /Users/admin/builder/spi-builder-workspace/.swiftpm/xcode

SwiftCompile normal arm64 Compiling\ ProgressSpinner.swift /Users/admin/builder/spi-builder-workspace/Sources/ProgressSpinnerKit/ProgressSpinner.swift (in target 'ProgressSpinnerKit' from project 'ProgressSpinnerKit')
SwiftCompile normal arm64 /Users/admin/builder/spi-builder-workspace/Sources/ProgressSpinnerKit/ProgressSpinner.swift (in target 'ProgressSpinnerKit' from project 'ProgressSpinnerKit')
    cd /Users/admin/builder/spi-builder-workspace/.swiftpm/xcode
    builtin-SwiftPerFileCompile ProgressSpinner.swift
/Users/admin/builder/spi-builder-workspace/Sources/ProgressSpinnerKit/ProgressSpinner.swift:38:23: error: 'sleep(for:tolerance:clock:)' is only available in iOS 16.0 or newer
 19 |
 20 | /// A single line progress bar.
 21 | final class SingleLineProgressSpinner: ProgressSpinnable {
    |             `- note: add '@available' attribute to enclosing class
 22 |   private let stream: OutputByteStream
 23 |   private let header: String
    :
 30 |   }
 31 |
 32 |   func start() async {
    |        `- note: add '@available' attribute to enclosing instance method
 33 |     stream.send(header)
 34 |     stream.send("\n")
    :
 36 |
 37 |     let timer = AsyncStream {
 38 |       try? await Task.sleep(for: .seconds(fps))
    |                       |- error: 'sleep(for:tolerance:clock:)' is only available in iOS 16.0 or newer
    |                       `- note: add 'if #available' version check
 39 |     }
 40 |
/Users/admin/builder/spi-builder-workspace/Sources/ProgressSpinnerKit/ProgressSpinner.swift:38:35: error: 'seconds' is only available in iOS 16.0 or newer
 19 |
 20 | /// A single line progress bar.
 21 | final class SingleLineProgressSpinner: ProgressSpinnable {
    |             `- note: add '@available' attribute to enclosing class
 22 |   private let stream: OutputByteStream
 23 |   private let header: String
    :
 30 |   }
 31 |
 32 |   func start() async {
    |        `- note: add '@available' attribute to enclosing instance method
 33 |     stream.send(header)
 34 |     stream.send("\n")
    :
 36 |
 37 |     let timer = AsyncStream {
 38 |       try? await Task.sleep(for: .seconds(fps))
    |                                   |- error: 'seconds' is only available in iOS 16.0 or newer
    |                                   `- note: add 'if #available' version check
 39 |     }
 40 |
/Users/admin/builder/spi-builder-workspace/Sources/ProgressSpinnerKit/ProgressSpinner.swift:68:23: error: 'sleep(for:tolerance:clock:)' is only available in iOS 16.0 or newer
 49 | }
 50 |
 51 | final class SimpleProgressSpinner: ProgressSpinnable {
    |             `- note: add '@available' attribute to enclosing class
 52 |   private let stream: OutputByteStream
 53 |   private let header: String
    :
 60 |   }
 61 |
 62 |   func start() async {
    |        `- note: add '@available' attribute to enclosing instance method
 63 |     stream.send(header)
 64 |     stream.send("\n")
    :
 66 |
 67 |     let timer = AsyncStream {
 68 |       try? await Task.sleep(for: .seconds(fps))
    |                       |- error: 'sleep(for:tolerance:clock:)' is only available in iOS 16.0 or newer
    |                       `- note: add 'if #available' version check
 69 |     }
 70 |
SwiftEmitModule normal arm64 Emitting\ module\ for\ demo (in target 'demo-product' from project 'ProgressSpinnerKit')
SwiftCompile normal arm64 (in target 'demo-product' from project 'ProgressSpinnerKit')
    cd /Users/admin/builder/spi-builder-workspace/.swiftpm/xcode

SwiftCompile normal arm64 Compiling\ Demo.swift /Users/admin/builder/spi-builder-workspace/Sources/demo/Demo.swift (in target 'demo-product' from project 'ProgressSpinnerKit')
/Users/admin/builder/spi-builder-workspace/Sources/demo/Demo.swift:14:27: error: 'sleep(for:tolerance:clock:)' is only available in iOS 16.0 or newer
  4 |
  5 | @main
  6 | struct Demo {
    |        `- note: add '@available' attribute to enclosing struct
  7 |   static func main() async {
    |               `- note: add '@available' attribute to enclosing static method
  8 |     func run(with spinner: any ProgressSpinnable) async {
  9 |       await withTaskGroup(of: Void.self) { group in
    :
 12 |         }
 13 |         group.addTask {
 14 |           try? await Task.sleep(for: .seconds(2.0))
    |                           |- error: 'sleep(for:tolerance:clock:)' is only available in iOS 16.0 or newer
    |                           `- note: add 'if #available' version check
 15 |         }
 16 |         defer { group.cancelAll() }
/Users/admin/builder/spi-builder-workspace/Sources/demo/Demo.swift:14:39: error: 'seconds' is only available in iOS 16.0 or newer
  4 |
  5 | @main
  6 | struct Demo {
    |        `- note: add '@available' attribute to enclosing struct
  7 |   static func main() async {
    |               `- note: add '@available' attribute to enclosing static method
  8 |     func run(with spinner: any ProgressSpinnable) async {
  9 |       await withTaskGroup(of: Void.self) { group in
    :
 12 |         }
 13 |         group.addTask {
 14 |           try? await Task.sleep(for: .seconds(2.0))
    |                                       |- error: 'seconds' is only available in iOS 16.0 or newer
    |                                       `- note: add 'if #available' version check
 15 |         }
 16 |         defer { group.cancelAll() }
Failed frontend command:
/Applications/Xcode-27.0.0-Release.Candidate.app/Contents/Developer/Toolchains/XcodeDefault.xctoolchain/usr/bin/swift-frontend -frontend -c -primary-file /Users/admin/builder/spi-builder-workspace/Sources/demo/Demo.swift -emit-dependencies-path /Users/admin/builder/spi-builder-workspace/.derivedData/Build/Intermediates.noindex/ProgressSpinnerKit.build/Debug-iphoneos/demo-p.build/Objects-normal/arm64/Demo.d -emit-const-values-path /Users/admin/builder/spi-builder-workspace/.derivedData/Build/Intermediates.noindex/ProgressSpinnerKit.build/Debug-iphoneos/demo-p.build/Objects-normal/arm64/Demo.swiftconstvalues -emit-reference-dependencies-path /Users/admin/builder/spi-builder-workspace/.derivedData/Build/Intermediates.noindex/ProgressSpinnerKit.build/Debug-iphoneos/demo-p.build/Objects-normal/arm64/Demo.swiftdeps -serialize-diagnostics-path /Users/admin/builder/spi-builder-workspace/.derivedData/Build/Intermediates.noindex/ProgressSpinnerKit.build/Debug-iphoneos/demo-p.build/Objects-normal/arm64/Demo.dia -target arm64-apple-ios15.0 -disable-cross-import-overlay-search -load-resolved-plugin /Applications/Xcode-27.0.0-Release.Candidate.app/Contents/Developer/Platforms/iPhoneOS.platform/Developer/usr/lib/swift/host/plugins/libFoundationMacros.dylib\#/Applications/Xcode-27.0.0-Release.Candidate.app/Contents/Developer/Platforms/iPhoneOS.platform/Developer/usr/bin/swift-plugin-server\#FoundationMacros -load-resolved-plugin /Applications/Xcode-27.0.0-Release.Candidate.app/Contents/Developer/Platforms/iPhoneOS.platform/Developer/usr/lib/swift/host/plugins/libObservationMacros.dylib\#/Applications/Xcode-27.0.0-Release.Candidate.app/Contents/Developer/Platforms/iPhoneOS.platform/Developer/usr/bin/swift-plugin-server\#ObservationMacros -load-resolved-plugin /Applications/Xcode-27.0.0-Release.Candidate.app/Contents/Developer/Platforms/iPhoneOS.platform/Developer/usr/lib/swift/host/plugins/libSwiftMacros.dylib\#/Applications/Xcode-27.0.0-Release.Candidate.app/Contents/Developer/Platforms/iPhoneOS.platform/Developer/usr/bin/swift-plugin-server\#SwiftMacros -disable-implicit-swift-modules -Xcc -fno-implicit-modules -Xcc -fno-implicit-module-maps -explicit-swift-module-map-file /Users/admin/builder/spi-builder-workspace/.derivedData/Build/Intermediates.noindex/ProgressSpinnerKit.build/Debug-iphoneos/demo-p.build/Objects-normal/arm64/demo-dependencies-1.json -Xllvm -aarch64-use-tbi -enable-objc-interop -stack-check -sdk /Applications/Xcode-27.0.0-Release.Candidate.app/Contents/Developer/Platforms/iPhoneOS.platform/Developer/SDKs/iPhoneOS27.0.sdk -I /Users/admin/builder/spi-builder-workspace/.derivedData/Build/Products/Debug-iphoneos -Isystem /Applications/Xcode-27.0.0-Release.Candidate.app/Contents/Developer/Platforms/iPhoneOS.platform/Developer/usr/lib -F /Users/admin/builder/spi-builder-workspace/.derivedData/Build/Products/Debug-iphoneos/PackageFrameworks -F /Users/admin/builder/spi-builder-workspace/.derivedData/Build/Products/Debug-iphoneos -F /Applications/Xcode-27.0.0-Release.Candidate.app/Contents/Developer/Platforms/iPhoneOS.platform/Developer/Library/Frameworks -F /Applications/Xcode-27.0.0-Release.Candidate.app/Contents/Developer/Platforms/iPhoneOS.platform/Developer/SDKs/iPhoneOS27.0.sdk/Developer/Library/Frameworks -module-cache-path /Users/admin/builder/spi-builder-workspace/.derivedData/Build/Intermediates.noindex/SwiftExplicitPrecompiledModules -no-color-diagnostics -Xcc -fno-color-diagnostics -enable-testing -g -debug-info-format\=dwarf -dwarf-version\=4 -profile-generate -profile-coverage-mapping -swift-version 5 -Onone -D SWIFT_PACKAGE -D DEBUG -D Xcode -serialize-debugging-options -enable-experimental-feature DebugDescriptionMacro -empty-abi-descriptor -validate-clang-modules-once -clang-build-session-file /Users/admin/builder/spi-builder-workspace/.derivedData/ModuleCache.noindex/Session.modulevalidation -Xcc -working-directory -Xcc /Users/admin/builder/spi-builder-workspace/.swiftpm/xcode -enable-anonymous-context-mangled-names -file-compilation-dir /Users/admin/builder/spi-builder-workspace/.swiftpm/xcode -Xcc -fmodule-map-file\=/Users/admin/builder/spi-builder-workspace/.dependencies/checkouts/swift-tools-support-core/Sources/TSCclibc/include/module.modulemap -Xcc -D_LIBCPP_HARDENING_MODE\=_LIBCPP_HARDENING_MODE_DEBUG -Xcc -ivfsstatcache -Xcc /Users/admin/builder/spi-builder-workspace/.derivedData/SDKStatCaches.noindex/iphoneos27.0-24A430-e829b21a6f8c9b70876ba0858053c04440ceaa042ed91876912b2eeea4e3aa14.sdkstatcache -Xcc -fmodules-prune-interval\=86400 -Xcc -fmodules-prune-after\=345600 -Xcc -I/Users/admin/builder/spi-builder-workspace/.dependencies/checkouts/swift-tools-support-core/Sources/TSCclibc/include -Xcc -I/Users/admin/builder/spi-builder-workspace/.derivedData/Build/Products/Debug-iphoneos/include -Xcc -I/Users/admin/builder/spi-builder-workspace/.derivedData/Build/Intermediates.noindex/ProgressSpinnerKit.build/Debug-iphoneos/demo-p.build/DerivedSources-normal/arm64 -Xcc -I/Users/admin/builder/spi-builder-workspace/.derivedData/Build/Intermediates.noindex/ProgressSpinnerKit.build/Debug-iphoneos/demo-p.build/DerivedSources/arm64 -Xcc -I/Users/admin/builder/spi-builder-workspace/.derivedData/Build/Intermediates.noindex/ProgressSpinnerKit.build/Debug-iphoneos/demo-p.build/DerivedSources -Xcc -DSWIFT_PACKAGE -Xcc -DDEBUG\=1 -no-auto-bridging-header-chaining -module-name demo -package-name spi_builder_workspace -const-gather-protocols-file /Users/admin/builder/spi-builder-workspace/.derivedData/Build/Intermediates.noindex/ProgressSpinnerKit.build/Debug-iphoneos/demo-p.build/Objects-normal/arm64/demo_const_extract_protocols.json -disable-clang-spi -clang-target arm64-apple-ios27.0 -target-sdk-version 27.0 -target-sdk-name iphoneos27.0 -in-process-plugin-server-path /Applications/Xcode-27.0.0-Release.Candidate.app/Contents/Developer/Toolchains/XcodeDefault.xctoolchain/usr/lib/swift/host/libSwiftInProcPluginServer.dylib -parse-as-library -o /Users/admin/builder/spi-builder-workspace/.derivedData/Build/Intermediates.noindex/ProgressSpinnerKit.build/Debug-iphoneos/demo-p.build/Objects-normal/arm64/Demo.o -debug-module-path /Users/admin/builder/spi-builder-workspace/.derivedData/Build/Intermediates.noindex/ProgressSpinnerKit.build/Debug-iphoneos/demo-p.build/Objects-normal/arm64/demo.swiftmodule -index-unit-output-path /ProgressSpinnerKit.build/Debug-iphoneos/demo-p.build/Objects-normal/arm64/Demo.o -index-store-path /Users/admin/builder/spi-builder-workspace/.derivedData/Index.noindex/DataStore -index-system-modules
SwiftCompile normal arm64 /Users/admin/builder/spi-builder-workspace/Sources/demo/Demo.swift (in target 'demo-product' from project 'ProgressSpinnerKit')
    cd /Users/admin/builder/spi-builder-workspace/.swiftpm/xcode
    builtin-SwiftPerFileCompile Demo.swift
SwiftCompile normal arm64 Compiling\ BitstreamReader.swift /Users/admin/builder/spi-builder-workspace/.dependencies/checkouts/swift-tools-support-core/Sources/TSCUtility/BitstreamReader.swift (in target 'TSCUtility' from project 'swift-tools-support-core')
SwiftCompile normal arm64 /Users/admin/builder/spi-builder-workspace/.dependencies/checkouts/swift-tools-support-core/Sources/TSCUtility/BitstreamReader.swift (in target 'TSCUtility' from project 'swift-tools-support-core')
    cd /Users/admin/builder/spi-builder-workspace/.swiftpm/xcode
    builtin-SwiftPerFileCompile BitstreamReader.swift
SwiftEmitModule normal arm64 Emitting\ module\ for\ TSCUtility (in target 'TSCUtility' from project 'swift-tools-support-core')
SwiftCompile normal arm64 (in target 'TSCUtility' from project 'swift-tools-support-core')
    cd /Users/admin/builder/spi-builder-workspace/.swiftpm/xcode

SwiftCompile normal arm64 Compiling\ Bitstream.swift /Users/admin/builder/spi-builder-workspace/.dependencies/checkouts/swift-tools-support-core/Sources/TSCUtility/Bitstream.swift (in target 'TSCUtility' from project 'swift-tools-support-core')
SwiftCompile normal arm64 /Users/admin/builder/spi-builder-workspace/.dependencies/checkouts/swift-tools-support-core/Sources/TSCUtility/Bitstream.swift (in target 'TSCUtility' from project 'swift-tools-support-core')
    cd /Users/admin/builder/spi-builder-workspace/.swiftpm/xcode
    builtin-SwiftPerFileCompile Bitstream.swift
SwiftCompile normal arm64 Compiling\ Bits.swift /Users/admin/builder/spi-builder-workspace/.dependencies/checkouts/swift-tools-support-core/Sources/TSCUtility/Bits.swift (in target 'TSCUtility' from project 'swift-tools-support-core')
SwiftCompile normal arm64 /Users/admin/builder/spi-builder-workspace/.dependencies/checkouts/swift-tools-support-core/Sources/TSCUtility/Bits.swift (in target 'TSCUtility' from project 'swift-tools-support-core')
    cd /Users/admin/builder/spi-builder-workspace/.swiftpm/xcode
    builtin-SwiftPerFileCompile Bits.swift
SwiftDriverJobDiscovery normal arm64 Emitting module for demo (in target 'demo-product' from project 'ProgressSpinnerKit')
SwiftDriver\ Compilation\ Requirements demo normal arm64 com.apple.xcode.tools.swift.compiler (in target 'demo-product' from project 'ProgressSpinnerKit')
    cd /Users/admin/builder/spi-builder-workspace/.swiftpm/xcode
    builtin-Swift-Compilation-Requirements -- /Applications/Xcode-27.0.0-Release.Candidate.app/Contents/Developer/Toolchains/XcodeDefault.xctoolchain/usr/bin/swiftc -parse-as-library -module-name demo -Onone @/Users/admin/builder/spi-builder-workspace/.derivedData/Build/Intermediates.noindex/ProgressSpinnerKit.build/Debug-iphoneos/demo-p.build/Objects-normal/arm64/demo.SwiftFileList -DSWIFT_PACKAGE -DDEBUG -Xcc -fmodule-map-file\=/Users/admin/builder/spi-builder-workspace/.dependencies/checkouts/swift-tools-support-core/Sources/TSCclibc/include/module.modulemap -DXcode -plugin-path /Applications/Xcode-27.0.0-Release.Candidate.app/Contents/Developer/Toolchains/XcodeDefault.xctoolchain/usr/lib/swift/host/plugins/testing -enable-experimental-feature DebugDescriptionMacro -sdk /Applications/Xcode-27.0.0-Release.Candidate.app/Contents/Developer/Platforms/iPhoneOS.platform/Developer/SDKs/iPhoneOS27.0.sdk -target arm64-apple-ios15.0 -g -module-cache-path /Users/admin/builder/spi-builder-workspace/.derivedData/ModuleCache.noindex -Xfrontend -serialize-debugging-options -profile-coverage-mapping -profile-generate -enable-testing -index-store-path /Users/admin/builder/spi-builder-workspace/.derivedData/Index.noindex/DataStore -Xcc -D_LIBCPP_HARDENING_MODE\=_LIBCPP_HARDENING_MODE_DEBUG -swift-version 5 -I /Users/admin/builder/spi-builder-workspace/.derivedData/Build/Products/Debug-iphoneos -Isystem /Applications/Xcode-27.0.0-Release.Candidate.app/Contents/Developer/Platforms/iPhoneOS.platform/Developer/usr/lib -F /Users/admin/builder/spi-builder-workspace/.derivedData/Build/Products/Debug-iphoneos/PackageFrameworks -F /Users/admin/builder/spi-builder-workspace/.derivedData/Build/Products/Debug-iphoneos -F /Applications/Xcode-27.0.0-Release.Candidate.app/Contents/Developer/Platforms/iPhoneOS.platform/Developer/Library/Frameworks -F /Applications/Xcode-27.0.0-Release.Candidate.app/Contents/Developer/Platforms/iPhoneOS.platform/Developer/SDKs/iPhoneOS27.0.sdk/Developer/Library/Frameworks -c -j10 -enable-batch-mode -incremental -Xcc -ivfsstatcache -Xcc /Users/admin/builder/spi-builder-workspace/.derivedData/SDKStatCaches.noindex/iphoneos27.0-24A430-e829b21a6f8c9b70876ba0858053c04440ceaa042ed91876912b2eeea4e3aa14.sdkstatcache -output-file-map /Users/admin/builder/spi-builder-workspace/.derivedData/Build/Intermediates.noindex/ProgressSpinnerKit.build/Debug-iphoneos/demo-p.build/Objects-normal/arm64/demo-OutputFileMap.json -save-temps -no-color-diagnostics -explicit-module-build -module-cache-path /Users/admin/builder/spi-builder-workspace/.derivedData/Build/Intermediates.noindex/SwiftExplicitPrecompiledModules -clang-scanner-module-cache-path /Users/admin/builder/spi-builder-workspace/.derivedData/ModuleCache.noindex -sdk-module-cache-path /Users/admin/builder/spi-builder-workspace/.derivedData/SDKExplicitPrecompiledModules -emit-dependencies -emit-module -emit-module-path /Users/admin/builder/spi-builder-workspace/.derivedData/Build/Intermediates.noindex/ProgressSpinnerKit.build/Debug-iphoneos/demo-p.build/Objects-normal/arm64/demo.swiftmodule -serialize-diagnostics -dependency-scan-serialize-diagnostics-path /Users/admin/builder/spi-builder-workspace/.derivedData/Build/Intermediates.noindex/ProgressSpinnerKit.build/Debug-iphoneos/demo-p.build/Objects-normal/arm64/demo-dependency-scan.dia -validate-clang-modules-once -clang-build-session-file /Users/admin/builder/spi-builder-workspace/.derivedData/ModuleCache.noindex/Session.modulevalidation -Xcc -fmodules-prune-interval\=86400 -Xcc -fmodules-prune-after\=345600 -package-name spi_builder_workspace -emit-const-values -const-gather-protocols-list /Users/admin/builder/spi-builder-workspace/.derivedData/Build/Intermediates.noindex/ProgressSpinnerKit.build/Debug-iphoneos/demo-p.build/Objects-normal/arm64/demo_const_extract_protocols.json -Xcc -I/Users/admin/builder/spi-builder-workspace/.dependencies/checkouts/swift-tools-support-core/Sources/TSCclibc/include -Xcc -I/Users/admin/builder/spi-builder-workspace/.derivedData/Build/Products/Debug-iphoneos/include -Xcc -I/Users/admin/builder/spi-builder-workspace/.derivedData/Build/Intermediates.noindex/ProgressSpinnerKit.build/Debug-iphoneos/demo-p.build/DerivedSources-normal/arm64 -Xcc -I/Users/admin/builder/spi-builder-workspace/.derivedData/Build/Intermediates.noindex/ProgressSpinnerKit.build/Debug-iphoneos/demo-p.build/DerivedSources/arm64 -Xcc -I/Users/admin/builder/spi-builder-workspace/.derivedData/Build/Intermediates.noindex/ProgressSpinnerKit.build/Debug-iphoneos/demo-p.build/DerivedSources -Xcc -DSWIFT_PACKAGE -Xcc -DDEBUG\=1 -working-directory /Users/admin/builder/spi-builder-workspace/.swiftpm/xcode -experimental-emit-module-separately -disable-cmo
PruneExplicitPrecompiledModules /Users/admin/builder/spi-builder-workspace/.derivedData/Build/Intermediates.noindex/SwiftExplicitPrecompiledModules
PruneExplicitPrecompiledModules /Users/admin/builder/spi-builder-workspace/.derivedData/SDKExplicitPrecompiledModules
PruneExplicitPrecompiledModules /Users/admin/builder/spi-builder-workspace/.derivedData/Build/Intermediates.noindex/ExplicitPrecompiledModules
2026-09-21 09:12:03.608 xcodebuild[801:4934] [MT] IDERunDestination: Supported platforms for the buildables in the current scheme is empty.
** BUILD FAILED **
The following build commands failed:
	SwiftCompile normal arm64 Compiling\ Demo.swift /Users/admin/builder/spi-builder-workspace/Sources/demo/Demo.swift (in target 'demo-product' from project 'ProgressSpinnerKit')
	SwiftCompile normal arm64 /Users/admin/builder/spi-builder-workspace/Sources/demo/Demo.swift (in target 'demo-product' from project 'ProgressSpinnerKit')
	Building workspace ProgressSpinnerKit with scheme ProgressSpinnerKit-Package
(3 failures)
BUILD FAILURE 6.4 iOS