The Swift Package Index logo.Swift Package Index

Build Information

Failed to build YAnalyticsPendo, reference main (63bb63), with Swift 6.4 for iOS using Xcode 27.0 on 19 Sep 2026 17:51:28 UTC.

Build Command

No build command. This typically means the build failed at an early stage where we determine the build command.

Build Log

========================================
RunAll
========================================
Builder version: 5.1.0
Interrupt handler set up.
========================================
Checkout
========================================
Clone URL: https://github.com/codeandtheory/yanalytics-pendo-ios.git
Reference: main
Initialized empty Git repository in /Users/admin/builder/spi-builder-workspace/.git/
From https://github.com/codeandtheory/yanalytics-pendo-ios
 * branch            main       -> FETCH_HEAD
 * [new branch]      main       -> origin/main
HEAD is now at 63bb63f Add SPI shields to README (#5)
Cloned https://github.com/codeandtheory/yanalytics-pendo-ios.git
Revision (git rev-parse @):
63bb63fa682a36b473a510f2a6b303ed06217113
SPI manifest file found: $PWD/.spi.yml
SUCCESS checkout https://github.com/codeandtheory/yanalytics-pendo-ios.git at main
========================================
Build
========================================
Selected platform:         iOS
Swift version:             6.4
Building package at path:  $PWD
https://github.com/codeandtheory/yanalytics-pendo-ios.git
Command line invocation:
    /Applications/Xcode-27.0.0-Release.Candidate.app/Contents/Developer/usr/bin/xcodebuild -IDEClonedSourcePackagesDirPathOverride=/Users/admin/builder/spi-builder-workspace/.dependencies -resolvePackageDependencies
Resolve Package Graph
Fetching from https://github.com/yml-org/yanalytics-ios.git
Fetching from https://github.com/pendo-io/pendo-mobile-ios
Creating working copy of package ‘yanalytics-ios’
Checking out 1.2.2 of package ‘yanalytics-ios’
Creating working copy of package ‘pendo-mobile-ios’
Checking out 2.22.6 of package ‘pendo-mobile-ios’
product 'YAnalytics' required by package 'spi-builder-workspace' target 'YAnalyticsPendo' not found in package 'yanalytics-ios'. Did you mean '.product(name: "CTAnalytics", package: "yanalytics-ios")'?Resolve Package Graph
product 'YAnalytics' required by package 'spi-builder-workspace' target 'YAnalyticsPendo' not found in package 'yanalytics-ios'. Did you mean '.product(name: "CTAnalytics", package: "yanalytics-ios")'?
Resolved source packages:
  spi-builder-workspace: (null)
2026-09-19 13:51:11.541 xcodebuild[529:3037] [MT] IDERunDestination: Supported platforms for the buildables in the current scheme is empty.
2026-09-19 13:51:11.692 xcodebuild[529:3037] [MT] IDERunDestination: Supported platforms for the buildables in the current scheme is empty.
2026-09-19 13:51:13.309 xcodebuild[529:3037] [MT] IDERunDestination: Supported platforms for the buildables in the current scheme is empty.
2026-09-19 13:51:27.429 xcodebuild[529:3037] Writing error result bundle to /var/folders/xq/y_g06wb113726d38xsyx71_h0000gn/T/ResultBundle_2026-19-09_13-51-0027.xcresult
xcodebuild: error: Could not resolve package dependencies:
  product 'YAnalytics' required by package 'spi-builder-workspace' target 'YAnalyticsPendo' not found in package 'yanalytics-ios'. Did you mean '.product(name: "CTAnalytics", package: "yanalytics-ios")'?
Command line invocation:
    /Applications/Xcode-27.0.0-Release.Candidate.app/Contents/Developer/usr/bin/xcodebuild -IDEClonedSourcePackagesDirPathOverride=/Users/admin/builder/spi-builder-workspace/.dependencies -resolvePackageDependencies
Resolve Package Graph
product 'YAnalytics' required by package 'spi-builder-workspace' target 'YAnalyticsPendo' not found in package 'yanalytics-ios'. Did you mean '.product(name: "CTAnalytics", package: "yanalytics-ios")'?
Resolved source packages:
  spi-builder-workspace: (null)
2026-09-19 13:51:28.354 xcodebuild[685:4027] [MT] IDERunDestination: Supported platforms for the buildables in the current scheme is empty.
2026-09-19 13:51:28.502 xcodebuild[685:4027] [MT] IDERunDestination: Supported platforms for the buildables in the current scheme is empty.
2026-09-19 13:51:28.581 xcodebuild[685:4027] Writing error result bundle to /var/folders/xq/y_g06wb113726d38xsyx71_h0000gn/T/ResultBundle_2026-19-09_13-51-0028.xcresult
xcodebuild: error: Could not resolve package dependencies:
  product 'YAnalytics' required by package 'spi-builder-workspace' target 'YAnalyticsPendo' not found in package 'yanalytics-ios'. Did you mean '.product(name: "CTAnalytics", package: "yanalytics-ios")'?
BUILD FAILURE 6.4 iOS