Build Information
Failed to build RealmSwift, reference main (d79a70), with Swift 6.4 for macOS (Xcode) using Xcode 27.0 on 19 Sep 2026 20:11:46 UTC.
Build Command
env DEVELOPER_DIR=/Applications/Xcode-27.0.0-Release.Candidate.app xcrun xcodebuild -IDEClonedSourcePackagesDirPathOverride=$PWD/.dependencies -skipMacroValidation -skipPackagePluginValidation -derivedDataPath $PWD/.derivedData build -scheme RealmSwift -destination platform=macOS,arch=arm64Build Log
========================================
RunAll
========================================
Builder version: 5.1.0
Interrupt handler set up.
========================================
Checkout
========================================
Clone URL: https://github.com/beMappy/RealmSwift.git
Reference: main
Initialized empty Git repository in /Users/admin/builder/spi-builder-workspace/.git/
From https://github.com/beMappy/RealmSwift
* branch main -> FETCH_HEAD
* [new branch] main -> origin/main
HEAD is now at d79a70d chore: Release SPM version as a pod
Cloned https://github.com/beMappy/RealmSwift.git
Revision (git rev-parse @):
d79a70d34750760e51a09ebef0b0d1e858f82ef9
SUCCESS checkout https://github.com/beMappy/RealmSwift.git at main
========================================
Build
========================================
Selected platform: macosXcodebuild
Swift version: 6.4
Building package at path: $PWD
https://github.com/beMappy/RealmSwift.git
Command line invocation:
/Applications/Xcode-27.0.0-Release.Candidate.app/Contents/Developer/usr/bin/xcodebuild -IDEClonedSourcePackagesDirPathOverride=/Users/admin/builder/spi-builder-workspace/.dependencies -resolvePackageDependencies
Resolve Package Graph
Fetching from https://github.com/beMappy/Realm/
Creating working copy of package ‘Realm’
Checking out 10.39.1-SPM of package ‘Realm’
Resolve Package Graph
Resolved source packages:
RealmSwift: /Users/admin/builder/spi-builder-workspace
Realm: https://github.com/beMappy/Realm/ @ 10.39.1-SPM
resolved source packages: RealmSwift, Realm
2026-09-19 16:10:59.457 xcodebuild[529:3035] [MT] IDERunDestination: Supported platforms for the buildables in the current scheme is empty.
{
"dependencies" : [
{
"identity" : "realm",
"requirement" : {
"exact" : [
"10.39.1-SPM"
]
},
"type" : "sourceControl",
"url" : "https://github.com/beMappy/Realm/"
}
],
"manifest_display_name" : "RealmSwift",
"name" : "RealmSwift",
"path" : "/Users/admin/builder/spi-builder-workspace",
"platforms" : [
{
"name" : "ios",
"version" : "14.0"
}
],
"products" : [
{
"name" : "RealmSwift",
"targets" : [
"RealmSwiftWrapper"
],
"type" : {
"library" : [
"automatic"
]
}
}
],
"targets" : [
{
"c99name" : "RealmSwiftWrapper",
"module_type" : "SwiftTarget",
"name" : "RealmSwiftWrapper",
"path" : "Sources/RealmSwiftWrapper",
"product_dependencies" : [
"Realm"
],
"product_memberships" : [
"RealmSwift"
],
"sources" : [
"RealmSwiftWrapper.swift"
],
"target_dependencies" : [
"RealmSwift"
],
"type" : "library"
},
{
"c99name" : "RealmSwift",
"module_type" : "BinaryTarget",
"name" : "RealmSwift",
"path" : "RealmSwift.xcframework",
"product_memberships" : [
"RealmSwift"
],
"sources" : [
],
"type" : "binary"
}
],
"tools_version" : "5.7"
}
{
"workspace" : {
"name" : "RealmSwift",
"schemes" : [
"RealmSwift"
]
}
}
2026-09-19 16:11:39.528 xcodebuild[691:4450] [MT] IDERunDestination: Supported platforms for the buildables in the current scheme is empty.
Running build ...
env DEVELOPER_DIR=/Applications/Xcode-27.0.0-Release.Candidate.app xcrun xcodebuild -IDEClonedSourcePackagesDirPathOverride=$PWD/.dependencies -skipMacroValidation -skipPackagePluginValidation -derivedDataPath $PWD/.derivedData build -scheme RealmSwift -destination platform=macOS,arch=arm64
Command line invocation:
/Applications/Xcode-27.0.0-Release.Candidate.app/Contents/Developer/usr/bin/xcodebuild -IDEClonedSourcePackagesDirPathOverride=/Users/admin/builder/spi-builder-workspace/.dependencies -skipMacroValidation -skipPackagePluginValidation -derivedDataPath /Users/admin/builder/spi-builder-workspace/.derivedData build -scheme RealmSwift -destination platform=macOS,arch=arm64
Resolve Package Graph
Resolve Package Graph
Resolved source packages:
Realm: https://github.com/beMappy/Realm/ @ 10.39.1-SPM
RealmSwift: /Users/admin/builder/spi-builder-workspace
ComputePackagePrebuildTargetDependencyGraph
Prepare packages
CreateBuildRequest
SendProjectDescription
CreateBuildOperation
ComputeTargetDependencyGraph
note: Building targets in dependency order
note: Target dependency graph (3 targets)
Target 'RealmSwift-product' in project 'RealmSwift'
➜ Explicit dependency on target 'RealmSwiftWrapper' in project 'RealmSwift'
➜ Explicit dependency on target 'Realm-product' in project 'Realm'
Target 'RealmSwiftWrapper' in project 'RealmSwift'
➜ Explicit dependency on target 'Realm-product' in project 'Realm'
Target 'Realm-product' in project 'Realm' (no dependencies)
GatherProvisioningInputs
CreateBuildDescription
ExecuteExternalTool /Applications/Xcode-27.0.0-Release.Candidate.app/Contents/Developer/Toolchains/XcodeDefault.xctoolchain/usr/bin/clang -v -E -dM -isysroot /Applications/Xcode-27.0.0-Release.Candidate.app/Contents/Developer/Platforms/MacOSX.platform/Developer/SDKs/MacOSX27.0.sdk -x c -c /dev/null
ExecuteExternalTool /Applications/Xcode-27.0.0-Release.Candidate.app/Contents/Developer/Toolchains/XcodeDefault.xctoolchain/usr/bin/swiftc --version
ExecuteExternalTool /Applications/Xcode-27.0.0-Release.Candidate.app/Contents/Developer/Toolchains/XcodeDefault.xctoolchain/usr/bin/ld -version_details
Build description signature: 1d992c1e3921341f63f8e15eb291b92d
Build description path: /Users/admin/builder/spi-builder-workspace/.derivedData/Build/Intermediates.noindex/XCBuildData/1d992c1e3921341f63f8e15eb291b92d.xcbuilddata
/Users/admin/builder/spi-builder-workspace/.dependencies/checkouts/Realm/Realm.xcframework:1:1: error: While building for macOS, no library for this platform was found in '/Users/admin/builder/spi-builder-workspace/.dependencies/checkouts/Realm/Realm.xcframework'. (in target 'Realm-product' from project 'Realm')
/Users/admin/builder/spi-builder-workspace/RealmSwift.xcframework:1:1: error: While building for macOS, no library for this platform was found in '/Users/admin/builder/spi-builder-workspace/RealmSwift.xcframework'. (in target 'RealmSwift-product' from project 'RealmSwift')
/Users/admin/builder/spi-builder-workspace/.dependencies/checkouts/Realm/Realm.xcframework:1:1: error: While building for macOS, no library for this platform was found in '/Users/admin/builder/spi-builder-workspace/.dependencies/checkouts/Realm/Realm.xcframework'. (in target 'RealmSwift-product' from project 'RealmSwift')
/Users/admin/builder/spi-builder-workspace/.dependencies/checkouts/Realm/Realm.xcframework:1:1: error: While building for macOS, no library for this platform was found in '/Users/admin/builder/spi-builder-workspace/.dependencies/checkouts/Realm/Realm.xcframework'. (in target 'RealmSwift-product' from project 'RealmSwift')
/Users/admin/builder/spi-builder-workspace/RealmSwift.xcframework:1:1: error: While building for macOS, no library for this platform was found in '/Users/admin/builder/spi-builder-workspace/RealmSwift.xcframework'. (in target 'RealmSwiftWrapper' from project 'RealmSwift')
/Users/admin/builder/spi-builder-workspace/.dependencies/checkouts/Realm/Realm.xcframework:1:1: error: While building for macOS, no library for this platform was found in '/Users/admin/builder/spi-builder-workspace/.dependencies/checkouts/Realm/Realm.xcframework'. (in target 'RealmSwiftWrapper' from project 'RealmSwift')
2026-09-19 16:11:41.702 xcodebuild[692:4494] [MT] IDERunDestination: Supported platforms for the buildables in the current scheme is empty.
--- xcodebuild: WARNING: Using the first of multiple matching destinations:
{ platform:macOS, arch:arm64, id:cf7b90d10a17d814b76dc04083b50c7cde37463e, name:My Mac }
{ platform:macOS, arch:arm64, variant:Mac Catalyst, id:cf7b90d10a17d814b76dc04083b50c7cde37463e, name:My Mac }
{ platform:macOS, arch:arm64, variant:DriverKit, id:cf7b90d10a17d814b76dc04083b50c7cde37463e, name:My Mac }
{ platform:macOS, arch:arm64, variant:Designed for [iPad,iPhone], id:cf7b90d10a17d814b76dc04083b50c7cde37463e, name:My Mac }
** BUILD FAILED **
The following build commands failed:
Building workspace RealmSwift with scheme RealmSwift
(1 failure)
Command line invocation:
/Applications/Xcode-27.0.0-Release.Candidate.app/Contents/Developer/usr/bin/xcodebuild -IDEClonedSourcePackagesDirPathOverride=/Users/admin/builder/spi-builder-workspace/.dependencies -resolvePackageDependencies
Resolve Package Graph
Resolved source packages:
Realm: https://github.com/beMappy/Realm/ @ 10.39.1-SPM
RealmSwift: /Users/admin/builder/spi-builder-workspace
resolved source packages: Realm, RealmSwift
2026-09-19 16:11:43.531 xcodebuild[714:4635] [MT] IDERunDestination: Supported platforms for the buildables in the current scheme is empty.
{
"dependencies" : [
{
"identity" : "realm",
"requirement" : {
"exact" : [
"10.39.1-SPM"
]
},
"type" : "sourceControl",
"url" : "https://github.com/beMappy/Realm/"
}
],
"manifest_display_name" : "RealmSwift",
"name" : "RealmSwift",
"path" : "/Users/admin/builder/spi-builder-workspace",
"platforms" : [
{
"name" : "ios",
"version" : "14.0"
}
],
"products" : [
{
"name" : "RealmSwift",
"targets" : [
"RealmSwiftWrapper"
],
"type" : {
"library" : [
"automatic"
]
}
}
],
"targets" : [
{
"c99name" : "RealmSwiftWrapper",
"module_type" : "SwiftTarget",
"name" : "RealmSwiftWrapper",
"path" : "Sources/RealmSwiftWrapper",
"product_dependencies" : [
"Realm"
],
"product_memberships" : [
"RealmSwift"
],
"sources" : [
"RealmSwiftWrapper.swift"
],
"target_dependencies" : [
"RealmSwift"
],
"type" : "library"
},
{
"c99name" : "RealmSwift",
"module_type" : "BinaryTarget",
"name" : "RealmSwift",
"path" : "RealmSwift.xcframework",
"product_memberships" : [
"RealmSwift"
],
"sources" : [
],
"type" : "binary"
}
],
"tools_version" : "5.7"
}
{
"workspace" : {
"name" : "RealmSwift",
"schemes" : [
"RealmSwift"
]
}
}
2026-09-19 16:11:44.769 xcodebuild[722:4695] [MT] IDERunDestination: Supported platforms for the buildables in the current scheme is empty.
Running build ...
env DEVELOPER_DIR=/Applications/Xcode-27.0.0-Release.Candidate.app xcrun xcodebuild -IDEClonedSourcePackagesDirPathOverride=$PWD/.dependencies -skipMacroValidation -skipPackagePluginValidation -derivedDataPath $PWD/.derivedData build -scheme RealmSwift -destination platform=macOS,arch=arm64
Command line invocation:
/Applications/Xcode-27.0.0-Release.Candidate.app/Contents/Developer/usr/bin/xcodebuild -IDEClonedSourcePackagesDirPathOverride=/Users/admin/builder/spi-builder-workspace/.dependencies -skipMacroValidation -skipPackagePluginValidation -derivedDataPath /Users/admin/builder/spi-builder-workspace/.derivedData build -scheme RealmSwift -destination platform=macOS,arch=arm64
Resolve Package Graph
Resolved source packages:
RealmSwift: /Users/admin/builder/spi-builder-workspace
Realm: https://github.com/beMappy/Realm/ @ 10.39.1-SPM
ComputePackagePrebuildTargetDependencyGraph
Prepare packages
CreateBuildRequest
SendProjectDescription
CreateBuildOperation
ComputeTargetDependencyGraph
note: Building targets in dependency order
note: Target dependency graph (3 targets)
Target 'RealmSwift-product' in project 'RealmSwift'
➜ Explicit dependency on target 'RealmSwiftWrapper' in project 'RealmSwift'
➜ Explicit dependency on target 'Realm-product' in project 'Realm'
Target 'RealmSwiftWrapper' in project 'RealmSwift'
➜ Explicit dependency on target 'Realm-product' in project 'Realm'
Target 'Realm-product' in project 'Realm' (no dependencies)
GatherProvisioningInputs
CreateBuildDescription
/Users/admin/builder/spi-builder-workspace/.dependencies/checkouts/Realm/Realm.xcframework:1:1: error: While building for macOS, no library for this platform was found in '/Users/admin/builder/spi-builder-workspace/.dependencies/checkouts/Realm/Realm.xcframework'. (in target 'RealmSwift-product' from project 'RealmSwift')
/Users/admin/builder/spi-builder-workspace/.dependencies/checkouts/Realm/Realm.xcframework:1:1: error: While building for macOS, no library for this platform was found in '/Users/admin/builder/spi-builder-workspace/.dependencies/checkouts/Realm/Realm.xcframework'. (in target 'RealmSwift-product' from project 'RealmSwift')
/Users/admin/builder/spi-builder-workspace/RealmSwift.xcframework:1:1: error: While building for macOS, no library for this platform was found in '/Users/admin/builder/spi-builder-workspace/RealmSwift.xcframework'. (in target 'RealmSwift-product' from project 'RealmSwift')
/Users/admin/builder/spi-builder-workspace/.dependencies/checkouts/Realm/Realm.xcframework:1:1: error: While building for macOS, no library for this platform was found in '/Users/admin/builder/spi-builder-workspace/.dependencies/checkouts/Realm/Realm.xcframework'. (in target 'RealmSwiftWrapper' from project 'RealmSwift')
/Users/admin/builder/spi-builder-workspace/RealmSwift.xcframework:1:1: error: While building for macOS, no library for this platform was found in '/Users/admin/builder/spi-builder-workspace/RealmSwift.xcframework'. (in target 'RealmSwiftWrapper' from project 'RealmSwift')
/Users/admin/builder/spi-builder-workspace/.dependencies/checkouts/Realm/Realm.xcframework:1:1: error: While building for macOS, no library for this platform was found in '/Users/admin/builder/spi-builder-workspace/.dependencies/checkouts/Realm/Realm.xcframework'. (in target 'Realm-product' from project 'Realm')
2026-09-19 16:11:45.749 xcodebuild[723:4720] [MT] IDERunDestination: Supported platforms for the buildables in the current scheme is empty.
--- xcodebuild: WARNING: Using the first of multiple matching destinations:
{ platform:macOS, arch:arm64, id:cf7b90d10a17d814b76dc04083b50c7cde37463e, name:My Mac }
{ platform:macOS, arch:arm64, variant:Mac Catalyst, id:cf7b90d10a17d814b76dc04083b50c7cde37463e, name:My Mac }
{ platform:macOS, arch:arm64, variant:DriverKit, id:cf7b90d10a17d814b76dc04083b50c7cde37463e, name:My Mac }
{ platform:macOS, arch:arm64, variant:Designed for [iPad,iPhone], id:cf7b90d10a17d814b76dc04083b50c7cde37463e, name:My Mac }
** BUILD FAILED **
The following build commands failed:
Building workspace RealmSwift with scheme RealmSwift
(1 failure)
BUILD FAILURE 6.4 macosXcodebuild