Build Information
Failed to build AdyenAuthentication, reference 3.2.0 (e23e06), with Swift 6.4 for watchOS using Xcode 27.0 on 23 Sep 2026 01:37:35 UTC.
Build Command
env DEVELOPER_DIR=/Applications/Xcode-27.0.0-Release.Candidate.app xcrun xcodebuild -IDEClonedSourcePackagesDirPathOverride=$PWD/.dependencies -skipMacroValidation -skipPackagePluginValidation -derivedDataPath $PWD/.derivedData build -scheme AdyenAuthentication -destination generic/platform=watchOSBuild Log
========================================
RunAll
========================================
Builder version: 5.1.0
Interrupt handler set up.
========================================
Checkout
========================================
Clone URL: https://github.com/Adyen/adyen-authentication-ios.git
Reference: 3.2.0
Initialized empty Git repository in /Users/admin/builder/spi-builder-workspace/.git/
From https://github.com/Adyen/adyen-authentication-ios
* tag 3.2.0 -> FETCH_HEAD
HEAD is now at e23e060 Merge pull request #12 from Adyen/authentication-sdk/release/3.2.0
Cloned https://github.com/Adyen/adyen-authentication-ios.git
Revision (git rev-parse @):
e23e06009c3494834396fbddae1fc79451f57de3
SUCCESS checkout https://github.com/Adyen/adyen-authentication-ios.git at 3.2.0
========================================
Build
========================================
Selected platform: watchOS
Swift version: 6.4
Building package at path: $PWD
https://github.com/Adyen/adyen-authentication-ios.git
Command line invocation:
/Applications/Xcode-27.0.0-Release.Candidate.app/Contents/Developer/usr/bin/xcodebuild -IDEClonedSourcePackagesDirPathOverride=/Users/admin/builder/spi-builder-workspace/.dependencies -resolvePackageDependencies
Resolve Package Graph
Resolve Package Graph
Resolved source packages:
AdyenAuthentication: /Users/admin/builder/spi-builder-workspace
resolved source packages: AdyenAuthentication
2026-09-22 21:36:48.968 xcodebuild[525:2989] [MT] IDERunDestination: Supported platforms for the buildables in the current scheme is empty.
{
"dependencies" : [
],
"manifest_display_name" : "AdyenAuthentication",
"name" : "AdyenAuthentication",
"path" : "/Users/admin/builder/spi-builder-workspace",
"platforms" : [
{
"name" : "ios",
"version" : "10.0"
},
{
"name" : "macos",
"version" : "10.15"
}
],
"products" : [
{
"name" : "AdyenAuthentication",
"targets" : [
"AdyenAuthentication"
],
"type" : {
"library" : [
"automatic"
]
}
}
],
"targets" : [
{
"c99name" : "AdyenAuthentication",
"module_type" : "BinaryTarget",
"name" : "AdyenAuthentication",
"path" : "XCFramework/Dynamic/AdyenAuthentication.xcframework",
"product_memberships" : [
"AdyenAuthentication"
],
"sources" : [
],
"type" : "binary"
}
],
"tools_version" : "5.3"
}
{
"workspace" : {
"name" : "AdyenAuthentication",
"schemes" : [
"AdyenAuthentication"
]
}
}
2026-09-22 21:37:30.131 xcodebuild[623:3928] [MT] IDERunDestination: Supported platforms for the buildables in the current scheme is empty.
Running build ...
env DEVELOPER_DIR=/Applications/Xcode-27.0.0-Release.Candidate.app xcrun xcodebuild -IDEClonedSourcePackagesDirPathOverride=$PWD/.dependencies -skipMacroValidation -skipPackagePluginValidation -derivedDataPath $PWD/.derivedData build -scheme AdyenAuthentication -destination generic/platform=watchOS
Command line invocation:
/Applications/Xcode-27.0.0-Release.Candidate.app/Contents/Developer/usr/bin/xcodebuild -IDEClonedSourcePackagesDirPathOverride=/Users/admin/builder/spi-builder-workspace/.dependencies -skipMacroValidation -skipPackagePluginValidation -derivedDataPath /Users/admin/builder/spi-builder-workspace/.derivedData build -scheme AdyenAuthentication -destination generic/platform=watchOS
Resolve Package Graph
Resolved source packages:
AdyenAuthentication: /Users/admin/builder/spi-builder-workspace
ComputePackagePrebuildTargetDependencyGraph
Prepare packages
CreateBuildRequest
SendProjectDescription
CreateBuildOperation
ComputeTargetDependencyGraph
note: Building targets in dependency order
note: Target dependency graph (1 target)
Target 'AdyenAuthentication-product' in project 'AdyenAuthentication' (no dependencies)
GatherProvisioningInputs
CreateBuildDescription
ExecuteExternalTool /Applications/Xcode-27.0.0-Release.Candidate.app/Contents/Developer/Toolchains/XcodeDefault.xctoolchain/usr/bin/clang -v -E -dM -isysroot /Applications/Xcode-27.0.0-Release.Candidate.app/Contents/Developer/Platforms/WatchOS.platform/Developer/SDKs/WatchOS27.0.sdk -x c -c /dev/null
Build description signature: 34dd88915fd51ad401fbaebfd0e5c233
Build description path: /Users/admin/builder/spi-builder-workspace/.derivedData/Build/Intermediates.noindex/XCBuildData/34dd88915fd51ad401fbaebfd0e5c233.xcbuilddata
/Users/admin/builder/spi-builder-workspace/XCFramework/Dynamic/AdyenAuthentication.xcframework:1:1: error: While building for watchOS, no library for this platform was found in '/Users/admin/builder/spi-builder-workspace/XCFramework/Dynamic/AdyenAuthentication.xcframework'. (in target 'AdyenAuthentication-product' from project 'AdyenAuthentication')
2026-09-22 21:37:31.821 xcodebuild[645:4130] [MT] IDERunDestination: Supported platforms for the buildables in the current scheme is empty.
** BUILD FAILED **
The following build commands failed:
Building workspace AdyenAuthentication with scheme AdyenAuthentication
(1 failure)
Command line invocation:
/Applications/Xcode-27.0.0-Release.Candidate.app/Contents/Developer/usr/bin/xcodebuild -IDEClonedSourcePackagesDirPathOverride=/Users/admin/builder/spi-builder-workspace/.dependencies -resolvePackageDependencies
Resolve Package Graph
Resolved source packages:
AdyenAuthentication: /Users/admin/builder/spi-builder-workspace
resolved source packages: AdyenAuthentication
2026-09-22 21:37:33.397 xcodebuild[686:4384] [MT] IDERunDestination: Supported platforms for the buildables in the current scheme is empty.
{
"dependencies" : [
],
"manifest_display_name" : "AdyenAuthentication",
"name" : "AdyenAuthentication",
"path" : "/Users/admin/builder/spi-builder-workspace",
"platforms" : [
{
"name" : "ios",
"version" : "10.0"
},
{
"name" : "macos",
"version" : "10.15"
}
],
"products" : [
{
"name" : "AdyenAuthentication",
"targets" : [
"AdyenAuthentication"
],
"type" : {
"library" : [
"automatic"
]
}
}
],
"targets" : [
{
"c99name" : "AdyenAuthentication",
"module_type" : "BinaryTarget",
"name" : "AdyenAuthentication",
"path" : "XCFramework/Dynamic/AdyenAuthentication.xcframework",
"product_memberships" : [
"AdyenAuthentication"
],
"sources" : [
],
"type" : "binary"
}
],
"tools_version" : "5.3"
}
{
"workspace" : {
"name" : "AdyenAuthentication",
"schemes" : [
"AdyenAuthentication"
]
}
}
2026-09-22 21:37:34.624 xcodebuild[694:4444] [MT] IDERunDestination: Supported platforms for the buildables in the current scheme is empty.
Running build ...
env DEVELOPER_DIR=/Applications/Xcode-27.0.0-Release.Candidate.app xcrun xcodebuild -IDEClonedSourcePackagesDirPathOverride=$PWD/.dependencies -skipMacroValidation -skipPackagePluginValidation -derivedDataPath $PWD/.derivedData build -scheme AdyenAuthentication -destination generic/platform=watchOS
Command line invocation:
/Applications/Xcode-27.0.0-Release.Candidate.app/Contents/Developer/usr/bin/xcodebuild -IDEClonedSourcePackagesDirPathOverride=/Users/admin/builder/spi-builder-workspace/.dependencies -skipMacroValidation -skipPackagePluginValidation -derivedDataPath /Users/admin/builder/spi-builder-workspace/.derivedData build -scheme AdyenAuthentication -destination generic/platform=watchOS
Resolve Package Graph
Resolved source packages:
AdyenAuthentication: /Users/admin/builder/spi-builder-workspace
ComputePackagePrebuildTargetDependencyGraph
Prepare packages
CreateBuildRequest
SendProjectDescription
CreateBuildOperation
ComputeTargetDependencyGraph
note: Building targets in dependency order
note: Target dependency graph (1 target)
Target 'AdyenAuthentication-product' in project 'AdyenAuthentication' (no dependencies)
GatherProvisioningInputs
CreateBuildDescription
/Users/admin/builder/spi-builder-workspace/XCFramework/Dynamic/AdyenAuthentication.xcframework:1:1: error: While building for watchOS, no library for this platform was found in '/Users/admin/builder/spi-builder-workspace/XCFramework/Dynamic/AdyenAuthentication.xcframework'. (in target 'AdyenAuthentication-product' from project 'AdyenAuthentication')
2026-09-22 21:37:35.586 xcodebuild[695:4467] [MT] IDERunDestination: Supported platforms for the buildables in the current scheme is empty.
** BUILD FAILED **
The following build commands failed:
Building workspace AdyenAuthentication with scheme AdyenAuthentication
(1 failure)
BUILD FAILURE 6.4 watchOS