The Swift Package Index logo.Swift Package Index

Build Information

Failed to build VibeChard, reference v1.2.5 (d738d8), with Swift 6.3 for Linux on 25 Oct 2026 08:08:36 UTC.

Build Command

bash -c docker run --pull=always --rm -v "checkouts-54344843-0":/host -w "$PWD" -e JAVA_HOME="/root/.sdkman/candidates/java/current" -e SPI_BUILD="1" -e SPI_PROCESSING="1" registry.gitlab.com/saguaro1/spi-images:linux-6.3-latest swift build --triple x86_64-unknown-linux-gnu 2>&1

Build Log

========================================
RunAll
========================================
Builder version: 5.1.3
Interrupt handler set up.
========================================
Checkout
========================================
Clone URL: https://github.com/Maples7/VibeChard.git
Reference: v1.2.5
Initialized empty Git repository in /host/spi-builder-workspace/.git/
hint: Using 'master' as the name for the initial branch. This default branch name
hint: is subject to change. To configure the initial branch name to use in all
hint: of your new repositories, which will suppress this warning, call:
hint:
hint: 	git config --global init.defaultBranch <name>
hint:
hint: Names commonly chosen instead of 'master' are 'main', 'trunk' and
hint: 'development'. The just-created branch can be renamed via this command:
hint:
hint: 	git branch -m <name>
From https://github.com/Maples7/VibeChard
 * tag               v1.2.5     -> FETCH_HEAD
HEAD is now at d738d89 chore(release): 1.2.5 (#188)
Cloned https://github.com/Maples7/VibeChard.git
Revision (git rev-parse @):
d738d894e79f590edbffc54a3869bc09cc02d108
SUCCESS checkout https://github.com/Maples7/VibeChard.git at v1.2.5
========================================
Build
========================================
Selected platform:         linux
Swift version:             6.3
Building package at path:  $PWD
https://github.com/Maples7/VibeChard.git
Running build ...
bash -c docker run --pull=always --rm -v "checkouts-54344843-0":/host -w "$PWD" -e JAVA_HOME="/root/.sdkman/candidates/java/current" -e SPI_BUILD="1" -e SPI_PROCESSING="1" registry.gitlab.com/saguaro1/spi-images:linux-6.3-latest swift build --triple x86_64-unknown-linux-gnu 2>&1
linux-6.3-latest: Pulling from saguaro1/spi-images
Digest: sha256:caade26a8dd5b9e237c5c17486feb4a843d699145c768feadca9f1b811831234
Status: Image is up to date for registry.gitlab.com/saguaro1/spi-images:linux-6.3-latest
Fetching https://github.com/apple/swift-argument-parser
Fetching https://github.com/apple/swift-system
[1/7373] Fetching swift-system
[7374/26679] Fetching swift-system, swift-argument-parser
Fetched https://github.com/apple/swift-system from cache (0.91s)
Fetched https://github.com/apple/swift-argument-parser from cache (0.91s)
Computing version for https://github.com/apple/swift-argument-parser
Computed https://github.com/apple/swift-argument-parser at 1.8.2 (1.09s)
Computing version for https://github.com/apple/swift-system
Computed https://github.com/apple/swift-system at 1.8.1 (0.18s)
Creating working copy for https://github.com/apple/swift-argument-parser
Working copy of https://github.com/apple/swift-argument-parser resolved at 1.8.2
Creating working copy for https://github.com/apple/swift-system
Working copy of https://github.com/apple/swift-system resolved at 1.8.1
[1/1] Compiling plugin GenerateManual
[2/2] Compiling plugin GenerateDoccReference
Building for debugging...
[2/20] Write sources
[8/20] Compiling CSystem shims.c
[9/20] Write swift-version-24593BA9C3E375BF.txt
[11/62] Emitting module SystemPackage
[12/67] Compiling SystemPackage SystemString.swift
[13/67] Compiling SystemPackage Util+StringArray.swift
[14/67] Compiling SystemPackage Util.swift
[15/67] Compiling SystemPackage UtilConsumers.swift
[16/67] Compiling SystemPackage WinSDK+Overlay.swift
[17/67] Compiling ArgumentParserToolInfo ToolInfo.swift
[18/67] Emitting module ArgumentParserToolInfo
[19/68] Compiling SystemPackage Errno.swift
[20/68] Compiling SystemPackage ErrnoWindows.swift
[21/68] Compiling SystemPackage FileDescriptor.swift
[22/68] Compiling SystemPackage FileHelpers.swift
[23/68] Compiling SystemPackage FileOperations.swift
[24/68] Compiling SystemPackage FilePath.swift
[25/68] Wrapping AST for ArgumentParserToolInfo for debugging
[27/115] Emitting module vch_xcodebuild_shim
[28/115] Compiling vch_xcodebuild_shim Injection.swift
[29/115] Compiling vch_xcodebuild_shim Shim.swift
[31/116] Compiling ArgumentParser ArgumentDefinition.swift
[32/116] Compiling ArgumentParser ArgumentSet.swift
[33/116] Compiling ArgumentParser CommandParser.swift
[34/116] Compiling ArgumentParser InputKey.swift
[35/116] Compiling ArgumentParser InputOrigin.swift
[36/116] Compiling ArgumentParser DumpHelpGenerator.swift
[37/116] Compiling ArgumentParser Mutex.swift
[38/116] Compiling ArgumentParser Platform.swift
[39/116] Compiling ArgumentParser SequenceExtensions.swift
[40/116] Compiling ArgumentParser StringExtensions.swift
[41/116] Compiling ArgumentParser EnumerableFlag.swift
[42/116] Compiling ArgumentParser ExpressibleByArgument.swift
[43/116] Compiling ArgumentParser ParsableArguments.swift
[44/116] Compiling ArgumentParser ParsableCommand.swift
[45/116] Compiling ArgumentParser ArgumentDecoder.swift
[46/116] Compiling ArgumentParser ArgumentHelp.swift
[47/116] Compiling ArgumentParser ParentCommand.swift
[48/116] Compiling ArgumentParser AsyncParsableCommand.swift
[49/116] Compiling ArgumentParser CommandConfiguration.swift
[50/116] Compiling ArgumentParser CommandGroup.swift
[51/116] Compiling ArgumentParser Name.swift
[52/116] Compiling ArgumentParser Parsed.swift
[53/116] Compiling ArgumentParser ParsedValues.swift
[54/116] Compiling ArgumentParser ParserError.swift
[55/116] Compiling ArgumentParser SplitArguments.swift
[55/116] Wrapping AST for vch-xcodebuild-shim for debugging
[56/116] Write Objects.LinkFileList
[57/116] Linking vch-xcodebuild-shim
[63/116] Compiling ArgumentParser SwiftExtensions.swift
[64/116] Compiling ArgumentParser Tree.swift
[65/122] Emitting module ArgumentParser
[66/122] Compiling ArgumentParser BashCompletionsGenerator.swift
[67/122] Compiling ArgumentParser CompletionsGenerator.swift
[68/122] Compiling ArgumentParser FishCompletionsGenerator.swift
[69/122] Compiling ArgumentParser ZshCompletionsGenerator.swift
[70/122] Compiling ArgumentParser Argument.swift
[71/122] Compiling ArgumentParser ArgumentDiscussion.swift
[88/122] Compiling ArgumentParser HelpCommand.swift
[89/122] Compiling ArgumentParser HelpGenerator.swift
[90/122] Compiling ArgumentParser MessageInfo.swift
[92/123] Compiling ArgumentParser AsyncCompletionsValidator.swift
[93/123] Compiling ArgumentParser CodingKeyValidator.swift
[94/123] Compiling ArgumentParser NonsenseFlagsValidator.swift
[95/123] Compiling ArgumentParser ParsableArgumentsValidation.swift
[96/123] Compiling ArgumentParser PositionalArgumentsValidator.swift
[97/123] Compiling ArgumentParser UniqueNamesValidator.swift
[101/123] Compiling ArgumentParser UsageGenerator.swift
[102/123] Compiling ArgumentParser CollectionExtensions.swift
[103/123] Compiling ArgumentParser Foundation.swift
[104/123] Compiling ArgumentParser ArgumentVisibility.swift
[105/123] Compiling ArgumentParser CompletionKind.swift
[106/123] Compiling ArgumentParser Errors.swift
[107/123] Compiling ArgumentParser Flag.swift
[108/123] Compiling ArgumentParser NameSpecification.swift
[109/123] Compiling ArgumentParser Option.swift
[110/123] Compiling ArgumentParser OptionGroup.swift
[110/123] Wrapping AST for SystemPackage for debugging
[112/180] Compiling VibeChardCore ShellEnvScript.swift
/host/spi-builder-workspace/Sources/VibeChardCore/Logic/TestSessionProcessDetector.swift:2:8: error: no such module 'Darwin'
  1 | import Foundation
  2 | import Darwin
    |        `- error: no such module 'Darwin'
  3 |
  4 | public enum TestSessionProcessKind: String, Codable, Equatable, Sendable {
[113/180] Compiling VibeChardCore ShimLocator.swift
/host/spi-builder-workspace/Sources/VibeChardCore/Logic/TestSessionProcessDetector.swift:2:8: error: no such module 'Darwin'
  1 | import Foundation
  2 | import Darwin
    |        `- error: no such module 'Darwin'
  3 |
  4 | public enum TestSessionProcessKind: String, Codable, Equatable, Sendable {
[114/180] Compiling VibeChardCore ShutdownTemplatePreference.swift
/host/spi-builder-workspace/Sources/VibeChardCore/Logic/TestSessionProcessDetector.swift:2:8: error: no such module 'Darwin'
  1 | import Foundation
  2 | import Darwin
    |        `- error: no such module 'Darwin'
  3 |
  4 | public enum TestSessionProcessKind: String, Codable, Equatable, Sendable {
[115/180] Compiling VibeChardCore SimInfoRenderer.swift
/host/spi-builder-workspace/Sources/VibeChardCore/Logic/TestSessionProcessDetector.swift:2:8: error: no such module 'Darwin'
  1 | import Foundation
  2 | import Darwin
    |        `- error: no such module 'Darwin'
  3 |
  4 | public enum TestSessionProcessKind: String, Codable, Equatable, Sendable {
[116/180] Compiling VibeChardCore SimctlCloneErrors.swift
/host/spi-builder-workspace/Sources/VibeChardCore/Logic/TestSessionProcessDetector.swift:2:8: error: no such module 'Darwin'
  1 | import Foundation
  2 | import Darwin
    |        `- error: no such module 'Darwin'
  3 |
  4 | public enum TestSessionProcessKind: String, Codable, Equatable, Sendable {
[117/180] Compiling VibeChardCore SyncPlanner.swift
/host/spi-builder-workspace/Sources/VibeChardCore/Logic/TestSessionProcessDetector.swift:2:8: error: no such module 'Darwin'
  1 | import Foundation
  2 | import Darwin
    |        `- error: no such module 'Darwin'
  3 |
  4 | public enum TestSessionProcessKind: String, Codable, Equatable, Sendable {
[118/180] Compiling VibeChardCore TaskArgumentResolver.swift
/host/spi-builder-workspace/Sources/VibeChardCore/Logic/TestSessionProcessDetector.swift:2:8: error: no such module 'Darwin'
  1 | import Foundation
  2 | import Darwin
    |        `- error: no such module 'Darwin'
  3 |
  4 | public enum TestSessionProcessKind: String, Codable, Equatable, Sendable {
[119/180] Compiling VibeChardCore TaskShortcutDispatcher.swift
/host/spi-builder-workspace/Sources/VibeChardCore/Logic/TestSessionProcessDetector.swift:2:8: error: no such module 'Darwin'
  1 | import Foundation
  2 | import Darwin
    |        `- error: no such module 'Darwin'
  3 |
  4 | public enum TestSessionProcessKind: String, Codable, Equatable, Sendable {
[120/180] Compiling VibeChardCore VibeChard.swift
/host/spi-builder-workspace/Sources/VibeChardCore/Logic/TestSessionProcessDetector.swift:2:8: error: no such module 'Darwin'
  1 | import Foundation
  2 | import Darwin
    |        `- error: no such module 'Darwin'
  3 |
  4 | public enum TestSessionProcessKind: String, Codable, Equatable, Sendable {
[121/180] Compiling VibeChardCore WarmTemplate.swift
/host/spi-builder-workspace/Sources/VibeChardCore/Logic/TestSessionProcessDetector.swift:2:8: error: no such module 'Darwin'
  1 | import Foundation
  2 | import Darwin
    |        `- error: no such module 'Darwin'
  3 |
  4 | public enum TestSessionProcessKind: String, Codable, Equatable, Sendable {
[122/180] Compiling VibeChardCore Workspace.swift
/host/spi-builder-workspace/Sources/VibeChardCore/Logic/TestSessionProcessDetector.swift:2:8: error: no such module 'Darwin'
  1 | import Foundation
  2 | import Darwin
    |        `- error: no such module 'Darwin'
  3 |
  4 | public enum TestSessionProcessKind: String, Codable, Equatable, Sendable {
[123/180] Compiling VibeChardCore XcodebuildContainer.swift
/host/spi-builder-workspace/Sources/VibeChardCore/Logic/TestSessionProcessDetector.swift:2:8: error: no such module 'Darwin'
  1 | import Foundation
  2 | import Darwin
    |        `- error: no such module 'Darwin'
  3 |
  4 | public enum TestSessionProcessKind: String, Codable, Equatable, Sendable {
[124/180] Compiling VibeChardCore BuildOutputSummarizer.swift
/host/spi-builder-workspace/Sources/VibeChardCore/Logic/TestSessionProcessDetector.swift:2:8: error: no such module 'Darwin'
  1 | import Foundation
  2 | import Darwin
    |        `- error: no such module 'Darwin'
  3 |
  4 | public enum TestSessionProcessKind: String, Codable, Equatable, Sendable {
[125/180] Compiling VibeChardCore BuildPlanner.swift
/host/spi-builder-workspace/Sources/VibeChardCore/Logic/TestSessionProcessDetector.swift:2:8: error: no such module 'Darwin'
  1 | import Foundation
  2 | import Darwin
    |        `- error: no such module 'Darwin'
  3 |
  4 | public enum TestSessionProcessKind: String, Codable, Equatable, Sendable {
[126/180] Compiling VibeChardCore ExistingSimulatorResolver.swift
/host/spi-builder-workspace/Sources/VibeChardCore/Logic/TestSessionProcessDetector.swift:2:8: error: no such module 'Darwin'
  1 | import Foundation
  2 | import Darwin
    |        `- error: no such module 'Darwin'
  3 |
  4 | public enum TestSessionProcessKind: String, Codable, Equatable, Sendable {
[127/180] Compiling VibeChardCore HolderClassifier.swift
/host/spi-builder-workspace/Sources/VibeChardCore/Logic/TestSessionProcessDetector.swift:2:8: error: no such module 'Darwin'
  1 | import Foundation
  2 | import Darwin
    |        `- error: no such module 'Darwin'
  3 |
  4 | public enum TestSessionProcessKind: String, Codable, Equatable, Sendable {
[128/188] Compiling VibeChardCore ANSI.swift
/host/spi-builder-workspace/Sources/VibeChardCore/Logic/TestSessionProcessDetector.swift:2:8: error: no such module 'Darwin'
  1 | import Foundation
  2 | import Darwin
    |        `- error: no such module 'Darwin'
  3 |
  4 | public enum TestSessionProcessKind: String, Codable, Equatable, Sendable {
[129/188] Compiling VibeChardCore Errors.swift
/host/spi-builder-workspace/Sources/VibeChardCore/Logic/TestSessionProcessDetector.swift:2:8: error: no such module 'Darwin'
  1 | import Foundation
  2 | import Darwin
    |        `- error: no such module 'Darwin'
  3 |
  4 | public enum TestSessionProcessKind: String, Codable, Equatable, Sendable {
[130/188] Compiling VibeChardCore ExecPlan.swift
/host/spi-builder-workspace/Sources/VibeChardCore/Logic/TestSessionProcessDetector.swift:2:8: error: no such module 'Darwin'
  1 | import Foundation
  2 | import Darwin
    |        `- error: no such module 'Darwin'
  3 |
  4 | public enum TestSessionProcessKind: String, Codable, Equatable, Sendable {
[131/188] Compiling VibeChardCore ExitCode.swift
/host/spi-builder-workspace/Sources/VibeChardCore/Logic/TestSessionProcessDetector.swift:2:8: error: no such module 'Darwin'
  1 | import Foundation
  2 | import Darwin
    |        `- error: no such module 'Darwin'
  3 |
  4 | public enum TestSessionProcessKind: String, Codable, Equatable, Sendable {
[132/188] Compiling VibeChardCore PathOps.swift
/host/spi-builder-workspace/Sources/VibeChardCore/Logic/TestSessionProcessDetector.swift:2:8: error: no such module 'Darwin'
  1 | import Foundation
  2 | import Darwin
    |        `- error: no such module 'Darwin'
  3 |
  4 | public enum TestSessionProcessKind: String, Codable, Equatable, Sendable {
[133/188] Compiling VibeChardCore TaskName.swift
/host/spi-builder-workspace/Sources/VibeChardCore/Logic/TestSessionProcessDetector.swift:2:8: error: no such module 'Darwin'
  1 | import Foundation
  2 | import Darwin
    |        `- error: no such module 'Darwin'
  3 |
  4 | public enum TestSessionProcessKind: String, Codable, Equatable, Sendable {
[134/188] Compiling VibeChardCore TaskState.swift
/host/spi-builder-workspace/Sources/VibeChardCore/Logic/TestSessionProcessDetector.swift:2:8: error: no such module 'Darwin'
  1 | import Foundation
  2 | import Darwin
    |        `- error: no such module 'Darwin'
  3 |
  4 | public enum TestSessionProcessKind: String, Codable, Equatable, Sendable {
[135/188] Compiling VibeChardCore TaskStateField.swift
/host/spi-builder-workspace/Sources/VibeChardCore/Logic/TestSessionProcessDetector.swift:2:8: error: no such module 'Darwin'
  1 | import Foundation
  2 | import Darwin
    |        `- error: no such module 'Darwin'
  3 |
  4 | public enum TestSessionProcessKind: String, Codable, Equatable, Sendable {
[136/188] Compiling VibeChardCore XcresultSummary.swift
/host/spi-builder-workspace/Sources/VibeChardCore/Logic/TestSessionProcessDetector.swift:2:8: error: no such module 'Darwin'
  1 | import Foundation
  2 | import Darwin
    |        `- error: no such module 'Darwin'
  3 |
  4 | public enum TestSessionProcessKind: String, Codable, Equatable, Sendable {
[137/188] Compiling VibeChardCore BugReportArchiver.swift
/host/spi-builder-workspace/Sources/VibeChardCore/Logic/TestSessionProcessDetector.swift:2:8: error: no such module 'Darwin'
  1 | import Foundation
  2 | import Darwin
    |        `- error: no such module 'Darwin'
  3 |
  4 | public enum TestSessionProcessKind: String, Codable, Equatable, Sendable {
[138/188] Compiling VibeChardCore BugReportService.swift
/host/spi-builder-workspace/Sources/VibeChardCore/Logic/TestSessionProcessDetector.swift:2:8: error: no such module 'Darwin'
  1 | import Foundation
  2 | import Darwin
    |        `- error: no such module 'Darwin'
  3 |
  4 | public enum TestSessionProcessKind: String, Codable, Equatable, Sendable {
[139/188] Compiling VibeChardCore BuildService.swift
/host/spi-builder-workspace/Sources/VibeChardCore/Logic/TestSessionProcessDetector.swift:2:8: error: no such module 'Darwin'
  1 | import Foundation
  2 | import Darwin
    |        `- error: no such module 'Darwin'
  3 |
  4 | public enum TestSessionProcessKind: String, Codable, Equatable, Sendable {
[140/188] Compiling VibeChardCore CleanService.swift
/host/spi-builder-workspace/Sources/VibeChardCore/Logic/TestSessionProcessDetector.swift:2:8: error: no such module 'Darwin'
  1 | import Foundation
  2 | import Darwin
    |        `- error: no such module 'Darwin'
  3 |
  4 | public enum TestSessionProcessKind: String, Codable, Equatable, Sendable {
[141/188] Compiling VibeChardCore CompletionsInstaller.swift
/host/spi-builder-workspace/Sources/VibeChardCore/Logic/TestSessionProcessDetector.swift:2:8: error: no such module 'Darwin'
  1 | import Foundation
  2 | import Darwin
    |        `- error: no such module 'Darwin'
  3 |
  4 | public enum TestSessionProcessKind: String, Codable, Equatable, Sendable {
[142/188] Compiling VibeChardCore DoctorService.swift
/host/spi-builder-workspace/Sources/VibeChardCore/Logic/TestSessionProcessDetector.swift:2:8: error: no such module 'Darwin'
  1 | import Foundation
  2 | import Darwin
    |        `- error: no such module 'Darwin'
  3 |
  4 | public enum TestSessionProcessKind: String, Codable, Equatable, Sendable {
[143/188] Compiling VibeChardCore ExecService.swift
/host/spi-builder-workspace/Sources/VibeChardCore/Logic/TestSessionProcessDetector.swift:2:8: error: no such module 'Darwin'
  1 | import Foundation
  2 | import Darwin
    |        `- error: no such module 'Darwin'
  3 |
  4 | public enum TestSessionProcessKind: String, Codable, Equatable, Sendable {
[144/188] Compiling VibeChardCore LandPlanner.swift
/host/spi-builder-workspace/Sources/VibeChardCore/Logic/TestSessionProcessDetector.swift:2:8: error: no such module 'Darwin'
  1 | import Foundation
  2 | import Darwin
    |        `- error: no such module 'Darwin'
  3 |
  4 | public enum TestSessionProcessKind: String, Codable, Equatable, Sendable {
[145/188] Compiling VibeChardCore LsofParser.swift
/host/spi-builder-workspace/Sources/VibeChardCore/Logic/TestSessionProcessDetector.swift:2:8: error: no such module 'Darwin'
  1 | import Foundation
  2 | import Darwin
    |        `- error: no such module 'Darwin'
  3 |
  4 | public enum TestSessionProcessKind: String, Codable, Equatable, Sendable {
[146/188] Compiling VibeChardCore NewTaskHint.swift
/host/spi-builder-workspace/Sources/VibeChardCore/Logic/TestSessionProcessDetector.swift:2:8: error: no such module 'Darwin'
  1 | import Foundation
  2 | import Darwin
    |        `- error: no such module 'Darwin'
  3 |
  4 | public enum TestSessionProcessKind: String, Codable, Equatable, Sendable {
[147/188] Compiling VibeChardCore ProgressHeartbeat.swift
/host/spi-builder-workspace/Sources/VibeChardCore/Logic/TestSessionProcessDetector.swift:2:8: error: no such module 'Darwin'
  1 | import Foundation
  2 | import Darwin
    |        `- error: no such module 'Darwin'
  3 |
  4 | public enum TestSessionProcessKind: String, Codable, Equatable, Sendable {
[148/188] Compiling VibeChardCore PrunePlanner.swift
/host/spi-builder-workspace/Sources/VibeChardCore/Logic/TestSessionProcessDetector.swift:2:8: error: no such module 'Darwin'
  1 | import Foundation
  2 | import Darwin
    |        `- error: no such module 'Darwin'
  3 |
  4 | public enum TestSessionProcessKind: String, Codable, Equatable, Sendable {
[149/188] Compiling VibeChardCore RerunPlanner.swift
/host/spi-builder-workspace/Sources/VibeChardCore/Logic/TestSessionProcessDetector.swift:2:8: error: no such module 'Darwin'
  1 | import Foundation
  2 | import Darwin
    |        `- error: no such module 'Darwin'
  3 |
  4 | public enum TestSessionProcessKind: String, Codable, Equatable, Sendable {
[150/188] Compiling VibeChardCore RunbookLocator.swift
/host/spi-builder-workspace/Sources/VibeChardCore/Logic/TestSessionProcessDetector.swift:2:8: error: no such module 'Darwin'
  1 | import Foundation
  2 | import Darwin
    |        `- error: no such module 'Darwin'
  3 |
  4 | public enum TestSessionProcessKind: String, Codable, Equatable, Sendable {
[151/188] Compiling VibeChardCore SchemeResolver.swift
/host/spi-builder-workspace/Sources/VibeChardCore/Logic/TestSessionProcessDetector.swift:2:8: error: no such module 'Darwin'
  1 | import Foundation
  2 | import Darwin
    |        `- error: no such module 'Darwin'
  3 |
  4 | public enum TestSessionProcessKind: String, Codable, Equatable, Sendable {
error: emit-module command failed with exit code 1 (use -v to see invocation)
[152/188] Emitting module VibeChardCore
/host/spi-builder-workspace/Sources/VibeChardCore/Logic/TestSessionProcessDetector.swift:2:8: error: no such module 'Darwin'
  1 | import Foundation
  2 | import Darwin
    |        `- error: no such module 'Darwin'
  3 |
  4 | public enum TestSessionProcessKind: String, Codable, Equatable, Sendable {
[153/188] Compiling VibeChardCore LandService.swift
/host/spi-builder-workspace/Sources/VibeChardCore/Logic/TestSessionProcessDetector.swift:2:8: error: no such module 'Darwin'
  1 | import Foundation
  2 | import Darwin
    |        `- error: no such module 'Darwin'
  3 |
  4 | public enum TestSessionProcessKind: String, Codable, Equatable, Sendable {
[154/188] Compiling VibeChardCore OpenService.swift
/host/spi-builder-workspace/Sources/VibeChardCore/Logic/TestSessionProcessDetector.swift:2:8: error: no such module 'Darwin'
  1 | import Foundation
  2 | import Darwin
    |        `- error: no such module 'Darwin'
  3 |
  4 | public enum TestSessionProcessKind: String, Codable, Equatable, Sendable {
[155/188] Compiling VibeChardCore RunService.swift
/host/spi-builder-workspace/Sources/VibeChardCore/Logic/TestSessionProcessDetector.swift:2:8: error: no such module 'Darwin'
  1 | import Foundation
  2 | import Darwin
    |        `- error: no such module 'Darwin'
  3 |
  4 | public enum TestSessionProcessKind: String, Codable, Equatable, Sendable {
[156/188] Compiling VibeChardCore SimulatorAppService.swift
/host/spi-builder-workspace/Sources/VibeChardCore/Logic/TestSessionProcessDetector.swift:2:8: error: no such module 'Darwin'
  1 | import Foundation
  2 | import Darwin
    |        `- error: no such module 'Darwin'
  3 |
  4 | public enum TestSessionProcessKind: String, Codable, Equatable, Sendable {
[157/188] Compiling VibeChardCore SimulatorService+WarmTemplate.swift
/host/spi-builder-workspace/Sources/VibeChardCore/Logic/TestSessionProcessDetector.swift:2:8: error: no such module 'Darwin'
  1 | import Foundation
  2 | import Darwin
    |        `- error: no such module 'Darwin'
  3 |
  4 | public enum TestSessionProcessKind: String, Codable, Equatable, Sendable {
[158/188] Compiling VibeChardCore SimulatorService.swift
/host/spi-builder-workspace/Sources/VibeChardCore/Logic/TestSessionProcessDetector.swift:2:8: error: no such module 'Darwin'
  1 | import Foundation
  2 | import Darwin
    |        `- error: no such module 'Darwin'
  3 |
  4 | public enum TestSessionProcessKind: String, Codable, Equatable, Sendable {
[159/188] Compiling VibeChardCore SyncService.swift
/host/spi-builder-workspace/Sources/VibeChardCore/Logic/TestSessionProcessDetector.swift:2:8: error: no such module 'Darwin'
  1 | import Foundation
  2 | import Darwin
    |        `- error: no such module 'Darwin'
  3 |
  4 | public enum TestSessionProcessKind: String, Codable, Equatable, Sendable {
[160/188] Compiling VibeChardCore TaskService.swift
/host/spi-builder-workspace/Sources/VibeChardCore/Logic/TestSessionProcessDetector.swift:2:8: error: no such module 'Darwin'
  1 | import Foundation
  2 | import Darwin
    |        `- error: no such module 'Darwin'
  3 |
  4 | public enum TestSessionProcessKind: String, Codable, Equatable, Sendable {
[161/188] Compiling VibeChardCore TestExecutionHangDiagnostic.swift
/host/spi-builder-workspace/Sources/VibeChardCore/Logic/TestSessionProcessDetector.swift:2:8: error: no such module 'Darwin'
  1 | import Foundation
  2 | import Darwin
    |        `- error: no such module 'Darwin'
  3 |
  4 | public enum TestSessionProcessKind: String, Codable, Equatable, Sendable {
[162/188] Compiling VibeChardCore TestOutputSummarizer.swift
/host/spi-builder-workspace/Sources/VibeChardCore/Logic/TestSessionProcessDetector.swift:2:8: error: no such module 'Darwin'
  1 | import Foundation
  2 | import Darwin
    |        `- error: no such module 'Darwin'
  3 |
  4 | public enum TestSessionProcessKind: String, Codable, Equatable, Sendable {
[163/188] Compiling VibeChardCore TestSelectorMerger.swift
/host/spi-builder-workspace/Sources/VibeChardCore/Logic/TestSessionProcessDetector.swift:2:8: error: no such module 'Darwin'
  1 | import Foundation
  2 | import Darwin
    |        `- error: no such module 'Darwin'
  3 |
  4 | public enum TestSessionProcessKind: String, Codable, Equatable, Sendable {
[164/188] Compiling VibeChardCore TestSessionProcessDetector.swift
/host/spi-builder-workspace/Sources/VibeChardCore/Logic/TestSessionProcessDetector.swift:2:8: error: no such module 'Darwin'
  1 | import Foundation
  2 | import Darwin
    |        `- error: no such module 'Darwin'
  3 |
  4 | public enum TestSessionProcessKind: String, Codable, Equatable, Sendable {
[165/188] Compiling VibeChardCore WorkspaceLocator.swift
/host/spi-builder-workspace/Sources/VibeChardCore/Logic/TestSessionProcessDetector.swift:2:8: error: no such module 'Darwin'
  1 | import Foundation
  2 | import Darwin
    |        `- error: no such module 'Darwin'
  3 |
  4 | public enum TestSessionProcessKind: String, Codable, Equatable, Sendable {
[166/188] Compiling VibeChardCore XcodebuildFailureHint.swift
/host/spi-builder-workspace/Sources/VibeChardCore/Logic/TestSessionProcessDetector.swift:2:8: error: no such module 'Darwin'
  1 | import Foundation
  2 | import Darwin
    |        `- error: no such module 'Darwin'
  3 |
  4 | public enum TestSessionProcessKind: String, Codable, Equatable, Sendable {
[167/188] Compiling VibeChardCore XcodebuildPassthroughHint.swift
/host/spi-builder-workspace/Sources/VibeChardCore/Logic/TestSessionProcessDetector.swift:2:8: error: no such module 'Darwin'
  1 | import Foundation
  2 | import Darwin
    |        `- error: no such module 'Darwin'
  3 |
  4 | public enum TestSessionProcessKind: String, Codable, Equatable, Sendable {
[168/188] Compiling VibeChardCore XcresultRenderer.swift
/host/spi-builder-workspace/Sources/VibeChardCore/Logic/TestSessionProcessDetector.swift:2:8: error: no such module 'Darwin'
  1 | import Foundation
  2 | import Darwin
    |        `- error: no such module 'Darwin'
  3 |
  4 | public enum TestSessionProcessKind: String, Codable, Equatable, Sendable {
[169/188] Compiling VibeChardCore BuildSettingsLister.swift
/host/spi-builder-workspace/Sources/VibeChardCore/Logic/TestSessionProcessDetector.swift:2:8: error: no such module 'Darwin'
  1 | import Foundation
  2 | import Darwin
    |        `- error: no such module 'Darwin'
  3 |
  4 | public enum TestSessionProcessKind: String, Codable, Equatable, Sendable {
[170/188] Compiling VibeChardCore Clock.swift
/host/spi-builder-workspace/Sources/VibeChardCore/Logic/TestSessionProcessDetector.swift:2:8: error: no such module 'Darwin'
  1 | import Foundation
  2 | import Darwin
    |        `- error: no such module 'Darwin'
  3 |
  4 | public enum TestSessionProcessKind: String, Codable, Equatable, Sendable {
[171/188] Compiling VibeChardCore DeveloperDirResolver.swift
/host/spi-builder-workspace/Sources/VibeChardCore/Logic/TestSessionProcessDetector.swift:2:8: error: no such module 'Darwin'
  1 | import Foundation
  2 | import Darwin
    |        `- error: no such module 'Darwin'
  3 |
  4 | public enum TestSessionProcessKind: String, Codable, Equatable, Sendable {
[172/188] Compiling VibeChardCore FileSystem.swift
/host/spi-builder-workspace/Sources/VibeChardCore/Logic/TestSessionProcessDetector.swift:2:8: error: no such module 'Darwin'
  1 | import Foundation
  2 | import Darwin
    |        `- error: no such module 'Darwin'
  3 |
  4 | public enum TestSessionProcessKind: String, Codable, Equatable, Sendable {
[173/188] Compiling VibeChardCore GitClient.swift
/host/spi-builder-workspace/Sources/VibeChardCore/Logic/TestSessionProcessDetector.swift:2:8: error: no such module 'Darwin'
  1 | import Foundation
  2 | import Darwin
    |        `- error: no such module 'Darwin'
  3 |
  4 | public enum TestSessionProcessKind: String, Codable, Equatable, Sendable {
[174/188] Compiling VibeChardCore ProcessRunner.swift
/host/spi-builder-workspace/Sources/VibeChardCore/Logic/TestSessionProcessDetector.swift:2:8: error: no such module 'Darwin'
  1 | import Foundation
  2 | import Darwin
    |        `- error: no such module 'Darwin'
  3 |
  4 | public enum TestSessionProcessKind: String, Codable, Equatable, Sendable {
[175/188] Compiling VibeChardCore SimctlClient.swift
/host/spi-builder-workspace/Sources/VibeChardCore/Logic/TestSessionProcessDetector.swift:2:8: error: no such module 'Darwin'
  1 | import Foundation
  2 | import Darwin
    |        `- error: no such module 'Darwin'
  3 |
  4 | public enum TestSessionProcessKind: String, Codable, Equatable, Sendable {
[176/188] Compiling VibeChardCore XcresultReader.swift
/host/spi-builder-workspace/Sources/VibeChardCore/Logic/TestSessionProcessDetector.swift:2:8: error: no such module 'Darwin'
  1 | import Foundation
  2 | import Darwin
    |        `- error: no such module 'Darwin'
  3 |
  4 | public enum TestSessionProcessKind: String, Codable, Equatable, Sendable {
BUILD FAILURE 6.3 linux