The Swift Package Index logo.Swift Package Index

Build Information

Failed to build AVRecorderWrapper, reference master (3386dc), with Swift 6.2 for watchOS using Xcode 26.3 on 11 Aug 2026 15:48:17 UTC.

Build Command

env DEVELOPER_DIR=/Applications/Xcode-26.3.0.app xcrun xcodebuild -IDEClonedSourcePackagesDirPathOverride=$PWD/.dependencies -skipMacroValidation -skipPackagePluginValidation -derivedDataPath $PWD/.derivedData build -scheme AVRecorderWrapper -destination generic/platform=watchOS

Build Log

========================================
RunAll
========================================
Builder version: undefined version: run 'make version' to update
Interrupt handler set up.
========================================
Checkout
========================================
Clone URL: https://github.com/moslienko/AVRecorderWrapper.git
Reference: master
Initialized empty Git repository in /Users/admin/builder/spi-builder-workspace/.git/
From https://github.com/moslienko/AVRecorderWrapper
 * branch            master     -> FETCH_HEAD
 * [new branch]      master     -> origin/master
HEAD is now at 3386dc0 Add documentation in readme
Cloned https://github.com/moslienko/AVRecorderWrapper.git
Revision (git rev-parse @):
3386dc05c0cd6e0e24e43e7a4cb53962de5cc382
SUCCESS checkout https://github.com/moslienko/AVRecorderWrapper.git at master
========================================
Build
========================================
Selected platform:         watchOS
Swift version:             6.2
Building package at path:  $PWD
https://github.com/moslienko/AVRecorderWrapper.git
Command line invocation:
    /Applications/Xcode-26.3.0.app/Contents/Developer/usr/bin/xcodebuild -IDEClonedSourcePackagesDirPathOverride=/Users/admin/builder/spi-builder-workspace/.dependencies -resolvePackageDependencies
Resolve Package Graph
Fetching from https://github.com/moslienko/AppViewUtilits.git
Creating working copy of package ‘AppViewUtilits’
Checking out 1.3.1 of package ‘AppViewUtilits’
Resolve Package Graph
Resolved source packages:
  AVRecorderWrapper: /Users/admin/builder/spi-builder-workspace
  AppViewUtilits: https://github.com/moslienko/AppViewUtilits.git @ 1.3.1
resolved source packages: AVRecorderWrapper, AppViewUtilits
2026-08-11 11:47:48.528 xcodebuild[538:3089] [MT] IDERunDestination: Supported platforms for the buildables in the current scheme is empty.
{
  "dependencies" : [
    {
      "identity" : "appviewutilits",
      "requirement" : {
        "range" : [
          {
            "lower_bound" : "1.2.6",
            "upper_bound" : "2.0.0"
          }
        ]
      },
      "type" : "sourceControl",
      "url" : "https://github.com/moslienko/AppViewUtilits.git"
    }
  ],
  "manifest_display_name" : "AVRecorderWrapper",
  "name" : "AVRecorderWrapper",
  "path" : "/Users/admin/builder/spi-builder-workspace",
  "platforms" : [
    {
      "name" : "ios",
      "version" : "12.0"
    }
  ],
  "products" : [
    {
      "name" : "AVRecorderWrapper",
      "targets" : [
        "AVRecorderWrapper"
      ],
      "type" : {
        "library" : [
          "automatic"
        ]
      }
    }
  ],
  "targets" : [
    {
      "c99name" : "AVRecorderWrapperTests",
      "module_type" : "SwiftTarget",
      "name" : "AVRecorderWrapperTests",
      "path" : "Tests/AVRecorderWrapperTests",
      "sources" : [
        "AVRecorderWrapperTests.swift"
      ],
      "target_dependencies" : [
        "AVRecorderWrapper"
      ],
      "type" : "test"
    },
    {
      "c99name" : "AVRecorderWrapper",
      "module_type" : "SwiftTarget",
      "name" : "AVRecorderWrapper",
      "path" : "Sources/AVRecorderWrapper",
      "product_dependencies" : [
        "AppViewUtilits"
      ],
      "product_memberships" : [
        "AVRecorderWrapper"
      ],
      "sources" : [
        "Data/AudioAssetsPath.swift",
        "Data/RecorderError.swift",
        "Data/RecorderState.swift",
        "Service/AVRecorderWrapper.swift"
      ],
      "type" : "library"
    }
  ],
  "tools_version" : "5.9"
}
{
  "workspace" : {
    "name" : "spi-builder-workspace",
    "schemes" : [
      "AVRecorderWrapper"
    ]
  }
}
2026-08-11 11:48:06.932 xcodebuild[712:4368] [MT] IDERunDestination: Supported platforms for the buildables in the current scheme is empty.
Running build ...
env DEVELOPER_DIR=/Applications/Xcode-26.3.0.app xcrun xcodebuild -IDEClonedSourcePackagesDirPathOverride=$PWD/.dependencies -skipMacroValidation -skipPackagePluginValidation -derivedDataPath $PWD/.derivedData build -scheme AVRecorderWrapper -destination generic/platform=watchOS
Command line invocation:
    /Applications/Xcode-26.3.0.app/Contents/Developer/usr/bin/xcodebuild -IDEClonedSourcePackagesDirPathOverride=/Users/admin/builder/spi-builder-workspace/.dependencies -skipMacroValidation -skipPackagePluginValidation -derivedDataPath /Users/admin/builder/spi-builder-workspace/.derivedData build -scheme AVRecorderWrapper -destination generic/platform=watchOS
Resolve Package Graph
Resolve Package Graph
Resolved source packages:
  AVRecorderWrapper: /Users/admin/builder/spi-builder-workspace
  AppViewUtilits: https://github.com/moslienko/AppViewUtilits.git @ 1.3.1
ComputePackagePrebuildTargetDependencyGraph
Prepare packages
CreateBuildRequest
SendProjectDescription
CreateBuildOperation
ComputeTargetDependencyGraph
note: Building targets in dependency order
note: Target dependency graph (4 targets)
    Target 'AVRecorderWrapper' in project 'AVRecorderWrapper'
        ➜ Explicit dependency on target 'AVRecorderWrapper' in project 'AVRecorderWrapper'
        ➜ Explicit dependency on target 'AppViewUtilits' in project 'AppViewUtilits'
    Target 'AVRecorderWrapper' in project 'AVRecorderWrapper'
        ➜ Explicit dependency on target 'AppViewUtilits' in project 'AppViewUtilits'
    Target 'AppViewUtilits' in project 'AppViewUtilits'
        ➜ Explicit dependency on target 'AppViewUtilits' in project 'AppViewUtilits'
    Target 'AppViewUtilits' in project 'AppViewUtilits' (no dependencies)
GatherProvisioningInputs
CreateBuildDescription
ExecuteExternalTool /Applications/Xcode-26.3.0.app/Contents/Developer/Toolchains/XcodeDefault.xctoolchain/usr/bin/clang -v -E -dM -isysroot /Applications/Xcode-26.3.0.app/Contents/Developer/Platforms/WatchOS.platform/Developer/SDKs/WatchOS26.2.sdk -x c -c /dev/null
ExecuteExternalTool /Applications/Xcode-26.3.0.app/Contents/Developer/Toolchains/XcodeDefault.xctoolchain/usr/bin/swiftc --version
ExecuteExternalTool /Applications/Xcode-26.3.0.app/Contents/Developer/Toolchains/XcodeDefault.xctoolchain/usr/bin/ld -version_details
Build description signature: a42b119abeb46e65a15de54c8ce9b1a5
Build description path: /Users/admin/builder/spi-builder-workspace/.derivedData/Build/Intermediates.noindex/XCBuildData/a42b119abeb46e65a15de54c8ce9b1a5.xcbuilddata
ClangStatCache /Applications/Xcode-26.3.0.app/Contents/Developer/Toolchains/XcodeDefault.xctoolchain/usr/bin/clang-stat-cache /Applications/Xcode-26.3.0.app/Contents/Developer/Platforms/WatchOS.platform/Developer/SDKs/WatchOS26.2.sdk /Users/admin/builder/spi-builder-workspace/.derivedData/SDKStatCaches.noindex/watchos26.2-23S303-dc75598d0054f22ec865fa860f139d721753b489057de6bda919edfa1c59a62b.sdkstatcache
    cd /Users/admin/builder/spi-builder-workspace/.swiftpm/xcode
    /Applications/Xcode-26.3.0.app/Contents/Developer/Toolchains/XcodeDefault.xctoolchain/usr/bin/clang-stat-cache /Applications/Xcode-26.3.0.app/Contents/Developer/Platforms/WatchOS.platform/Developer/SDKs/WatchOS26.2.sdk -o /Users/admin/builder/spi-builder-workspace/.derivedData/SDKStatCaches.noindex/watchos26.2-23S303-dc75598d0054f22ec865fa860f139d721753b489057de6bda919edfa1c59a62b.sdkstatcache
CreateBuildDirectory /Users/admin/builder/spi-builder-workspace/.derivedData/Build/Products
    cd /Users/admin/builder/spi-builder-workspace/.swiftpm/xcode
    builtin-create-build-directory /Users/admin/builder/spi-builder-workspace/.derivedData/Build/Products
CreateBuildDirectory /Users/admin/builder/spi-builder-workspace/.derivedData/Build/Intermediates.noindex
    cd /Users/admin/builder/spi-builder-workspace/.swiftpm/xcode
    builtin-create-build-directory /Users/admin/builder/spi-builder-workspace/.derivedData/Build/Intermediates.noindex
CreateBuildDirectory /Users/admin/builder/spi-builder-workspace/.derivedData/Build/Products/Debug-watchos
    cd /Users/admin/builder/spi-builder-workspace/.swiftpm/xcode
    builtin-create-build-directory /Users/admin/builder/spi-builder-workspace/.derivedData/Build/Products/Debug-watchos
CreateBuildDirectory /Users/admin/builder/spi-builder-workspace/.derivedData/Build/Intermediates.noindex/ExplicitPrecompiledModules
    cd /Users/admin/builder/spi-builder-workspace/.swiftpm/xcode
    builtin-create-build-directory /Users/admin/builder/spi-builder-workspace/.derivedData/Build/Intermediates.noindex/ExplicitPrecompiledModules
CreateBuildDirectory /Users/admin/builder/spi-builder-workspace/.derivedData/Build/Intermediates.noindex/SwiftExplicitPrecompiledModules
    cd /Users/admin/builder/spi-builder-workspace/.swiftpm/xcode
    builtin-create-build-directory /Users/admin/builder/spi-builder-workspace/.derivedData/Build/Intermediates.noindex/SwiftExplicitPrecompiledModules
CreateBuildDirectory /Users/admin/builder/spi-builder-workspace/.derivedData/Build/Intermediates.noindex/EagerLinkingTBDs/Debug-watchos
    cd /Users/admin/builder/spi-builder-workspace/.swiftpm/xcode
    builtin-create-build-directory /Users/admin/builder/spi-builder-workspace/.derivedData/Build/Intermediates.noindex/EagerLinkingTBDs/Debug-watchos
CreateBuildDirectory /Users/admin/builder/spi-builder-workspace/.derivedData/Build/Products/Debug-watchos/PackageFrameworks
    cd /Users/admin/builder/spi-builder-workspace/.swiftpm/xcode
    builtin-create-build-directory /Users/admin/builder/spi-builder-workspace/.derivedData/Build/Products/Debug-watchos/PackageFrameworks
WriteAuxiliaryFile /Users/admin/builder/spi-builder-workspace/.derivedData/Build/Intermediates.noindex/AppViewUtilits.build/Debug-watchos/AppViewUtilits.build/Objects-normal/arm64_32/AppViewUtilits.SwiftConstValuesFileList (in target 'AppViewUtilits' from project 'AppViewUtilits')
    cd /Users/admin/builder/spi-builder-workspace/.dependencies/checkouts/AppViewUtilits
    write-file /Users/admin/builder/spi-builder-workspace/.derivedData/Build/Intermediates.noindex/AppViewUtilits.build/Debug-watchos/AppViewUtilits.build/Objects-normal/arm64_32/AppViewUtilits.SwiftConstValuesFileList
WriteAuxiliaryFile /Users/admin/builder/spi-builder-workspace/.derivedData/Build/Intermediates.noindex/AppViewUtilits.build/Debug-watchos/AppViewUtilits.build/Objects-normal/arm64_32/AppViewUtilits.LinkFileList (in target 'AppViewUtilits' from project 'AppViewUtilits')
    cd /Users/admin/builder/spi-builder-workspace/.dependencies/checkouts/AppViewUtilits
    write-file /Users/admin/builder/spi-builder-workspace/.derivedData/Build/Intermediates.noindex/AppViewUtilits.build/Debug-watchos/AppViewUtilits.build/Objects-normal/arm64_32/AppViewUtilits.LinkFileList
WriteAuxiliaryFile /Users/admin/builder/spi-builder-workspace/.derivedData/Build/Intermediates.noindex/AppViewUtilits.build/Debug-watchos/AppViewUtilits.build/Objects-normal/armv7k/AppViewUtilits-OutputFileMap.json (in target 'AppViewUtilits' from project 'AppViewUtilits')
    cd /Users/admin/builder/spi-builder-workspace/.dependencies/checkouts/AppViewUtilits
    write-file /Users/admin/builder/spi-builder-workspace/.derivedData/Build/Intermediates.noindex/AppViewUtilits.build/Debug-watchos/AppViewUtilits.build/Objects-normal/armv7k/AppViewUtilits-OutputFileMap.json
WriteAuxiliaryFile /Users/admin/builder/spi-builder-workspace/.derivedData/Build/Intermediates.noindex/AppViewUtilits.build/Debug-watchos/AppViewUtilits.build/Objects-normal/armv7k/AppViewUtilits.SwiftFileList (in target 'AppViewUtilits' from project 'AppViewUtilits')
    cd /Users/admin/builder/spi-builder-workspace/.dependencies/checkouts/AppViewUtilits
    write-file /Users/admin/builder/spi-builder-workspace/.derivedData/Build/Intermediates.noindex/AppViewUtilits.build/Debug-watchos/AppViewUtilits.build/Objects-normal/armv7k/AppViewUtilits.SwiftFileList
WriteAuxiliaryFile /Users/admin/builder/spi-builder-workspace/.derivedData/Build/Intermediates.noindex/AppViewUtilits.build/Debug-watchos/AppViewUtilits.build/Objects-normal/armv7k/AppViewUtilits_const_extract_protocols.json (in target 'AppViewUtilits' from project 'AppViewUtilits')
    cd /Users/admin/builder/spi-builder-workspace/.dependencies/checkouts/AppViewUtilits
    write-file /Users/admin/builder/spi-builder-workspace/.derivedData/Build/Intermediates.noindex/AppViewUtilits.build/Debug-watchos/AppViewUtilits.build/Objects-normal/armv7k/AppViewUtilits_const_extract_protocols.json
WriteAuxiliaryFile /Users/admin/builder/spi-builder-workspace/.derivedData/Build/Intermediates.noindex/AppViewUtilits.build/Debug-watchos/AppViewUtilits.build/Objects-normal/arm64_32/AppViewUtilits_const_extract_protocols.json (in target 'AppViewUtilits' from project 'AppViewUtilits')
    cd /Users/admin/builder/spi-builder-workspace/.dependencies/checkouts/AppViewUtilits
    write-file /Users/admin/builder/spi-builder-workspace/.derivedData/Build/Intermediates.noindex/AppViewUtilits.build/Debug-watchos/AppViewUtilits.build/Objects-normal/arm64_32/AppViewUtilits_const_extract_protocols.json
WriteAuxiliaryFile /Users/admin/builder/spi-builder-workspace/.derivedData/Build/Intermediates.noindex/AppViewUtilits.build/Debug-watchos/AppViewUtilits.build/Objects-normal/armv7k/AppViewUtilits.SwiftConstValuesFileList (in target 'AppViewUtilits' from project 'AppViewUtilits')
    cd /Users/admin/builder/spi-builder-workspace/.dependencies/checkouts/AppViewUtilits
    write-file /Users/admin/builder/spi-builder-workspace/.derivedData/Build/Intermediates.noindex/AppViewUtilits.build/Debug-watchos/AppViewUtilits.build/Objects-normal/armv7k/AppViewUtilits.SwiftConstValuesFileList
WriteAuxiliaryFile /Users/admin/builder/spi-builder-workspace/.derivedData/Build/Intermediates.noindex/AppViewUtilits.build/Debug-watchos/AppViewUtilits.build/Objects-normal/arm64_32/AppViewUtilits.SwiftFileList (in target 'AppViewUtilits' from project 'AppViewUtilits')
    cd /Users/admin/builder/spi-builder-workspace/.dependencies/checkouts/AppViewUtilits
    write-file /Users/admin/builder/spi-builder-workspace/.derivedData/Build/Intermediates.noindex/AppViewUtilits.build/Debug-watchos/AppViewUtilits.build/Objects-normal/arm64_32/AppViewUtilits.SwiftFileList
WriteAuxiliaryFile /Users/admin/builder/spi-builder-workspace/.derivedData/Build/Intermediates.noindex/AppViewUtilits.build/Debug-watchos/AppViewUtilits.build/Objects-normal/armv7k/AppViewUtilits.LinkFileList (in target 'AppViewUtilits' from project 'AppViewUtilits')
    cd /Users/admin/builder/spi-builder-workspace/.dependencies/checkouts/AppViewUtilits
    write-file /Users/admin/builder/spi-builder-workspace/.derivedData/Build/Intermediates.noindex/AppViewUtilits.build/Debug-watchos/AppViewUtilits.build/Objects-normal/armv7k/AppViewUtilits.LinkFileList
WriteAuxiliaryFile /Users/admin/builder/spi-builder-workspace/.derivedData/Build/Intermediates.noindex/AppViewUtilits.build/Debug-watchos/AppViewUtilits.build/Objects-normal/arm64_32/AppViewUtilits-OutputFileMap.json (in target 'AppViewUtilits' from project 'AppViewUtilits')
    cd /Users/admin/builder/spi-builder-workspace/.dependencies/checkouts/AppViewUtilits
    write-file /Users/admin/builder/spi-builder-workspace/.derivedData/Build/Intermediates.noindex/AppViewUtilits.build/Debug-watchos/AppViewUtilits.build/Objects-normal/arm64_32/AppViewUtilits-OutputFileMap.json
WriteAuxiliaryFile /Users/admin/builder/spi-builder-workspace/.derivedData/Build/Intermediates.noindex/AppViewUtilits.build/Debug-watchos/AppViewUtilits.build/Objects-normal/arm64/AppViewUtilits_const_extract_protocols.json (in target 'AppViewUtilits' from project 'AppViewUtilits')
    cd /Users/admin/builder/spi-builder-workspace/.dependencies/checkouts/AppViewUtilits
    write-file /Users/admin/builder/spi-builder-workspace/.derivedData/Build/Intermediates.noindex/AppViewUtilits.build/Debug-watchos/AppViewUtilits.build/Objects-normal/arm64/AppViewUtilits_const_extract_protocols.json
WriteAuxiliaryFile /Users/admin/builder/spi-builder-workspace/.derivedData/Build/Intermediates.noindex/AppViewUtilits.build/Debug-watchos/AppViewUtilits.build/Objects-normal/arm64/AppViewUtilits.SwiftFileList (in target 'AppViewUtilits' from project 'AppViewUtilits')
    cd /Users/admin/builder/spi-builder-workspace/.dependencies/checkouts/AppViewUtilits
    write-file /Users/admin/builder/spi-builder-workspace/.derivedData/Build/Intermediates.noindex/AppViewUtilits.build/Debug-watchos/AppViewUtilits.build/Objects-normal/arm64/AppViewUtilits.SwiftFileList
WriteAuxiliaryFile /Users/admin/builder/spi-builder-workspace/.derivedData/Build/Intermediates.noindex/AppViewUtilits.build/Debug-watchos/AppViewUtilits.build/Objects-normal/arm64/AppViewUtilits.SwiftConstValuesFileList (in target 'AppViewUtilits' from project 'AppViewUtilits')
    cd /Users/admin/builder/spi-builder-workspace/.dependencies/checkouts/AppViewUtilits
    write-file /Users/admin/builder/spi-builder-workspace/.derivedData/Build/Intermediates.noindex/AppViewUtilits.build/Debug-watchos/AppViewUtilits.build/Objects-normal/arm64/AppViewUtilits.SwiftConstValuesFileList
WriteAuxiliaryFile /Users/admin/builder/spi-builder-workspace/.derivedData/Build/Intermediates.noindex/AppViewUtilits.build/Debug-watchos/AppViewUtilits.build/Objects-normal/arm64/AppViewUtilits.LinkFileList (in target 'AppViewUtilits' from project 'AppViewUtilits')
    cd /Users/admin/builder/spi-builder-workspace/.dependencies/checkouts/AppViewUtilits
    write-file /Users/admin/builder/spi-builder-workspace/.derivedData/Build/Intermediates.noindex/AppViewUtilits.build/Debug-watchos/AppViewUtilits.build/Objects-normal/arm64/AppViewUtilits.LinkFileList
WriteAuxiliaryFile /Users/admin/builder/spi-builder-workspace/.derivedData/Build/Intermediates.noindex/AppViewUtilits.build/Debug-watchos/AppViewUtilits.build/Objects-normal/arm64/AppViewUtilits-OutputFileMap.json (in target 'AppViewUtilits' from project 'AppViewUtilits')
    cd /Users/admin/builder/spi-builder-workspace/.dependencies/checkouts/AppViewUtilits
    write-file /Users/admin/builder/spi-builder-workspace/.derivedData/Build/Intermediates.noindex/AppViewUtilits.build/Debug-watchos/AppViewUtilits.build/Objects-normal/arm64/AppViewUtilits-OutputFileMap.json
WriteAuxiliaryFile /Users/admin/builder/spi-builder-workspace/.derivedData/Build/Intermediates.noindex/AppViewUtilits.build/Debug-watchos/AppViewUtilits.build/AppViewUtilits.modulemap (in target 'AppViewUtilits' from project 'AppViewUtilits')
    cd /Users/admin/builder/spi-builder-workspace/.dependencies/checkouts/AppViewUtilits
    write-file /Users/admin/builder/spi-builder-workspace/.derivedData/Build/Intermediates.noindex/AppViewUtilits.build/Debug-watchos/AppViewUtilits.build/AppViewUtilits.modulemap
WriteAuxiliaryFile /Users/admin/builder/spi-builder-workspace/.derivedData/Build/Intermediates.noindex/AppViewUtilits.build/Debug-watchos/AppViewUtilits.build/AppViewUtilits.DependencyStaticMetadataFileList (in target 'AppViewUtilits' from project 'AppViewUtilits')
    cd /Users/admin/builder/spi-builder-workspace/.dependencies/checkouts/AppViewUtilits
    write-file /Users/admin/builder/spi-builder-workspace/.derivedData/Build/Intermediates.noindex/AppViewUtilits.build/Debug-watchos/AppViewUtilits.build/AppViewUtilits.DependencyStaticMetadataFileList
WriteAuxiliaryFile /Users/admin/builder/spi-builder-workspace/.derivedData/Build/Intermediates.noindex/AppViewUtilits.build/Debug-watchos/AppViewUtilits.build/AppViewUtilits.DependencyMetadataFileList (in target 'AppViewUtilits' from project 'AppViewUtilits')
    cd /Users/admin/builder/spi-builder-workspace/.dependencies/checkouts/AppViewUtilits
    write-file /Users/admin/builder/spi-builder-workspace/.derivedData/Build/Intermediates.noindex/AppViewUtilits.build/Debug-watchos/AppViewUtilits.build/AppViewUtilits.DependencyMetadataFileList
WriteAuxiliaryFile /Users/admin/builder/spi-builder-workspace/.derivedData/Build/Intermediates.noindex/AVRecorderWrapper.build/Debug-watchos/AVRecorderWrapper.build/Objects-normal/armv7k/AVRecorderWrapper_const_extract_protocols.json (in target 'AVRecorderWrapper' from project 'AVRecorderWrapper')
    cd /Users/admin/builder/spi-builder-workspace
    write-file /Users/admin/builder/spi-builder-workspace/.derivedData/Build/Intermediates.noindex/AVRecorderWrapper.build/Debug-watchos/AVRecorderWrapper.build/Objects-normal/armv7k/AVRecorderWrapper_const_extract_protocols.json
WriteAuxiliaryFile /Users/admin/builder/spi-builder-workspace/.derivedData/Build/Intermediates.noindex/AVRecorderWrapper.build/Debug-watchos/AVRecorderWrapper.build/Objects-normal/armv7k/AVRecorderWrapper.SwiftFileList (in target 'AVRecorderWrapper' from project 'AVRecorderWrapper')
    cd /Users/admin/builder/spi-builder-workspace
    write-file /Users/admin/builder/spi-builder-workspace/.derivedData/Build/Intermediates.noindex/AVRecorderWrapper.build/Debug-watchos/AVRecorderWrapper.build/Objects-normal/armv7k/AVRecorderWrapper.SwiftFileList
WriteAuxiliaryFile /Users/admin/builder/spi-builder-workspace/.derivedData/Build/Intermediates.noindex/AVRecorderWrapper.build/Debug-watchos/AVRecorderWrapper.build/Objects-normal/armv7k/AVRecorderWrapper.SwiftConstValuesFileList (in target 'AVRecorderWrapper' from project 'AVRecorderWrapper')
    cd /Users/admin/builder/spi-builder-workspace
    write-file /Users/admin/builder/spi-builder-workspace/.derivedData/Build/Intermediates.noindex/AVRecorderWrapper.build/Debug-watchos/AVRecorderWrapper.build/Objects-normal/armv7k/AVRecorderWrapper.SwiftConstValuesFileList
WriteAuxiliaryFile /Users/admin/builder/spi-builder-workspace/.derivedData/Build/Intermediates.noindex/AVRecorderWrapper.build/Debug-watchos/AVRecorderWrapper.build/Objects-normal/armv7k/AVRecorderWrapper.LinkFileList (in target 'AVRecorderWrapper' from project 'AVRecorderWrapper')
    cd /Users/admin/builder/spi-builder-workspace
    write-file /Users/admin/builder/spi-builder-workspace/.derivedData/Build/Intermediates.noindex/AVRecorderWrapper.build/Debug-watchos/AVRecorderWrapper.build/Objects-normal/armv7k/AVRecorderWrapper.LinkFileList
WriteAuxiliaryFile /Users/admin/builder/spi-builder-workspace/.derivedData/Build/Intermediates.noindex/AVRecorderWrapper.build/Debug-watchos/AVRecorderWrapper.build/Objects-normal/armv7k/AVRecorderWrapper-OutputFileMap.json (in target 'AVRecorderWrapper' from project 'AVRecorderWrapper')
    cd /Users/admin/builder/spi-builder-workspace
    write-file /Users/admin/builder/spi-builder-workspace/.derivedData/Build/Intermediates.noindex/AVRecorderWrapper.build/Debug-watchos/AVRecorderWrapper.build/Objects-normal/armv7k/AVRecorderWrapper-OutputFileMap.json
WriteAuxiliaryFile /Users/admin/builder/spi-builder-workspace/.derivedData/Build/Intermediates.noindex/AVRecorderWrapper.build/Debug-watchos/AVRecorderWrapper.build/Objects-normal/arm64_32/AVRecorderWrapper_const_extract_protocols.json (in target 'AVRecorderWrapper' from project 'AVRecorderWrapper')
    cd /Users/admin/builder/spi-builder-workspace
    write-file /Users/admin/builder/spi-builder-workspace/.derivedData/Build/Intermediates.noindex/AVRecorderWrapper.build/Debug-watchos/AVRecorderWrapper.build/Objects-normal/arm64_32/AVRecorderWrapper_const_extract_protocols.json
WriteAuxiliaryFile /Users/admin/builder/spi-builder-workspace/.derivedData/Build/Intermediates.noindex/AVRecorderWrapper.build/Debug-watchos/AVRecorderWrapper.build/Objects-normal/arm64_32/AVRecorderWrapper.SwiftConstValuesFileList (in target 'AVRecorderWrapper' from project 'AVRecorderWrapper')
    cd /Users/admin/builder/spi-builder-workspace
    write-file /Users/admin/builder/spi-builder-workspace/.derivedData/Build/Intermediates.noindex/AVRecorderWrapper.build/Debug-watchos/AVRecorderWrapper.build/Objects-normal/arm64_32/AVRecorderWrapper.SwiftConstValuesFileList
WriteAuxiliaryFile /Users/admin/builder/spi-builder-workspace/.derivedData/Build/Intermediates.noindex/AVRecorderWrapper.build/Debug-watchos/AVRecorderWrapper.build/Objects-normal/arm64_32/AVRecorderWrapper.SwiftFileList (in target 'AVRecorderWrapper' from project 'AVRecorderWrapper')
    cd /Users/admin/builder/spi-builder-workspace
    write-file /Users/admin/builder/spi-builder-workspace/.derivedData/Build/Intermediates.noindex/AVRecorderWrapper.build/Debug-watchos/AVRecorderWrapper.build/Objects-normal/arm64_32/AVRecorderWrapper.SwiftFileList
Copy /Users/admin/builder/spi-builder-workspace/.derivedData/Build/Intermediates.noindex/GeneratedModuleMaps-watchos/AppViewUtilits.modulemap /Users/admin/builder/spi-builder-workspace/.derivedData/Build/Intermediates.noindex/AppViewUtilits.build/Debug-watchos/AppViewUtilits.build/AppViewUtilits.modulemap (in target 'AppViewUtilits' from project 'AppViewUtilits')
    cd /Users/admin/builder/spi-builder-workspace/.dependencies/checkouts/AppViewUtilits
    builtin-copy -exclude .DS_Store -exclude CVS -exclude .svn -exclude .git -exclude .hg -resolve-src-symlinks /Users/admin/builder/spi-builder-workspace/.derivedData/Build/Intermediates.noindex/AppViewUtilits.build/Debug-watchos/AppViewUtilits.build/AppViewUtilits.modulemap /Users/admin/builder/spi-builder-workspace/.derivedData/Build/Intermediates.noindex/GeneratedModuleMaps-watchos
WriteAuxiliaryFile /Users/admin/builder/spi-builder-workspace/.derivedData/Build/Intermediates.noindex/AVRecorderWrapper.build/Debug-watchos/AVRecorderWrapper.build/Objects-normal/arm64_32/AVRecorderWrapper.LinkFileList (in target 'AVRecorderWrapper' from project 'AVRecorderWrapper')
    cd /Users/admin/builder/spi-builder-workspace
    write-file /Users/admin/builder/spi-builder-workspace/.derivedData/Build/Intermediates.noindex/AVRecorderWrapper.build/Debug-watchos/AVRecorderWrapper.build/Objects-normal/arm64_32/AVRecorderWrapper.LinkFileList
WriteAuxiliaryFile /Users/admin/builder/spi-builder-workspace/.derivedData/Build/Intermediates.noindex/AVRecorderWrapper.build/Debug-watchos/AVRecorderWrapper.build/Objects-normal/arm64_32/AVRecorderWrapper-OutputFileMap.json (in target 'AVRecorderWrapper' from project 'AVRecorderWrapper')
    cd /Users/admin/builder/spi-builder-workspace
    write-file /Users/admin/builder/spi-builder-workspace/.derivedData/Build/Intermediates.noindex/AVRecorderWrapper.build/Debug-watchos/AVRecorderWrapper.build/Objects-normal/arm64_32/AVRecorderWrapper-OutputFileMap.json
WriteAuxiliaryFile /Users/admin/builder/spi-builder-workspace/.derivedData/Build/Intermediates.noindex/AVRecorderWrapper.build/Debug-watchos/AVRecorderWrapper.build/Objects-normal/arm64/AVRecorderWrapper_const_extract_protocols.json (in target 'AVRecorderWrapper' from project 'AVRecorderWrapper')
    cd /Users/admin/builder/spi-builder-workspace
    write-file /Users/admin/builder/spi-builder-workspace/.derivedData/Build/Intermediates.noindex/AVRecorderWrapper.build/Debug-watchos/AVRecorderWrapper.build/Objects-normal/arm64/AVRecorderWrapper_const_extract_protocols.json
WriteAuxiliaryFile /Users/admin/builder/spi-builder-workspace/.derivedData/Build/Intermediates.noindex/AVRecorderWrapper.build/Debug-watchos/AVRecorderWrapper.build/Objects-normal/arm64/AVRecorderWrapper.SwiftFileList (in target 'AVRecorderWrapper' from project 'AVRecorderWrapper')
    cd /Users/admin/builder/spi-builder-workspace
    write-file /Users/admin/builder/spi-builder-workspace/.derivedData/Build/Intermediates.noindex/AVRecorderWrapper.build/Debug-watchos/AVRecorderWrapper.build/Objects-normal/arm64/AVRecorderWrapper.SwiftFileList
WriteAuxiliaryFile /Users/admin/builder/spi-builder-workspace/.derivedData/Build/Intermediates.noindex/AVRecorderWrapper.build/Debug-watchos/AVRecorderWrapper.build/Objects-normal/arm64/AVRecorderWrapper.SwiftConstValuesFileList (in target 'AVRecorderWrapper' from project 'AVRecorderWrapper')
    cd /Users/admin/builder/spi-builder-workspace
    write-file /Users/admin/builder/spi-builder-workspace/.derivedData/Build/Intermediates.noindex/AVRecorderWrapper.build/Debug-watchos/AVRecorderWrapper.build/Objects-normal/arm64/AVRecorderWrapper.SwiftConstValuesFileList
WriteAuxiliaryFile /Users/admin/builder/spi-builder-workspace/.derivedData/Build/Intermediates.noindex/AVRecorderWrapper.build/Debug-watchos/AVRecorderWrapper.build/Objects-normal/arm64/AVRecorderWrapper.LinkFileList (in target 'AVRecorderWrapper' from project 'AVRecorderWrapper')
    cd /Users/admin/builder/spi-builder-workspace
    write-file /Users/admin/builder/spi-builder-workspace/.derivedData/Build/Intermediates.noindex/AVRecorderWrapper.build/Debug-watchos/AVRecorderWrapper.build/Objects-normal/arm64/AVRecorderWrapper.LinkFileList
WriteAuxiliaryFile /Users/admin/builder/spi-builder-workspace/.derivedData/Build/Intermediates.noindex/AVRecorderWrapper.build/Debug-watchos/AVRecorderWrapper.build/Objects-normal/arm64/AVRecorderWrapper-OutputFileMap.json (in target 'AVRecorderWrapper' from project 'AVRecorderWrapper')
    cd /Users/admin/builder/spi-builder-workspace
    write-file /Users/admin/builder/spi-builder-workspace/.derivedData/Build/Intermediates.noindex/AVRecorderWrapper.build/Debug-watchos/AVRecorderWrapper.build/Objects-normal/arm64/AVRecorderWrapper-OutputFileMap.json
WriteAuxiliaryFile /Users/admin/builder/spi-builder-workspace/.derivedData/Build/Intermediates.noindex/AVRecorderWrapper.build/Debug-watchos/AVRecorderWrapper.build/AVRecorderWrapper.modulemap (in target 'AVRecorderWrapper' from project 'AVRecorderWrapper')
    cd /Users/admin/builder/spi-builder-workspace
    write-file /Users/admin/builder/spi-builder-workspace/.derivedData/Build/Intermediates.noindex/AVRecorderWrapper.build/Debug-watchos/AVRecorderWrapper.build/AVRecorderWrapper.modulemap
WriteAuxiliaryFile /Users/admin/builder/spi-builder-workspace/.derivedData/Build/Intermediates.noindex/AVRecorderWrapper.build/Debug-watchos/AVRecorderWrapper.build/AVRecorderWrapper.DependencyStaticMetadataFileList (in target 'AVRecorderWrapper' from project 'AVRecorderWrapper')
    cd /Users/admin/builder/spi-builder-workspace
    write-file /Users/admin/builder/spi-builder-workspace/.derivedData/Build/Intermediates.noindex/AVRecorderWrapper.build/Debug-watchos/AVRecorderWrapper.build/AVRecorderWrapper.DependencyStaticMetadataFileList
WriteAuxiliaryFile /Users/admin/builder/spi-builder-workspace/.derivedData/Build/Intermediates.noindex/AVRecorderWrapper.build/Debug-watchos/AVRecorderWrapper.build/AVRecorderWrapper.DependencyMetadataFileList (in target 'AVRecorderWrapper' from project 'AVRecorderWrapper')
    cd /Users/admin/builder/spi-builder-workspace
    write-file /Users/admin/builder/spi-builder-workspace/.derivedData/Build/Intermediates.noindex/AVRecorderWrapper.build/Debug-watchos/AVRecorderWrapper.build/AVRecorderWrapper.DependencyMetadataFileList
Copy /Users/admin/builder/spi-builder-workspace/.derivedData/Build/Intermediates.noindex/GeneratedModuleMaps-watchos/AVRecorderWrapper.modulemap /Users/admin/builder/spi-builder-workspace/.derivedData/Build/Intermediates.noindex/AVRecorderWrapper.build/Debug-watchos/AVRecorderWrapper.build/AVRecorderWrapper.modulemap (in target 'AVRecorderWrapper' from project 'AVRecorderWrapper')
    cd /Users/admin/builder/spi-builder-workspace
    builtin-copy -exclude .DS_Store -exclude CVS -exclude .svn -exclude .git -exclude .hg -resolve-src-symlinks /Users/admin/builder/spi-builder-workspace/.derivedData/Build/Intermediates.noindex/AVRecorderWrapper.build/Debug-watchos/AVRecorderWrapper.build/AVRecorderWrapper.modulemap /Users/admin/builder/spi-builder-workspace/.derivedData/Build/Intermediates.noindex/GeneratedModuleMaps-watchos
SwiftDriver AppViewUtilits normal armv7k com.apple.xcode.tools.swift.compiler (in target 'AppViewUtilits' from project 'AppViewUtilits')
    cd /Users/admin/builder/spi-builder-workspace/.swiftpm/xcode
    builtin-SwiftDriver -- /Applications/Xcode-26.3.0.app/Contents/Developer/Toolchains/XcodeDefault.xctoolchain/usr/bin/swiftc -module-name AppViewUtilits -Onone -enforce-exclusivity\=checked @/Users/admin/builder/spi-builder-workspace/.derivedData/Build/Intermediates.noindex/AppViewUtilits.build/Debug-watchos/AppViewUtilits.build/Objects-normal/armv7k/AppViewUtilits.SwiftFileList -DSWIFT_PACKAGE -DDEBUG -DSWIFT_MODULE_RESOURCE_BUNDLE_UNAVAILABLE -DXcode -plugin-path /Applications/Xcode-26.3.0.app/Contents/Developer/Toolchains/XcodeDefault.xctoolchain/usr/lib/swift/host/plugins/testing -enable-experimental-feature DebugDescriptionMacro -sdk /Applications/Xcode-26.3.0.app/Contents/Developer/Platforms/WatchOS.platform/Developer/SDKs/WatchOS26.2.sdk -target armv7k-apple-watchos5.0 -g -module-cache-path /Users/admin/builder/spi-builder-workspace/.derivedData/ModuleCache.noindex -Xfrontend -serialize-debugging-options -profile-coverage-mapping -profile-generate -enable-testing -suppress-warnings -index-store-path /Users/admin/builder/spi-builder-workspace/.derivedData/Index.noindex/DataStore -Xcc -D_LIBCPP_HARDENING_MODE\=_LIBCPP_HARDENING_MODE_DEBUG -swift-version 5 -I /Users/admin/builder/spi-builder-workspace/.derivedData/Build/Products/Debug-watchos -Isystem /Applications/Xcode-26.3.0.app/Contents/Developer/Platforms/WatchOS.platform/Developer/usr/lib -F /Users/admin/builder/spi-builder-workspace/.derivedData/Build/Products/Debug-watchos -F /Applications/Xcode-26.3.0.app/Contents/Developer/Platforms/WatchOS.platform/Developer/Library/Frameworks -F /Applications/Xcode-26.3.0.app/Contents/Developer/Platforms/WatchOS.platform/Developer/SDKs/WatchOS26.2.sdk/Developer/Library/Frameworks -c -j10 -enable-batch-mode -incremental -Xcc -ivfsstatcache -Xcc /Users/admin/builder/spi-builder-workspace/.derivedData/SDKStatCaches.noindex/watchos26.2-23S303-dc75598d0054f22ec865fa860f139d721753b489057de6bda919edfa1c59a62b.sdkstatcache -output-file-map /Users/admin/builder/spi-builder-workspace/.derivedData/Build/Intermediates.noindex/AppViewUtilits.build/Debug-watchos/AppViewUtilits.build/Objects-normal/armv7k/AppViewUtilits-OutputFileMap.json -use-frontend-parseable-output -save-temps -no-color-diagnostics -explicit-module-build -module-cache-path /Users/admin/builder/spi-builder-workspace/.derivedData/Build/Intermediates.noindex/SwiftExplicitPrecompiledModules -clang-scanner-module-cache-path /Users/admin/builder/spi-builder-workspace/.derivedData/ModuleCache.noindex -sdk-module-cache-path /Users/admin/builder/spi-builder-workspace/.derivedData/ModuleCache.noindex -serialize-diagnostics -emit-dependencies -emit-module -emit-module-path /Users/admin/builder/spi-builder-workspace/.derivedData/Build/Intermediates.noindex/AppViewUtilits.build/Debug-watchos/AppViewUtilits.build/Objects-normal/armv7k/AppViewUtilits.swiftmodule -validate-clang-modules-once -clang-build-session-file /Users/admin/builder/spi-builder-workspace/.derivedData/ModuleCache.noindex/Session.modulevalidation -Xcc -I/Users/admin/builder/spi-builder-workspace/.derivedData/Build/Intermediates.noindex/AppViewUtilits.build/Debug-watchos/AppViewUtilits.build/swift-overrides.hmap -emit-const-values -Xfrontend -const-gather-protocols-file -Xfrontend /Users/admin/builder/spi-builder-workspace/.derivedData/Build/Intermediates.noindex/AppViewUtilits.build/Debug-watchos/AppViewUtilits.build/Objects-normal/armv7k/AppViewUtilits_const_extract_protocols.json -Xcc -I/Users/admin/builder/spi-builder-workspace/.derivedData/Build/Products/Debug-watchos/include -Xcc -I/Users/admin/builder/spi-builder-workspace/.derivedData/Build/Intermediates.noindex/AppViewUtilits.build/Debug-watchos/AppViewUtilits.build/DerivedSources-normal/armv7k -Xcc -I/Users/admin/builder/spi-builder-workspace/.derivedData/Build/Intermediates.noindex/AppViewUtilits.build/Debug-watchos/AppViewUtilits.build/DerivedSources/armv7k -Xcc -I/Users/admin/builder/spi-builder-workspace/.derivedData/Build/Intermediates.noindex/AppViewUtilits.build/Debug-watchos/AppViewUtilits.build/DerivedSources -Xcc -DSWIFT_PACKAGE -Xcc -DDEBUG\=1 -emit-objc-header -emit-objc-header-path /Users/admin/builder/spi-builder-workspace/.derivedData/Build/Intermediates.noindex/AppViewUtilits.build/Debug-watchos/AppViewUtilits.build/Objects-normal/armv7k/AppViewUtilits-Swift.h -working-directory /Users/admin/builder/spi-builder-workspace/.swiftpm/xcode -experimental-emit-module-separately -disable-cmo
/Users/admin/builder/spi-builder-workspace/.dependencies/checkouts/AppViewUtilits/Sources/AppViewUtilits/Helpers/Reachability.swift:8:8: error: Unable to find module dependency: 'SystemConfiguration'
import SystemConfiguration
       ^ (in target 'AppViewUtilits' from project 'AppViewUtilits')
/Users/admin/builder/spi-builder-workspace/.dependencies/checkouts/AppViewUtilits/Sources/AppViewUtilits/Helpers/Reachability.swift:8:8: note: A dependency of main module 'AppViewUtilits'
import SystemConfiguration
       ^ (in target 'AppViewUtilits' from project 'AppViewUtilits')
SwiftDriver AppViewUtilits normal arm64_32 com.apple.xcode.tools.swift.compiler (in target 'AppViewUtilits' from project 'AppViewUtilits')
    cd /Users/admin/builder/spi-builder-workspace/.swiftpm/xcode
    builtin-SwiftDriver -- /Applications/Xcode-26.3.0.app/Contents/Developer/Toolchains/XcodeDefault.xctoolchain/usr/bin/swiftc -module-name AppViewUtilits -Onone -enforce-exclusivity\=checked @/Users/admin/builder/spi-builder-workspace/.derivedData/Build/Intermediates.noindex/AppViewUtilits.build/Debug-watchos/AppViewUtilits.build/Objects-normal/arm64_32/AppViewUtilits.SwiftFileList -DSWIFT_PACKAGE -DDEBUG -DSWIFT_MODULE_RESOURCE_BUNDLE_UNAVAILABLE -DXcode -plugin-path /Applications/Xcode-26.3.0.app/Contents/Developer/Toolchains/XcodeDefault.xctoolchain/usr/lib/swift/host/plugins/testing -enable-experimental-feature DebugDescriptionMacro -sdk /Applications/Xcode-26.3.0.app/Contents/Developer/Platforms/WatchOS.platform/Developer/SDKs/WatchOS26.2.sdk -target arm64_32-apple-watchos5.0 -g -module-cache-path /Users/admin/builder/spi-builder-workspace/.derivedData/ModuleCache.noindex -Xfrontend -serialize-debugging-options -profile-coverage-mapping -profile-generate -enable-testing -suppress-warnings -index-store-path /Users/admin/builder/spi-builder-workspace/.derivedData/Index.noindex/DataStore -Xcc -D_LIBCPP_HARDENING_MODE\=_LIBCPP_HARDENING_MODE_DEBUG -swift-version 5 -I /Users/admin/builder/spi-builder-workspace/.derivedData/Build/Products/Debug-watchos -Isystem /Applications/Xcode-26.3.0.app/Contents/Developer/Platforms/WatchOS.platform/Developer/usr/lib -F /Users/admin/builder/spi-builder-workspace/.derivedData/Build/Products/Debug-watchos -F /Applications/Xcode-26.3.0.app/Contents/Developer/Platforms/WatchOS.platform/Developer/Library/Frameworks -F /Applications/Xcode-26.3.0.app/Contents/Developer/Platforms/WatchOS.platform/Developer/SDKs/WatchOS26.2.sdk/Developer/Library/Frameworks -c -j10 -enable-batch-mode -incremental -Xcc -ivfsstatcache -Xcc /Users/admin/builder/spi-builder-workspace/.derivedData/SDKStatCaches.noindex/watchos26.2-23S303-dc75598d0054f22ec865fa860f139d721753b489057de6bda919edfa1c59a62b.sdkstatcache -output-file-map /Users/admin/builder/spi-builder-workspace/.derivedData/Build/Intermediates.noindex/AppViewUtilits.build/Debug-watchos/AppViewUtilits.build/Objects-normal/arm64_32/AppViewUtilits-OutputFileMap.json -use-frontend-parseable-output -save-temps -no-color-diagnostics -explicit-module-build -module-cache-path /Users/admin/builder/spi-builder-workspace/.derivedData/Build/Intermediates.noindex/SwiftExplicitPrecompiledModules -clang-scanner-module-cache-path /Users/admin/builder/spi-builder-workspace/.derivedData/ModuleCache.noindex -sdk-module-cache-path /Users/admin/builder/spi-builder-workspace/.derivedData/ModuleCache.noindex -serialize-diagnostics -emit-dependencies -emit-module -emit-module-path /Users/admin/builder/spi-builder-workspace/.derivedData/Build/Intermediates.noindex/AppViewUtilits.build/Debug-watchos/AppViewUtilits.build/Objects-normal/arm64_32/AppViewUtilits.swiftmodule -validate-clang-modules-once -clang-build-session-file /Users/admin/builder/spi-builder-workspace/.derivedData/ModuleCache.noindex/Session.modulevalidation -Xcc -I/Users/admin/builder/spi-builder-workspace/.derivedData/Build/Intermediates.noindex/AppViewUtilits.build/Debug-watchos/AppViewUtilits.build/swift-overrides.hmap -emit-const-values -Xfrontend -const-gather-protocols-file -Xfrontend /Users/admin/builder/spi-builder-workspace/.derivedData/Build/Intermediates.noindex/AppViewUtilits.build/Debug-watchos/AppViewUtilits.build/Objects-normal/arm64_32/AppViewUtilits_const_extract_protocols.json -Xcc -I/Users/admin/builder/spi-builder-workspace/.derivedData/Build/Products/Debug-watchos/include -Xcc -I/Users/admin/builder/spi-builder-workspace/.derivedData/Build/Intermediates.noindex/AppViewUtilits.build/Debug-watchos/AppViewUtilits.build/DerivedSources-normal/arm64_32 -Xcc -I/Users/admin/builder/spi-builder-workspace/.derivedData/Build/Intermediates.noindex/AppViewUtilits.build/Debug-watchos/AppViewUtilits.build/DerivedSources/arm64_32 -Xcc -I/Users/admin/builder/spi-builder-workspace/.derivedData/Build/Intermediates.noindex/AppViewUtilits.build/Debug-watchos/AppViewUtilits.build/DerivedSources -Xcc -DSWIFT_PACKAGE -Xcc -DDEBUG\=1 -emit-objc-header -emit-objc-header-path /Users/admin/builder/spi-builder-workspace/.derivedData/Build/Intermediates.noindex/AppViewUtilits.build/Debug-watchos/AppViewUtilits.build/Objects-normal/arm64_32/AppViewUtilits-Swift.h -working-directory /Users/admin/builder/spi-builder-workspace/.swiftpm/xcode -experimental-emit-module-separately -disable-cmo
/Users/admin/builder/spi-builder-workspace/.dependencies/checkouts/AppViewUtilits/Sources/AppViewUtilits/Helpers/Reachability.swift:8:8: error: Unable to find module dependency: 'SystemConfiguration'
import SystemConfiguration
       ^ (in target 'AppViewUtilits' from project 'AppViewUtilits')
/Users/admin/builder/spi-builder-workspace/.dependencies/checkouts/AppViewUtilits/Sources/AppViewUtilits/Helpers/Reachability.swift:8:8: note: A dependency of main module 'AppViewUtilits'
import SystemConfiguration
       ^ (in target 'AppViewUtilits' from project 'AppViewUtilits')
SwiftDriver AppViewUtilits normal arm64 com.apple.xcode.tools.swift.compiler (in target 'AppViewUtilits' from project 'AppViewUtilits')
    cd /Users/admin/builder/spi-builder-workspace/.swiftpm/xcode
    builtin-SwiftDriver -- /Applications/Xcode-26.3.0.app/Contents/Developer/Toolchains/XcodeDefault.xctoolchain/usr/bin/swiftc -module-name AppViewUtilits -Onone -enforce-exclusivity\=checked @/Users/admin/builder/spi-builder-workspace/.derivedData/Build/Intermediates.noindex/AppViewUtilits.build/Debug-watchos/AppViewUtilits.build/Objects-normal/arm64/AppViewUtilits.SwiftFileList -DSWIFT_PACKAGE -DDEBUG -DSWIFT_MODULE_RESOURCE_BUNDLE_UNAVAILABLE -DXcode -plugin-path /Applications/Xcode-26.3.0.app/Contents/Developer/Toolchains/XcodeDefault.xctoolchain/usr/lib/swift/host/plugins/testing -enable-experimental-feature DebugDescriptionMacro -sdk /Applications/Xcode-26.3.0.app/Contents/Developer/Platforms/WatchOS.platform/Developer/SDKs/WatchOS26.2.sdk -target arm64-apple-watchos5.0 -g -module-cache-path /Users/admin/builder/spi-builder-workspace/.derivedData/ModuleCache.noindex -Xfrontend -serialize-debugging-options -profile-coverage-mapping -profile-generate -enable-testing -suppress-warnings -index-store-path /Users/admin/builder/spi-builder-workspace/.derivedData/Index.noindex/DataStore -Xcc -D_LIBCPP_HARDENING_MODE\=_LIBCPP_HARDENING_MODE_DEBUG -swift-version 5 -I /Users/admin/builder/spi-builder-workspace/.derivedData/Build/Products/Debug-watchos -Isystem /Applications/Xcode-26.3.0.app/Contents/Developer/Platforms/WatchOS.platform/Developer/usr/lib -F /Users/admin/builder/spi-builder-workspace/.derivedData/Build/Products/Debug-watchos -F /Applications/Xcode-26.3.0.app/Contents/Developer/Platforms/WatchOS.platform/Developer/Library/Frameworks -F /Applications/Xcode-26.3.0.app/Contents/Developer/Platforms/WatchOS.platform/Developer/SDKs/WatchOS26.2.sdk/Developer/Library/Frameworks -c -j10 -enable-batch-mode -incremental -Xcc -ivfsstatcache -Xcc /Users/admin/builder/spi-builder-workspace/.derivedData/SDKStatCaches.noindex/watchos26.2-23S303-dc75598d0054f22ec865fa860f139d721753b489057de6bda919edfa1c59a62b.sdkstatcache -output-file-map /Users/admin/builder/spi-builder-workspace/.derivedData/Build/Intermediates.noindex/AppViewUtilits.build/Debug-watchos/AppViewUtilits.build/Objects-normal/arm64/AppViewUtilits-OutputFileMap.json -use-frontend-parseable-output -save-temps -no-color-diagnostics -explicit-module-build -module-cache-path /Users/admin/builder/spi-builder-workspace/.derivedData/Build/Intermediates.noindex/SwiftExplicitPrecompiledModules -clang-scanner-module-cache-path /Users/admin/builder/spi-builder-workspace/.derivedData/ModuleCache.noindex -sdk-module-cache-path /Users/admin/builder/spi-builder-workspace/.derivedData/ModuleCache.noindex -serialize-diagnostics -emit-dependencies -emit-module -emit-module-path /Users/admin/builder/spi-builder-workspace/.derivedData/Build/Intermediates.noindex/AppViewUtilits.build/Debug-watchos/AppViewUtilits.build/Objects-normal/arm64/AppViewUtilits.swiftmodule -validate-clang-modules-once -clang-build-session-file /Users/admin/builder/spi-builder-workspace/.derivedData/ModuleCache.noindex/Session.modulevalidation -Xcc -I/Users/admin/builder/spi-builder-workspace/.derivedData/Build/Intermediates.noindex/AppViewUtilits.build/Debug-watchos/AppViewUtilits.build/swift-overrides.hmap -emit-const-values -Xfrontend -const-gather-protocols-file -Xfrontend /Users/admin/builder/spi-builder-workspace/.derivedData/Build/Intermediates.noindex/AppViewUtilits.build/Debug-watchos/AppViewUtilits.build/Objects-normal/arm64/AppViewUtilits_const_extract_protocols.json -Xcc -I/Users/admin/builder/spi-builder-workspace/.derivedData/Build/Products/Debug-watchos/include -Xcc -I/Users/admin/builder/spi-builder-workspace/.derivedData/Build/Intermediates.noindex/AppViewUtilits.build/Debug-watchos/AppViewUtilits.build/DerivedSources-normal/arm64 -Xcc -I/Users/admin/builder/spi-builder-workspace/.derivedData/Build/Intermediates.noindex/AppViewUtilits.build/Debug-watchos/AppViewUtilits.build/DerivedSources/arm64 -Xcc -I/Users/admin/builder/spi-builder-workspace/.derivedData/Build/Intermediates.noindex/AppViewUtilits.build/Debug-watchos/AppViewUtilits.build/DerivedSources -Xcc -DSWIFT_PACKAGE -Xcc -DDEBUG\=1 -emit-objc-header -emit-objc-header-path /Users/admin/builder/spi-builder-workspace/.derivedData/Build/Intermediates.noindex/AppViewUtilits.build/Debug-watchos/AppViewUtilits.build/Objects-normal/arm64/AppViewUtilits-Swift.h -working-directory /Users/admin/builder/spi-builder-workspace/.swiftpm/xcode -experimental-emit-module-separately -disable-cmo
/Users/admin/builder/spi-builder-workspace/.dependencies/checkouts/AppViewUtilits/Sources/AppViewUtilits/Helpers/Reachability.swift:8:8: error: Unable to find module dependency: 'SystemConfiguration'
import SystemConfiguration
       ^ (in target 'AppViewUtilits' from project 'AppViewUtilits')
/Users/admin/builder/spi-builder-workspace/.dependencies/checkouts/AppViewUtilits/Sources/AppViewUtilits/Helpers/Reachability.swift:8:8: note: A dependency of main module 'AppViewUtilits'
import SystemConfiguration
       ^ (in target 'AppViewUtilits' from project 'AppViewUtilits')
2026-08-11 11:48:09.052 xcodebuild[714:4419] [MT] IDERunDestination: Supported platforms for the buildables in the current scheme is empty.
/Users/admin/builder/spi-builder-workspace/.dependencies/checkouts/AppViewUtilits/Sources/AppViewUtilits/Helpers/Reachability.swift:8:8: error: Unable to find module dependency: 'SystemConfiguration'
import SystemConfiguration
       ^
/Users/admin/builder/spi-builder-workspace/.dependencies/checkouts/AppViewUtilits/Sources/AppViewUtilits/Helpers/Reachability.swift:8:8: note: a dependency of main module 'AppViewUtilits'
import SystemConfiguration
       ^
/Users/admin/builder/spi-builder-workspace/.dependencies/checkouts/AppViewUtilits/Sources/AppViewUtilits/Helpers/Reachability.swift:8:8: error: Unable to find module dependency: 'SystemConfiguration'
import SystemConfiguration
       ^
/Users/admin/builder/spi-builder-workspace/.dependencies/checkouts/AppViewUtilits/Sources/AppViewUtilits/Helpers/Reachability.swift:8:8: note: a dependency of main module 'AppViewUtilits'
import SystemConfiguration
       ^
/Users/admin/builder/spi-builder-workspace/.dependencies/checkouts/AppViewUtilits/Sources/AppViewUtilits/Helpers/Reachability.swift:8:8: error: Unable to find module dependency: 'SystemConfiguration'
import SystemConfiguration
       ^
/Users/admin/builder/spi-builder-workspace/.dependencies/checkouts/AppViewUtilits/Sources/AppViewUtilits/Helpers/Reachability.swift:8:8: note: a dependency of main module 'AppViewUtilits'
import SystemConfiguration
       ^
** BUILD FAILED **
The following build commands failed:
	SwiftDriver AppViewUtilits normal armv7k com.apple.xcode.tools.swift.compiler (in target 'AppViewUtilits' from project 'AppViewUtilits')
	SwiftDriver AppViewUtilits normal arm64_32 com.apple.xcode.tools.swift.compiler (in target 'AppViewUtilits' from project 'AppViewUtilits')
	SwiftDriver AppViewUtilits normal arm64 com.apple.xcode.tools.swift.compiler (in target 'AppViewUtilits' from project 'AppViewUtilits')
	Building workspace spi-builder-workspace with scheme AVRecorderWrapper
(4 failures)
Command line invocation:
    /Applications/Xcode-26.3.0.app/Contents/Developer/usr/bin/xcodebuild -IDEClonedSourcePackagesDirPathOverride=/Users/admin/builder/spi-builder-workspace/.dependencies -resolvePackageDependencies
Resolve Package Graph
Resolved source packages:
  AppViewUtilits: https://github.com/moslienko/AppViewUtilits.git @ 1.3.1
  AVRecorderWrapper: /Users/admin/builder/spi-builder-workspace
resolved source packages: AppViewUtilits, AVRecorderWrapper
2026-08-11 11:48:14.104 xcodebuild[738:4813] [MT] IDERunDestination: Supported platforms for the buildables in the current scheme is empty.
{
  "dependencies" : [
    {
      "identity" : "appviewutilits",
      "requirement" : {
        "range" : [
          {
            "lower_bound" : "1.2.6",
            "upper_bound" : "2.0.0"
          }
        ]
      },
      "type" : "sourceControl",
      "url" : "https://github.com/moslienko/AppViewUtilits.git"
    }
  ],
  "manifest_display_name" : "AVRecorderWrapper",
  "name" : "AVRecorderWrapper",
  "path" : "/Users/admin/builder/spi-builder-workspace",
  "platforms" : [
    {
      "name" : "ios",
      "version" : "12.0"
    }
  ],
  "products" : [
    {
      "name" : "AVRecorderWrapper",
      "targets" : [
        "AVRecorderWrapper"
      ],
      "type" : {
        "library" : [
          "automatic"
        ]
      }
    }
  ],
  "targets" : [
    {
      "c99name" : "AVRecorderWrapperTests",
      "module_type" : "SwiftTarget",
      "name" : "AVRecorderWrapperTests",
      "path" : "Tests/AVRecorderWrapperTests",
      "sources" : [
        "AVRecorderWrapperTests.swift"
      ],
      "target_dependencies" : [
        "AVRecorderWrapper"
      ],
      "type" : "test"
    },
    {
      "c99name" : "AVRecorderWrapper",
      "module_type" : "SwiftTarget",
      "name" : "AVRecorderWrapper",
      "path" : "Sources/AVRecorderWrapper",
      "product_dependencies" : [
        "AppViewUtilits"
      ],
      "product_memberships" : [
        "AVRecorderWrapper"
      ],
      "sources" : [
        "Data/AudioAssetsPath.swift",
        "Data/RecorderError.swift",
        "Data/RecorderState.swift",
        "Service/AVRecorderWrapper.swift"
      ],
      "type" : "library"
    }
  ],
  "tools_version" : "5.9"
}
{
  "workspace" : {
    "name" : "spi-builder-workspace",
    "schemes" : [
      "AVRecorderWrapper"
    ]
  }
}
2026-08-11 11:48:15.209 xcodebuild[746:4883] [MT] IDERunDestination: Supported platforms for the buildables in the current scheme is empty.
Running build ...
env DEVELOPER_DIR=/Applications/Xcode-26.3.0.app xcrun xcodebuild -IDEClonedSourcePackagesDirPathOverride=$PWD/.dependencies -skipMacroValidation -skipPackagePluginValidation -derivedDataPath $PWD/.derivedData build -scheme AVRecorderWrapper -destination generic/platform=watchOS
Command line invocation:
    /Applications/Xcode-26.3.0.app/Contents/Developer/usr/bin/xcodebuild -IDEClonedSourcePackagesDirPathOverride=/Users/admin/builder/spi-builder-workspace/.dependencies -skipMacroValidation -skipPackagePluginValidation -derivedDataPath /Users/admin/builder/spi-builder-workspace/.derivedData build -scheme AVRecorderWrapper -destination generic/platform=watchOS
Resolve Package Graph
Resolved source packages:
  AVRecorderWrapper: /Users/admin/builder/spi-builder-workspace
  AppViewUtilits: https://github.com/moslienko/AppViewUtilits.git @ 1.3.1
ComputePackagePrebuildTargetDependencyGraph
Prepare packages
CreateBuildRequest
SendProjectDescription
CreateBuildOperation
ComputeTargetDependencyGraph
note: Building targets in dependency order
note: Target dependency graph (4 targets)
    Target 'AVRecorderWrapper' in project 'AVRecorderWrapper'
        ➜ Explicit dependency on target 'AVRecorderWrapper' in project 'AVRecorderWrapper'
        ➜ Explicit dependency on target 'AppViewUtilits' in project 'AppViewUtilits'
    Target 'AVRecorderWrapper' in project 'AVRecorderWrapper'
        ➜ Explicit dependency on target 'AppViewUtilits' in project 'AppViewUtilits'
    Target 'AppViewUtilits' in project 'AppViewUtilits'
        ➜ Explicit dependency on target 'AppViewUtilits' in project 'AppViewUtilits'
    Target 'AppViewUtilits' in project 'AppViewUtilits' (no dependencies)
GatherProvisioningInputs
CreateBuildDescription
ClangStatCache /Applications/Xcode-26.3.0.app/Contents/Developer/Toolchains/XcodeDefault.xctoolchain/usr/bin/clang-stat-cache /Applications/Xcode-26.3.0.app/Contents/Developer/Platforms/WatchOS.platform/Developer/SDKs/WatchOS26.2.sdk /Users/admin/builder/spi-builder-workspace/.derivedData/SDKStatCaches.noindex/watchos26.2-23S303-dc75598d0054f22ec865fa860f139d721753b489057de6bda919edfa1c59a62b.sdkstatcache
    cd /Users/admin/builder/spi-builder-workspace/.swiftpm/xcode
    /Applications/Xcode-26.3.0.app/Contents/Developer/Toolchains/XcodeDefault.xctoolchain/usr/bin/clang-stat-cache /Applications/Xcode-26.3.0.app/Contents/Developer/Platforms/WatchOS.platform/Developer/SDKs/WatchOS26.2.sdk -o /Users/admin/builder/spi-builder-workspace/.derivedData/SDKStatCaches.noindex/watchos26.2-23S303-dc75598d0054f22ec865fa860f139d721753b489057de6bda919edfa1c59a62b.sdkstatcache
SwiftDriver AppViewUtilits normal arm64 com.apple.xcode.tools.swift.compiler (in target 'AppViewUtilits' from project 'AppViewUtilits')
    cd /Users/admin/builder/spi-builder-workspace/.swiftpm/xcode
    builtin-SwiftDriver -- /Applications/Xcode-26.3.0.app/Contents/Developer/Toolchains/XcodeDefault.xctoolchain/usr/bin/swiftc -module-name AppViewUtilits -Onone -enforce-exclusivity\=checked @/Users/admin/builder/spi-builder-workspace/.derivedData/Build/Intermediates.noindex/AppViewUtilits.build/Debug-watchos/AppViewUtilits.build/Objects-normal/arm64/AppViewUtilits.SwiftFileList -DSWIFT_PACKAGE -DDEBUG -DSWIFT_MODULE_RESOURCE_BUNDLE_UNAVAILABLE -DXcode -plugin-path /Applications/Xcode-26.3.0.app/Contents/Developer/Toolchains/XcodeDefault.xctoolchain/usr/lib/swift/host/plugins/testing -enable-experimental-feature DebugDescriptionMacro -sdk /Applications/Xcode-26.3.0.app/Contents/Developer/Platforms/WatchOS.platform/Developer/SDKs/WatchOS26.2.sdk -target arm64-apple-watchos5.0 -g -module-cache-path /Users/admin/builder/spi-builder-workspace/.derivedData/ModuleCache.noindex -Xfrontend -serialize-debugging-options -profile-coverage-mapping -profile-generate -enable-testing -suppress-warnings -index-store-path /Users/admin/builder/spi-builder-workspace/.derivedData/Index.noindex/DataStore -Xcc -D_LIBCPP_HARDENING_MODE\=_LIBCPP_HARDENING_MODE_DEBUG -swift-version 5 -I /Users/admin/builder/spi-builder-workspace/.derivedData/Build/Products/Debug-watchos -Isystem /Applications/Xcode-26.3.0.app/Contents/Developer/Platforms/WatchOS.platform/Developer/usr/lib -F /Users/admin/builder/spi-builder-workspace/.derivedData/Build/Products/Debug-watchos -F /Applications/Xcode-26.3.0.app/Contents/Developer/Platforms/WatchOS.platform/Developer/Library/Frameworks -F /Applications/Xcode-26.3.0.app/Contents/Developer/Platforms/WatchOS.platform/Developer/SDKs/WatchOS26.2.sdk/Developer/Library/Frameworks -c -j10 -enable-batch-mode -incremental -Xcc -ivfsstatcache -Xcc /Users/admin/builder/spi-builder-workspace/.derivedData/SDKStatCaches.noindex/watchos26.2-23S303-dc75598d0054f22ec865fa860f139d721753b489057de6bda919edfa1c59a62b.sdkstatcache -output-file-map /Users/admin/builder/spi-builder-workspace/.derivedData/Build/Intermediates.noindex/AppViewUtilits.build/Debug-watchos/AppViewUtilits.build/Objects-normal/arm64/AppViewUtilits-OutputFileMap.json -use-frontend-parseable-output -save-temps -no-color-diagnostics -explicit-module-build -module-cache-path /Users/admin/builder/spi-builder-workspace/.derivedData/Build/Intermediates.noindex/SwiftExplicitPrecompiledModules -clang-scanner-module-cache-path /Users/admin/builder/spi-builder-workspace/.derivedData/ModuleCache.noindex -sdk-module-cache-path /Users/admin/builder/spi-builder-workspace/.derivedData/ModuleCache.noindex -serialize-diagnostics -emit-dependencies -emit-module -emit-module-path /Users/admin/builder/spi-builder-workspace/.derivedData/Build/Intermediates.noindex/AppViewUtilits.build/Debug-watchos/AppViewUtilits.build/Objects-normal/arm64/AppViewUtilits.swiftmodule -validate-clang-modules-once -clang-build-session-file /Users/admin/builder/spi-builder-workspace/.derivedData/ModuleCache.noindex/Session.modulevalidation -Xcc -I/Users/admin/builder/spi-builder-workspace/.derivedData/Build/Intermediates.noindex/AppViewUtilits.build/Debug-watchos/AppViewUtilits.build/swift-overrides.hmap -emit-const-values -Xfrontend -const-gather-protocols-file -Xfrontend /Users/admin/builder/spi-builder-workspace/.derivedData/Build/Intermediates.noindex/AppViewUtilits.build/Debug-watchos/AppViewUtilits.build/Objects-normal/arm64/AppViewUtilits_const_extract_protocols.json -Xcc -I/Users/admin/builder/spi-builder-workspace/.derivedData/Build/Products/Debug-watchos/include -Xcc -I/Users/admin/builder/spi-builder-workspace/.derivedData/Build/Intermediates.noindex/AppViewUtilits.build/Debug-watchos/AppViewUtilits.build/DerivedSources-normal/arm64 -Xcc -I/Users/admin/builder/spi-builder-workspace/.derivedData/Build/Intermediates.noindex/AppViewUtilits.build/Debug-watchos/AppViewUtilits.build/DerivedSources/arm64 -Xcc -I/Users/admin/builder/spi-builder-workspace/.derivedData/Build/Intermediates.noindex/AppViewUtilits.build/Debug-watchos/AppViewUtilits.build/DerivedSources -Xcc -DSWIFT_PACKAGE -Xcc -DDEBUG\=1 -emit-objc-header -emit-objc-header-path /Users/admin/builder/spi-builder-workspace/.derivedData/Build/Intermediates.noindex/AppViewUtilits.build/Debug-watchos/AppViewUtilits.build/Objects-normal/arm64/AppViewUtilits-Swift.h -working-directory /Users/admin/builder/spi-builder-workspace/.swiftpm/xcode -experimental-emit-module-separately -disable-cmo
/Users/admin/builder/spi-builder-workspace/.dependencies/checkouts/AppViewUtilits/Sources/AppViewUtilits/Helpers/Reachability.swift:8:8: error: Unable to find module dependency: 'SystemConfiguration'
import SystemConfiguration
       ^ (in target 'AppViewUtilits' from project 'AppViewUtilits')
/Users/admin/builder/spi-builder-workspace/.dependencies/checkouts/AppViewUtilits/Sources/AppViewUtilits/Helpers/Reachability.swift:8:8: note: A dependency of main module 'AppViewUtilits'
import SystemConfiguration
       ^ (in target 'AppViewUtilits' from project 'AppViewUtilits')
SwiftDriver AppViewUtilits normal arm64_32 com.apple.xcode.tools.swift.compiler (in target 'AppViewUtilits' from project 'AppViewUtilits')
    cd /Users/admin/builder/spi-builder-workspace/.swiftpm/xcode
    builtin-SwiftDriver -- /Applications/Xcode-26.3.0.app/Contents/Developer/Toolchains/XcodeDefault.xctoolchain/usr/bin/swiftc -module-name AppViewUtilits -Onone -enforce-exclusivity\=checked @/Users/admin/builder/spi-builder-workspace/.derivedData/Build/Intermediates.noindex/AppViewUtilits.build/Debug-watchos/AppViewUtilits.build/Objects-normal/arm64_32/AppViewUtilits.SwiftFileList -DSWIFT_PACKAGE -DDEBUG -DSWIFT_MODULE_RESOURCE_BUNDLE_UNAVAILABLE -DXcode -plugin-path /Applications/Xcode-26.3.0.app/Contents/Developer/Toolchains/XcodeDefault.xctoolchain/usr/lib/swift/host/plugins/testing -enable-experimental-feature DebugDescriptionMacro -sdk /Applications/Xcode-26.3.0.app/Contents/Developer/Platforms/WatchOS.platform/Developer/SDKs/WatchOS26.2.sdk -target arm64_32-apple-watchos5.0 -g -module-cache-path /Users/admin/builder/spi-builder-workspace/.derivedData/ModuleCache.noindex -Xfrontend -serialize-debugging-options -profile-coverage-mapping -profile-generate -enable-testing -suppress-warnings -index-store-path /Users/admin/builder/spi-builder-workspace/.derivedData/Index.noindex/DataStore -Xcc -D_LIBCPP_HARDENING_MODE\=_LIBCPP_HARDENING_MODE_DEBUG -swift-version 5 -I /Users/admin/builder/spi-builder-workspace/.derivedData/Build/Products/Debug-watchos -Isystem /Applications/Xcode-26.3.0.app/Contents/Developer/Platforms/WatchOS.platform/Developer/usr/lib -F /Users/admin/builder/spi-builder-workspace/.derivedData/Build/Products/Debug-watchos -F /Applications/Xcode-26.3.0.app/Contents/Developer/Platforms/WatchOS.platform/Developer/Library/Frameworks -F /Applications/Xcode-26.3.0.app/Contents/Developer/Platforms/WatchOS.platform/Developer/SDKs/WatchOS26.2.sdk/Developer/Library/Frameworks -c -j10 -enable-batch-mode -incremental -Xcc -ivfsstatcache -Xcc /Users/admin/builder/spi-builder-workspace/.derivedData/SDKStatCaches.noindex/watchos26.2-23S303-dc75598d0054f22ec865fa860f139d721753b489057de6bda919edfa1c59a62b.sdkstatcache -output-file-map /Users/admin/builder/spi-builder-workspace/.derivedData/Build/Intermediates.noindex/AppViewUtilits.build/Debug-watchos/AppViewUtilits.build/Objects-normal/arm64_32/AppViewUtilits-OutputFileMap.json -use-frontend-parseable-output -save-temps -no-color-diagnostics -explicit-module-build -module-cache-path /Users/admin/builder/spi-builder-workspace/.derivedData/Build/Intermediates.noindex/SwiftExplicitPrecompiledModules -clang-scanner-module-cache-path /Users/admin/builder/spi-builder-workspace/.derivedData/ModuleCache.noindex -sdk-module-cache-path /Users/admin/builder/spi-builder-workspace/.derivedData/ModuleCache.noindex -serialize-diagnostics -emit-dependencies -emit-module -emit-module-path /Users/admin/builder/spi-builder-workspace/.derivedData/Build/Intermediates.noindex/AppViewUtilits.build/Debug-watchos/AppViewUtilits.build/Objects-normal/arm64_32/AppViewUtilits.swiftmodule -validate-clang-modules-once -clang-build-session-file /Users/admin/builder/spi-builder-workspace/.derivedData/ModuleCache.noindex/Session.modulevalidation -Xcc -I/Users/admin/builder/spi-builder-workspace/.derivedData/Build/Intermediates.noindex/AppViewUtilits.build/Debug-watchos/AppViewUtilits.build/swift-overrides.hmap -emit-const-values -Xfrontend -const-gather-protocols-file -Xfrontend /Users/admin/builder/spi-builder-workspace/.derivedData/Build/Intermediates.noindex/AppViewUtilits.build/Debug-watchos/AppViewUtilits.build/Objects-normal/arm64_32/AppViewUtilits_const_extract_protocols.json -Xcc -I/Users/admin/builder/spi-builder-workspace/.derivedData/Build/Products/Debug-watchos/include -Xcc -I/Users/admin/builder/spi-builder-workspace/.derivedData/Build/Intermediates.noindex/AppViewUtilits.build/Debug-watchos/AppViewUtilits.build/DerivedSources-normal/arm64_32 -Xcc -I/Users/admin/builder/spi-builder-workspace/.derivedData/Build/Intermediates.noindex/AppViewUtilits.build/Debug-watchos/AppViewUtilits.build/DerivedSources/arm64_32 -Xcc -I/Users/admin/builder/spi-builder-workspace/.derivedData/Build/Intermediates.noindex/AppViewUtilits.build/Debug-watchos/AppViewUtilits.build/DerivedSources -Xcc -DSWIFT_PACKAGE -Xcc -DDEBUG\=1 -emit-objc-header -emit-objc-header-path /Users/admin/builder/spi-builder-workspace/.derivedData/Build/Intermediates.noindex/AppViewUtilits.build/Debug-watchos/AppViewUtilits.build/Objects-normal/arm64_32/AppViewUtilits-Swift.h -working-directory /Users/admin/builder/spi-builder-workspace/.swiftpm/xcode -experimental-emit-module-separately -disable-cmo
/Users/admin/builder/spi-builder-workspace/.dependencies/checkouts/AppViewUtilits/Sources/AppViewUtilits/Helpers/Reachability.swift:8:8: error: Unable to find module dependency: 'SystemConfiguration'
import SystemConfiguration
       ^ (in target 'AppViewUtilits' from project 'AppViewUtilits')
/Users/admin/builder/spi-builder-workspace/.dependencies/checkouts/AppViewUtilits/Sources/AppViewUtilits/Helpers/Reachability.swift:8:8: note: A dependency of main module 'AppViewUtilits'
import SystemConfiguration
       ^ (in target 'AppViewUtilits' from project 'AppViewUtilits')
SwiftDriver AppViewUtilits normal armv7k com.apple.xcode.tools.swift.compiler (in target 'AppViewUtilits' from project 'AppViewUtilits')
    cd /Users/admin/builder/spi-builder-workspace/.swiftpm/xcode
    builtin-SwiftDriver -- /Applications/Xcode-26.3.0.app/Contents/Developer/Toolchains/XcodeDefault.xctoolchain/usr/bin/swiftc -module-name AppViewUtilits -Onone -enforce-exclusivity\=checked @/Users/admin/builder/spi-builder-workspace/.derivedData/Build/Intermediates.noindex/AppViewUtilits.build/Debug-watchos/AppViewUtilits.build/Objects-normal/armv7k/AppViewUtilits.SwiftFileList -DSWIFT_PACKAGE -DDEBUG -DSWIFT_MODULE_RESOURCE_BUNDLE_UNAVAILABLE -DXcode -plugin-path /Applications/Xcode-26.3.0.app/Contents/Developer/Toolchains/XcodeDefault.xctoolchain/usr/lib/swift/host/plugins/testing -enable-experimental-feature DebugDescriptionMacro -sdk /Applications/Xcode-26.3.0.app/Contents/Developer/Platforms/WatchOS.platform/Developer/SDKs/WatchOS26.2.sdk -target armv7k-apple-watchos5.0 -g -module-cache-path /Users/admin/builder/spi-builder-workspace/.derivedData/ModuleCache.noindex -Xfrontend -serialize-debugging-options -profile-coverage-mapping -profile-generate -enable-testing -suppress-warnings -index-store-path /Users/admin/builder/spi-builder-workspace/.derivedData/Index.noindex/DataStore -Xcc -D_LIBCPP_HARDENING_MODE\=_LIBCPP_HARDENING_MODE_DEBUG -swift-version 5 -I /Users/admin/builder/spi-builder-workspace/.derivedData/Build/Products/Debug-watchos -Isystem /Applications/Xcode-26.3.0.app/Contents/Developer/Platforms/WatchOS.platform/Developer/usr/lib -F /Users/admin/builder/spi-builder-workspace/.derivedData/Build/Products/Debug-watchos -F /Applications/Xcode-26.3.0.app/Contents/Developer/Platforms/WatchOS.platform/Developer/Library/Frameworks -F /Applications/Xcode-26.3.0.app/Contents/Developer/Platforms/WatchOS.platform/Developer/SDKs/WatchOS26.2.sdk/Developer/Library/Frameworks -c -j10 -enable-batch-mode -incremental -Xcc -ivfsstatcache -Xcc /Users/admin/builder/spi-builder-workspace/.derivedData/SDKStatCaches.noindex/watchos26.2-23S303-dc75598d0054f22ec865fa860f139d721753b489057de6bda919edfa1c59a62b.sdkstatcache -output-file-map /Users/admin/builder/spi-builder-workspace/.derivedData/Build/Intermediates.noindex/AppViewUtilits.build/Debug-watchos/AppViewUtilits.build/Objects-normal/armv7k/AppViewUtilits-OutputFileMap.json -use-frontend-parseable-output -save-temps -no-color-diagnostics -explicit-module-build -module-cache-path /Users/admin/builder/spi-builder-workspace/.derivedData/Build/Intermediates.noindex/SwiftExplicitPrecompiledModules -clang-scanner-module-cache-path /Users/admin/builder/spi-builder-workspace/.derivedData/ModuleCache.noindex -sdk-module-cache-path /Users/admin/builder/spi-builder-workspace/.derivedData/ModuleCache.noindex -serialize-diagnostics -emit-dependencies -emit-module -emit-module-path /Users/admin/builder/spi-builder-workspace/.derivedData/Build/Intermediates.noindex/AppViewUtilits.build/Debug-watchos/AppViewUtilits.build/Objects-normal/armv7k/AppViewUtilits.swiftmodule -validate-clang-modules-once -clang-build-session-file /Users/admin/builder/spi-builder-workspace/.derivedData/ModuleCache.noindex/Session.modulevalidation -Xcc -I/Users/admin/builder/spi-builder-workspace/.derivedData/Build/Intermediates.noindex/AppViewUtilits.build/Debug-watchos/AppViewUtilits.build/swift-overrides.hmap -emit-const-values -Xfrontend -const-gather-protocols-file -Xfrontend /Users/admin/builder/spi-builder-workspace/.derivedData/Build/Intermediates.noindex/AppViewUtilits.build/Debug-watchos/AppViewUtilits.build/Objects-normal/armv7k/AppViewUtilits_const_extract_protocols.json -Xcc -I/Users/admin/builder/spi-builder-workspace/.derivedData/Build/Products/Debug-watchos/include -Xcc -I/Users/admin/builder/spi-builder-workspace/.derivedData/Build/Intermediates.noindex/AppViewUtilits.build/Debug-watchos/AppViewUtilits.build/DerivedSources-normal/armv7k -Xcc -I/Users/admin/builder/spi-builder-workspace/.derivedData/Build/Intermediates.noindex/AppViewUtilits.build/Debug-watchos/AppViewUtilits.build/DerivedSources/armv7k -Xcc -I/Users/admin/builder/spi-builder-workspace/.derivedData/Build/Intermediates.noindex/AppViewUtilits.build/Debug-watchos/AppViewUtilits.build/DerivedSources -Xcc -DSWIFT_PACKAGE -Xcc -DDEBUG\=1 -emit-objc-header -emit-objc-header-path /Users/admin/builder/spi-builder-workspace/.derivedData/Build/Intermediates.noindex/AppViewUtilits.build/Debug-watchos/AppViewUtilits.build/Objects-normal/armv7k/AppViewUtilits-Swift.h -working-directory /Users/admin/builder/spi-builder-workspace/.swiftpm/xcode -experimental-emit-module-separately -disable-cmo
/Users/admin/builder/spi-builder-workspace/.dependencies/checkouts/AppViewUtilits/Sources/AppViewUtilits/Helpers/Reachability.swift:8:8: error: Unable to find module dependency: 'SystemConfiguration'
import SystemConfiguration
       ^ (in target 'AppViewUtilits' from project 'AppViewUtilits')
/Users/admin/builder/spi-builder-workspace/.dependencies/checkouts/AppViewUtilits/Sources/AppViewUtilits/Helpers/Reachability.swift:8:8: note: A dependency of main module 'AppViewUtilits'
import SystemConfiguration
       ^ (in target 'AppViewUtilits' from project 'AppViewUtilits')
2026-08-11 11:48:16.111 xcodebuild[748:4916] [MT] IDERunDestination: Supported platforms for the buildables in the current scheme is empty.
/Users/admin/builder/spi-builder-workspace/.dependencies/checkouts/AppViewUtilits/Sources/AppViewUtilits/Helpers/Reachability.swift:8:8: error: Unable to find module dependency: 'SystemConfiguration'
import SystemConfiguration
       ^
/Users/admin/builder/spi-builder-workspace/.dependencies/checkouts/AppViewUtilits/Sources/AppViewUtilits/Helpers/Reachability.swift:8:8: note: a dependency of main module 'AppViewUtilits'
import SystemConfiguration
       ^
/Users/admin/builder/spi-builder-workspace/.dependencies/checkouts/AppViewUtilits/Sources/AppViewUtilits/Helpers/Reachability.swift:8:8: error: Unable to find module dependency: 'SystemConfiguration'
import SystemConfiguration
       ^
/Users/admin/builder/spi-builder-workspace/.dependencies/checkouts/AppViewUtilits/Sources/AppViewUtilits/Helpers/Reachability.swift:8:8: note: a dependency of main module 'AppViewUtilits'
import SystemConfiguration
       ^
/Users/admin/builder/spi-builder-workspace/.dependencies/checkouts/AppViewUtilits/Sources/AppViewUtilits/Helpers/Reachability.swift:8:8: error: Unable to find module dependency: 'SystemConfiguration'
import SystemConfiguration
       ^
/Users/admin/builder/spi-builder-workspace/.dependencies/checkouts/AppViewUtilits/Sources/AppViewUtilits/Helpers/Reachability.swift:8:8: note: a dependency of main module 'AppViewUtilits'
import SystemConfiguration
       ^
** BUILD FAILED **
The following build commands failed:
	SwiftDriver AppViewUtilits normal arm64 com.apple.xcode.tools.swift.compiler (in target 'AppViewUtilits' from project 'AppViewUtilits')
	SwiftDriver AppViewUtilits normal arm64_32 com.apple.xcode.tools.swift.compiler (in target 'AppViewUtilits' from project 'AppViewUtilits')
	SwiftDriver AppViewUtilits normal armv7k com.apple.xcode.tools.swift.compiler (in target 'AppViewUtilits' from project 'AppViewUtilits')
	Building workspace spi-builder-workspace with scheme AVRecorderWrapper
(4 failures)
BUILD FAILURE 6.2 watchOS