The Swift Package Index logo.Swift Package Index

Build Information

Failed to build SVGPath, reference v1.0.0 (e738fb), with Swift 6.4 for macOS (Xcode) using Xcode 27.0 on 21 Sep 2026 02:46:01 UTC.

Build Command

env DEVELOPER_DIR=/Applications/Xcode-27.0.0-Release.Candidate.app xcrun xcodebuild -IDEClonedSourcePackagesDirPathOverride=$PWD/.dependencies -skipMacroValidation -skipPackagePluginValidation -derivedDataPath $PWD/.derivedData build -scheme SVGPath -destination platform=macOS,arch=arm64

Build Log

========================================
RunAll
========================================
Builder version: 5.1.0
Interrupt handler set up.
========================================
Checkout
========================================
Clone URL: https://github.com/yukiny0811/SVGPath.git
Reference: v1.0.0
Initialized empty Git repository in /Users/admin/builder/spi-builder-workspace/.git/
From https://github.com/yukiny0811/SVGPath
 * tag               v1.0.0     -> FETCH_HEAD
HEAD is now at e738fb6 Update for 1.1.5 release
Cloned https://github.com/yukiny0811/SVGPath.git
Revision (git rev-parse @):
e738fb6400d4e4d14e82c41c9d30c3908285eae9
SUCCESS checkout https://github.com/yukiny0811/SVGPath.git at v1.0.0
========================================
Build
========================================
Selected platform:         macosXcodebuild
Swift version:             6.4
Building package at path:  $PWD
https://github.com/yukiny0811/SVGPath.git
Command line invocation:
    /Applications/Xcode-27.0.0-Release.Candidate.app/Contents/Developer/usr/bin/xcodebuild -IDEClonedSourcePackagesDirPathOverride=/Users/admin/builder/spi-builder-workspace/.dependencies -resolvePackageDependencies
resolved source packages:
{
  "dependencies" : [
  ],
  "manifest_display_name" : "SVGPath",
  "name" : "SVGPath",
  "path" : "/Users/admin/builder/spi-builder-workspace",
  "platforms" : [
  ],
  "products" : [
    {
      "name" : "SVGPath",
      "targets" : [
        "SVGPath"
      ],
      "type" : {
        "library" : [
          "automatic"
        ]
      }
    }
  ],
  "targets" : [
    {
      "c99name" : "SVGPathTests",
      "module_type" : "SwiftTarget",
      "name" : "SVGPathTests",
      "path" : "Tests",
      "sources" : [
        "CGPathTests.swift",
        "MetadataTests.swift",
        "SVGPathTests.swift"
      ],
      "target_dependencies" : [
        "SVGPath"
      ],
      "type" : "test"
    },
    {
      "c99name" : "SVGPath",
      "module_type" : "SwiftTarget",
      "name" : "SVGPath",
      "path" : "Sources",
      "product_memberships" : [
        "SVGPath"
      ],
      "sources" : [
        "SVGPath+CoreGraphics.swift",
        "SVGPath.swift"
      ],
      "type" : "library"
    }
  ],
  "tools_version" : "5.1"
}
{
  "project" : {
    "configurations" : [
      "Debug",
      "Release"
    ],
    "name" : "SVGPath",
    "schemes" : [
      "SVGPath"
    ],
    "targets" : [
      "SVGPath",
      "SVGPathTests"
    ]
  }
}
Running build ...
env DEVELOPER_DIR=/Applications/Xcode-27.0.0-Release.Candidate.app xcrun xcodebuild -IDEClonedSourcePackagesDirPathOverride=$PWD/.dependencies -skipMacroValidation -skipPackagePluginValidation -derivedDataPath $PWD/.derivedData build -scheme SVGPath -destination platform=macOS,arch=arm64
Command line invocation:
    /Applications/Xcode-27.0.0-Release.Candidate.app/Contents/Developer/usr/bin/xcodebuild -IDEClonedSourcePackagesDirPathOverride=/Users/admin/builder/spi-builder-workspace/.dependencies -skipMacroValidation -skipPackagePluginValidation -derivedDataPath /Users/admin/builder/spi-builder-workspace/.derivedData build -scheme SVGPath -destination platform=macOS,arch=arm64
ComputePackagePrebuildTargetDependencyGraph
Prepare packages
CreateBuildRequest
SendProjectDescription
CreateBuildOperation
ComputeTargetDependencyGraph
note: Building targets in dependency order
note: Target dependency graph (1 target)
    Target 'SVGPath' in project 'SVGPath' (no dependencies)
GatherProvisioningInputs
CreateBuildDescription
ExecuteExternalTool /Applications/Xcode-27.0.0-Release.Candidate.app/Contents/Developer/Toolchains/XcodeDefault.xctoolchain/usr/bin/clang -v -E -dM -isysroot /Applications/Xcode-27.0.0-Release.Candidate.app/Contents/Developer/Platforms/MacOSX.platform/Developer/SDKs/MacOSX27.0.sdk -x c -c /dev/null
ExecuteExternalTool /Applications/Xcode-27.0.0-Release.Candidate.app/Contents/Developer/Toolchains/XcodeDefault.xctoolchain/usr/bin/clang -v -E -dM -arch arm64 -isysroot /Applications/Xcode-27.0.0-Release.Candidate.app/Contents/Developer/Platforms/MacOSX.platform/Developer/SDKs/MacOSX27.0.sdk -x c -c /dev/null
ExecuteExternalTool /Applications/Xcode-27.0.0-Release.Candidate.app/Contents/Developer/Toolchains/XcodeDefault.xctoolchain/usr/bin/swiftc --version
ExecuteExternalTool /Applications/Xcode-27.0.0-Release.Candidate.app/Contents/Developer/Toolchains/XcodeDefault.xctoolchain/usr/bin/ld -version_details
Build description signature: bc31c4c88f7bd370fa457b037d35e5b8
Build description path: /Users/admin/builder/spi-builder-workspace/.derivedData/Build/Intermediates.noindex/XCBuildData/bc31c4c88f7bd370fa457b037d35e5b8.xcbuilddata
/Users/admin/builder/spi-builder-workspace/SVGPath.xcodeproj: error: The macOS deployment target 'MACOSX_DEPLOYMENT_TARGET' is set to 10.13, but the range of supported deployment target versions is 12.0 to 27.0.x. (in target 'SVGPath' from project 'SVGPath')
note: Run script build phase 'Format Code' will be run during every build because the option to run the script phase "Based on dependency analysis" is unchecked. (in target 'SVGPath' from project 'SVGPath')
--- xcodebuild: WARNING: Using the first of multiple matching destinations:
{ platform:macOS, arch:arm64, id:f5f4a5e19dcb707276aba73bd9853bb5441c7660, name:My Mac }
{ platform:macOS, arch:arm64, variant:Mac Catalyst, id:f5f4a5e19dcb707276aba73bd9853bb5441c7660, name:My Mac }
{ platform:macOS, arch:arm64, variant:Designed for [iPad,iPhone], id:f5f4a5e19dcb707276aba73bd9853bb5441c7660, name:My Mac }
** BUILD FAILED **
The following build commands failed:
	Building project SVGPath with scheme SVGPath
(1 failure)
Command line invocation:
    /Applications/Xcode-27.0.0-Release.Candidate.app/Contents/Developer/usr/bin/xcodebuild -IDEClonedSourcePackagesDirPathOverride=/Users/admin/builder/spi-builder-workspace/.dependencies -resolvePackageDependencies
resolved source packages:
{
  "dependencies" : [
  ],
  "manifest_display_name" : "SVGPath",
  "name" : "SVGPath",
  "path" : "/Users/admin/builder/spi-builder-workspace",
  "platforms" : [
  ],
  "products" : [
    {
      "name" : "SVGPath",
      "targets" : [
        "SVGPath"
      ],
      "type" : {
        "library" : [
          "automatic"
        ]
      }
    }
  ],
  "targets" : [
    {
      "c99name" : "SVGPathTests",
      "module_type" : "SwiftTarget",
      "name" : "SVGPathTests",
      "path" : "Tests",
      "sources" : [
        "CGPathTests.swift",
        "MetadataTests.swift",
        "SVGPathTests.swift"
      ],
      "target_dependencies" : [
        "SVGPath"
      ],
      "type" : "test"
    },
    {
      "c99name" : "SVGPath",
      "module_type" : "SwiftTarget",
      "name" : "SVGPath",
      "path" : "Sources",
      "product_memberships" : [
        "SVGPath"
      ],
      "sources" : [
        "SVGPath+CoreGraphics.swift",
        "SVGPath.swift"
      ],
      "type" : "library"
    }
  ],
  "tools_version" : "5.1"
}
{
  "project" : {
    "configurations" : [
      "Debug",
      "Release"
    ],
    "name" : "SVGPath",
    "schemes" : [
      "SVGPath"
    ],
    "targets" : [
      "SVGPath",
      "SVGPathTests"
    ]
  }
}
Running build ...
env DEVELOPER_DIR=/Applications/Xcode-27.0.0-Release.Candidate.app xcrun xcodebuild -IDEClonedSourcePackagesDirPathOverride=$PWD/.dependencies -skipMacroValidation -skipPackagePluginValidation -derivedDataPath $PWD/.derivedData build -scheme SVGPath -destination platform=macOS,arch=arm64
Command line invocation:
    /Applications/Xcode-27.0.0-Release.Candidate.app/Contents/Developer/usr/bin/xcodebuild -IDEClonedSourcePackagesDirPathOverride=/Users/admin/builder/spi-builder-workspace/.dependencies -skipMacroValidation -skipPackagePluginValidation -derivedDataPath /Users/admin/builder/spi-builder-workspace/.derivedData build -scheme SVGPath -destination platform=macOS,arch=arm64
ComputePackagePrebuildTargetDependencyGraph
Prepare packages
CreateBuildRequest
SendProjectDescription
CreateBuildOperation
ComputeTargetDependencyGraph
note: Building targets in dependency order
note: Target dependency graph (1 target)
    Target 'SVGPath' in project 'SVGPath' (no dependencies)
GatherProvisioningInputs
CreateBuildDescription
/Users/admin/builder/spi-builder-workspace/SVGPath.xcodeproj: error: The macOS deployment target 'MACOSX_DEPLOYMENT_TARGET' is set to 10.13, but the range of supported deployment target versions is 12.0 to 27.0.x. (in target 'SVGPath' from project 'SVGPath')
note: Run script build phase 'Format Code' will be run during every build because the option to run the script phase "Based on dependency analysis" is unchecked. (in target 'SVGPath' from project 'SVGPath')
--- xcodebuild: WARNING: Using the first of multiple matching destinations:
{ platform:macOS, arch:arm64, id:f5f4a5e19dcb707276aba73bd9853bb5441c7660, name:My Mac }
{ platform:macOS, arch:arm64, variant:Mac Catalyst, id:f5f4a5e19dcb707276aba73bd9853bb5441c7660, name:My Mac }
{ platform:macOS, arch:arm64, variant:Designed for [iPad,iPhone], id:f5f4a5e19dcb707276aba73bd9853bb5441c7660, name:My Mac }
** BUILD FAILED **
The following build commands failed:
	Building project SVGPath with scheme SVGPath
(1 failure)
BUILD FAILURE 6.4 macosXcodebuild