Build Information
Failed to build Steady, reference 0.1.0 (43c9c7), with Swift 6.3 for macOS (SPM) on 12 Oct 2026 11:52:50 UTC.
Build Command
env DEVELOPER_DIR=/Applications/Xcode-26.5.0.app xcrun swift build --arch arm64Build Log
========================================
RunAll
========================================
Builder version: 5.1.1
Interrupt handler set up.
========================================
Checkout
========================================
Clone URL: https://github.com/RunTerror/Steady.git
Reference: 0.1.0
Initialized empty Git repository in /Users/admin/builder/spi-builder-workspace/.git/
From https://github.com/RunTerror/Steady
* tag 0.1.0 -> FETCH_HEAD
HEAD is now at 43c9c7e license, install docs, duplicate ids
Cloned https://github.com/RunTerror/Steady.git
Revision (git rev-parse @):
43c9c7e1b569dd38ce760b1e6ac67aba6a0999db
SUCCESS checkout https://github.com/RunTerror/Steady.git at 0.1.0
========================================
ResolveProductDependencies
========================================
Resolving dependencies ...
{
"identity": ".resolve-product-dependencies",
"name": "resolve-dependencies",
"url": "/Users/admin/builder/spi-builder-workspace/.resolve-product-dependencies",
"version": "unspecified",
"path": "/Users/admin/builder/spi-builder-workspace/.resolve-product-dependencies",
"traits": [
"default"
],
"dependencies": [
{
"identity": "steady",
"name": "Steady",
"url": "https://github.com/RunTerror/Steady.git",
"version": "unspecified",
"path": "/Users/admin/builder/spi-builder-workspace/.resolve-product-dependencies/.build/checkouts/Steady",
"traits": [
"default"
],
"dependencies": [
]
}
]
}
Fetching https://github.com/RunTerror/Steady.git
[1/109] Fetching steady
Fetched https://github.com/RunTerror/Steady.git from cache (2.12s)
Creating working copy for https://github.com/RunTerror/Steady.git
Working copy of https://github.com/RunTerror/Steady.git resolved at 0.1.0 (43c9c7e)
warning: '.resolve-product-dependencies': dependency 'steady' is not used by any target
Found 0 product dependencies
========================================
Build
========================================
Selected platform: macosSpm
Swift version: 6.3
Building package at path: $PWD
https://github.com/RunTerror/Steady.git
Running build ...
env DEVELOPER_DIR=/Applications/Xcode-26.5.0.app xcrun swift build --arch arm64
Building for debugging...
[0/2] Write sources
[1/2] Write swift-version-69A768CDF2A0BEE1.txt
error: emit-module command failed with exit code 1 (use -v to see invocation)
[3/8] Emitting module Steady
/Users/admin/builder/spi-builder-workspace/Sources/Steady/Layout/ChatLayout.swift:8:8: error: no such module 'UIKit'
6 | //
7 |
8 | import UIKit
| `- error: no such module 'UIKit'
9 |
10 | /// Layout for `ChatListViewController`.
[4/8] Compiling Steady ChatContextMenuPreviewing.swift
/Users/admin/builder/spi-builder-workspace/Sources/Steady/Layout/ChatLayout.swift:8:8: error: no such module 'UIKit'
6 | //
7 |
8 | import UIKit
| `- error: no such module 'UIKit'
9 |
10 | /// Layout for `ChatListViewController`.
[5/8] Compiling Steady Pager.swift
/Users/admin/builder/spi-builder-workspace/Sources/Steady/Layout/ChatLayout.swift:8:8: error: no such module 'UIKit'
6 | //
7 |
8 | import UIKit
| `- error: no such module 'UIKit'
9 |
10 | /// Layout for `ChatListViewController`.
[6/8] Compiling Steady ChatListViewController.swift
/Users/admin/builder/spi-builder-workspace/Sources/Steady/Layout/ChatLayout.swift:8:8: error: no such module 'UIKit'
6 | //
7 |
8 | import UIKit
| `- error: no such module 'UIKit'
9 |
10 | /// Layout for `ChatListViewController`.
[7/8] Compiling Steady Message.swift
/Users/admin/builder/spi-builder-workspace/Sources/Steady/Layout/ChatLayout.swift:8:8: error: no such module 'UIKit'
6 | //
7 |
8 | import UIKit
| `- error: no such module 'UIKit'
9 |
10 | /// Layout for `ChatListViewController`.
[8/8] Compiling Steady ChatLayout.swift
/Users/admin/builder/spi-builder-workspace/Sources/Steady/Layout/ChatLayout.swift:8:8: error: no such module 'UIKit'
6 | //
7 |
8 | import UIKit
| `- error: no such module 'UIKit'
9 |
10 | /// Layout for `ChatListViewController`.
BUILD FAILURE 6.3 macosSpm