Build Information
Failed to build PingKit, reference main (be85db), with Swift 6.2 for Wasm on 30 Sep 2026 19:32:40 UTC.
Build Command
bash -c docker run --pull=always --rm -v "checkouts-54344845-0":/host -w "$PWD" -e JAVA_HOME="/root/.sdkman/candidates/java/current" -e SPI_BUILD="1" -e SPI_PROCESSING="1" registry.gitlab.com/saguaro1/spi-images:wasm-6.2-latest swift build --swift-sdk swift-6.2-RELEASE_wasm 2>&1Build Log
========================================
RunAll
========================================
Builder version: 5.1.1
Interrupt handler set up.
========================================
Checkout
========================================
Clone URL: https://github.com/gewill/PingKit.git
Reference: main
Initialized empty Git repository in /host/spi-builder-workspace/.git/
hint: Using 'master' as the name for the initial branch. This default branch name
hint: is subject to change. To configure the initial branch name to use in all
hint: of your new repositories, which will suppress this warning, call:
hint:
hint: git config --global init.defaultBranch <name>
hint:
hint: Names commonly chosen instead of 'master' are 'main', 'trunk' and
hint: 'development'. The just-created branch can be renamed via this command:
hint:
hint: git branch -m <name>
From https://github.com/gewill/PingKit
* branch main -> FETCH_HEAD
* [new branch] main -> origin/main
HEAD is now at be85db2 chore(release): prepare 0.9.0 (#45)
Cloned https://github.com/gewill/PingKit.git
Revision (git rev-parse @):
be85db219ca7d111e5c943e254238cdb248a6267
SPI manifest file found: $PWD/.spi.yml
SUCCESS checkout https://github.com/gewill/PingKit.git at main
========================================
Build
========================================
Selected platform: wasm
Swift version: 6.2
Building package at path: $PWD
https://github.com/gewill/PingKit.git
Running build ...
bash -c docker run --pull=always --rm -v "checkouts-54344845-0":/host -w "$PWD" -e JAVA_HOME="/root/.sdkman/candidates/java/current" -e SPI_BUILD="1" -e SPI_PROCESSING="1" registry.gitlab.com/saguaro1/spi-images:wasm-6.2-latest swift build --swift-sdk swift-6.2-RELEASE_wasm 2>&1
wasm-6.2-latest: Pulling from saguaro1/spi-images
Digest: sha256:ff44196b45f83e5a0a99a627b185f548850d9bc1242e3dee2178fb1570812fe8
Status: Image is up to date for registry.gitlab.com/saguaro1/spi-images:wasm-6.2-latest
Fetching https://github.com/apple/swift-argument-parser
Fetching https://github.com/swiftlang/swift-docc-plugin
[1/2345] Fetching swift-docc-plugin
[236/21293] Fetching swift-docc-plugin, swift-argument-parser
Fetched https://github.com/swiftlang/swift-docc-plugin from cache (0.69s)
[4359/18948] Fetching swift-argument-parser
Fetched https://github.com/apple/swift-argument-parser from cache (0.95s)
Computing version for https://github.com/apple/swift-argument-parser
Computed https://github.com/apple/swift-argument-parser at 1.8.2 (1.13s)
Computing version for https://github.com/swiftlang/swift-docc-plugin
Computed https://github.com/swiftlang/swift-docc-plugin at 1.5.0 (1.09s)
Fetching https://github.com/swiftlang/swift-docc-symbolkit
[1/3832] Fetching swift-docc-symbolkit
Fetched https://github.com/swiftlang/swift-docc-symbolkit from cache (0.78s)
Computing version for https://github.com/swiftlang/swift-docc-symbolkit
Computed https://github.com/swiftlang/swift-docc-symbolkit at 1.0.0 (1.05s)
Creating working copy for https://github.com/swiftlang/swift-docc-plugin
Working copy of https://github.com/swiftlang/swift-docc-plugin resolved at 1.5.0
Creating working copy for https://github.com/swiftlang/swift-docc-symbolkit
Working copy of https://github.com/swiftlang/swift-docc-symbolkit resolved at 1.0.0
Creating working copy for https://github.com/apple/swift-argument-parser
Working copy of https://github.com/apple/swift-argument-parser resolved at 1.8.2
[1/1] Compiling plugin GenerateManual
[2/2] Compiling plugin GenerateDoccReference
[3/3] Compiling plugin Swift-DocC Preview
[4/4] Compiling plugin Swift-DocC
Building for debugging...
[4/15] Write sources
[8/15] Write swift-version-24593BA9C3E375BF.txt
error: emit-module command failed with exit code 1 (use -v to see invocation)
[10/36] Emitting module PingKit
/host/spi-builder-workspace/Sources/PingKit/IPAddress.swift:4:8: error: no such module 'Glibc'
2 | import Darwin
3 | #else
4 | import Glibc
| `- error: no such module 'Glibc'
5 | #endif
6 |
[11/38] Compiling PingKit Tracer.swift
/host/spi-builder-workspace/Sources/PingKit/IPAddress.swift:4:8: error: no such module 'Glibc'
2 | import Darwin
3 | #else
4 | import Glibc
| `- error: no such module 'Glibc'
5 | #endif
6 |
[12/38] Compiling PingKit TracerouteTypes.swift
/host/spi-builder-workspace/Sources/PingKit/IPAddress.swift:4:8: error: no such module 'Glibc'
2 | import Darwin
3 | #else
4 | import Glibc
| `- error: no such module 'Glibc'
5 | #endif
6 |
[13/38] Compiling PingKit ReceivedPacket.swift
/host/spi-builder-workspace/Sources/PingKit/IPAddress.swift:4:8: error: no such module 'Glibc'
2 | import Darwin
3 | #else
4 | import Glibc
| `- error: no such module 'Glibc'
5 | #endif
6 |
[14/38] Compiling PingKit IPAddress.swift
/host/spi-builder-workspace/Sources/PingKit/IPAddress.swift:4:8: error: no such module 'Glibc'
2 | import Darwin
3 | #else
4 | import Glibc
| `- error: no such module 'Glibc'
5 | #endif
6 |
[15/38] Compiling PingKit IPv4Endpoint.swift
/host/spi-builder-workspace/Sources/PingKit/IPAddress.swift:4:8: error: no such module 'Glibc'
2 | import Darwin
3 | #else
4 | import Glibc
| `- error: no such module 'Glibc'
5 | #endif
6 |
[16/38] Compiling PingKit ICMPv6Socket.swift
/host/spi-builder-workspace/Sources/PingKit/IPAddress.swift:4:8: error: no such module 'Glibc'
2 | import Darwin
3 | #else
4 | import Glibc
| `- error: no such module 'Glibc'
5 | #endif
6 |
[17/38] Compiling PingKit PingSocket.swift
/host/spi-builder-workspace/Sources/PingKit/IPAddress.swift:4:8: error: no such module 'Glibc'
2 | import Darwin
3 | #else
4 | import Glibc
| `- error: no such module 'Glibc'
5 | #endif
6 |
[18/38] Compiling PingKit ICMPv4.swift
/host/spi-builder-workspace/Sources/PingKit/IPAddress.swift:4:8: error: no such module 'Glibc'
2 | import Darwin
3 | #else
4 | import Glibc
| `- error: no such module 'Glibc'
5 | #endif
6 |
[19/38] Compiling PingKit ICMPv6.swift
/host/spi-builder-workspace/Sources/PingKit/IPAddress.swift:4:8: error: no such module 'Glibc'
2 | import Darwin
3 | #else
4 | import Glibc
| `- error: no such module 'Glibc'
5 | #endif
6 |
[20/38] Compiling PingKit IPv4.swift
/host/spi-builder-workspace/Sources/PingKit/IPAddress.swift:4:8: error: no such module 'Glibc'
2 | import Darwin
3 | #else
4 | import Glibc
| `- error: no such module 'Glibc'
5 | #endif
6 |
[21/38] Compiling PingKit Resolver.swift
/host/spi-builder-workspace/Sources/PingKit/IPAddress.swift:4:8: error: no such module 'Glibc'
2 | import Darwin
3 | #else
4 | import Glibc
| `- error: no such module 'Glibc'
5 | #endif
6 |
[22/38] Compiling PingKit ICMPv4Socket.swift
/host/spi-builder-workspace/Sources/PingKit/IPAddress.swift:4:8: error: no such module 'Glibc'
2 | import Darwin
3 | #else
4 | import Glibc
| `- error: no such module 'Glibc'
5 | #endif
6 |
[23/38] Compiling PingKit PingConfiguration.swift
/host/spi-builder-workspace/Sources/PingKit/IPAddress.swift:4:8: error: no such module 'Glibc'
2 | import Darwin
3 | #else
4 | import Glibc
| `- error: no such module 'Glibc'
5 | #endif
6 |
[24/38] Compiling PingKit PingError.swift
/host/spi-builder-workspace/Sources/PingKit/IPAddress.swift:4:8: error: no such module 'Glibc'
2 | import Darwin
3 | #else
4 | import Glibc
| `- error: no such module 'Glibc'
5 | #endif
6 |
[25/38] Compiling PingKit PingResponse.swift
/host/spi-builder-workspace/Sources/PingKit/IPAddress.swift:4:8: error: no such module 'Glibc'
2 | import Darwin
3 | #else
4 | import Glibc
| `- error: no such module 'Glibc'
5 | #endif
6 |
[26/38] Compiling PingKit MonotonicTimestamp.swift
/host/spi-builder-workspace/Sources/PingKit/IPAddress.swift:4:8: error: no such module 'Glibc'
2 | import Darwin
3 | #else
4 | import Glibc
| `- error: no such module 'Glibc'
5 | #endif
6 |
[27/38] Compiling PingKit PingAttemptTiming.swift
/host/spi-builder-workspace/Sources/PingKit/IPAddress.swift:4:8: error: no such module 'Glibc'
2 | import Darwin
3 | #else
4 | import Glibc
| `- error: no such module 'Glibc'
5 | #endif
6 |
[28/38] Compiling PingKit PingBufferLimits.swift
/host/spi-builder-workspace/Sources/PingKit/IPAddress.swift:4:8: error: no such module 'Glibc'
2 | import Darwin
3 | #else
4 | import Glibc
| `- error: no such module 'Glibc'
5 | #endif
6 |
[29/38] Compiling PingKit PingStatistics.swift
/host/spi-builder-workspace/Sources/PingKit/IPAddress.swift:4:8: error: no such module 'Glibc'
2 | import Darwin
3 | #else
4 | import Glibc
| `- error: no such module 'Glibc'
5 | #endif
6 |
[30/38] Compiling PingKit Pinger.swift
/host/spi-builder-workspace/Sources/PingKit/IPAddress.swift:4:8: error: no such module 'Glibc'
2 | import Darwin
3 | #else
4 | import Glibc
| `- error: no such module 'Glibc'
5 | #endif
6 |
[31/38] Emitting module ArgumentParserToolInfo
BUILD FAILURE 6.2 wasm