Build Information
Failed to build BasisTheoryElements, reference 6.0.0 (865875), with Swift 6.4 for macOS (Xcode) using Xcode 27.0 on 4 Oct 2026 03:11:11 UTC.
Build Command
env DEVELOPER_DIR=/Applications/Xcode-27.0.0-Release.Candidate.app xcrun xcodebuild -IDEClonedSourcePackagesDirPathOverride=$PWD/.dependencies -skipMacroValidation -skipPackagePluginValidation -derivedDataPath $PWD/.derivedData build -scheme BasisTheoryElements -destination platform=macOS,arch=arm64Build Log
========================================
RunAll
========================================
Builder version: 5.1.1
Interrupt handler set up.
========================================
Checkout
========================================
Clone URL: https://github.com/Basis-Theory/ios-elements.git
Reference: 6.0.0
Initialized empty Git repository in /Users/admin/builder/spi-builder-workspace/.git/
From https://github.com/Basis-Theory/ios-elements
* tag 6.0.0 -> FETCH_HEAD
HEAD is now at 8658756 fix(ENG-11750): remove unused CocoaPods client dependency (#108)
Cloned https://github.com/Basis-Theory/ios-elements.git
Revision (git rev-parse @):
8658756dd89710c2afde43cd4197373463835874
SUCCESS checkout https://github.com/Basis-Theory/ios-elements.git at 6.0.0
========================================
Build
========================================
Selected platform: macosXcodebuild
Swift version: 6.4
Building package at path: $PWD
https://github.com/Basis-Theory/ios-elements.git
Command line invocation:
/Applications/Xcode-27.0.0-Release.Candidate.app/Contents/Developer/usr/bin/xcodebuild -IDEClonedSourcePackagesDirPathOverride=/Users/admin/builder/spi-builder-workspace/.dependencies -resolvePackageDependencies
Resolve Package Graph
Fetching from https://github.com/Flight-School/AnyCodable
Creating working copy of package ‘AnyCodable’
Checking out 0.6.7 of package ‘AnyCodable’
Resolve Package Graph
Resolved source packages:
BasisTheoryElements: /Users/admin/builder/spi-builder-workspace
AnyCodable: https://github.com/Flight-School/AnyCodable @ 0.6.7
resolved source packages: BasisTheoryElements, AnyCodable
2026-10-03 23:10:12.572 xcodebuild[528:3039] [MT] IDERunDestination: Supported platforms for the buildables in the current scheme is empty.
{
"dependencies" : [
{
"identity" : "anycodable",
"requirement" : {
"range" : [
{
"lower_bound" : "0.6.0",
"upper_bound" : "1.0.0"
}
]
},
"type" : "sourceControl",
"url" : "https://github.com/Flight-School/AnyCodable"
}
],
"manifest_display_name" : "BasisTheoryElements",
"name" : "BasisTheoryElements",
"path" : "/Users/admin/builder/spi-builder-workspace",
"platforms" : [
{
"name" : "ios",
"version" : "15.0"
}
],
"products" : [
{
"name" : "BasisTheoryElements",
"targets" : [
"BasisTheoryElements"
],
"type" : {
"library" : [
"automatic"
]
}
}
],
"targets" : [
{
"c99name" : "BasisTheoryElements",
"module_type" : "SwiftTarget",
"name" : "BasisTheoryElements",
"path" : "BasisTheoryElements/Sources",
"product_dependencies" : [
"AnyCodable"
],
"product_memberships" : [
"BasisTheoryElements"
],
"sources" : [
"BasisTheoryElements/AccessRule.swift",
"BasisTheoryElements/AnyCodableExtensions.swift",
"BasisTheoryElements/Application.swift",
"BasisTheoryElements/AuthorizeSessionRequest.swift",
"BasisTheoryElements/AuthorizeSessionResponse.swift",
"BasisTheoryElements/BaseElement.swift",
"BasisTheoryElements/BasisTheoryElements.swift",
"BasisTheoryElements/BasisTheoryUIViewController.swift",
"BasisTheoryElements/BinInfo.swift",
"BasisTheoryElements/BinLookup.swift",
"BasisTheoryElements/BtDatadogLogger.swift",
"BasisTheoryElements/CardBrand.swift",
"BasisTheoryElements/CardBrandSelectorUIButton.swift",
"BasisTheoryElements/CardExpirationDateUITextField.swift",
"BasisTheoryElements/CardNumberElementUITextField.swift",
"BasisTheoryElements/CardVerificationCodeUITextField.swift",
"BasisTheoryElements/CreateSessionResponse.swift",
"BasisTheoryElements/CreateToken.swift",
"BasisTheoryElements/CreateTokenRequest.swift",
"BasisTheoryElements/CreateTokenResponse.swift",
"BasisTheoryElements/DeviceInfo.swift",
"BasisTheoryElements/ElementEvents.swift",
"BasisTheoryElements/ElementMetadata.swift",
"BasisTheoryElements/ElementTransform.swift",
"BasisTheoryElements/EncryptTokenModel.swift",
"BasisTheoryElements/EncryptionMetadata.swift",
"BasisTheoryElements/GetTokenByIdResponse.swift",
"BasisTheoryElements/HTTPMethod.swift",
"BasisTheoryElements/HttpClientHelpers.swift",
"BasisTheoryElements/JSON.swift",
"BasisTheoryElements/JWEEncryption.swift",
"BasisTheoryElements/Privacy.swift",
"BasisTheoryElements/ProxyHelpers.swift",
"BasisTheoryElements/ProxyHttpRequest.swift",
"BasisTheoryElements/TelemetryLogging.swift",
"BasisTheoryElements/TextElementUITextField.swift",
"BasisTheoryElements/Token.swift",
"BasisTheoryElements/TokenIntentClient.swift",
"BasisTheoryElements/TokenIntentModels.swift",
"BasisTheoryElements/UpdateToken.swift",
"BasisTheoryElements/UpdateTokenRequest.swift"
],
"type" : "library"
}
],
"tools_version" : "5.5"
}
{
"workspace" : {
"name" : "BasisTheoryElements",
"schemes" : [
"BasisTheoryElements"
]
}
}
2026-10-03 23:10:55.438 xcodebuild[690:4349] [MT] IDERunDestination: Supported platforms for the buildables in the current scheme is empty.
Running build ...
env DEVELOPER_DIR=/Applications/Xcode-27.0.0-Release.Candidate.app xcrun xcodebuild -IDEClonedSourcePackagesDirPathOverride=$PWD/.dependencies -skipMacroValidation -skipPackagePluginValidation -derivedDataPath $PWD/.derivedData build -scheme BasisTheoryElements -destination platform=macOS,arch=arm64
Command line invocation:
/Applications/Xcode-27.0.0-Release.Candidate.app/Contents/Developer/usr/bin/xcodebuild -IDEClonedSourcePackagesDirPathOverride=/Users/admin/builder/spi-builder-workspace/.dependencies -skipMacroValidation -skipPackagePluginValidation -derivedDataPath /Users/admin/builder/spi-builder-workspace/.derivedData build -scheme BasisTheoryElements -destination platform=macOS,arch=arm64
Resolve Package Graph
Resolve Package Graph
Resolved source packages:
BasisTheoryElements: /Users/admin/builder/spi-builder-workspace
AnyCodable: https://github.com/Flight-School/AnyCodable @ 0.6.7
ComputePackagePrebuildTargetDependencyGraph
Prepare packages
CreateBuildRequest
SendProjectDescription
CreateBuildOperation
ComputeTargetDependencyGraph
note: Building targets in dependency order
note: Target dependency graph (5 targets)
Target 'BasisTheoryElements-product' in project 'BasisTheoryElements'
➜ Explicit dependency on target 'BasisTheoryElements' in project 'BasisTheoryElements'
➜ Explicit dependency on target 'BasisTheoryElements_BasisTheoryElements' in project 'BasisTheoryElements'
➜ Explicit dependency on target 'AnyCodable-product' in project 'AnyCodable'
Target 'BasisTheoryElements' in project 'BasisTheoryElements'
➜ Explicit dependency on target 'BasisTheoryElements_BasisTheoryElements' in project 'BasisTheoryElements'
➜ Explicit dependency on target 'AnyCodable-product' in project 'AnyCodable'
Target 'AnyCodable-product' in project 'AnyCodable'
➜ Explicit dependency on target 'AnyCodable' in project 'AnyCodable'
Target 'AnyCodable' in project 'AnyCodable' (no dependencies)
Target 'BasisTheoryElements_BasisTheoryElements' in project 'BasisTheoryElements' (no dependencies)
GatherProvisioningInputs
CreateBuildDescription
ExecuteExternalTool /Applications/Xcode-27.0.0-Release.Candidate.app/Contents/Developer/Toolchains/XcodeDefault.xctoolchain/usr/bin/swiftc --version
ExecuteExternalTool /Applications/Xcode-27.0.0-Release.Candidate.app/Contents/Developer/usr/bin/actool --version --output-format xml1
ExecuteExternalTool /Applications/Xcode-27.0.0-Release.Candidate.app/Contents/Developer/Toolchains/XcodeDefault.xctoolchain/usr/bin/clang -v -E -dM -isysroot /Applications/Xcode-27.0.0-Release.Candidate.app/Contents/Developer/Platforms/MacOSX.platform/Developer/SDKs/MacOSX27.0.sdk -x c -c /dev/null
ExecuteExternalTool /Applications/Xcode-27.0.0-Release.Candidate.app/Contents/Developer/Toolchains/XcodeDefault.xctoolchain/usr/bin/ld -version_details
Build description signature: 5886dab56e045a5189fd7e328c96ce52
Build description path: /Users/admin/builder/spi-builder-workspace/.derivedData/Build/Intermediates.noindex/XCBuildData/5886dab56e045a5189fd7e328c96ce52.xcbuilddata
CreateBuildDirectory /Users/admin/builder/spi-builder-workspace/.derivedData/SDKExplicitPrecompiledModules
cd /Users/admin/builder/spi-builder-workspace/.swiftpm/xcode
builtin-create-build-directory /Users/admin/builder/spi-builder-workspace/.derivedData/SDKExplicitPrecompiledModules
CreateBuildDirectory /Users/admin/builder/spi-builder-workspace/.derivedData/ModuleCache.noindex
cd /Users/admin/builder/spi-builder-workspace/.swiftpm/xcode
builtin-create-build-directory /Users/admin/builder/spi-builder-workspace/.derivedData/ModuleCache.noindex
CreateBuildDirectory /Users/admin/builder/spi-builder-workspace/.derivedData/CompilationCache.noindex
cd /Users/admin/builder/spi-builder-workspace/.swiftpm/xcode
builtin-create-build-directory /Users/admin/builder/spi-builder-workspace/.derivedData/CompilationCache.noindex
ClangStatCache /Applications/Xcode-27.0.0-Release.Candidate.app/Contents/Developer/Toolchains/XcodeDefault.xctoolchain/usr/bin/clang-stat-cache /Applications/Xcode-27.0.0-Release.Candidate.app/Contents/Developer/Platforms/MacOSX.platform/Developer/SDKs/MacOSX27.0.sdk /Users/admin/builder/spi-builder-workspace/.derivedData/SDKStatCaches.noindex/macosx27.0-26A425-e829b21a6f8c9b70876ba0858053c0446a22442a12e9d48fe1a705f55a1adfc4.sdkstatcache
cd /Users/admin/builder/spi-builder-workspace/.swiftpm/xcode
/Applications/Xcode-27.0.0-Release.Candidate.app/Contents/Developer/Toolchains/XcodeDefault.xctoolchain/usr/bin/clang-stat-cache /Applications/Xcode-27.0.0-Release.Candidate.app/Contents/Developer/Platforms/MacOSX.platform/Developer/SDKs/MacOSX27.0.sdk -o /Users/admin/builder/spi-builder-workspace/.derivedData/SDKStatCaches.noindex/macosx27.0-26A425-e829b21a6f8c9b70876ba0858053c0446a22442a12e9d48fe1a705f55a1adfc4.sdkstatcache
CreateBuildDirectory /Users/admin/builder/spi-builder-workspace/.derivedData/Build/Products
cd /Users/admin/builder/spi-builder-workspace/.swiftpm/xcode
builtin-create-build-directory /Users/admin/builder/spi-builder-workspace/.derivedData/Build/Products
CreateBuildDirectory /Users/admin/builder/spi-builder-workspace/.derivedData/Build/Intermediates.noindex
cd /Users/admin/builder/spi-builder-workspace/.swiftpm/xcode
builtin-create-build-directory /Users/admin/builder/spi-builder-workspace/.derivedData/Build/Intermediates.noindex
CreateBuildDirectory /Users/admin/builder/spi-builder-workspace/.derivedData/Build/Intermediates.noindex/PrecompiledHeaders
cd /Users/admin/builder/spi-builder-workspace/.swiftpm/xcode
builtin-create-build-directory /Users/admin/builder/spi-builder-workspace/.derivedData/Build/Intermediates.noindex/PrecompiledHeaders
CreateBuildDirectory /Users/admin/builder/spi-builder-workspace/.derivedData/Build/Intermediates.noindex/SwiftExplicitPrecompiledModules
cd /Users/admin/builder/spi-builder-workspace/.swiftpm/xcode
builtin-create-build-directory /Users/admin/builder/spi-builder-workspace/.derivedData/Build/Intermediates.noindex/SwiftExplicitPrecompiledModules
CreateBuildDirectory /Users/admin/builder/spi-builder-workspace/.derivedData/Build/Intermediates.noindex/ExplicitPrecompiledModules
cd /Users/admin/builder/spi-builder-workspace/.swiftpm/xcode
builtin-create-build-directory /Users/admin/builder/spi-builder-workspace/.derivedData/Build/Intermediates.noindex/ExplicitPrecompiledModules
CreateBuildDirectory /Users/admin/builder/spi-builder-workspace/.derivedData/Build/Intermediates.noindex/EagerLinkingTBDs/Debug
cd /Users/admin/builder/spi-builder-workspace/.swiftpm/xcode
builtin-create-build-directory /Users/admin/builder/spi-builder-workspace/.derivedData/Build/Intermediates.noindex/EagerLinkingTBDs/Debug
CreateBuildDirectory /Users/admin/builder/spi-builder-workspace/.derivedData/Build/Products/Debug
cd /Users/admin/builder/spi-builder-workspace/.swiftpm/xcode
builtin-create-build-directory /Users/admin/builder/spi-builder-workspace/.derivedData/Build/Products/Debug
CreateBuildDirectory /Users/admin/builder/spi-builder-workspace/.derivedData/Build/Products/Debug/PackageFrameworks
cd /Users/admin/builder/spi-builder-workspace/.swiftpm/xcode
builtin-create-build-directory /Users/admin/builder/spi-builder-workspace/.derivedData/Build/Products/Debug/PackageFrameworks
WriteAuxiliaryFile /Users/admin/builder/spi-builder-workspace/.derivedData/Build/Intermediates.noindex/AnyCodable.build/Debug/AnyCodable-t.build/AnyCodable.modulemap (in target 'AnyCodable' from project 'AnyCodable')
cd /Users/admin/builder/spi-builder-workspace/.dependencies/checkouts/AnyCodable
write-file /Users/admin/builder/spi-builder-workspace/.derivedData/Build/Intermediates.noindex/AnyCodable.build/Debug/AnyCodable-t.build/AnyCodable.modulemap
WriteAuxiliaryFile /Users/admin/builder/spi-builder-workspace/.derivedData/Build/Intermediates.noindex/AnyCodable.build/Debug/AnyCodable-t.build/Objects-normal/arm64/AnyCodable.SwiftFileList (in target 'AnyCodable' from project 'AnyCodable')
cd /Users/admin/builder/spi-builder-workspace/.dependencies/checkouts/AnyCodable
write-file /Users/admin/builder/spi-builder-workspace/.derivedData/Build/Intermediates.noindex/AnyCodable.build/Debug/AnyCodable-t.build/Objects-normal/arm64/AnyCodable.SwiftFileList
WriteAuxiliaryFile /Users/admin/builder/spi-builder-workspace/.derivedData/Build/Intermediates.noindex/BasisTheoryElements.build/Debug/BasisTheoryElements_BasisTheoryElements-b.build/BasisTheoryElements_BasisTheoryElements.DependencyMetadataFileList (in target 'BasisTheoryElements_BasisTheoryElements' from project 'BasisTheoryElements')
cd /Users/admin/builder/spi-builder-workspace
write-file /Users/admin/builder/spi-builder-workspace/.derivedData/Build/Intermediates.noindex/BasisTheoryElements.build/Debug/BasisTheoryElements_BasisTheoryElements-b.build/BasisTheoryElements_BasisTheoryElements.DependencyMetadataFileList
WriteAuxiliaryFile /Users/admin/builder/spi-builder-workspace/.derivedData/Build/Intermediates.noindex/AnyCodable.build/Debug/AnyCodable-t.build/Objects-normal/arm64/AnyCodable.SwiftConstValuesFileList (in target 'AnyCodable' from project 'AnyCodable')
cd /Users/admin/builder/spi-builder-workspace/.dependencies/checkouts/AnyCodable
write-file /Users/admin/builder/spi-builder-workspace/.derivedData/Build/Intermediates.noindex/AnyCodable.build/Debug/AnyCodable-t.build/Objects-normal/arm64/AnyCodable.SwiftConstValuesFileList
WriteAuxiliaryFile /Users/admin/builder/spi-builder-workspace/.derivedData/Build/Intermediates.noindex/BasisTheoryElements.build/Debug/BasisTheoryElements_BasisTheoryElements-b.build/empty-BasisTheoryElements_BasisTheoryElements.plist (in target 'BasisTheoryElements_BasisTheoryElements' from project 'BasisTheoryElements')
cd /Users/admin/builder/spi-builder-workspace
write-file /Users/admin/builder/spi-builder-workspace/.derivedData/Build/Intermediates.noindex/BasisTheoryElements.build/Debug/BasisTheoryElements_BasisTheoryElements-b.build/empty-BasisTheoryElements_BasisTheoryElements.plist
WriteAuxiliaryFile /Users/admin/builder/spi-builder-workspace/.derivedData/Build/Intermediates.noindex/BasisTheoryElements.build/Debug/BasisTheoryElements_BasisTheoryElements-b.build/BasisTheoryElements_BasisTheoryElements.DependencyStaticMetadataFileList (in target 'BasisTheoryElements_BasisTheoryElements' from project 'BasisTheoryElements')
cd /Users/admin/builder/spi-builder-workspace
write-file /Users/admin/builder/spi-builder-workspace/.derivedData/Build/Intermediates.noindex/BasisTheoryElements.build/Debug/BasisTheoryElements_BasisTheoryElements-b.build/BasisTheoryElements_BasisTheoryElements.DependencyStaticMetadataFileList
WriteAuxiliaryFile /Users/admin/builder/spi-builder-workspace/.derivedData/Build/Intermediates.noindex/AnyCodable.build/Debug/AnyCodable-t.build/Objects-normal/arm64/AnyCodable_const_extract_protocols.json (in target 'AnyCodable' from project 'AnyCodable')
cd /Users/admin/builder/spi-builder-workspace/.dependencies/checkouts/AnyCodable
write-file /Users/admin/builder/spi-builder-workspace/.derivedData/Build/Intermediates.noindex/AnyCodable.build/Debug/AnyCodable-t.build/Objects-normal/arm64/AnyCodable_const_extract_protocols.json
WriteAuxiliaryFile /Users/admin/builder/spi-builder-workspace/.derivedData/Build/Intermediates.noindex/BasisTheoryElements.build/Debug/BasisTheoryElements-t.build/Objects-normal/arm64/BasisTheoryElements_const_extract_protocols.json (in target 'BasisTheoryElements' from project 'BasisTheoryElements')
cd /Users/admin/builder/spi-builder-workspace
write-file /Users/admin/builder/spi-builder-workspace/.derivedData/Build/Intermediates.noindex/BasisTheoryElements.build/Debug/BasisTheoryElements-t.build/Objects-normal/arm64/BasisTheoryElements_const_extract_protocols.json
WriteAuxiliaryFile /Users/admin/builder/spi-builder-workspace/.derivedData/Build/Intermediates.noindex/BasisTheoryElements.build/Debug/BasisTheoryElements-t.build/Objects-normal/arm64/BasisTheoryElements.SwiftFileList (in target 'BasisTheoryElements' from project 'BasisTheoryElements')
cd /Users/admin/builder/spi-builder-workspace
write-file /Users/admin/builder/spi-builder-workspace/.derivedData/Build/Intermediates.noindex/BasisTheoryElements.build/Debug/BasisTheoryElements-t.build/Objects-normal/arm64/BasisTheoryElements.SwiftFileList
WriteAuxiliaryFile /Users/admin/builder/spi-builder-workspace/.derivedData/Build/Intermediates.noindex/BasisTheoryElements.build/Debug/BasisTheoryElements-t.build/Objects-normal/arm64/BasisTheoryElements.SwiftConstValuesFileList (in target 'BasisTheoryElements' from project 'BasisTheoryElements')
cd /Users/admin/builder/spi-builder-workspace
write-file /Users/admin/builder/spi-builder-workspace/.derivedData/Build/Intermediates.noindex/BasisTheoryElements.build/Debug/BasisTheoryElements-t.build/Objects-normal/arm64/BasisTheoryElements.SwiftConstValuesFileList
WriteAuxiliaryFile /Users/admin/builder/spi-builder-workspace/.derivedData/Build/Intermediates.noindex/BasisTheoryElements.build/Debug/BasisTheoryElements-t.build/Objects-normal/arm64/BasisTheoryElements.LinkFileList (in target 'BasisTheoryElements' from project 'BasisTheoryElements')
cd /Users/admin/builder/spi-builder-workspace
write-file /Users/admin/builder/spi-builder-workspace/.derivedData/Build/Intermediates.noindex/BasisTheoryElements.build/Debug/BasisTheoryElements-t.build/Objects-normal/arm64/BasisTheoryElements.LinkFileList
WriteAuxiliaryFile /Users/admin/builder/spi-builder-workspace/.derivedData/Build/Intermediates.noindex/BasisTheoryElements.build/Debug/BasisTheoryElements-t.build/Objects-normal/arm64/BasisTheoryElements-OutputFileMap.json (in target 'BasisTheoryElements' from project 'BasisTheoryElements')
cd /Users/admin/builder/spi-builder-workspace
write-file /Users/admin/builder/spi-builder-workspace/.derivedData/Build/Intermediates.noindex/BasisTheoryElements.build/Debug/BasisTheoryElements-t.build/Objects-normal/arm64/BasisTheoryElements-OutputFileMap.json
WriteAuxiliaryFile /Users/admin/builder/spi-builder-workspace/.derivedData/Build/Intermediates.noindex/BasisTheoryElements.build/Debug/BasisTheoryElements-t.build/BasisTheoryElements.DependencyStaticMetadataFileList (in target 'BasisTheoryElements' from project 'BasisTheoryElements')
cd /Users/admin/builder/spi-builder-workspace
write-file /Users/admin/builder/spi-builder-workspace/.derivedData/Build/Intermediates.noindex/BasisTheoryElements.build/Debug/BasisTheoryElements-t.build/BasisTheoryElements.DependencyStaticMetadataFileList
WriteAuxiliaryFile /Users/admin/builder/spi-builder-workspace/.derivedData/Build/Intermediates.noindex/BasisTheoryElements.build/Debug/BasisTheoryElements-t.build/BasisTheoryElements.modulemap (in target 'BasisTheoryElements' from project 'BasisTheoryElements')
cd /Users/admin/builder/spi-builder-workspace
write-file /Users/admin/builder/spi-builder-workspace/.derivedData/Build/Intermediates.noindex/BasisTheoryElements.build/Debug/BasisTheoryElements-t.build/BasisTheoryElements.modulemap
WriteAuxiliaryFile /Users/admin/builder/spi-builder-workspace/.derivedData/Build/Intermediates.noindex/AnyCodable.build/Debug/AnyCodable-t.build/Objects-normal/arm64/AnyCodable.LinkFileList (in target 'AnyCodable' from project 'AnyCodable')
cd /Users/admin/builder/spi-builder-workspace/.dependencies/checkouts/AnyCodable
write-file /Users/admin/builder/spi-builder-workspace/.derivedData/Build/Intermediates.noindex/AnyCodable.build/Debug/AnyCodable-t.build/Objects-normal/arm64/AnyCodable.LinkFileList
WriteAuxiliaryFile /Users/admin/builder/spi-builder-workspace/.derivedData/Build/Intermediates.noindex/AnyCodable.build/Debug/AnyCodable-t.build/Objects-normal/arm64/AnyCodable-OutputFileMap.json (in target 'AnyCodable' from project 'AnyCodable')
cd /Users/admin/builder/spi-builder-workspace/.dependencies/checkouts/AnyCodable
write-file /Users/admin/builder/spi-builder-workspace/.derivedData/Build/Intermediates.noindex/AnyCodable.build/Debug/AnyCodable-t.build/Objects-normal/arm64/AnyCodable-OutputFileMap.json
WriteAuxiliaryFile /Users/admin/builder/spi-builder-workspace/.derivedData/Build/Intermediates.noindex/BasisTheoryElements.build/Debug/BasisTheoryElements-t.build/DerivedSources/resource_bundle_accessor.swift (in target 'BasisTheoryElements' from project 'BasisTheoryElements')
cd /Users/admin/builder/spi-builder-workspace
write-file /Users/admin/builder/spi-builder-workspace/.derivedData/Build/Intermediates.noindex/BasisTheoryElements.build/Debug/BasisTheoryElements-t.build/DerivedSources/resource_bundle_accessor.swift
WriteAuxiliaryFile /Users/admin/builder/spi-builder-workspace/.derivedData/Build/Intermediates.noindex/BasisTheoryElements.build/Debug/BasisTheoryElements-t.build/BasisTheoryElements.DependencyMetadataFileList (in target 'BasisTheoryElements' from project 'BasisTheoryElements')
cd /Users/admin/builder/spi-builder-workspace
write-file /Users/admin/builder/spi-builder-workspace/.derivedData/Build/Intermediates.noindex/BasisTheoryElements.build/Debug/BasisTheoryElements-t.build/BasisTheoryElements.DependencyMetadataFileList
WriteAuxiliaryFile /Users/admin/builder/spi-builder-workspace/.derivedData/Build/Intermediates.noindex/AnyCodable.build/Debug/AnyCodable-t.build/AnyCodable.DependencyStaticMetadataFileList (in target 'AnyCodable' from project 'AnyCodable')
cd /Users/admin/builder/spi-builder-workspace/.dependencies/checkouts/AnyCodable
write-file /Users/admin/builder/spi-builder-workspace/.derivedData/Build/Intermediates.noindex/AnyCodable.build/Debug/AnyCodable-t.build/AnyCodable.DependencyStaticMetadataFileList
WriteAuxiliaryFile /Users/admin/builder/spi-builder-workspace/.derivedData/Build/Intermediates.noindex/AnyCodable.build/Debug/AnyCodable-t.build/AnyCodable.DependencyMetadataFileList (in target 'AnyCodable' from project 'AnyCodable')
cd /Users/admin/builder/spi-builder-workspace/.dependencies/checkouts/AnyCodable
write-file /Users/admin/builder/spi-builder-workspace/.derivedData/Build/Intermediates.noindex/AnyCodable.build/Debug/AnyCodable-t.build/AnyCodable.DependencyMetadataFileList
Copy /Users/admin/builder/spi-builder-workspace/.derivedData/Build/Intermediates.noindex/GeneratedModuleMaps/AnyCodable.modulemap /Users/admin/builder/spi-builder-workspace/.derivedData/Build/Intermediates.noindex/AnyCodable.build/Debug/AnyCodable-t.build/AnyCodable.modulemap (in target 'AnyCodable' from project 'AnyCodable')
cd /Users/admin/builder/spi-builder-workspace/.dependencies/checkouts/AnyCodable
builtin-copy -exclude .DS_Store -exclude CVS -exclude .svn -exclude .git -exclude .hg -resolve-src-symlinks /Users/admin/builder/spi-builder-workspace/.derivedData/Build/Intermediates.noindex/AnyCodable.build/Debug/AnyCodable-t.build/AnyCodable.modulemap /Users/admin/builder/spi-builder-workspace/.derivedData/Build/Intermediates.noindex/GeneratedModuleMaps
MkDir /Users/admin/builder/spi-builder-workspace/.derivedData/Build/Products/Debug/BasisTheoryElements_BasisTheoryElements.bundle/Contents/Resources (in target 'BasisTheoryElements_BasisTheoryElements' from project 'BasisTheoryElements')
cd /Users/admin/builder/spi-builder-workspace
/bin/mkdir -p /Users/admin/builder/spi-builder-workspace/.derivedData/Build/Products/Debug/BasisTheoryElements_BasisTheoryElements.bundle/Contents/Resources
MkDir /Users/admin/builder/spi-builder-workspace/.derivedData/Build/Products/Debug/BasisTheoryElements_BasisTheoryElements.bundle/Contents (in target 'BasisTheoryElements_BasisTheoryElements' from project 'BasisTheoryElements')
cd /Users/admin/builder/spi-builder-workspace
/bin/mkdir -p /Users/admin/builder/spi-builder-workspace/.derivedData/Build/Products/Debug/BasisTheoryElements_BasisTheoryElements.bundle/Contents
Copy /Users/admin/builder/spi-builder-workspace/.derivedData/Build/Intermediates.noindex/GeneratedModuleMaps/BasisTheoryElements.modulemap /Users/admin/builder/spi-builder-workspace/.derivedData/Build/Intermediates.noindex/BasisTheoryElements.build/Debug/BasisTheoryElements-t.build/BasisTheoryElements.modulemap (in target 'BasisTheoryElements' from project 'BasisTheoryElements')
cd /Users/admin/builder/spi-builder-workspace
builtin-copy -exclude .DS_Store -exclude CVS -exclude .svn -exclude .git -exclude .hg -resolve-src-symlinks /Users/admin/builder/spi-builder-workspace/.derivedData/Build/Intermediates.noindex/BasisTheoryElements.build/Debug/BasisTheoryElements-t.build/BasisTheoryElements.modulemap /Users/admin/builder/spi-builder-workspace/.derivedData/Build/Intermediates.noindex/GeneratedModuleMaps
MkDir /Users/admin/builder/spi-builder-workspace/.derivedData/Build/Products/Debug/BasisTheoryElements_BasisTheoryElements.bundle (in target 'BasisTheoryElements_BasisTheoryElements' from project 'BasisTheoryElements')
cd /Users/admin/builder/spi-builder-workspace
/bin/mkdir -p /Users/admin/builder/spi-builder-workspace/.derivedData/Build/Products/Debug/BasisTheoryElements_BasisTheoryElements.bundle
MkDir /Users/admin/builder/spi-builder-workspace/.derivedData/Build/Intermediates.noindex/BasisTheoryElements.build/Debug/BasisTheoryElements_BasisTheoryElements-b.build/assetcatalog_output/thinned (in target 'BasisTheoryElements_BasisTheoryElements' from project 'BasisTheoryElements')
cd /Users/admin/builder/spi-builder-workspace
/bin/mkdir -p /Users/admin/builder/spi-builder-workspace/.derivedData/Build/Intermediates.noindex/BasisTheoryElements.build/Debug/BasisTheoryElements_BasisTheoryElements-b.build/assetcatalog_output/thinned
MkDir /Users/admin/builder/spi-builder-workspace/.derivedData/Build/Intermediates.noindex/BasisTheoryElements.build/Debug/BasisTheoryElements_BasisTheoryElements-b.build/assetcatalog_output/unthinned (in target 'BasisTheoryElements_BasisTheoryElements' from project 'BasisTheoryElements')
cd /Users/admin/builder/spi-builder-workspace
/bin/mkdir -p /Users/admin/builder/spi-builder-workspace/.derivedData/Build/Intermediates.noindex/BasisTheoryElements.build/Debug/BasisTheoryElements_BasisTheoryElements-b.build/assetcatalog_output/unthinned
CompileAssetCatalogVariant thinned /Users/admin/builder/spi-builder-workspace/.derivedData/Build/Products/Debug/BasisTheoryElements_BasisTheoryElements.bundle/Contents/Resources /Users/admin/builder/spi-builder-workspace/BasisTheoryElements/Sources/BasisTheoryElements/Resources/Assets.xcassets (in target 'BasisTheoryElements_BasisTheoryElements' from project 'BasisTheoryElements')
cd /Users/admin/builder/spi-builder-workspace
/Applications/Xcode-27.0.0-Release.Candidate.app/Contents/Developer/usr/bin/actool /Users/admin/builder/spi-builder-workspace/BasisTheoryElements/Sources/BasisTheoryElements/Resources/Assets.xcassets --compile /Users/admin/builder/spi-builder-workspace/.derivedData/Build/Intermediates.noindex/BasisTheoryElements.build/Debug/BasisTheoryElements_BasisTheoryElements-b.build/assetcatalog_output/thinned --output-format human-readable-text --notices --warnings --export-dependency-info /Users/admin/builder/spi-builder-workspace/.derivedData/Build/Intermediates.noindex/BasisTheoryElements.build/Debug/BasisTheoryElements_BasisTheoryElements-b.build/assetcatalog_dependencies_thinned --output-partial-info-plist /Users/admin/builder/spi-builder-workspace/.derivedData/Build/Intermediates.noindex/BasisTheoryElements.build/Debug/BasisTheoryElements_BasisTheoryElements-b.build/assetcatalog_generated_info.plist_thinned --enable-on-demand-resources NO --development-region en --target-device mac --minimum-deployment-target 12.0 --platform macosx
/* com.apple.actool.compilation-results */
/Users/admin/builder/spi-builder-workspace/.derivedData/Build/Intermediates.noindex/BasisTheoryElements.build/Debug/BasisTheoryElements_BasisTheoryElements-b.build/assetcatalog_generated_info.plist_thinned
/Users/admin/builder/spi-builder-workspace/.derivedData/Build/Intermediates.noindex/BasisTheoryElements.build/Debug/BasisTheoryElements_BasisTheoryElements-b.build/assetcatalog_output/thinned/Assets.car
LinkAssetCatalog /Users/admin/builder/spi-builder-workspace/BasisTheoryElements/Sources/BasisTheoryElements/Resources/Assets.xcassets (in target 'BasisTheoryElements_BasisTheoryElements' from project 'BasisTheoryElements')
cd /Users/admin/builder/spi-builder-workspace
builtin-linkAssetCatalog --thinned /Users/admin/builder/spi-builder-workspace/.derivedData/Build/Intermediates.noindex/BasisTheoryElements.build/Debug/BasisTheoryElements_BasisTheoryElements-b.build/assetcatalog_output/thinned --thinned-dependencies /Users/admin/builder/spi-builder-workspace/.derivedData/Build/Intermediates.noindex/BasisTheoryElements.build/Debug/BasisTheoryElements_BasisTheoryElements-b.build/assetcatalog_dependencies_thinned --thinned-info-plist-content /Users/admin/builder/spi-builder-workspace/.derivedData/Build/Intermediates.noindex/BasisTheoryElements.build/Debug/BasisTheoryElements_BasisTheoryElements-b.build/assetcatalog_generated_info.plist_thinned --unthinned /Users/admin/builder/spi-builder-workspace/.derivedData/Build/Intermediates.noindex/BasisTheoryElements.build/Debug/BasisTheoryElements_BasisTheoryElements-b.build/assetcatalog_output/unthinned --unthinned-dependencies /Users/admin/builder/spi-builder-workspace/.derivedData/Build/Intermediates.noindex/BasisTheoryElements.build/Debug/BasisTheoryElements_BasisTheoryElements-b.build/assetcatalog_dependencies_unthinned --unthinned-info-plist-content /Users/admin/builder/spi-builder-workspace/.derivedData/Build/Intermediates.noindex/BasisTheoryElements.build/Debug/BasisTheoryElements_BasisTheoryElements-b.build/assetcatalog_generated_info.plist_unthinned --output /Users/admin/builder/spi-builder-workspace/.derivedData/Build/Products/Debug/BasisTheoryElements_BasisTheoryElements.bundle/Contents/Resources --plist-output /Users/admin/builder/spi-builder-workspace/.derivedData/Build/Intermediates.noindex/BasisTheoryElements.build/Debug/BasisTheoryElements_BasisTheoryElements-b.build/assetcatalog_generated_info.plist
note: Emplaced /Users/admin/builder/spi-builder-workspace/.derivedData/Build/Products/Debug/BasisTheoryElements_BasisTheoryElements.bundle/Contents/Resources/Assets.car (in target 'BasisTheoryElements_BasisTheoryElements' from project 'BasisTheoryElements')
ProcessInfoPlistFile /Users/admin/builder/spi-builder-workspace/.derivedData/Build/Products/Debug/BasisTheoryElements_BasisTheoryElements.bundle/Contents/Info.plist /Users/admin/builder/spi-builder-workspace/.derivedData/Build/Intermediates.noindex/BasisTheoryElements.build/Debug/BasisTheoryElements_BasisTheoryElements-b.build/empty-BasisTheoryElements_BasisTheoryElements.plist (in target 'BasisTheoryElements_BasisTheoryElements' from project 'BasisTheoryElements')
cd /Users/admin/builder/spi-builder-workspace
builtin-infoPlistUtility /Users/admin/builder/spi-builder-workspace/.derivedData/Build/Intermediates.noindex/BasisTheoryElements.build/Debug/BasisTheoryElements_BasisTheoryElements-b.build/empty-BasisTheoryElements_BasisTheoryElements.plist -producttype com.apple.product-type.bundle -expandbuildsettings -platform macosx -additionalcontentfile /Users/admin/builder/spi-builder-workspace/.derivedData/Build/Intermediates.noindex/BasisTheoryElements.build/Debug/BasisTheoryElements_BasisTheoryElements-b.build/assetcatalog_generated_info.plist -o /Users/admin/builder/spi-builder-workspace/.derivedData/Build/Products/Debug/BasisTheoryElements_BasisTheoryElements.bundle/Contents/Info.plist
RegisterExecutionPolicyException /Users/admin/builder/spi-builder-workspace/.derivedData/Build/Products/Debug/BasisTheoryElements_BasisTheoryElements.bundle (in target 'BasisTheoryElements_BasisTheoryElements' from project 'BasisTheoryElements')
cd /Users/admin/builder/spi-builder-workspace
builtin-RegisterExecutionPolicyException /Users/admin/builder/spi-builder-workspace/.derivedData/Build/Products/Debug/BasisTheoryElements_BasisTheoryElements.bundle
Touch /Users/admin/builder/spi-builder-workspace/.derivedData/Build/Products/Debug/BasisTheoryElements_BasisTheoryElements.bundle (in target 'BasisTheoryElements_BasisTheoryElements' from project 'BasisTheoryElements')
cd /Users/admin/builder/spi-builder-workspace
/usr/bin/touch -c /Users/admin/builder/spi-builder-workspace/.derivedData/Build/Products/Debug/BasisTheoryElements_BasisTheoryElements.bundle
SwiftDriver AnyCodable normal arm64 com.apple.xcode.tools.swift.compiler (in target 'AnyCodable' from project 'AnyCodable')
cd /Users/admin/builder/spi-builder-workspace/.swiftpm/xcode
builtin-SwiftDriver -- /Applications/Xcode-27.0.0-Release.Candidate.app/Contents/Developer/Toolchains/XcodeDefault.xctoolchain/usr/bin/swiftc -parse-as-library -module-name AnyCodable -Onone @/Users/admin/builder/spi-builder-workspace/.derivedData/Build/Intermediates.noindex/AnyCodable.build/Debug/AnyCodable-t.build/Objects-normal/arm64/AnyCodable.SwiftFileList -DSWIFT_PACKAGE -DDEBUG -DSWIFT_MODULE_RESOURCE_BUNDLE_UNAVAILABLE -DXcode -plugin-path /Applications/Xcode-27.0.0-Release.Candidate.app/Contents/Developer/Toolchains/XcodeDefault.xctoolchain/usr/lib/swift/host/plugins/testing -enable-experimental-feature DebugDescriptionMacro -sdk /Applications/Xcode-27.0.0-Release.Candidate.app/Contents/Developer/Platforms/MacOSX.platform/Developer/SDKs/MacOSX27.0.sdk -target arm64-apple-macos12.0 -g -module-cache-path /Users/admin/builder/spi-builder-workspace/.derivedData/ModuleCache.noindex -Xfrontend -serialize-debugging-options -enable-testing -suppress-warnings -index-store-path /Users/admin/builder/spi-builder-workspace/.derivedData/Index.noindex/DataStore -Xcc -D_LIBCPP_HARDENING_MODE\=_LIBCPP_HARDENING_MODE_DEBUG -swift-version 5 -I /Users/admin/builder/spi-builder-workspace/.derivedData/Build/Products/Debug -Isystem /Applications/Xcode-27.0.0-Release.Candidate.app/Contents/Developer/Platforms/MacOSX.platform/Developer/usr/lib -F /Users/admin/builder/spi-builder-workspace/.derivedData/Build/Products/Debug -F /Applications/Xcode-27.0.0-Release.Candidate.app/Contents/Developer/Platforms/MacOSX.platform/Developer/Library/Frameworks -c -j10 -enable-batch-mode -incremental -Xcc -ivfsstatcache -Xcc /Users/admin/builder/spi-builder-workspace/.derivedData/SDKStatCaches.noindex/macosx27.0-26A425-e829b21a6f8c9b70876ba0858053c0446a22442a12e9d48fe1a705f55a1adfc4.sdkstatcache -output-file-map /Users/admin/builder/spi-builder-workspace/.derivedData/Build/Intermediates.noindex/AnyCodable.build/Debug/AnyCodable-t.build/Objects-normal/arm64/AnyCodable-OutputFileMap.json -save-temps -no-color-diagnostics -explicit-module-build -module-cache-path /Users/admin/builder/spi-builder-workspace/.derivedData/Build/Intermediates.noindex/SwiftExplicitPrecompiledModules -clang-scanner-module-cache-path /Users/admin/builder/spi-builder-workspace/.derivedData/ModuleCache.noindex -sdk-module-cache-path /Users/admin/builder/spi-builder-workspace/.derivedData/SDKExplicitPrecompiledModules -emit-dependencies -emit-module -emit-module-path /Users/admin/builder/spi-builder-workspace/.derivedData/Build/Intermediates.noindex/AnyCodable.build/Debug/AnyCodable-t.build/Objects-normal/arm64/AnyCodable.swiftmodule -serialize-diagnostics -dependency-scan-serialize-diagnostics-path /Users/admin/builder/spi-builder-workspace/.derivedData/Build/Intermediates.noindex/AnyCodable.build/Debug/AnyCodable-t.build/Objects-normal/arm64/AnyCodable-dependency-scan.dia -validate-clang-modules-once -clang-build-session-file /Users/admin/builder/spi-builder-workspace/.derivedData/ModuleCache.noindex/Session.modulevalidation -Xcc -fmodules-prune-interval\=86400 -Xcc -fmodules-prune-after\=345600 -emit-const-values -const-gather-protocols-list /Users/admin/builder/spi-builder-workspace/.derivedData/Build/Intermediates.noindex/AnyCodable.build/Debug/AnyCodable-t.build/Objects-normal/arm64/AnyCodable_const_extract_protocols.json -Xcc -I/Users/admin/builder/spi-builder-workspace/.derivedData/Build/Products/Debug/include -Xcc -I/Users/admin/builder/spi-builder-workspace/.derivedData/Build/Intermediates.noindex/AnyCodable.build/Debug/AnyCodable-t.build/DerivedSources-normal/arm64 -Xcc -I/Users/admin/builder/spi-builder-workspace/.derivedData/Build/Intermediates.noindex/AnyCodable.build/Debug/AnyCodable-t.build/DerivedSources/arm64 -Xcc -I/Users/admin/builder/spi-builder-workspace/.derivedData/Build/Intermediates.noindex/AnyCodable.build/Debug/AnyCodable-t.build/DerivedSources -Xcc -DSWIFT_PACKAGE -Xcc -DDEBUG\=1 -emit-objc-header -emit-objc-header-path /Users/admin/builder/spi-builder-workspace/.derivedData/Build/Intermediates.noindex/AnyCodable.build/Debug/AnyCodable-t.build/Objects-normal/arm64/AnyCodable-Swift.h -working-directory /Users/admin/builder/spi-builder-workspace/.swiftpm/xcode -experimental-emit-module-separately -disable-cmo
SwiftExplicitDependencyGeneratePcm arm64 /Users/admin/builder/spi-builder-workspace/.derivedData/SDKExplicitPrecompiledModules/_Builtin_float-105CRCDRP90FQCQO5ZX1LHV7H.pcm
SwiftExplicitDependencyGeneratePcm arm64 /Users/admin/builder/spi-builder-workspace/.derivedData/SDKExplicitPrecompiledModules/_Builtin_stdbool-KYV2HKP8IKLKMKQS9DGA2GUQ.pcm
SwiftExplicitDependencyGeneratePcm arm64 /Users/admin/builder/spi-builder-workspace/.derivedData/SDKExplicitPrecompiledModules/ptrauth-2W92ZJRLNJU99RJUQGGJG3OC3.pcm
SwiftExplicitDependencyGeneratePcm arm64 /Users/admin/builder/spi-builder-workspace/.derivedData/SDKExplicitPrecompiledModules/ptrcheck-DHLCBWKPNUZOYTPJ1J3QVTCXK.pcm
SwiftExplicitDependencyGeneratePcm arm64 /Users/admin/builder/spi-builder-workspace/.derivedData/SDKExplicitPrecompiledModules/_SwiftConcurrencyShims-BLUUWKI6AGMD7TJ4RGYS7DP6T.pcm
SwiftExplicitDependencyGeneratePcm arm64 /Users/admin/builder/spi-builder-workspace/.derivedData/SDKExplicitPrecompiledModules/_Builtin_stdarg-7CFWA9OSW5N24E7PG4ZOCF1VH.pcm
SwiftExplicitDependencyGeneratePcm arm64 /Users/admin/builder/spi-builder-workspace/.derivedData/SDKExplicitPrecompiledModules/_AvailabilityInternal-CJTV5E7EL3MWRA437DUFPBVN2.pcm
SwiftExplicitDependencyGeneratePcm arm64 /Users/admin/builder/spi-builder-workspace/.derivedData/SDKExplicitPrecompiledModules/SwiftShims-C4V0DQ62WSTCYBYGILXXGQNO3.pcm
SwiftExplicitDependencyGeneratePcm arm64 /Users/admin/builder/spi-builder-workspace/.derivedData/SDKExplicitPrecompiledModules/_Builtin_stddef-3GI9GOKXSW3QCTFOI1USFLDZO.pcm
SwiftExplicitDependencyGeneratePcm arm64 /Users/admin/builder/spi-builder-workspace/.derivedData/SDKExplicitPrecompiledModules/_DarwinFoundation1-7PRJIG163YE9KSKYA3BS35ZZP.pcm
SwiftExplicitDependencyGeneratePcm arm64 /Users/admin/builder/spi-builder-workspace/.derivedData/SDKExplicitPrecompiledModules/_Builtin_limits-AXGUGXBFPC0I7QDLJFB0K341Y.pcm
SwiftExplicitDependencyGeneratePcm arm64 /Users/admin/builder/spi-builder-workspace/.derivedData/SDKExplicitPrecompiledModules/_DarwinFoundation2-94WUUGE4H5R03OWXE0QFZX1DN.pcm
SwiftExplicitDependencyGeneratePcm arm64 /Users/admin/builder/spi-builder-workspace/.derivedData/SDKExplicitPrecompiledModules/sys_types-F4RNCN6UR5R5OWTLTOUM7TN3E.pcm
SwiftExplicitDependencyGeneratePcm arm64 /Users/admin/builder/spi-builder-workspace/.derivedData/SDKExplicitPrecompiledModules/string_h-10WPXBF3YFYMX5HUAW06LSABR.pcm
SwiftExplicitDependencyGeneratePcm arm64 /Users/admin/builder/spi-builder-workspace/.derivedData/SDKExplicitPrecompiledModules/_Builtin_stdint-22CBBOK8BNSF0UELDCAXSHGB.pcm
SwiftExplicitDependencyGeneratePcm arm64 /Users/admin/builder/spi-builder-workspace/.derivedData/SDKExplicitPrecompiledModules/libDER-5RCYOD0PCUUY2UGMBNE9LI8N9.pcm
SwiftExplicitDependencyGeneratePcm arm64 /Users/admin/builder/spi-builder-workspace/.derivedData/SDKExplicitPrecompiledModules/_DarwinFoundation3-32PO5Q4RCB6WXH5VFO3HA3AVS.pcm
SwiftExplicitDependencyGeneratePcm arm64 /Users/admin/builder/spi-builder-workspace/.derivedData/SDKExplicitPrecompiledModules/_Builtin_inttypes-1U6AP9A8AJ4G9WD98E9RHLGTJ.pcm
SwiftExplicitDependencyGeneratePcm arm64 /Users/admin/builder/spi-builder-workspace/.derivedData/SDKExplicitPrecompiledModules/Darwin-1RAAWNGKQM8YGHV0YJNNN5YDY.pcm
SwiftExplicitDependencyGeneratePcm arm64 /Users/admin/builder/spi-builder-workspace/.derivedData/SDKExplicitPrecompiledModules/libkern-22MDXN9G35RPO3OLKX9B2PN16.pcm
SwiftExplicitDependencyGeneratePcm arm64 /Users/admin/builder/spi-builder-workspace/.derivedData/SDKExplicitPrecompiledModules/MachO-AWTJ65TFR7TMST2NUE6ZCC1SL.pcm
SwiftExplicitDependencyGeneratePcm arm64 /Users/admin/builder/spi-builder-workspace/.derivedData/SDKExplicitPrecompiledModules/launch-2XAORMJNLLVS0OVKC1M0752GY.pcm
SwiftExplicitDependencyGeneratePcm arm64 /Users/admin/builder/spi-builder-workspace/.derivedData/SDKExplicitPrecompiledModules/ObjectiveC-B89IQP2TC4CFSWOUMTUZRI1VZ.pcm
SwiftExplicitDependencyGeneratePcm arm64 /Users/admin/builder/spi-builder-workspace/.derivedData/SDKExplicitPrecompiledModules/os_object-3KLCCI03OX6OQTLJ92KQH2KIO.pcm
SwiftExplicitDependencyGeneratePcm arm64 /Users/admin/builder/spi-builder-workspace/.derivedData/SDKExplicitPrecompiledModules/os_workgroup-10SJ5M8R2OB4BG1TPFL9SZMKV.pcm
SwiftExplicitDependencyGeneratePcm arm64 /Users/admin/builder/spi-builder-workspace/.derivedData/SDKExplicitPrecompiledModules/Dispatch-NAMWF9KN29KC7Z5OS3TTTAE8.pcm
SwiftExplicitDependencyGeneratePcm arm64 /Users/admin/builder/spi-builder-workspace/.derivedData/SDKExplicitPrecompiledModules/XPC-E1MSAZG4ZNL24S2WK6K6Y7GWW.pcm
SwiftExplicitDependencyGeneratePcm arm64 /Users/admin/builder/spi-builder-workspace/.derivedData/SDKExplicitPrecompiledModules/CoreFoundation-4ZIITQ30SOGUQE8KJAB99ZV0Q.pcm
SwiftExplicitDependencyGeneratePcm arm64 /Users/admin/builder/spi-builder-workspace/.derivedData/SDKExplicitPrecompiledModules/IOKit-6H3X691EDBH124EYTC2PEOP5T.pcm
SwiftExplicitDependencyGeneratePcm arm64 /Users/admin/builder/spi-builder-workspace/.derivedData/SDKExplicitPrecompiledModules/Security-ESPJ7FP0YAY1EL3VXBGY9MCZ8.pcm
SwiftExplicitDependencyGeneratePcm arm64 /Users/admin/builder/spi-builder-workspace/.derivedData/SDKExplicitPrecompiledModules/CFNetwork-CVHS5CT20191MFYXQIEDWSRGJ.pcm
SwiftExplicitDependencyGeneratePcm arm64 /Users/admin/builder/spi-builder-workspace/.derivedData/SDKExplicitPrecompiledModules/DiskArbitration-ZNZZU7T0SYELB0DAR56WQF0R.pcm
SwiftExplicitDependencyGeneratePcm arm64 /Users/admin/builder/spi-builder-workspace/.derivedData/SDKExplicitPrecompiledModules/CoreServices-CGCGY0FOMEQGSNMO3HQSC09XU.pcm
SwiftExplicitDependencyGeneratePcm arm64 /Users/admin/builder/spi-builder-workspace/.derivedData/SDKExplicitPrecompiledModules/Foundation-44WR0NU86C67CV5BW8W1MGKNG.pcm
SwiftCompile normal arm64 Compiling\ AnyDecodable.swift /Users/admin/builder/spi-builder-workspace/.dependencies/checkouts/AnyCodable/Sources/AnyCodable/AnyDecodable.swift (in target 'AnyCodable' from project 'AnyCodable')
SwiftCompile normal arm64 /Users/admin/builder/spi-builder-workspace/.dependencies/checkouts/AnyCodable/Sources/AnyCodable/AnyDecodable.swift (in target 'AnyCodable' from project 'AnyCodable')
cd /Users/admin/builder/spi-builder-workspace/.swiftpm/xcode
builtin-SwiftPerFileCompile AnyDecodable.swift
SwiftCompile normal arm64 Compiling\ AnyEncodable.swift /Users/admin/builder/spi-builder-workspace/.dependencies/checkouts/AnyCodable/Sources/AnyCodable/AnyEncodable.swift (in target 'AnyCodable' from project 'AnyCodable')
SwiftCompile normal arm64 /Users/admin/builder/spi-builder-workspace/.dependencies/checkouts/AnyCodable/Sources/AnyCodable/AnyEncodable.swift (in target 'AnyCodable' from project 'AnyCodable')
cd /Users/admin/builder/spi-builder-workspace/.swiftpm/xcode
builtin-SwiftPerFileCompile AnyEncodable.swift
SwiftCompile normal arm64 Compiling\ AnyCodable.swift /Users/admin/builder/spi-builder-workspace/.dependencies/checkouts/AnyCodable/Sources/AnyCodable/AnyCodable.swift (in target 'AnyCodable' from project 'AnyCodable')
SwiftCompile normal arm64 /Users/admin/builder/spi-builder-workspace/.dependencies/checkouts/AnyCodable/Sources/AnyCodable/AnyCodable.swift (in target 'AnyCodable' from project 'AnyCodable')
cd /Users/admin/builder/spi-builder-workspace/.swiftpm/xcode
builtin-SwiftPerFileCompile AnyCodable.swift
SwiftEmitModule normal arm64 Emitting\ module\ for\ AnyCodable (in target 'AnyCodable' from project 'AnyCodable')
SwiftCompile normal arm64 (in target 'AnyCodable' from project 'AnyCodable')
cd /Users/admin/builder/spi-builder-workspace/.swiftpm/xcode
SwiftDriverJobDiscovery normal arm64 Emitting module for AnyCodable (in target 'AnyCodable' from project 'AnyCodable')
SwiftDriver\ Compilation\ Requirements AnyCodable normal arm64 com.apple.xcode.tools.swift.compiler (in target 'AnyCodable' from project 'AnyCodable')
cd /Users/admin/builder/spi-builder-workspace/.swiftpm/xcode
builtin-Swift-Compilation-Requirements -- /Applications/Xcode-27.0.0-Release.Candidate.app/Contents/Developer/Toolchains/XcodeDefault.xctoolchain/usr/bin/swiftc -parse-as-library -module-name AnyCodable -Onone @/Users/admin/builder/spi-builder-workspace/.derivedData/Build/Intermediates.noindex/AnyCodable.build/Debug/AnyCodable-t.build/Objects-normal/arm64/AnyCodable.SwiftFileList -DSWIFT_PACKAGE -DDEBUG -DSWIFT_MODULE_RESOURCE_BUNDLE_UNAVAILABLE -DXcode -plugin-path /Applications/Xcode-27.0.0-Release.Candidate.app/Contents/Developer/Toolchains/XcodeDefault.xctoolchain/usr/lib/swift/host/plugins/testing -enable-experimental-feature DebugDescriptionMacro -sdk /Applications/Xcode-27.0.0-Release.Candidate.app/Contents/Developer/Platforms/MacOSX.platform/Developer/SDKs/MacOSX27.0.sdk -target arm64-apple-macos12.0 -g -module-cache-path /Users/admin/builder/spi-builder-workspace/.derivedData/ModuleCache.noindex -Xfrontend -serialize-debugging-options -enable-testing -suppress-warnings -index-store-path /Users/admin/builder/spi-builder-workspace/.derivedData/Index.noindex/DataStore -Xcc -D_LIBCPP_HARDENING_MODE\=_LIBCPP_HARDENING_MODE_DEBUG -swift-version 5 -I /Users/admin/builder/spi-builder-workspace/.derivedData/Build/Products/Debug -Isystem /Applications/Xcode-27.0.0-Release.Candidate.app/Contents/Developer/Platforms/MacOSX.platform/Developer/usr/lib -F /Users/admin/builder/spi-builder-workspace/.derivedData/Build/Products/Debug -F /Applications/Xcode-27.0.0-Release.Candidate.app/Contents/Developer/Platforms/MacOSX.platform/Developer/Library/Frameworks -c -j10 -enable-batch-mode -incremental -Xcc -ivfsstatcache -Xcc /Users/admin/builder/spi-builder-workspace/.derivedData/SDKStatCaches.noindex/macosx27.0-26A425-e829b21a6f8c9b70876ba0858053c0446a22442a12e9d48fe1a705f55a1adfc4.sdkstatcache -output-file-map /Users/admin/builder/spi-builder-workspace/.derivedData/Build/Intermediates.noindex/AnyCodable.build/Debug/AnyCodable-t.build/Objects-normal/arm64/AnyCodable-OutputFileMap.json -save-temps -no-color-diagnostics -explicit-module-build -module-cache-path /Users/admin/builder/spi-builder-workspace/.derivedData/Build/Intermediates.noindex/SwiftExplicitPrecompiledModules -clang-scanner-module-cache-path /Users/admin/builder/spi-builder-workspace/.derivedData/ModuleCache.noindex -sdk-module-cache-path /Users/admin/builder/spi-builder-workspace/.derivedData/SDKExplicitPrecompiledModules -emit-dependencies -emit-module -emit-module-path /Users/admin/builder/spi-builder-workspace/.derivedData/Build/Intermediates.noindex/AnyCodable.build/Debug/AnyCodable-t.build/Objects-normal/arm64/AnyCodable.swiftmodule -serialize-diagnostics -dependency-scan-serialize-diagnostics-path /Users/admin/builder/spi-builder-workspace/.derivedData/Build/Intermediates.noindex/AnyCodable.build/Debug/AnyCodable-t.build/Objects-normal/arm64/AnyCodable-dependency-scan.dia -validate-clang-modules-once -clang-build-session-file /Users/admin/builder/spi-builder-workspace/.derivedData/ModuleCache.noindex/Session.modulevalidation -Xcc -fmodules-prune-interval\=86400 -Xcc -fmodules-prune-after\=345600 -emit-const-values -const-gather-protocols-list /Users/admin/builder/spi-builder-workspace/.derivedData/Build/Intermediates.noindex/AnyCodable.build/Debug/AnyCodable-t.build/Objects-normal/arm64/AnyCodable_const_extract_protocols.json -Xcc -I/Users/admin/builder/spi-builder-workspace/.derivedData/Build/Products/Debug/include -Xcc -I/Users/admin/builder/spi-builder-workspace/.derivedData/Build/Intermediates.noindex/AnyCodable.build/Debug/AnyCodable-t.build/DerivedSources-normal/arm64 -Xcc -I/Users/admin/builder/spi-builder-workspace/.derivedData/Build/Intermediates.noindex/AnyCodable.build/Debug/AnyCodable-t.build/DerivedSources/arm64 -Xcc -I/Users/admin/builder/spi-builder-workspace/.derivedData/Build/Intermediates.noindex/AnyCodable.build/Debug/AnyCodable-t.build/DerivedSources -Xcc -DSWIFT_PACKAGE -Xcc -DDEBUG\=1 -emit-objc-header -emit-objc-header-path /Users/admin/builder/spi-builder-workspace/.derivedData/Build/Intermediates.noindex/AnyCodable.build/Debug/AnyCodable-t.build/Objects-normal/arm64/AnyCodable-Swift.h -working-directory /Users/admin/builder/spi-builder-workspace/.swiftpm/xcode -experimental-emit-module-separately -disable-cmo
SwiftMergeGeneratedHeaders /Users/admin/builder/spi-builder-workspace/.derivedData/Build/Intermediates.noindex/GeneratedModuleMaps/AnyCodable-Swift.h /Users/admin/builder/spi-builder-workspace/.derivedData/Build/Intermediates.noindex/AnyCodable.build/Debug/AnyCodable-t.build/Objects-normal/arm64/AnyCodable-Swift.h (in target 'AnyCodable' from project 'AnyCodable')
cd /Users/admin/builder/spi-builder-workspace/.dependencies/checkouts/AnyCodable
builtin-swiftHeaderTool -arch arm64 /Users/admin/builder/spi-builder-workspace/.derivedData/Build/Intermediates.noindex/AnyCodable.build/Debug/AnyCodable-t.build/Objects-normal/arm64/AnyCodable-Swift.h -o /Users/admin/builder/spi-builder-workspace/.derivedData/Build/Intermediates.noindex/GeneratedModuleMaps/AnyCodable-Swift.h
Copy /Users/admin/builder/spi-builder-workspace/.derivedData/Build/Products/Debug/AnyCodable.swiftmodule/arm64-apple-macos.abi.json /Users/admin/builder/spi-builder-workspace/.derivedData/Build/Intermediates.noindex/AnyCodable.build/Debug/AnyCodable-t.build/Objects-normal/arm64/AnyCodable.abi.json (in target 'AnyCodable' from project 'AnyCodable')
cd /Users/admin/builder/spi-builder-workspace/.dependencies/checkouts/AnyCodable
builtin-copy -exclude .DS_Store -exclude CVS -exclude .svn -exclude .git -exclude .hg -resolve-src-symlinks -rename /Users/admin/builder/spi-builder-workspace/.derivedData/Build/Intermediates.noindex/AnyCodable.build/Debug/AnyCodable-t.build/Objects-normal/arm64/AnyCodable.abi.json /Users/admin/builder/spi-builder-workspace/.derivedData/Build/Products/Debug/AnyCodable.swiftmodule/arm64-apple-macos.abi.json
Copy /Users/admin/builder/spi-builder-workspace/.derivedData/Build/Products/Debug/AnyCodable.swiftmodule/arm64-apple-macos.swiftdoc /Users/admin/builder/spi-builder-workspace/.derivedData/Build/Intermediates.noindex/AnyCodable.build/Debug/AnyCodable-t.build/Objects-normal/arm64/AnyCodable.swiftdoc (in target 'AnyCodable' from project 'AnyCodable')
cd /Users/admin/builder/spi-builder-workspace/.dependencies/checkouts/AnyCodable
builtin-copy -exclude .DS_Store -exclude CVS -exclude .svn -exclude .git -exclude .hg -resolve-src-symlinks -rename /Users/admin/builder/spi-builder-workspace/.derivedData/Build/Intermediates.noindex/AnyCodable.build/Debug/AnyCodable-t.build/Objects-normal/arm64/AnyCodable.swiftdoc /Users/admin/builder/spi-builder-workspace/.derivedData/Build/Products/Debug/AnyCodable.swiftmodule/arm64-apple-macos.swiftdoc
Copy /Users/admin/builder/spi-builder-workspace/.derivedData/Build/Products/Debug/AnyCodable.swiftmodule/arm64-apple-macos.swiftmodule /Users/admin/builder/spi-builder-workspace/.derivedData/Build/Intermediates.noindex/AnyCodable.build/Debug/AnyCodable-t.build/Objects-normal/arm64/AnyCodable.swiftmodule (in target 'AnyCodable' from project 'AnyCodable')
cd /Users/admin/builder/spi-builder-workspace/.dependencies/checkouts/AnyCodable
builtin-copy -exclude .DS_Store -exclude CVS -exclude .svn -exclude .git -exclude .hg -resolve-src-symlinks -rename /Users/admin/builder/spi-builder-workspace/.derivedData/Build/Intermediates.noindex/AnyCodable.build/Debug/AnyCodable-t.build/Objects-normal/arm64/AnyCodable.swiftmodule /Users/admin/builder/spi-builder-workspace/.derivedData/Build/Products/Debug/AnyCodable.swiftmodule/arm64-apple-macos.swiftmodule
Copy /Users/admin/builder/spi-builder-workspace/.derivedData/Build/Products/Debug/AnyCodable.swiftmodule/Project/arm64-apple-macos.swiftsourceinfo /Users/admin/builder/spi-builder-workspace/.derivedData/Build/Intermediates.noindex/AnyCodable.build/Debug/AnyCodable-t.build/Objects-normal/arm64/AnyCodable.swiftsourceinfo (in target 'AnyCodable' from project 'AnyCodable')
cd /Users/admin/builder/spi-builder-workspace/.dependencies/checkouts/AnyCodable
builtin-copy -exclude .DS_Store -exclude CVS -exclude .svn -exclude .git -exclude .hg -resolve-src-symlinks -rename /Users/admin/builder/spi-builder-workspace/.derivedData/Build/Intermediates.noindex/AnyCodable.build/Debug/AnyCodable-t.build/Objects-normal/arm64/AnyCodable.swiftsourceinfo /Users/admin/builder/spi-builder-workspace/.derivedData/Build/Products/Debug/AnyCodable.swiftmodule/Project/arm64-apple-macos.swiftsourceinfo
GenerateAssetSymbols /Users/admin/builder/spi-builder-workspace/BasisTheoryElements/Sources/BasisTheoryElements/Resources/Assets.xcassets (in target 'BasisTheoryElements' from project 'BasisTheoryElements')
cd /Users/admin/builder/spi-builder-workspace
/Applications/Xcode-27.0.0-Release.Candidate.app/Contents/Developer/usr/bin/actool /Users/admin/builder/spi-builder-workspace/BasisTheoryElements/Sources/BasisTheoryElements/Resources/Assets.xcassets --compile /Users/admin/builder/spi-builder-workspace/.derivedData/Build/Products/Debug --output-format human-readable-text --notices --warnings --export-dependency-info /Users/admin/builder/spi-builder-workspace/.derivedData/Build/Intermediates.noindex/BasisTheoryElements.build/Debug/BasisTheoryElements-t.build/assetcatalog_dependencies --output-partial-info-plist /Users/admin/builder/spi-builder-workspace/.derivedData/Build/Intermediates.noindex/BasisTheoryElements.build/Debug/BasisTheoryElements-t.build/assetcatalog_generated_info.plist --enable-on-demand-resources NO --development-region en --target-device mac --minimum-deployment-target 12.0 --platform macosx --bundle-identifier spi-builder-workspace.BasisTheoryElements --generate-swift-asset-symbol-extensions NO --generate-swift-asset-symbols /Users/admin/builder/spi-builder-workspace/.derivedData/Build/Intermediates.noindex/BasisTheoryElements.build/Debug/BasisTheoryElements-t.build/DerivedSources/GeneratedAssetSymbols.swift --generate-objc-asset-symbols /Users/admin/builder/spi-builder-workspace/.derivedData/Build/Intermediates.noindex/BasisTheoryElements.build/Debug/BasisTheoryElements-t.build/DerivedSources/GeneratedAssetSymbols.h --generate-asset-symbol-index /Users/admin/builder/spi-builder-workspace/.derivedData/Build/Intermediates.noindex/BasisTheoryElements.build/Debug/BasisTheoryElements-t.build/DerivedSources/GeneratedAssetSymbols-Index.plist
/* com.apple.actool.compilation-results */
/Users/admin/builder/spi-builder-workspace/.derivedData/Build/Intermediates.noindex/BasisTheoryElements.build/Debug/BasisTheoryElements-t.build/DerivedSources/GeneratedAssetSymbols-Index.plist
/Users/admin/builder/spi-builder-workspace/.derivedData/Build/Intermediates.noindex/BasisTheoryElements.build/Debug/BasisTheoryElements-t.build/DerivedSources/GeneratedAssetSymbols.h
/Users/admin/builder/spi-builder-workspace/.derivedData/Build/Intermediates.noindex/BasisTheoryElements.build/Debug/BasisTheoryElements-t.build/DerivedSources/GeneratedAssetSymbols.swift
SwiftDriver BasisTheoryElements normal arm64 com.apple.xcode.tools.swift.compiler (in target 'BasisTheoryElements' from project 'BasisTheoryElements')
cd /Users/admin/builder/spi-builder-workspace/.swiftpm/xcode
builtin-SwiftDriver -- /Applications/Xcode-27.0.0-Release.Candidate.app/Contents/Developer/Toolchains/XcodeDefault.xctoolchain/usr/bin/swiftc -parse-as-library -module-name BasisTheoryElements -Onone @/Users/admin/builder/spi-builder-workspace/.derivedData/Build/Intermediates.noindex/BasisTheoryElements.build/Debug/BasisTheoryElements-t.build/Objects-normal/arm64/BasisTheoryElements.SwiftFileList -DSWIFT_PACKAGE -DDEBUG -DSWIFT_MODULE_RESOURCE_BUNDLE_AVAILABLE -DXcode -plugin-path /Applications/Xcode-27.0.0-Release.Candidate.app/Contents/Developer/Toolchains/XcodeDefault.xctoolchain/usr/lib/swift/host/plugins/testing -enable-experimental-feature DebugDescriptionMacro -sdk /Applications/Xcode-27.0.0-Release.Candidate.app/Contents/Developer/Platforms/MacOSX.platform/Developer/SDKs/MacOSX27.0.sdk -target arm64-apple-macos12.0 -g -module-cache-path /Users/admin/builder/spi-builder-workspace/.derivedData/ModuleCache.noindex -Xfrontend -serialize-debugging-options -enable-testing -index-store-path /Users/admin/builder/spi-builder-workspace/.derivedData/Index.noindex/DataStore -Xcc -D_LIBCPP_HARDENING_MODE\=_LIBCPP_HARDENING_MODE_DEBUG -swift-version 5 -I /Users/admin/builder/spi-builder-workspace/.derivedData/Build/Products/Debug -Isystem /Applications/Xcode-27.0.0-Release.Candidate.app/Contents/Developer/Platforms/MacOSX.platform/Developer/usr/lib -F /Users/admin/builder/spi-builder-workspace/.derivedData/Build/Products/Debug/PackageFrameworks -F /Users/admin/builder/spi-builder-workspace/.derivedData/Build/Products/Debug -F /Applications/Xcode-27.0.0-Release.Candidate.app/Contents/Developer/Platforms/MacOSX.platform/Developer/Library/Frameworks -c -j10 -enable-batch-mode -incremental -Xcc -ivfsstatcache -Xcc /Users/admin/builder/spi-builder-workspace/.derivedData/SDKStatCaches.noindex/macosx27.0-26A425-e829b21a6f8c9b70876ba0858053c0446a22442a12e9d48fe1a705f55a1adfc4.sdkstatcache -output-file-map /Users/admin/builder/spi-builder-workspace/.derivedData/Build/Intermediates.noindex/BasisTheoryElements.build/Debug/BasisTheoryElements-t.build/Objects-normal/arm64/BasisTheoryElements-OutputFileMap.json -save-temps -no-color-diagnostics -explicit-module-build -module-cache-path /Users/admin/builder/spi-builder-workspace/.derivedData/Build/Intermediates.noindex/SwiftExplicitPrecompiledModules -clang-scanner-module-cache-path /Users/admin/builder/spi-builder-workspace/.derivedData/ModuleCache.noindex -sdk-module-cache-path /Users/admin/builder/spi-builder-workspace/.derivedData/SDKExplicitPrecompiledModules -emit-dependencies -emit-module -emit-module-path /Users/admin/builder/spi-builder-workspace/.derivedData/Build/Intermediates.noindex/BasisTheoryElements.build/Debug/BasisTheoryElements-t.build/Objects-normal/arm64/BasisTheoryElements.swiftmodule -serialize-diagnostics -dependency-scan-serialize-diagnostics-path /Users/admin/builder/spi-builder-workspace/.derivedData/Build/Intermediates.noindex/BasisTheoryElements.build/Debug/BasisTheoryElements-t.build/Objects-normal/arm64/BasisTheoryElements-dependency-scan.dia -validate-clang-modules-once -clang-build-session-file /Users/admin/builder/spi-builder-workspace/.derivedData/ModuleCache.noindex/Session.modulevalidation -Xcc -fmodules-prune-interval\=86400 -Xcc -fmodules-prune-after\=345600 -emit-const-values -const-gather-protocols-list /Users/admin/builder/spi-builder-workspace/.derivedData/Build/Intermediates.noindex/BasisTheoryElements.build/Debug/BasisTheoryElements-t.build/Objects-normal/arm64/BasisTheoryElements_const_extract_protocols.json -Xcc -I/Users/admin/builder/spi-builder-workspace/.derivedData/Build/Products/Debug/include -Xcc -I/Users/admin/builder/spi-builder-workspace/.derivedData/Build/Intermediates.noindex/BasisTheoryElements.build/Debug/BasisTheoryElements-t.build/DerivedSources-normal/arm64 -Xcc -I/Users/admin/builder/spi-builder-workspace/.derivedData/Build/Intermediates.noindex/BasisTheoryElements.build/Debug/BasisTheoryElements-t.build/DerivedSources/arm64 -Xcc -I/Users/admin/builder/spi-builder-workspace/.derivedData/Build/Intermediates.noindex/BasisTheoryElements.build/Debug/BasisTheoryElements-t.build/DerivedSources -Xcc -DSWIFT_PACKAGE -Xcc -DDEBUG\=1 -emit-objc-header -emit-objc-header-path /Users/admin/builder/spi-builder-workspace/.derivedData/Build/Intermediates.noindex/BasisTheoryElements.build/Debug/BasisTheoryElements-t.build/Objects-normal/arm64/BasisTheoryElements-Swift.h -working-directory /Users/admin/builder/spi-builder-workspace/.swiftpm/xcode -experimental-emit-module-separately -disable-cmo
/Users/admin/builder/spi-builder-workspace/BasisTheoryElements/Sources/BasisTheoryElements/BasisTheoryUIViewController.swift:8:8: error: Unable to resolve module dependency: 'UIKit' (in target 'BasisTheoryElements' from project 'BasisTheoryElements')
note: A dependency of main module 'BasisTheoryElements'
/Users/admin/builder/spi-builder-workspace/BasisTheoryElements/Sources/BasisTheoryElements/CardBrandSelectorUIButton.swift:8:8: note: Also imported here
/Users/admin/builder/spi-builder-workspace/BasisTheoryElements/Sources/BasisTheoryElements/CardExpirationDateUITextField.swift:8:8: note: Also imported here
/Users/admin/builder/spi-builder-workspace/BasisTheoryElements/Sources/BasisTheoryElements/CardNumberElementUITextField.swift:8:8: note: Also imported here
/Users/admin/builder/spi-builder-workspace/BasisTheoryElements/Sources/BasisTheoryElements/CardVerificationCodeUITextField.swift:8:8: note: Also imported here
/Users/admin/builder/spi-builder-workspace/BasisTheoryElements/Sources/BasisTheoryElements/DeviceInfo.swift:9:8: note: Also imported here
/Users/admin/builder/spi-builder-workspace/BasisTheoryElements/Sources/BasisTheoryElements/TelemetryLogging.swift:8:8: note: Also imported here
/Users/admin/builder/spi-builder-workspace/BasisTheoryElements/Sources/BasisTheoryElements/TextElementUITextField.swift:9:8: note: Also imported here
/Users/admin/builder/spi-builder-workspace/BasisTheoryElements/Sources/BasisTheoryElements/BasisTheoryUIViewController.swift:8:8: note: A dependency of main module 'BasisTheoryElements'
import UIKit
^ (in target 'BasisTheoryElements' from project 'BasisTheoryElements')
/Users/admin/builder/spi-builder-workspace/BasisTheoryElements/Sources/BasisTheoryElements/CardBrandSelectorUIButton.swift:8:8: note: Also imported here
import UIKit
^ (in target 'BasisTheoryElements' from project 'BasisTheoryElements')
/Users/admin/builder/spi-builder-workspace/BasisTheoryElements/Sources/BasisTheoryElements/CardExpirationDateUITextField.swift:8:8: note: Also imported here
import UIKit
^ (in target 'BasisTheoryElements' from project 'BasisTheoryElements')
/Users/admin/builder/spi-builder-workspace/BasisTheoryElements/Sources/BasisTheoryElements/CardNumberElementUITextField.swift:8:8: note: Also imported here
import UIKit
^ (in target 'BasisTheoryElements' from project 'BasisTheoryElements')
/Users/admin/builder/spi-builder-workspace/BasisTheoryElements/Sources/BasisTheoryElements/CardVerificationCodeUITextField.swift:8:8: note: Also imported here
import UIKit
^ (in target 'BasisTheoryElements' from project 'BasisTheoryElements')
/Users/admin/builder/spi-builder-workspace/BasisTheoryElements/Sources/BasisTheoryElements/DeviceInfo.swift:9:8: note: Also imported here
import UIKit
^ (in target 'BasisTheoryElements' from project 'BasisTheoryElements')
/Users/admin/builder/spi-builder-workspace/BasisTheoryElements/Sources/BasisTheoryElements/TelemetryLogging.swift:8:8: note: Also imported here
import UIKit
^ (in target 'BasisTheoryElements' from project 'BasisTheoryElements')
/Users/admin/builder/spi-builder-workspace/BasisTheoryElements/Sources/BasisTheoryElements/TextElementUITextField.swift:9:8: note: Also imported here
import UIKit
^ (in target 'BasisTheoryElements' from project 'BasisTheoryElements')
PruneExplicitPrecompiledModules /Users/admin/builder/spi-builder-workspace/.derivedData/Build/Intermediates.noindex/ExplicitPrecompiledModules
PruneExplicitPrecompiledModules /Users/admin/builder/spi-builder-workspace/.derivedData/SDKExplicitPrecompiledModules
PruneExplicitPrecompiledModules /Users/admin/builder/spi-builder-workspace/.derivedData/Build/Intermediates.noindex/SwiftExplicitPrecompiledModules
2026-10-03 23:10:57.768 xcodebuild[691:4397] [MT] IDERunDestination: Supported platforms for the buildables in the current scheme is empty.
--- xcodebuild: WARNING: Using the first of multiple matching destinations:
{ platform:macOS, arch:arm64, id:688479a6c675707f59e3d38cb1017484ff9ac509, name:My Mac }
{ platform:macOS, arch:arm64, variant:Mac Catalyst, id:688479a6c675707f59e3d38cb1017484ff9ac509, name:My Mac }
{ platform:macOS, arch:arm64, variant:DriverKit, id:688479a6c675707f59e3d38cb1017484ff9ac509, name:My Mac }
{ platform:macOS, arch:arm64, variant:Designed for [iPad,iPhone], id:688479a6c675707f59e3d38cb1017484ff9ac509, name:My Mac }
** BUILD FAILED **
The following build commands failed:
SwiftDriver BasisTheoryElements normal arm64 com.apple.xcode.tools.swift.compiler (in target 'BasisTheoryElements' from project 'BasisTheoryElements')
Building workspace BasisTheoryElements with scheme BasisTheoryElements
(2 failures)
Command line invocation:
/Applications/Xcode-27.0.0-Release.Candidate.app/Contents/Developer/usr/bin/xcodebuild -IDEClonedSourcePackagesDirPathOverride=/Users/admin/builder/spi-builder-workspace/.dependencies -resolvePackageDependencies
Resolve Package Graph
Resolved source packages:
AnyCodable: https://github.com/Flight-School/AnyCodable @ 0.6.7
BasisTheoryElements: /Users/admin/builder/spi-builder-workspace
resolved source packages: AnyCodable, BasisTheoryElements
2026-10-03 23:11:08.320 xcodebuild[759:4840] [MT] IDERunDestination: Supported platforms for the buildables in the current scheme is empty.
{
"dependencies" : [
{
"identity" : "anycodable",
"requirement" : {
"range" : [
{
"lower_bound" : "0.6.0",
"upper_bound" : "1.0.0"
}
]
},
"type" : "sourceControl",
"url" : "https://github.com/Flight-School/AnyCodable"
}
],
"manifest_display_name" : "BasisTheoryElements",
"name" : "BasisTheoryElements",
"path" : "/Users/admin/builder/spi-builder-workspace",
"platforms" : [
{
"name" : "ios",
"version" : "15.0"
}
],
"products" : [
{
"name" : "BasisTheoryElements",
"targets" : [
"BasisTheoryElements"
],
"type" : {
"library" : [
"automatic"
]
}
}
],
"targets" : [
{
"c99name" : "BasisTheoryElements",
"module_type" : "SwiftTarget",
"name" : "BasisTheoryElements",
"path" : "BasisTheoryElements/Sources",
"product_dependencies" : [
"AnyCodable"
],
"product_memberships" : [
"BasisTheoryElements"
],
"sources" : [
"BasisTheoryElements/AccessRule.swift",
"BasisTheoryElements/AnyCodableExtensions.swift",
"BasisTheoryElements/Application.swift",
"BasisTheoryElements/AuthorizeSessionRequest.swift",
"BasisTheoryElements/AuthorizeSessionResponse.swift",
"BasisTheoryElements/BaseElement.swift",
"BasisTheoryElements/BasisTheoryElements.swift",
"BasisTheoryElements/BasisTheoryUIViewController.swift",
"BasisTheoryElements/BinInfo.swift",
"BasisTheoryElements/BinLookup.swift",
"BasisTheoryElements/BtDatadogLogger.swift",
"BasisTheoryElements/CardBrand.swift",
"BasisTheoryElements/CardBrandSelectorUIButton.swift",
"BasisTheoryElements/CardExpirationDateUITextField.swift",
"BasisTheoryElements/CardNumberElementUITextField.swift",
"BasisTheoryElements/CardVerificationCodeUITextField.swift",
"BasisTheoryElements/CreateSessionResponse.swift",
"BasisTheoryElements/CreateToken.swift",
"BasisTheoryElements/CreateTokenRequest.swift",
"BasisTheoryElements/CreateTokenResponse.swift",
"BasisTheoryElements/DeviceInfo.swift",
"BasisTheoryElements/ElementEvents.swift",
"BasisTheoryElements/ElementMetadata.swift",
"BasisTheoryElements/ElementTransform.swift",
"BasisTheoryElements/EncryptTokenModel.swift",
"BasisTheoryElements/EncryptionMetadata.swift",
"BasisTheoryElements/GetTokenByIdResponse.swift",
"BasisTheoryElements/HTTPMethod.swift",
"BasisTheoryElements/HttpClientHelpers.swift",
"BasisTheoryElements/JSON.swift",
"BasisTheoryElements/JWEEncryption.swift",
"BasisTheoryElements/Privacy.swift",
"BasisTheoryElements/ProxyHelpers.swift",
"BasisTheoryElements/ProxyHttpRequest.swift",
"BasisTheoryElements/TelemetryLogging.swift",
"BasisTheoryElements/TextElementUITextField.swift",
"BasisTheoryElements/Token.swift",
"BasisTheoryElements/TokenIntentClient.swift",
"BasisTheoryElements/TokenIntentModels.swift",
"BasisTheoryElements/UpdateToken.swift",
"BasisTheoryElements/UpdateTokenRequest.swift"
],
"type" : "library"
}
],
"tools_version" : "5.5"
}
{
"workspace" : {
"name" : "BasisTheoryElements",
"schemes" : [
"BasisTheoryElements"
]
}
}
2026-10-03 23:11:09.570 xcodebuild[767:4905] [MT] IDERunDestination: Supported platforms for the buildables in the current scheme is empty.
Running build ...
env DEVELOPER_DIR=/Applications/Xcode-27.0.0-Release.Candidate.app xcrun xcodebuild -IDEClonedSourcePackagesDirPathOverride=$PWD/.dependencies -skipMacroValidation -skipPackagePluginValidation -derivedDataPath $PWD/.derivedData build -scheme BasisTheoryElements -destination platform=macOS,arch=arm64
Command line invocation:
/Applications/Xcode-27.0.0-Release.Candidate.app/Contents/Developer/usr/bin/xcodebuild -IDEClonedSourcePackagesDirPathOverride=/Users/admin/builder/spi-builder-workspace/.dependencies -skipMacroValidation -skipPackagePluginValidation -derivedDataPath /Users/admin/builder/spi-builder-workspace/.derivedData build -scheme BasisTheoryElements -destination platform=macOS,arch=arm64
Resolve Package Graph
Resolved source packages:
AnyCodable: https://github.com/Flight-School/AnyCodable @ 0.6.7
BasisTheoryElements: /Users/admin/builder/spi-builder-workspace
ComputePackagePrebuildTargetDependencyGraph
Prepare packages
CreateBuildRequest
SendProjectDescription
CreateBuildOperation
ComputeTargetDependencyGraph
note: Building targets in dependency order
note: Target dependency graph (5 targets)
Target 'BasisTheoryElements-product' in project 'BasisTheoryElements'
➜ Explicit dependency on target 'BasisTheoryElements' in project 'BasisTheoryElements'
➜ Explicit dependency on target 'BasisTheoryElements_BasisTheoryElements' in project 'BasisTheoryElements'
➜ Explicit dependency on target 'AnyCodable-product' in project 'AnyCodable'
Target 'BasisTheoryElements' in project 'BasisTheoryElements'
➜ Explicit dependency on target 'BasisTheoryElements_BasisTheoryElements' in project 'BasisTheoryElements'
➜ Explicit dependency on target 'AnyCodable-product' in project 'AnyCodable'
Target 'AnyCodable-product' in project 'AnyCodable'
➜ Explicit dependency on target 'AnyCodable' in project 'AnyCodable'
Target 'AnyCodable' in project 'AnyCodable' (no dependencies)
Target 'BasisTheoryElements_BasisTheoryElements' in project 'BasisTheoryElements' (no dependencies)
GatherProvisioningInputs
CreateBuildDescription
ClangStatCache /Applications/Xcode-27.0.0-Release.Candidate.app/Contents/Developer/Toolchains/XcodeDefault.xctoolchain/usr/bin/clang-stat-cache /Applications/Xcode-27.0.0-Release.Candidate.app/Contents/Developer/Platforms/MacOSX.platform/Developer/SDKs/MacOSX27.0.sdk /Users/admin/builder/spi-builder-workspace/.derivedData/SDKStatCaches.noindex/macosx27.0-26A425-e829b21a6f8c9b70876ba0858053c0446a22442a12e9d48fe1a705f55a1adfc4.sdkstatcache
cd /Users/admin/builder/spi-builder-workspace/.swiftpm/xcode
/Applications/Xcode-27.0.0-Release.Candidate.app/Contents/Developer/Toolchains/XcodeDefault.xctoolchain/usr/bin/clang-stat-cache /Applications/Xcode-27.0.0-Release.Candidate.app/Contents/Developer/Platforms/MacOSX.platform/Developer/SDKs/MacOSX27.0.sdk -o /Users/admin/builder/spi-builder-workspace/.derivedData/SDKStatCaches.noindex/macosx27.0-26A425-e829b21a6f8c9b70876ba0858053c0446a22442a12e9d48fe1a705f55a1adfc4.sdkstatcache
SwiftDriver AnyCodable normal arm64 com.apple.xcode.tools.swift.compiler (in target 'AnyCodable' from project 'AnyCodable')
cd /Users/admin/builder/spi-builder-workspace/.swiftpm/xcode
builtin-SwiftDriver -- /Applications/Xcode-27.0.0-Release.Candidate.app/Contents/Developer/Toolchains/XcodeDefault.xctoolchain/usr/bin/swiftc -parse-as-library -module-name AnyCodable -Onone @/Users/admin/builder/spi-builder-workspace/.derivedData/Build/Intermediates.noindex/AnyCodable.build/Debug/AnyCodable-t.build/Objects-normal/arm64/AnyCodable.SwiftFileList -DSWIFT_PACKAGE -DDEBUG -DSWIFT_MODULE_RESOURCE_BUNDLE_UNAVAILABLE -DXcode -plugin-path /Applications/Xcode-27.0.0-Release.Candidate.app/Contents/Developer/Toolchains/XcodeDefault.xctoolchain/usr/lib/swift/host/plugins/testing -enable-experimental-feature DebugDescriptionMacro -sdk /Applications/Xcode-27.0.0-Release.Candidate.app/Contents/Developer/Platforms/MacOSX.platform/Developer/SDKs/MacOSX27.0.sdk -target arm64-apple-macos12.0 -g -module-cache-path /Users/admin/builder/spi-builder-workspace/.derivedData/ModuleCache.noindex -Xfrontend -serialize-debugging-options -enable-testing -suppress-warnings -index-store-path /Users/admin/builder/spi-builder-workspace/.derivedData/Index.noindex/DataStore -Xcc -D_LIBCPP_HARDENING_MODE\=_LIBCPP_HARDENING_MODE_DEBUG -swift-version 5 -I /Users/admin/builder/spi-builder-workspace/.derivedData/Build/Products/Debug -Isystem /Applications/Xcode-27.0.0-Release.Candidate.app/Contents/Developer/Platforms/MacOSX.platform/Developer/usr/lib -F /Users/admin/builder/spi-builder-workspace/.derivedData/Build/Products/Debug -F /Applications/Xcode-27.0.0-Release.Candidate.app/Contents/Developer/Platforms/MacOSX.platform/Developer/Library/Frameworks -c -j10 -enable-batch-mode -incremental -Xcc -ivfsstatcache -Xcc /Users/admin/builder/spi-builder-workspace/.derivedData/SDKStatCaches.noindex/macosx27.0-26A425-e829b21a6f8c9b70876ba0858053c0446a22442a12e9d48fe1a705f55a1adfc4.sdkstatcache -output-file-map /Users/admin/builder/spi-builder-workspace/.derivedData/Build/Intermediates.noindex/AnyCodable.build/Debug/AnyCodable-t.build/Objects-normal/arm64/AnyCodable-OutputFileMap.json -save-temps -no-color-diagnostics -explicit-module-build -module-cache-path /Users/admin/builder/spi-builder-workspace/.derivedData/Build/Intermediates.noindex/SwiftExplicitPrecompiledModules -clang-scanner-module-cache-path /Users/admin/builder/spi-builder-workspace/.derivedData/ModuleCache.noindex -sdk-module-cache-path /Users/admin/builder/spi-builder-workspace/.derivedData/SDKExplicitPrecompiledModules -emit-dependencies -emit-module -emit-module-path /Users/admin/builder/spi-builder-workspace/.derivedData/Build/Intermediates.noindex/AnyCodable.build/Debug/AnyCodable-t.build/Objects-normal/arm64/AnyCodable.swiftmodule -serialize-diagnostics -dependency-scan-serialize-diagnostics-path /Users/admin/builder/spi-builder-workspace/.derivedData/Build/Intermediates.noindex/AnyCodable.build/Debug/AnyCodable-t.build/Objects-normal/arm64/AnyCodable-dependency-scan.dia -validate-clang-modules-once -clang-build-session-file /Users/admin/builder/spi-builder-workspace/.derivedData/ModuleCache.noindex/Session.modulevalidation -Xcc -fmodules-prune-interval\=86400 -Xcc -fmodules-prune-after\=345600 -emit-const-values -const-gather-protocols-list /Users/admin/builder/spi-builder-workspace/.derivedData/Build/Intermediates.noindex/AnyCodable.build/Debug/AnyCodable-t.build/Objects-normal/arm64/AnyCodable_const_extract_protocols.json -Xcc -I/Users/admin/builder/spi-builder-workspace/.derivedData/Build/Products/Debug/include -Xcc -I/Users/admin/builder/spi-builder-workspace/.derivedData/Build/Intermediates.noindex/AnyCodable.build/Debug/AnyCodable-t.build/DerivedSources-normal/arm64 -Xcc -I/Users/admin/builder/spi-builder-workspace/.derivedData/Build/Intermediates.noindex/AnyCodable.build/Debug/AnyCodable-t.build/DerivedSources/arm64 -Xcc -I/Users/admin/builder/spi-builder-workspace/.derivedData/Build/Intermediates.noindex/AnyCodable.build/Debug/AnyCodable-t.build/DerivedSources -Xcc -DSWIFT_PACKAGE -Xcc -DDEBUG\=1 -emit-objc-header -emit-objc-header-path /Users/admin/builder/spi-builder-workspace/.derivedData/Build/Intermediates.noindex/AnyCodable.build/Debug/AnyCodable-t.build/Objects-normal/arm64/AnyCodable-Swift.h -working-directory /Users/admin/builder/spi-builder-workspace/.swiftpm/xcode -experimental-emit-module-separately -disable-cmo
SwiftDriver BasisTheoryElements normal arm64 com.apple.xcode.tools.swift.compiler (in target 'BasisTheoryElements' from project 'BasisTheoryElements')
cd /Users/admin/builder/spi-builder-workspace/.swiftpm/xcode
builtin-SwiftDriver -- /Applications/Xcode-27.0.0-Release.Candidate.app/Contents/Developer/Toolchains/XcodeDefault.xctoolchain/usr/bin/swiftc -parse-as-library -module-name BasisTheoryElements -Onone @/Users/admin/builder/spi-builder-workspace/.derivedData/Build/Intermediates.noindex/BasisTheoryElements.build/Debug/BasisTheoryElements-t.build/Objects-normal/arm64/BasisTheoryElements.SwiftFileList -DSWIFT_PACKAGE -DDEBUG -DSWIFT_MODULE_RESOURCE_BUNDLE_AVAILABLE -DXcode -plugin-path /Applications/Xcode-27.0.0-Release.Candidate.app/Contents/Developer/Toolchains/XcodeDefault.xctoolchain/usr/lib/swift/host/plugins/testing -enable-experimental-feature DebugDescriptionMacro -sdk /Applications/Xcode-27.0.0-Release.Candidate.app/Contents/Developer/Platforms/MacOSX.platform/Developer/SDKs/MacOSX27.0.sdk -target arm64-apple-macos12.0 -g -module-cache-path /Users/admin/builder/spi-builder-workspace/.derivedData/ModuleCache.noindex -Xfrontend -serialize-debugging-options -enable-testing -index-store-path /Users/admin/builder/spi-builder-workspace/.derivedData/Index.noindex/DataStore -Xcc -D_LIBCPP_HARDENING_MODE\=_LIBCPP_HARDENING_MODE_DEBUG -swift-version 5 -I /Users/admin/builder/spi-builder-workspace/.derivedData/Build/Products/Debug -Isystem /Applications/Xcode-27.0.0-Release.Candidate.app/Contents/Developer/Platforms/MacOSX.platform/Developer/usr/lib -F /Users/admin/builder/spi-builder-workspace/.derivedData/Build/Products/Debug/PackageFrameworks -F /Users/admin/builder/spi-builder-workspace/.derivedData/Build/Products/Debug -F /Applications/Xcode-27.0.0-Release.Candidate.app/Contents/Developer/Platforms/MacOSX.platform/Developer/Library/Frameworks -c -j10 -enable-batch-mode -incremental -Xcc -ivfsstatcache -Xcc /Users/admin/builder/spi-builder-workspace/.derivedData/SDKStatCaches.noindex/macosx27.0-26A425-e829b21a6f8c9b70876ba0858053c0446a22442a12e9d48fe1a705f55a1adfc4.sdkstatcache -output-file-map /Users/admin/builder/spi-builder-workspace/.derivedData/Build/Intermediates.noindex/BasisTheoryElements.build/Debug/BasisTheoryElements-t.build/Objects-normal/arm64/BasisTheoryElements-OutputFileMap.json -save-temps -no-color-diagnostics -explicit-module-build -module-cache-path /Users/admin/builder/spi-builder-workspace/.derivedData/Build/Intermediates.noindex/SwiftExplicitPrecompiledModules -clang-scanner-module-cache-path /Users/admin/builder/spi-builder-workspace/.derivedData/ModuleCache.noindex -sdk-module-cache-path /Users/admin/builder/spi-builder-workspace/.derivedData/SDKExplicitPrecompiledModules -emit-dependencies -emit-module -emit-module-path /Users/admin/builder/spi-builder-workspace/.derivedData/Build/Intermediates.noindex/BasisTheoryElements.build/Debug/BasisTheoryElements-t.build/Objects-normal/arm64/BasisTheoryElements.swiftmodule -serialize-diagnostics -dependency-scan-serialize-diagnostics-path /Users/admin/builder/spi-builder-workspace/.derivedData/Build/Intermediates.noindex/BasisTheoryElements.build/Debug/BasisTheoryElements-t.build/Objects-normal/arm64/BasisTheoryElements-dependency-scan.dia -validate-clang-modules-once -clang-build-session-file /Users/admin/builder/spi-builder-workspace/.derivedData/ModuleCache.noindex/Session.modulevalidation -Xcc -fmodules-prune-interval\=86400 -Xcc -fmodules-prune-after\=345600 -emit-const-values -const-gather-protocols-list /Users/admin/builder/spi-builder-workspace/.derivedData/Build/Intermediates.noindex/BasisTheoryElements.build/Debug/BasisTheoryElements-t.build/Objects-normal/arm64/BasisTheoryElements_const_extract_protocols.json -Xcc -I/Users/admin/builder/spi-builder-workspace/.derivedData/Build/Products/Debug/include -Xcc -I/Users/admin/builder/spi-builder-workspace/.derivedData/Build/Intermediates.noindex/BasisTheoryElements.build/Debug/BasisTheoryElements-t.build/DerivedSources-normal/arm64 -Xcc -I/Users/admin/builder/spi-builder-workspace/.derivedData/Build/Intermediates.noindex/BasisTheoryElements.build/Debug/BasisTheoryElements-t.build/DerivedSources/arm64 -Xcc -I/Users/admin/builder/spi-builder-workspace/.derivedData/Build/Intermediates.noindex/BasisTheoryElements.build/Debug/BasisTheoryElements-t.build/DerivedSources -Xcc -DSWIFT_PACKAGE -Xcc -DDEBUG\=1 -emit-objc-header -emit-objc-header-path /Users/admin/builder/spi-builder-workspace/.derivedData/Build/Intermediates.noindex/BasisTheoryElements.build/Debug/BasisTheoryElements-t.build/Objects-normal/arm64/BasisTheoryElements-Swift.h -working-directory /Users/admin/builder/spi-builder-workspace/.swiftpm/xcode -experimental-emit-module-separately -disable-cmo
/Users/admin/builder/spi-builder-workspace/BasisTheoryElements/Sources/BasisTheoryElements/BasisTheoryUIViewController.swift:8:8: error: Unable to resolve module dependency: 'UIKit' (in target 'BasisTheoryElements' from project 'BasisTheoryElements')
note: A dependency of main module 'BasisTheoryElements'
/Users/admin/builder/spi-builder-workspace/BasisTheoryElements/Sources/BasisTheoryElements/CardBrandSelectorUIButton.swift:8:8: note: Also imported here
/Users/admin/builder/spi-builder-workspace/BasisTheoryElements/Sources/BasisTheoryElements/CardExpirationDateUITextField.swift:8:8: note: Also imported here
/Users/admin/builder/spi-builder-workspace/BasisTheoryElements/Sources/BasisTheoryElements/CardNumberElementUITextField.swift:8:8: note: Also imported here
/Users/admin/builder/spi-builder-workspace/BasisTheoryElements/Sources/BasisTheoryElements/CardVerificationCodeUITextField.swift:8:8: note: Also imported here
/Users/admin/builder/spi-builder-workspace/BasisTheoryElements/Sources/BasisTheoryElements/DeviceInfo.swift:9:8: note: Also imported here
/Users/admin/builder/spi-builder-workspace/BasisTheoryElements/Sources/BasisTheoryElements/TelemetryLogging.swift:8:8: note: Also imported here
/Users/admin/builder/spi-builder-workspace/BasisTheoryElements/Sources/BasisTheoryElements/TextElementUITextField.swift:9:8: note: Also imported here
/Users/admin/builder/spi-builder-workspace/BasisTheoryElements/Sources/BasisTheoryElements/BasisTheoryUIViewController.swift:8:8: note: A dependency of main module 'BasisTheoryElements'
import UIKit
^ (in target 'BasisTheoryElements' from project 'BasisTheoryElements')
/Users/admin/builder/spi-builder-workspace/BasisTheoryElements/Sources/BasisTheoryElements/CardBrandSelectorUIButton.swift:8:8: note: Also imported here
import UIKit
^ (in target 'BasisTheoryElements' from project 'BasisTheoryElements')
/Users/admin/builder/spi-builder-workspace/BasisTheoryElements/Sources/BasisTheoryElements/CardExpirationDateUITextField.swift:8:8: note: Also imported here
import UIKit
^ (in target 'BasisTheoryElements' from project 'BasisTheoryElements')
/Users/admin/builder/spi-builder-workspace/BasisTheoryElements/Sources/BasisTheoryElements/CardNumberElementUITextField.swift:8:8: note: Also imported here
import UIKit
^ (in target 'BasisTheoryElements' from project 'BasisTheoryElements')
/Users/admin/builder/spi-builder-workspace/BasisTheoryElements/Sources/BasisTheoryElements/CardVerificationCodeUITextField.swift:8:8: note: Also imported here
import UIKit
^ (in target 'BasisTheoryElements' from project 'BasisTheoryElements')
/Users/admin/builder/spi-builder-workspace/BasisTheoryElements/Sources/BasisTheoryElements/DeviceInfo.swift:9:8: note: Also imported here
import UIKit
^ (in target 'BasisTheoryElements' from project 'BasisTheoryElements')
/Users/admin/builder/spi-builder-workspace/BasisTheoryElements/Sources/BasisTheoryElements/TelemetryLogging.swift:8:8: note: Also imported here
import UIKit
^ (in target 'BasisTheoryElements' from project 'BasisTheoryElements')
/Users/admin/builder/spi-builder-workspace/BasisTheoryElements/Sources/BasisTheoryElements/TextElementUITextField.swift:9:8: note: Also imported here
import UIKit
^ (in target 'BasisTheoryElements' from project 'BasisTheoryElements')
SwiftEmitModule normal arm64 Emitting\ module\ for\ AnyCodable (in target 'AnyCodable' from project 'AnyCodable')
SwiftCompile normal arm64 (in target 'AnyCodable' from project 'AnyCodable')
cd /Users/admin/builder/spi-builder-workspace/.swiftpm/xcode
SwiftCompile normal arm64 Compiling\ AnyCodable.swift /Users/admin/builder/spi-builder-workspace/.dependencies/checkouts/AnyCodable/Sources/AnyCodable/AnyCodable.swift (in target 'AnyCodable' from project 'AnyCodable')
SwiftCompile normal arm64 /Users/admin/builder/spi-builder-workspace/.dependencies/checkouts/AnyCodable/Sources/AnyCodable/AnyCodable.swift (in target 'AnyCodable' from project 'AnyCodable')
cd /Users/admin/builder/spi-builder-workspace/.swiftpm/xcode
builtin-SwiftPerFileCompile AnyCodable.swift
SwiftCompile normal arm64 Compiling\ AnyEncodable.swift /Users/admin/builder/spi-builder-workspace/.dependencies/checkouts/AnyCodable/Sources/AnyCodable/AnyEncodable.swift (in target 'AnyCodable' from project 'AnyCodable')
SwiftCompile normal arm64 /Users/admin/builder/spi-builder-workspace/.dependencies/checkouts/AnyCodable/Sources/AnyCodable/AnyEncodable.swift (in target 'AnyCodable' from project 'AnyCodable')
cd /Users/admin/builder/spi-builder-workspace/.swiftpm/xcode
builtin-SwiftPerFileCompile AnyEncodable.swift
SwiftCompile normal arm64 Compiling\ AnyDecodable.swift /Users/admin/builder/spi-builder-workspace/.dependencies/checkouts/AnyCodable/Sources/AnyCodable/AnyDecodable.swift (in target 'AnyCodable' from project 'AnyCodable')
SwiftCompile normal arm64 /Users/admin/builder/spi-builder-workspace/.dependencies/checkouts/AnyCodable/Sources/AnyCodable/AnyDecodable.swift (in target 'AnyCodable' from project 'AnyCodable')
cd /Users/admin/builder/spi-builder-workspace/.swiftpm/xcode
builtin-SwiftPerFileCompile AnyDecodable.swift
PruneExplicitPrecompiledModules /Users/admin/builder/spi-builder-workspace/.derivedData/Build/Intermediates.noindex/SwiftExplicitPrecompiledModules
PruneExplicitPrecompiledModules /Users/admin/builder/spi-builder-workspace/.derivedData/SDKExplicitPrecompiledModules
PruneExplicitPrecompiledModules /Users/admin/builder/spi-builder-workspace/.derivedData/Build/Intermediates.noindex/ExplicitPrecompiledModules
2026-10-03 23:11:10.560 xcodebuild[768:4932] [MT] IDERunDestination: Supported platforms for the buildables in the current scheme is empty.
--- xcodebuild: WARNING: Using the first of multiple matching destinations:
{ platform:macOS, arch:arm64, id:688479a6c675707f59e3d38cb1017484ff9ac509, name:My Mac }
{ platform:macOS, arch:arm64, variant:Mac Catalyst, id:688479a6c675707f59e3d38cb1017484ff9ac509, name:My Mac }
{ platform:macOS, arch:arm64, variant:DriverKit, id:688479a6c675707f59e3d38cb1017484ff9ac509, name:My Mac }
{ platform:macOS, arch:arm64, variant:Designed for [iPad,iPhone], id:688479a6c675707f59e3d38cb1017484ff9ac509, name:My Mac }
** BUILD FAILED **
The following build commands failed:
SwiftDriver BasisTheoryElements normal arm64 com.apple.xcode.tools.swift.compiler (in target 'BasisTheoryElements' from project 'BasisTheoryElements')
Building workspace BasisTheoryElements with scheme BasisTheoryElements
(2 failures)
BUILD FAILURE 6.4 macosXcodebuild