The Swift Package Index logo.Swift Package Index

Build Information

Failed to build xctest-extensions, reference main (c102ac), with Swift 6.1 for Wasm on 17 Jul 2026 19:42:09 UTC.

Build Command

bash -c docker run --pull=always --rm -v "checkouts-54344844-0":/host -w "$PWD" -e JAVA_HOME="/root/.sdkman/candidates/java/current" -e SPI_BUILD="1" -e SPI_PROCESSING="1" registry.gitlab.com/saguaro1/spi-images:wasm-6.1-latest swift build --swift-sdk wasm32-unknown-wasi 2>&1

Build Log

========================================
RunAll
========================================
Builder version: 333316120c8b89ed7d21f1b34865290794301d91
Interrupt handler set up.
========================================
Checkout
========================================
Clone URL: https://github.com/orchetect/xctest-extensions.git
Reference: main
Initialized empty Git repository in /host/spi-builder-workspace/.git/
hint: Using 'master' as the name for the initial branch. This default branch name
hint: is subject to change. To configure the initial branch name to use in all
hint: of your new repositories, which will suppress this warning, call:
hint:
hint: 	git config --global init.defaultBranch <name>
hint:
hint: Names commonly chosen instead of 'master' are 'main', 'trunk' and
hint: 'development'. The just-created branch can be renamed via this command:
hint:
hint: 	git branch -m <name>
From https://github.com/orchetect/xctest-extensions
 * branch            main       -> FETCH_HEAD
 * [new branch]      main       -> origin/main
HEAD is now at c102ac9 Updated GitHub CI
Cloned https://github.com/orchetect/xctest-extensions.git
Revision (git rev-parse @):
c102ac93dcbb2b682e7fda7b0cdf0794ddb22a18
SUCCESS checkout https://github.com/orchetect/xctest-extensions.git at main
========================================
Build
========================================
Selected platform:         wasm
Swift version:             6.1
Building package at path:  $PWD
https://github.com/orchetect/xctest-extensions.git
https://github.com/orchetect/xctest-extensions.git
WARNING: environment variable SUPPRESS_SWIFT_6_FLAGS is not set
Running build ...
bash -c docker run --pull=always --rm -v "checkouts-54344844-0":/host -w "$PWD" -e JAVA_HOME="/root/.sdkman/candidates/java/current" -e SPI_BUILD="1" -e SPI_PROCESSING="1" registry.gitlab.com/saguaro1/spi-images:wasm-6.1-latest swift build --swift-sdk wasm32-unknown-wasi -Xswiftc -Xfrontend -Xswiftc -stats-output-dir -Xswiftc -Xfrontend -Xswiftc .stats -Xswiftc -strict-concurrency=complete -Xswiftc -enable-upcoming-feature -Xswiftc StrictConcurrency -Xswiftc -enable-upcoming-feature -Xswiftc DisableOutwardActorInference -Xswiftc -enable-upcoming-feature -Xswiftc GlobalActorIsolatedTypesUsability -Xswiftc -enable-upcoming-feature -Xswiftc InferSendableFromCaptures 2>&1
wasm-6.1-latest: Pulling from saguaro1/spi-images
Digest: sha256:1ad245dad3d2ae0004e1afbc92334bd39884ed9ca587cf04d0a8d5f640fb02e9
Status: Image is up to date for registry.gitlab.com/saguaro1/spi-images:wasm-6.1-latest
Building for debugging...
[0/2] Write sources
[1/2] Write swift-version-24593BA9C3E375BF.txt
[3/9] Compiling XCTestExtensions Wait Bool.swift
<unknown>:0: warning: upcoming feature 'InferSendableFromCaptures' is already enabled as of Swift version 6
<unknown>:0: warning: upcoming feature 'GlobalActorIsolatedTypesUsability' is already enabled as of Swift version 6
<unknown>:0: warning: upcoming feature 'DisableOutwardActorInference' is already enabled as of Swift version 6
[4/9] Compiling XCTestExtensions Wait Equals.swift
<unknown>:0: warning: upcoming feature 'InferSendableFromCaptures' is already enabled as of Swift version 6
<unknown>:0: warning: upcoming feature 'GlobalActorIsolatedTypesUsability' is already enabled as of Swift version 6
<unknown>:0: warning: upcoming feature 'DisableOutwardActorInference' is already enabled as of Swift version 6
[5/9] Compiling XCTestExtensions Wait.swift
<unknown>:0: warning: upcoming feature 'InferSendableFromCaptures' is already enabled as of Swift version 6
<unknown>:0: warning: upcoming feature 'GlobalActorIsolatedTypesUsability' is already enabled as of Swift version 6
<unknown>:0: warning: upcoming feature 'DisableOutwardActorInference' is already enabled as of Swift version 6
/host/spi-builder-workspace/Sources/XCTestExtensions/Wait/Wait.swift:16:32: error: cannot find 'XCTestExpectation' in scope
14 |     @_disfavoredOverload
15 |     public func wait(sec timeout: Double) {
16 |         let delayExpectation = XCTestExpectation()
   |                                `- error: cannot find 'XCTestExpectation' in scope
17 |         delayExpectation.isInverted = true
18 |         wait(for: [delayExpectation], timeout: timeout)
/host/spi-builder-workspace/Sources/XCTestExtensions/Wait/Wait.swift:18:19: error: cannot convert value of type '[Any]' to expected argument type 'Bool'
16 |         let delayExpectation = XCTestExpectation()
17 |         delayExpectation.isInverted = true
18 |         wait(for: [delayExpectation], timeout: timeout)
   |                   `- error: cannot convert value of type '[Any]' to expected argument type 'Bool'
19 |     }
20 | }
[6/9] Compiling XCTestExtensions Utilities.swift
<unknown>:0: warning: upcoming feature 'InferSendableFromCaptures' is already enabled as of Swift version 6
<unknown>:0: warning: upcoming feature 'GlobalActorIsolatedTypesUsability' is already enabled as of Swift version 6
<unknown>:0: warning: upcoming feature 'DisableOutwardActorInference' is already enabled as of Swift version 6
[7/9] Compiling XCTestExtensions XCUIElement Extensions.swift
<unknown>:0: warning: upcoming feature 'InferSendableFromCaptures' is already enabled as of Swift version 6
<unknown>:0: warning: upcoming feature 'GlobalActorIsolatedTypesUsability' is already enabled as of Swift version 6
<unknown>:0: warning: upcoming feature 'DisableOutwardActorInference' is already enabled as of Swift version 6
/host/spi-builder-workspace/Sources/XCTestExtensions/UI Testing/XCUIElement Extensions.swift:11:11: error: cannot find type 'XCUIElement' in scope
 9 | import XCTest
10 |
11 | extension XCUIElement {
   |           `- error: cannot find type 'XCUIElement' in scope
12 |     /// Wraps `XCUIElement`'s `waitForExistence(timeout:)` in a throwing method.
13 |     /// Returns the element if it is found.
/host/spi-builder-workspace/Sources/XCTestExtensions/UI Testing/XCUIElement Extensions.swift:44:11: error: cannot find type 'XCUIElement' in scope
42 | // were introduced in Xcode 16.0
43 | #if compiler(>=6.0)
44 | extension XCUIElement {
   |           `- error: cannot find type 'XCUIElement' in scope
45 |     /// Wraps `XCUIElement`'s `waitForNonExistence(timeout:)` in a throwing method.
46 |     ///
/host/spi-builder-workspace/Sources/XCTestExtensions/UI Testing/XCUIElement Extensions.swift:82:30: error: cannot find type 'XCUIElement' in scope
80 |     @preconcurrency
81 |     public func wait<V: Equatable>(
82 |         for keyPath: KeyPath<XCUIElement, V>,
   |                              `- error: cannot find type 'XCUIElement' in scope
83 |         toEqual expectedValue: V,
84 |         throwingTimeout timeout: TimeInterval,
error: emit-module command failed with exit code 1 (use -v to see invocation)
[8/9] Compiling XCTestExtensions SegmentedProgress.swift
<unknown>:0: warning: upcoming feature 'InferSendableFromCaptures' is already enabled as of Swift version 6
<unknown>:0: warning: upcoming feature 'GlobalActorIsolatedTypesUsability' is already enabled as of Swift version 6
<unknown>:0: warning: upcoming feature 'DisableOutwardActorInference' is already enabled as of Swift version 6
[9/9] Emitting module XCTestExtensions
<unknown>:0: warning: upcoming feature 'InferSendableFromCaptures' is already enabled as of Swift version 6
<unknown>:0: warning: upcoming feature 'GlobalActorIsolatedTypesUsability' is already enabled as of Swift version 6
<unknown>:0: warning: upcoming feature 'DisableOutwardActorInference' is already enabled as of Swift version 6
/host/spi-builder-workspace/Sources/XCTestExtensions/UI Testing/XCUIElement Extensions.swift:11:11: error: cannot find type 'XCUIElement' in scope
 9 | import XCTest
10 |
11 | extension XCUIElement {
   |           `- error: cannot find type 'XCUIElement' in scope
12 |     /// Wraps `XCUIElement`'s `waitForExistence(timeout:)` in a throwing method.
13 |     /// Returns the element if it is found.
/host/spi-builder-workspace/Sources/XCTestExtensions/UI Testing/XCUIElement Extensions.swift:44:11: error: cannot find type 'XCUIElement' in scope
42 | // were introduced in Xcode 16.0
43 | #if compiler(>=6.0)
44 | extension XCUIElement {
   |           `- error: cannot find type 'XCUIElement' in scope
45 |     /// Wraps `XCUIElement`'s `waitForNonExistence(timeout:)` in a throwing method.
46 |     ///
Running build ...
bash -c docker run --pull=always --rm -v "checkouts-54344844-0":/host -w "$PWD" -e JAVA_HOME="/root/.sdkman/candidates/java/current" -e SPI_BUILD="1" -e SPI_PROCESSING="1" registry.gitlab.com/saguaro1/spi-images:wasm-6.1-latest swift build --swift-sdk wasm32-unknown-wasi 2>&1
wasm-6.1-latest: Pulling from saguaro1/spi-images
Digest: sha256:1ad245dad3d2ae0004e1afbc92334bd39884ed9ca587cf04d0a8d5f640fb02e9
Status: Image is up to date for registry.gitlab.com/saguaro1/spi-images:wasm-6.1-latest
[0/1] Planning build
Building for debugging...
[0/1] Write swift-version-24593BA9C3E375BF.txt
[2/8] Compiling XCTestExtensions Wait.swift
/host/spi-builder-workspace/Sources/XCTestExtensions/Wait/Wait.swift:16:32: error: cannot find 'XCTestExpectation' in scope
14 |     @_disfavoredOverload
15 |     public func wait(sec timeout: Double) {
16 |         let delayExpectation = XCTestExpectation()
   |                                `- error: cannot find 'XCTestExpectation' in scope
17 |         delayExpectation.isInverted = true
18 |         wait(for: [delayExpectation], timeout: timeout)
/host/spi-builder-workspace/Sources/XCTestExtensions/Wait/Wait.swift:18:19: error: cannot convert value of type '[Any]' to expected argument type 'Bool'
16 |         let delayExpectation = XCTestExpectation()
17 |         delayExpectation.isInverted = true
18 |         wait(for: [delayExpectation], timeout: timeout)
   |                   `- error: cannot convert value of type '[Any]' to expected argument type 'Bool'
19 |     }
20 | }
[3/8] Compiling XCTestExtensions SegmentedProgress.swift
error: emit-module command failed with exit code 1 (use -v to see invocation)
[4/8] Emitting module XCTestExtensions
/host/spi-builder-workspace/Sources/XCTestExtensions/UI Testing/XCUIElement Extensions.swift:11:11: error: cannot find type 'XCUIElement' in scope
 9 | import XCTest
10 |
11 | extension XCUIElement {
   |           `- error: cannot find type 'XCUIElement' in scope
12 |     /// Wraps `XCUIElement`'s `waitForExistence(timeout:)` in a throwing method.
13 |     /// Returns the element if it is found.
/host/spi-builder-workspace/Sources/XCTestExtensions/UI Testing/XCUIElement Extensions.swift:44:11: error: cannot find type 'XCUIElement' in scope
42 | // were introduced in Xcode 16.0
43 | #if compiler(>=6.0)
44 | extension XCUIElement {
   |           `- error: cannot find type 'XCUIElement' in scope
45 |     /// Wraps `XCUIElement`'s `waitForNonExistence(timeout:)` in a throwing method.
46 |     ///
[5/8] Compiling XCTestExtensions XCUIElement Extensions.swift
/host/spi-builder-workspace/Sources/XCTestExtensions/UI Testing/XCUIElement Extensions.swift:11:11: error: cannot find type 'XCUIElement' in scope
 9 | import XCTest
10 |
11 | extension XCUIElement {
   |           `- error: cannot find type 'XCUIElement' in scope
12 |     /// Wraps `XCUIElement`'s `waitForExistence(timeout:)` in a throwing method.
13 |     /// Returns the element if it is found.
/host/spi-builder-workspace/Sources/XCTestExtensions/UI Testing/XCUIElement Extensions.swift:44:11: error: cannot find type 'XCUIElement' in scope
42 | // were introduced in Xcode 16.0
43 | #if compiler(>=6.0)
44 | extension XCUIElement {
   |           `- error: cannot find type 'XCUIElement' in scope
45 |     /// Wraps `XCUIElement`'s `waitForNonExistence(timeout:)` in a throwing method.
46 |     ///
/host/spi-builder-workspace/Sources/XCTestExtensions/UI Testing/XCUIElement Extensions.swift:82:30: error: cannot find type 'XCUIElement' in scope
80 |     @preconcurrency
81 |     public func wait<V: Equatable>(
82 |         for keyPath: KeyPath<XCUIElement, V>,
   |                              `- error: cannot find type 'XCUIElement' in scope
83 |         toEqual expectedValue: V,
84 |         throwingTimeout timeout: TimeInterval,
[6/8] Compiling XCTestExtensions Utilities.swift
[7/8] Compiling XCTestExtensions Wait Equals.swift
[8/8] Compiling XCTestExtensions Wait Bool.swift
BUILD FAILURE 6.1 wasm