Build Information
Failed to build tca-composer, reference main (0e9171), with Swift 6.4 for tvOS using Xcode 27.0 on 21 Sep 2026 08:59:32 UTC.
Build Command
env DEVELOPER_DIR=/Applications/Xcode-27.0.0-Release.Candidate.app xcrun xcodebuild -IDEClonedSourcePackagesDirPathOverride=$PWD/.dependencies -skipMacroValidation -skipPackagePluginValidation -derivedDataPath $PWD/.derivedData build -scheme TCAComposer -destination generic/platform=tvOSBuild Log
6 | public var customDumpDescription: String {
7 | switch self {
/Applications/Xcode-27.0.0-Release.Candidate.app/Contents/Developer/Platforms/AppleTVOS.platform/Developer/SDKs/AppleTVOS27.0.sdk/System/Library/Frameworks/Speech.framework/Headers/SFSpeechRecognizer.h:25:28: note: 'SFSpeechRecognizerAuthorizationStatus' has been explicitly marked unavailable here
23 | The app's authorization to perform speech recognition.
24 | */
25 | typedef NS_ENUM(NSInteger, SFSpeechRecognizerAuthorizationStatus) {
| `- note: 'SFSpeechRecognizerAuthorizationStatus' has been explicitly marked unavailable here
26 | /// The app's authorization status has not yet been determined.
27 | ///
/Users/admin/builder/spi-builder-workspace/.dependencies/checkouts/swift-custom-dump/Sources/CustomDump/Conformances/Speech.swift:24:13: error: 'SFSpeechRecognitionTaskHint' is unavailable in tvOS
22 |
23 | @available(iOS 10, macOS 10.15, *)
24 | extension SFSpeechRecognitionTaskHint: CustomDumpStringConvertible {
| `- error: 'SFSpeechRecognitionTaskHint' is unavailable in tvOS
25 | public var customDumpDescription: String {
26 | switch self {
/Applications/Xcode-27.0.0-Release.Candidate.app/Contents/Developer/Platforms/AppleTVOS.platform/Developer/SDKs/AppleTVOS27.0.sdk/System/Library/Frameworks/Speech.framework/Headers/SFSpeechRecognitionTaskHint.h:10:28: note: 'SFSpeechRecognitionTaskHint' has been explicitly marked unavailable here
8 | The type of task for which you are using speech recognition.
9 | */
10 | typedef NS_ENUM(NSInteger, SFSpeechRecognitionTaskHint) {
| `- note: 'SFSpeechRecognitionTaskHint' has been explicitly marked unavailable here
11 | /// An unspecified type of task.
12 | ///
/Users/admin/builder/spi-builder-workspace/.dependencies/checkouts/swift-custom-dump/Sources/CustomDump/Conformances/Speech.swift:42:13: error: 'SFSpeechRecognitionTaskState' is unavailable in tvOS
40 |
41 | @available(iOS 10, macOS 10.15, *)
42 | extension SFSpeechRecognitionTaskState: CustomDumpStringConvertible {
| `- error: 'SFSpeechRecognitionTaskState' is unavailable in tvOS
43 | public var customDumpDescription: String {
44 | switch self {
/Applications/Xcode-27.0.0-Release.Candidate.app/Contents/Developer/Platforms/AppleTVOS.platform/Developer/SDKs/AppleTVOS27.0.sdk/System/Library/Frameworks/Speech.framework/Headers/SFSpeechRecognitionTask.h:18:28: note: 'SFSpeechRecognitionTaskState' has been explicitly marked unavailable here
16 | The state of the task associated with the recognition request.
17 | */
18 | typedef NS_ENUM(NSInteger, SFSpeechRecognitionTaskState) {
| `- note: 'SFSpeechRecognitionTaskState' has been explicitly marked unavailable here
19 | /// Speech recognition (potentially including audio recording) has not yet started.
20 | SFSpeechRecognitionTaskStateStarting = 0,
Failed frontend command:
/Applications/Xcode-27.0.0-Release.Candidate.app/Contents/Developer/Toolchains/XcodeDefault.xctoolchain/usr/bin/swift-frontend -frontend -emit-module -experimental-skip-non-inlinable-function-bodies-without-types /Users/admin/builder/spi-builder-workspace/.dependencies/checkouts/swift-custom-dump/Sources/CustomDump/Conformances/CoreImage.swift /Users/admin/builder/spi-builder-workspace/.dependencies/checkouts/swift-custom-dump/Sources/CustomDump/Conformances/CoreLocation.swift /Users/admin/builder/spi-builder-workspace/.dependencies/checkouts/swift-custom-dump/Sources/CustomDump/Conformances/CoreMotion.swift /Users/admin/builder/spi-builder-workspace/.dependencies/checkouts/swift-custom-dump/Sources/CustomDump/Conformances/Foundation.swift /Users/admin/builder/spi-builder-workspace/.dependencies/checkouts/swift-custom-dump/Sources/CustomDump/Conformances/GameKit.swift /Users/admin/builder/spi-builder-workspace/.dependencies/checkouts/swift-custom-dump/Sources/CustomDump/Conformances/KeyPath.swift /Users/admin/builder/spi-builder-workspace/.dependencies/checkouts/swift-custom-dump/Sources/CustomDump/Conformances/Photos.swift /Users/admin/builder/spi-builder-workspace/.dependencies/checkouts/swift-custom-dump/Sources/CustomDump/Conformances/Speech.swift /Users/admin/builder/spi-builder-workspace/.dependencies/checkouts/swift-custom-dump/Sources/CustomDump/Conformances/StoreKit.swift /Users/admin/builder/spi-builder-workspace/.dependencies/checkouts/swift-custom-dump/Sources/CustomDump/Conformances/Swift.swift /Users/admin/builder/spi-builder-workspace/.dependencies/checkouts/swift-custom-dump/Sources/CustomDump/Conformances/SwiftUI.swift /Users/admin/builder/spi-builder-workspace/.dependencies/checkouts/swift-custom-dump/Sources/CustomDump/Conformances/UIKit.swift /Users/admin/builder/spi-builder-workspace/.dependencies/checkouts/swift-custom-dump/Sources/CustomDump/Conformances/UserNotifications.swift /Users/admin/builder/spi-builder-workspace/.dependencies/checkouts/swift-custom-dump/Sources/CustomDump/Conformances/UserNotificationsUI.swift /Users/admin/builder/spi-builder-workspace/.dependencies/checkouts/swift-custom-dump/Sources/CustomDump/CustomDumpReflectable.swift /Users/admin/builder/spi-builder-workspace/.dependencies/checkouts/swift-custom-dump/Sources/CustomDump/CustomDumpRepresentable.swift /Users/admin/builder/spi-builder-workspace/.dependencies/checkouts/swift-custom-dump/Sources/CustomDump/CustomDumpStringConvertible.swift /Users/admin/builder/spi-builder-workspace/.dependencies/checkouts/swift-custom-dump/Sources/CustomDump/Diff.swift /Users/admin/builder/spi-builder-workspace/.dependencies/checkouts/swift-custom-dump/Sources/CustomDump/Dump.swift /Users/admin/builder/spi-builder-workspace/.dependencies/checkouts/swift-custom-dump/Sources/CustomDump/ExpectDifference.swift /Users/admin/builder/spi-builder-workspace/.dependencies/checkouts/swift-custom-dump/Sources/CustomDump/ExpectNoDifference.swift /Users/admin/builder/spi-builder-workspace/.dependencies/checkouts/swift-custom-dump/Sources/CustomDump/Internal/AnyType.swift /Users/admin/builder/spi-builder-workspace/.dependencies/checkouts/swift-custom-dump/Sources/CustomDump/Internal/CollectionDifference.swift /Users/admin/builder/spi-builder-workspace/.dependencies/checkouts/swift-custom-dump/Sources/CustomDump/Internal/Identifiable.swift /Users/admin/builder/spi-builder-workspace/.dependencies/checkouts/swift-custom-dump/Sources/CustomDump/Internal/Mirror.swift /Users/admin/builder/spi-builder-workspace/.dependencies/checkouts/swift-custom-dump/Sources/CustomDump/Internal/String.swift /Users/admin/builder/spi-builder-workspace/.dependencies/checkouts/swift-custom-dump/Sources/CustomDump/Internal/Unordered.swift /Users/admin/builder/spi-builder-workspace/.dependencies/checkouts/swift-custom-dump/Sources/CustomDump/XCTAssertDifference.swift /Users/admin/builder/spi-builder-workspace/.dependencies/checkouts/swift-custom-dump/Sources/CustomDump/XCTAssertNoDifference.swift -target arm64-apple-tvos15.0 -module-can-import-version CoreImage 3 7.0.0 -module-can-import-version CoreLocation 57 3185.0.6 -module-can-import-version GameKit 821.0.25 821.0.25 -module-can-import-version Photos 913.0.103 913.0.103 -module-can-import-version Speech 3600.81.1 1.0.0 -module-can-import-version StoreKit 816.0.47.3 1.0.0 -module-can-import-version SwiftUI 8.0.84 8.0.84 -module-can-import-version UIKit 9127.0.84.1 9127.0.84 -module-can-import-version UserNotifications 1.0.0 1.0.0 -module-can-import-version UserNotificationsUI 1.0.0 1.0.0 -disable-cross-import-overlay-search -swift-module-cross-import Photos /Applications/Xcode-27.0.0-Release.Candidate.app/Contents/Developer/Platforms/AppleTVOS.platform/Developer/SDKs/AppleTVOS.sdk/System/Library/Frameworks/Photos.framework/Modules/Photos.swiftcrossimport/AppIntents.swiftoverlay -swift-module-cross-import Photos /Applications/Xcode-27.0.0-Release.Candidate.app/Contents/Developer/Platforms/AppleTVOS.platform/Developer/SDKs/AppleTVOS27.0.sdk/System/Library/Frameworks/Photos.framework/Modules/Photos.swiftcrossimport/AppIntents.swiftoverlay -swift-module-cross-import StoreKit /Applications/Xcode-27.0.0-Release.Candidate.app/Contents/Developer/Platforms/AppleTVOS.platform/Developer/SDKs/AppleTVOS.sdk/System/Library/Frameworks/StoreKit.framework/Modules/StoreKit.swiftcrossimport/SwiftUI.swiftoverlay -swift-module-cross-import StoreKit /Applications/Xcode-27.0.0-Release.Candidate.app/Contents/Developer/Platforms/AppleTVOS.platform/Developer/SDKs/AppleTVOS27.0.sdk/System/Library/Frameworks/StoreKit.framework/Modules/StoreKit.swiftcrossimport/SwiftUI.swiftoverlay -swift-module-cross-import UserNotifications /Applications/Xcode-27.0.0-Release.Candidate.app/Contents/Developer/Platforms/AppleTVOS.platform/Developer/SDKs/AppleTVOS.sdk/System/Library/Frameworks/UserNotifications.framework/Modules/UserNotifications.swiftcrossimport/AppIntents.swiftoverlay -load-resolved-plugin /Applications/Xcode-27.0.0-Release.Candidate.app/Contents/Developer/Platforms/AppleTVOS.platform/Developer/usr/lib/swift/host/plugins/libFoundationMacros.dylib\#/Applications/Xcode-27.0.0-Release.Candidate.app/Contents/Developer/Platforms/AppleTVOS.platform/Developer/usr/bin/swift-plugin-server\#FoundationMacros -load-resolved-plugin /Applications/Xcode-27.0.0-Release.Candidate.app/Contents/Developer/Platforms/AppleTVOS.platform/Developer/usr/lib/swift/host/plugins/libObservationMacros.dylib\#/Applications/Xcode-27.0.0-Release.Candidate.app/Contents/Developer/Platforms/AppleTVOS.platform/Developer/usr/bin/swift-plugin-server\#ObservationMacros -load-resolved-plugin /Applications/Xcode-27.0.0-Release.Candidate.app/Contents/Developer/Platforms/AppleTVOS.platform/Developer/usr/lib/swift/host/plugins/libPreviewsMacros.dylib\#/Applications/Xcode-27.0.0-Release.Candidate.app/Contents/Developer/Platforms/AppleTVOS.platform/Developer/usr/bin/swift-plugin-server\#PreviewsMacros -load-resolved-plugin /Applications/Xcode-27.0.0-Release.Candidate.app/Contents/Developer/Platforms/AppleTVOS.platform/Developer/usr/lib/swift/host/plugins/libSwiftMacros.dylib\#/Applications/Xcode-27.0.0-Release.Candidate.app/Contents/Developer/Platforms/AppleTVOS.platform/Developer/usr/bin/swift-plugin-server\#SwiftMacros -load-resolved-plugin /Applications/Xcode-27.0.0-Release.Candidate.app/Contents/Developer/Platforms/AppleTVOS.platform/Developer/usr/lib/swift/host/plugins/libSwiftUIMacros.dylib\#/Applications/Xcode-27.0.0-Release.Candidate.app/Contents/Developer/Platforms/AppleTVOS.platform/Developer/usr/bin/swift-plugin-server\#SwiftUIMacros -disable-implicit-swift-modules -Xcc -fno-implicit-modules -Xcc -fno-implicit-module-maps -explicit-swift-module-map-file /Users/admin/builder/spi-builder-workspace/.derivedData/Build/Intermediates.noindex/swift-custom-dump.build/Debug-appletvos/CustomDump-t.build/Objects-normal/arm64/CustomDump-dependencies-1.json -Xllvm -aarch64-use-tbi -enable-objc-interop -stack-check -sdk /Applications/Xcode-27.0.0-Release.Candidate.app/Contents/Developer/Platforms/AppleTVOS.platform/Developer/SDKs/AppleTVOS27.0.sdk -I /Users/admin/builder/spi-builder-workspace/.derivedData/Build/Products/Debug-appletvos -Isystem /Applications/Xcode-27.0.0-Release.Candidate.app/Contents/Developer/Platforms/AppleTVOS.platform/Developer/usr/lib -F /Users/admin/builder/spi-builder-workspace/.derivedData/Build/Products/Debug-appletvos/PackageFrameworks -F /Users/admin/builder/spi-builder-workspace/.derivedData/Build/Products/Debug-appletvos -F /Applications/Xcode-27.0.0-Release.Candidate.app/Contents/Developer/Platforms/AppleTVOS.platform/Developer/Library/Frameworks -F /Applications/Xcode-27.0.0-Release.Candidate.app/Contents/Developer/Platforms/AppleTVOS.platform/Developer/SDKs/AppleTVOS27.0.sdk/Developer/Library/Frameworks -module-cache-path /Users/admin/builder/spi-builder-workspace/.derivedData/Build/Intermediates.noindex/SwiftExplicitPrecompiledModules -no-color-diagnostics -Xcc -fno-color-diagnostics -enable-testing -g -debug-info-format\=dwarf -dwarf-version\=4 -suppress-warnings -profile-generate -profile-coverage-mapping -swift-version 6 -Onone -D SWIFT_PACKAGE -D DEBUG -D SWIFT_MODULE_RESOURCE_BUNDLE_UNAVAILABLE -D Xcode -serialize-debugging-options -enable-experimental-feature DebugDescriptionMacro -empty-abi-descriptor -user-module-version 1.3.3 -validate-clang-modules-once -clang-build-session-file /Users/admin/builder/spi-builder-workspace/.derivedData/ModuleCache.noindex/Session.modulevalidation -Xcc -working-directory -Xcc /Users/admin/builder/spi-builder-workspace -enable-anonymous-context-mangled-names -file-compilation-dir /Users/admin/builder/spi-builder-workspace -Xcc -D_LIBCPP_HARDENING_MODE\=_LIBCPP_HARDENING_MODE_DEBUG -Xcc -ivfsstatcache -Xcc /Users/admin/builder/spi-builder-workspace/.derivedData/SDKStatCaches.noindex/appletvos27.0-24J360-e829b21a6f8c9b70876ba0858053c044b32bfd8d43560033f8d89884cdb90028.sdkstatcache -Xcc -fmodules-prune-interval\=86400 -Xcc -fmodules-prune-after\=345600 -Xcc -I/Users/admin/builder/spi-builder-workspace/.derivedData/Build/Products/Debug-appletvos/include -Xcc -I/Users/admin/builder/spi-builder-workspace/.derivedData/Build/Intermediates.noindex/swift-custom-dump.build/Debug-appletvos/CustomDump-t.build/DerivedSources-normal/arm64 -Xcc -I/Users/admin/builder/spi-builder-workspace/.derivedData/Build/Intermediates.noindex/swift-custom-dump.build/Debug-appletvos/CustomDump-t.build/DerivedSources/arm64 -Xcc -I/Users/admin/builder/spi-builder-workspace/.derivedData/Build/Intermediates.noindex/swift-custom-dump.build/Debug-appletvos/CustomDump-t.build/DerivedSources -Xcc -DSWIFT_PACKAGE -Xcc -DDEBUG\=1 -no-auto-bridging-header-chaining -module-name CustomDump -package-name swift_custom_dump -const-gather-protocols-file /Users/admin/builder/spi-builder-workspace/.derivedData/Build/Intermediates.noindex/swift-custom-dump.build/Debug-appletvos/CustomDump-t.build/Objects-normal/arm64/CustomDump_const_extract_protocols.json -disable-clang-spi -clang-target arm64-apple-tvos27.0 -target-sdk-version 27.0 -target-sdk-name appletvos27.0 -in-process-plugin-server-path /Applications/Xcode-27.0.0-Release.Candidate.app/Contents/Developer/Toolchains/XcodeDefault.xctoolchain/usr/lib/swift/host/libSwiftInProcPluginServer.dylib -emit-module-doc-path /Users/admin/builder/spi-builder-workspace/.derivedData/Build/Intermediates.noindex/swift-custom-dump.build/Debug-appletvos/CustomDump-t.build/Objects-normal/arm64/CustomDump.swiftdoc -emit-module-source-info-path /Users/admin/builder/spi-builder-workspace/.derivedData/Build/Intermediates.noindex/swift-custom-dump.build/Debug-appletvos/CustomDump-t.build/Objects-normal/arm64/CustomDump.swiftsourceinfo -emit-objc-header-path /Users/admin/builder/spi-builder-workspace/.derivedData/Build/Intermediates.noindex/swift-custom-dump.build/Debug-appletvos/CustomDump-t.build/Objects-normal/arm64/CustomDump-Swift.h -serialize-diagnostics-path /Users/admin/builder/spi-builder-workspace/.derivedData/Build/Intermediates.noindex/swift-custom-dump.build/Debug-appletvos/CustomDump-t.build/Objects-normal/arm64/CustomDump-primary-emit-module.dia -emit-dependencies-path /Users/admin/builder/spi-builder-workspace/.derivedData/Build/Intermediates.noindex/swift-custom-dump.build/Debug-appletvos/CustomDump-t.build/Objects-normal/arm64/CustomDump-primary-emit-module.d -parse-as-library -o /Users/admin/builder/spi-builder-workspace/.derivedData/Build/Intermediates.noindex/swift-custom-dump.build/Debug-appletvos/CustomDump-t.build/Objects-normal/arm64/CustomDump.swiftmodule -emit-abi-descriptor-path /Users/admin/builder/spi-builder-workspace/.derivedData/Build/Intermediates.noindex/swift-custom-dump.build/Debug-appletvos/CustomDump-t.build/Objects-normal/arm64/CustomDump.abi.json
SwiftCompile normal arm64 (in target 'CustomDump' from project 'swift-custom-dump')
cd /Users/admin/builder/spi-builder-workspace
SwiftDriverJobDiscovery normal x86_64 Compiling SyntaxSynthesis.swift (in target 'SwiftOperators' from project 'swift-syntax')
SwiftCompile normal arm64 Compiling\ PrecedenceGraph.swift /Users/admin/builder/spi-builder-workspace/.dependencies/checkouts/swift-syntax/Sources/SwiftOperators/PrecedenceGraph.swift (in target 'SwiftOperators' from project 'swift-syntax')
SwiftCompile normal arm64 /Users/admin/builder/spi-builder-workspace/.dependencies/checkouts/swift-syntax/Sources/SwiftOperators/PrecedenceGraph.swift (in target 'SwiftOperators' from project 'swift-syntax')
cd /Users/admin/builder/spi-builder-workspace
builtin-SwiftPerFileCompile PrecedenceGraph.swift
SwiftDriverJobDiscovery normal arm64 Compiling Operator.swift (in target 'SwiftOperators' from project 'swift-syntax')
SwiftCompile normal x86_64 Compiling\ OperatorError.swift /Users/admin/builder/spi-builder-workspace/.dependencies/checkouts/swift-syntax/Sources/SwiftOperators/OperatorError.swift (in target 'SwiftOperators' from project 'swift-syntax')
SwiftCompile normal x86_64 /Users/admin/builder/spi-builder-workspace/.dependencies/checkouts/swift-syntax/Sources/SwiftOperators/OperatorError.swift (in target 'SwiftOperators' from project 'swift-syntax')
cd /Users/admin/builder/spi-builder-workspace
builtin-SwiftPerFileCompile OperatorError.swift
SwiftDriverJobDiscovery normal arm64 Compiling OperatorTable+Defaults.swift (in target 'SwiftOperators' from project 'swift-syntax')
SwiftDriverJobDiscovery normal x86_64 Compiling OperatorTable+Defaults.swift (in target 'SwiftOperators' from project 'swift-syntax')
SwiftCompile normal arm64 Compiling\ PrecedenceGroup.swift /Users/admin/builder/spi-builder-workspace/.dependencies/checkouts/swift-syntax/Sources/SwiftOperators/PrecedenceGroup.swift (in target 'SwiftOperators' from project 'swift-syntax')
SwiftCompile normal arm64 /Users/admin/builder/spi-builder-workspace/.dependencies/checkouts/swift-syntax/Sources/SwiftOperators/PrecedenceGroup.swift (in target 'SwiftOperators' from project 'swift-syntax')
cd /Users/admin/builder/spi-builder-workspace
builtin-SwiftPerFileCompile PrecedenceGroup.swift
SwiftCompile normal x86_64 Compiling\ OperatorTable+Semantics.swift /Users/admin/builder/spi-builder-workspace/.dependencies/checkouts/swift-syntax/Sources/SwiftOperators/OperatorTable+Semantics.swift (in target 'SwiftOperators' from project 'swift-syntax')
SwiftCompile normal x86_64 /Users/admin/builder/spi-builder-workspace/.dependencies/checkouts/swift-syntax/Sources/SwiftOperators/OperatorTable+Semantics.swift (in target 'SwiftOperators' from project 'swift-syntax')
cd /Users/admin/builder/spi-builder-workspace
builtin-SwiftPerFileCompile OperatorTable+Semantics.swift
SwiftDriverJobDiscovery normal x86_64 Compiling PrecedenceGraph.swift (in target 'SwiftOperators' from project 'swift-syntax')
SwiftCompile normal arm64 Compiling\ OperatorTable.swift /Users/admin/builder/spi-builder-workspace/.dependencies/checkouts/swift-syntax/Sources/SwiftOperators/OperatorTable.swift (in target 'SwiftOperators' from project 'swift-syntax')
SwiftCompile normal arm64 /Users/admin/builder/spi-builder-workspace/.dependencies/checkouts/swift-syntax/Sources/SwiftOperators/OperatorTable.swift (in target 'SwiftOperators' from project 'swift-syntax')
cd /Users/admin/builder/spi-builder-workspace
builtin-SwiftPerFileCompile OperatorTable.swift
SwiftDriverJobDiscovery normal x86_64 Compiling OperatorError.swift (in target 'SwiftOperators' from project 'swift-syntax')
SwiftCompile normal x86_64 Compiling\ OperatorError+Diagnostics.swift /Users/admin/builder/spi-builder-workspace/.dependencies/checkouts/swift-syntax/Sources/SwiftOperators/OperatorError+Diagnostics.swift (in target 'SwiftOperators' from project 'swift-syntax')
SwiftCompile normal x86_64 /Users/admin/builder/spi-builder-workspace/.dependencies/checkouts/swift-syntax/Sources/SwiftOperators/OperatorError+Diagnostics.swift (in target 'SwiftOperators' from project 'swift-syntax')
cd /Users/admin/builder/spi-builder-workspace
builtin-SwiftPerFileCompile OperatorError+Diagnostics.swift
SwiftDriverJobDiscovery normal arm64 Compiling MultiLineStringLiteralDiagnosticsGenerator.swift, ParseDiagnosticsGenerator.swift (in target 'SwiftParserDiagnostics' from project 'swift-syntax')
SwiftCompile normal x86_64 Compiling\ Operator.swift /Users/admin/builder/spi-builder-workspace/.dependencies/checkouts/swift-syntax/Sources/SwiftOperators/Operator.swift (in target 'SwiftOperators' from project 'swift-syntax')
SwiftCompile normal x86_64 /Users/admin/builder/spi-builder-workspace/.dependencies/checkouts/swift-syntax/Sources/SwiftOperators/Operator.swift (in target 'SwiftOperators' from project 'swift-syntax')
cd /Users/admin/builder/spi-builder-workspace
builtin-SwiftPerFileCompile Operator.swift
SwiftDriverJobDiscovery normal arm64 Compiling MissingNodesError.swift, MissingTokenError.swift (in target 'SwiftParserDiagnostics' from project 'swift-syntax')
SwiftDriver\ Compilation SwiftParserDiagnostics normal arm64 com.apple.xcode.tools.swift.compiler (in target 'SwiftParserDiagnostics' from project 'swift-syntax')
cd /Users/admin/builder/spi-builder-workspace
builtin-Swift-Compilation -- /Applications/Xcode-27.0.0-Release.Candidate.app/Contents/Developer/Toolchains/XcodeDefault.xctoolchain/usr/bin/swiftc -parse-as-library -module-name SwiftParserDiagnostics -Onone @/Users/admin/builder/spi-builder-workspace/.derivedData/Build/Intermediates.noindex/swift-syntax.build/Debug/SwiftParserDiagnostics-t.build/Objects-normal/arm64/SwiftParserDiagnostics.SwiftFileList -DSWIFT_PACKAGE -DDEBUG -DSWIFT_MODULE_RESOURCE_BUNDLE_UNAVAILABLE -Xcc -fmodule-map-file\=/Users/admin/builder/spi-builder-workspace/.dependencies/checkouts/swift-syntax/Sources/_SwiftSyntaxCShims/include/module.modulemap -DXcode -plugin-path /Applications/Xcode-27.0.0-Release.Candidate.app/Contents/Developer/Toolchains/XcodeDefault.xctoolchain/usr/lib/swift/host/plugins/testing -enable-experimental-feature DebugDescriptionMacro -sdk /Applications/Xcode-27.0.0-Release.Candidate.app/Contents/Developer/Platforms/MacOSX.platform/Developer/SDKs/MacOSX27.0.sdk -target arm64-apple-macos12.0 -g -module-cache-path /Users/admin/builder/spi-builder-workspace/.derivedData/ModuleCache.noindex -Xfrontend -serialize-debugging-options -profile-coverage-mapping -profile-generate -enable-testing -suppress-warnings -index-store-path /Users/admin/builder/spi-builder-workspace/.derivedData/Index.noindex/DataStore -Xcc -D_LIBCPP_HARDENING_MODE\=_LIBCPP_HARDENING_MODE_DEBUG -swift-version 6 -I /Users/admin/builder/spi-builder-workspace/.derivedData/Build/Products/Debug -Isystem /Applications/Xcode-27.0.0-Release.Candidate.app/Contents/Developer/Platforms/MacOSX.platform/Developer/usr/lib -F /Users/admin/builder/spi-builder-workspace/.derivedData/Build/Products/Debug/PackageFrameworks -F /Users/admin/builder/spi-builder-workspace/.derivedData/Build/Products/Debug -F /Applications/Xcode-27.0.0-Release.Candidate.app/Contents/Developer/Platforms/MacOSX.platform/Developer/Library/Frameworks -c -j10 -enable-batch-mode -incremental -Xcc -ivfsstatcache -Xcc /Users/admin/builder/spi-builder-workspace/.derivedData/SDKStatCaches.noindex/macosx27.0-26A425-e829b21a6f8c9b70876ba0858053c0446a22442a12e9d48fe1a705f55a1adfc4.sdkstatcache -output-file-map /Users/admin/builder/spi-builder-workspace/.derivedData/Build/Intermediates.noindex/swift-syntax.build/Debug/SwiftParserDiagnostics-t.build/Objects-normal/arm64/SwiftParserDiagnostics-OutputFileMap.json -save-temps -no-color-diagnostics -explicit-module-build -module-cache-path /Users/admin/builder/spi-builder-workspace/.derivedData/Build/Intermediates.noindex/SwiftExplicitPrecompiledModules -clang-scanner-module-cache-path /Users/admin/builder/spi-builder-workspace/.derivedData/ModuleCache.noindex -sdk-module-cache-path /Users/admin/builder/spi-builder-workspace/.derivedData/SDKExplicitPrecompiledModules -emit-dependencies -emit-module -emit-module-path /Users/admin/builder/spi-builder-workspace/.derivedData/Build/Intermediates.noindex/swift-syntax.build/Debug/SwiftParserDiagnostics-t.build/Objects-normal/arm64/SwiftParserDiagnostics.swiftmodule -serialize-diagnostics -dependency-scan-serialize-diagnostics-path /Users/admin/builder/spi-builder-workspace/.derivedData/Build/Intermediates.noindex/swift-syntax.build/Debug/SwiftParserDiagnostics-t.build/Objects-normal/arm64/SwiftParserDiagnostics-dependency-scan.dia -validate-clang-modules-once -clang-build-session-file /Users/admin/builder/spi-builder-workspace/.derivedData/ModuleCache.noindex/Session.modulevalidation -Xcc -fmodules-prune-interval\=86400 -Xcc -fmodules-prune-after\=345600 -emit-const-values -const-gather-protocols-list /Users/admin/builder/spi-builder-workspace/.derivedData/Build/Intermediates.noindex/swift-syntax.build/Debug/SwiftParserDiagnostics-t.build/Objects-normal/arm64/SwiftParserDiagnostics_const_extract_protocols.json -Xcc -I/Users/admin/builder/spi-builder-workspace/.dependencies/checkouts/swift-syntax/Sources/_SwiftSyntaxCShims/include -Xcc -I/Users/admin/builder/spi-builder-workspace/.derivedData/Build/Products/Debug/include -Xcc -I/Users/admin/builder/spi-builder-workspace/.derivedData/Build/Intermediates.noindex/swift-syntax.build/Debug/SwiftParserDiagnostics-t.build/DerivedSources-normal/arm64 -Xcc -I/Users/admin/builder/spi-builder-workspace/.derivedData/Build/Intermediates.noindex/swift-syntax.build/Debug/SwiftParserDiagnostics-t.build/DerivedSources/arm64 -Xcc -I/Users/admin/builder/spi-builder-workspace/.derivedData/Build/Intermediates.noindex/swift-syntax.build/Debug/SwiftParserDiagnostics-t.build/DerivedSources -Xcc -DSWIFT_PACKAGE -Xcc -DDEBUG\=1 -emit-objc-header -emit-objc-header-path /Users/admin/builder/spi-builder-workspace/.derivedData/Build/Intermediates.noindex/swift-syntax.build/Debug/SwiftParserDiagnostics-t.build/Objects-normal/arm64/SwiftParserDiagnostics-Swift.h -working-directory /Users/admin/builder/spi-builder-workspace -experimental-emit-module-separately -disable-cmo
SwiftDriverJobDiscovery normal arm64 Compiling OperatorTable+Semantics.swift (in target 'SwiftOperators' from project 'swift-syntax')
SwiftCompile normal arm64 Compiling\ OperatorTable+Folding.swift /Users/admin/builder/spi-builder-workspace/.dependencies/checkouts/swift-syntax/Sources/SwiftOperators/OperatorTable+Folding.swift (in target 'SwiftOperators' from project 'swift-syntax')
SwiftCompile normal arm64 /Users/admin/builder/spi-builder-workspace/.dependencies/checkouts/swift-syntax/Sources/SwiftOperators/OperatorTable+Folding.swift (in target 'SwiftOperators' from project 'swift-syntax')
cd /Users/admin/builder/spi-builder-workspace
builtin-SwiftPerFileCompile OperatorTable+Folding.swift
SwiftCompile normal x86_64 Compiling\ OperatorTable+Folding.swift /Users/admin/builder/spi-builder-workspace/.dependencies/checkouts/swift-syntax/Sources/SwiftOperators/OperatorTable+Folding.swift (in target 'SwiftOperators' from project 'swift-syntax')
SwiftCompile normal x86_64 /Users/admin/builder/spi-builder-workspace/.dependencies/checkouts/swift-syntax/Sources/SwiftOperators/OperatorTable+Folding.swift (in target 'SwiftOperators' from project 'swift-syntax')
cd /Users/admin/builder/spi-builder-workspace
builtin-SwiftPerFileCompile OperatorTable+Folding.swift
SwiftDriverJobDiscovery normal arm64 Compiling PrecedenceGraph.swift (in target 'SwiftOperators' from project 'swift-syntax')
SwiftCompile normal x86_64 Compiling\ OperatorTable.swift /Users/admin/builder/spi-builder-workspace/.dependencies/checkouts/swift-syntax/Sources/SwiftOperators/OperatorTable.swift (in target 'SwiftOperators' from project 'swift-syntax')
SwiftCompile normal x86_64 /Users/admin/builder/spi-builder-workspace/.dependencies/checkouts/swift-syntax/Sources/SwiftOperators/OperatorTable.swift (in target 'SwiftOperators' from project 'swift-syntax')
cd /Users/admin/builder/spi-builder-workspace
builtin-SwiftPerFileCompile OperatorTable.swift
SwiftDriverJobDiscovery normal arm64 Compiling PrecedenceGroup.swift (in target 'SwiftOperators' from project 'swift-syntax')
SwiftCompile normal x86_64 Compiling\ PrecedenceGroup.swift /Users/admin/builder/spi-builder-workspace/.dependencies/checkouts/swift-syntax/Sources/SwiftOperators/PrecedenceGroup.swift (in target 'SwiftOperators' from project 'swift-syntax')
SwiftCompile normal x86_64 /Users/admin/builder/spi-builder-workspace/.dependencies/checkouts/swift-syntax/Sources/SwiftOperators/PrecedenceGroup.swift (in target 'SwiftOperators' from project 'swift-syntax')
cd /Users/admin/builder/spi-builder-workspace
builtin-SwiftPerFileCompile PrecedenceGroup.swift
SwiftDriverJobDiscovery normal x86_64 Compiling MissingNodesError.swift, MissingTokenError.swift (in target 'SwiftParserDiagnostics' from project 'swift-syntax')
SwiftDriver\ Compilation SwiftBasicFormat normal x86_64 com.apple.xcode.tools.swift.compiler (in target 'SwiftBasicFormat' from project 'swift-syntax')
cd /Users/admin/builder/spi-builder-workspace
builtin-Swift-Compilation -- /Applications/Xcode-27.0.0-Release.Candidate.app/Contents/Developer/Toolchains/XcodeDefault.xctoolchain/usr/bin/swiftc -parse-as-library -module-name SwiftBasicFormat -Onone @/Users/admin/builder/spi-builder-workspace/.derivedData/Build/Intermediates.noindex/swift-syntax.build/Debug/SwiftBasicFormat-t.build/Objects-normal/x86_64/SwiftBasicFormat.SwiftFileList -DSWIFT_PACKAGE -DDEBUG -DSWIFT_MODULE_RESOURCE_BUNDLE_UNAVAILABLE -Xcc -fmodule-map-file\=/Users/admin/builder/spi-builder-workspace/.dependencies/checkouts/swift-syntax/Sources/_SwiftSyntaxCShims/include/module.modulemap -DXcode -plugin-path /Applications/Xcode-27.0.0-Release.Candidate.app/Contents/Developer/Toolchains/XcodeDefault.xctoolchain/usr/lib/swift/host/plugins/testing -enable-experimental-feature DebugDescriptionMacro -sdk /Applications/Xcode-27.0.0-Release.Candidate.app/Contents/Developer/Platforms/MacOSX.platform/Developer/SDKs/MacOSX27.0.sdk -target x86_64-apple-macos12.0 -g -module-cache-path /Users/admin/builder/spi-builder-workspace/.derivedData/ModuleCache.noindex -Xfrontend -serialize-debugging-options -profile-coverage-mapping -profile-generate -enable-testing -suppress-warnings -index-store-path /Users/admin/builder/spi-builder-workspace/.derivedData/Index.noindex/DataStore -Xcc -D_LIBCPP_HARDENING_MODE\=_LIBCPP_HARDENING_MODE_DEBUG -swift-version 6 -I /Users/admin/builder/spi-builder-workspace/.derivedData/Build/Products/Debug -Isystem /Applications/Xcode-27.0.0-Release.Candidate.app/Contents/Developer/Platforms/MacOSX.platform/Developer/usr/lib -F /Users/admin/builder/spi-builder-workspace/.derivedData/Build/Products/Debug/PackageFrameworks -F /Users/admin/builder/spi-builder-workspace/.derivedData/Build/Products/Debug -F /Applications/Xcode-27.0.0-Release.Candidate.app/Contents/Developer/Platforms/MacOSX.platform/Developer/Library/Frameworks -c -j10 -enable-batch-mode -incremental -Xcc -ivfsstatcache -Xcc /Users/admin/builder/spi-builder-workspace/.derivedData/SDKStatCaches.noindex/macosx27.0-26A425-e829b21a6f8c9b70876ba0858053c0446a22442a12e9d48fe1a705f55a1adfc4.sdkstatcache -output-file-map /Users/admin/builder/spi-builder-workspace/.derivedData/Build/Intermediates.noindex/swift-syntax.build/Debug/SwiftBasicFormat-t.build/Objects-normal/x86_64/SwiftBasicFormat-OutputFileMap.json -save-temps -no-color-diagnostics -explicit-module-build -module-cache-path /Users/admin/builder/spi-builder-workspace/.derivedData/Build/Intermediates.noindex/SwiftExplicitPrecompiledModules -clang-scanner-module-cache-path /Users/admin/builder/spi-builder-workspace/.derivedData/ModuleCache.noindex -sdk-module-cache-path /Users/admin/builder/spi-builder-workspace/.derivedData/SDKExplicitPrecompiledModules -emit-dependencies -emit-module -emit-module-path /Users/admin/builder/spi-builder-workspace/.derivedData/Build/Intermediates.noindex/swift-syntax.build/Debug/SwiftBasicFormat-t.build/Objects-normal/x86_64/SwiftBasicFormat.swiftmodule -serialize-diagnostics -dependency-scan-serialize-diagnostics-path /Users/admin/builder/spi-builder-workspace/.derivedData/Build/Intermediates.noindex/swift-syntax.build/Debug/SwiftBasicFormat-t.build/Objects-normal/x86_64/SwiftBasicFormat-dependency-scan.dia -validate-clang-modules-once -clang-build-session-file /Users/admin/builder/spi-builder-workspace/.derivedData/ModuleCache.noindex/Session.modulevalidation -Xcc -fmodules-prune-interval\=86400 -Xcc -fmodules-prune-after\=345600 -emit-const-values -const-gather-protocols-list /Users/admin/builder/spi-builder-workspace/.derivedData/Build/Intermediates.noindex/swift-syntax.build/Debug/SwiftBasicFormat-t.build/Objects-normal/x86_64/SwiftBasicFormat_const_extract_protocols.json -Xcc -I/Users/admin/builder/spi-builder-workspace/.dependencies/checkouts/swift-syntax/Sources/_SwiftSyntaxCShims/include -Xcc -I/Users/admin/builder/spi-builder-workspace/.derivedData/Build/Products/Debug/include -Xcc -I/Users/admin/builder/spi-builder-workspace/.derivedData/Build/Intermediates.noindex/swift-syntax.build/Debug/SwiftBasicFormat-t.build/DerivedSources-normal/x86_64 -Xcc -I/Users/admin/builder/spi-builder-workspace/.derivedData/Build/Intermediates.noindex/swift-syntax.build/Debug/SwiftBasicFormat-t.build/DerivedSources/x86_64 -Xcc -I/Users/admin/builder/spi-builder-workspace/.derivedData/Build/Intermediates.noindex/swift-syntax.build/Debug/SwiftBasicFormat-t.build/DerivedSources -Xcc -DSWIFT_PACKAGE -Xcc -DDEBUG\=1 -emit-objc-header -emit-objc-header-path /Users/admin/builder/spi-builder-workspace/.derivedData/Build/Intermediates.noindex/swift-syntax.build/Debug/SwiftBasicFormat-t.build/Objects-normal/x86_64/SwiftBasicFormat-Swift.h -working-directory /Users/admin/builder/spi-builder-workspace -experimental-emit-module-separately -disable-cmo
SwiftDriverJobDiscovery normal x86_64 Compiling OperatorError+Diagnostics.swift (in target 'SwiftOperators' from project 'swift-syntax')
SwiftDriver\ Compilation SwiftBasicFormat normal arm64 com.apple.xcode.tools.swift.compiler (in target 'SwiftBasicFormat' from project 'swift-syntax')
cd /Users/admin/builder/spi-builder-workspace
builtin-Swift-Compilation -- /Applications/Xcode-27.0.0-Release.Candidate.app/Contents/Developer/Toolchains/XcodeDefault.xctoolchain/usr/bin/swiftc -parse-as-library -module-name SwiftBasicFormat -Onone @/Users/admin/builder/spi-builder-workspace/.derivedData/Build/Intermediates.noindex/swift-syntax.build/Debug/SwiftBasicFormat-t.build/Objects-normal/arm64/SwiftBasicFormat.SwiftFileList -DSWIFT_PACKAGE -DDEBUG -DSWIFT_MODULE_RESOURCE_BUNDLE_UNAVAILABLE -Xcc -fmodule-map-file\=/Users/admin/builder/spi-builder-workspace/.dependencies/checkouts/swift-syntax/Sources/_SwiftSyntaxCShims/include/module.modulemap -DXcode -plugin-path /Applications/Xcode-27.0.0-Release.Candidate.app/Contents/Developer/Toolchains/XcodeDefault.xctoolchain/usr/lib/swift/host/plugins/testing -enable-experimental-feature DebugDescriptionMacro -sdk /Applications/Xcode-27.0.0-Release.Candidate.app/Contents/Developer/Platforms/MacOSX.platform/Developer/SDKs/MacOSX27.0.sdk -target arm64-apple-macos12.0 -g -module-cache-path /Users/admin/builder/spi-builder-workspace/.derivedData/ModuleCache.noindex -Xfrontend -serialize-debugging-options -profile-coverage-mapping -profile-generate -enable-testing -suppress-warnings -index-store-path /Users/admin/builder/spi-builder-workspace/.derivedData/Index.noindex/DataStore -Xcc -D_LIBCPP_HARDENING_MODE\=_LIBCPP_HARDENING_MODE_DEBUG -swift-version 6 -I /Users/admin/builder/spi-builder-workspace/.derivedData/Build/Products/Debug -Isystem /Applications/Xcode-27.0.0-Release.Candidate.app/Contents/Developer/Platforms/MacOSX.platform/Developer/usr/lib -F /Users/admin/builder/spi-builder-workspace/.derivedData/Build/Products/Debug/PackageFrameworks -F /Users/admin/builder/spi-builder-workspace/.derivedData/Build/Products/Debug -F /Applications/Xcode-27.0.0-Release.Candidate.app/Contents/Developer/Platforms/MacOSX.platform/Developer/Library/Frameworks -c -j10 -enable-batch-mode -incremental -Xcc -ivfsstatcache -Xcc /Users/admin/builder/spi-builder-workspace/.derivedData/SDKStatCaches.noindex/macosx27.0-26A425-e829b21a6f8c9b70876ba0858053c0446a22442a12e9d48fe1a705f55a1adfc4.sdkstatcache -output-file-map /Users/admin/builder/spi-builder-workspace/.derivedData/Build/Intermediates.noindex/swift-syntax.build/Debug/SwiftBasicFormat-t.build/Objects-normal/arm64/SwiftBasicFormat-OutputFileMap.json -save-temps -no-color-diagnostics -explicit-module-build -module-cache-path /Users/admin/builder/spi-builder-workspace/.derivedData/Build/Intermediates.noindex/SwiftExplicitPrecompiledModules -clang-scanner-module-cache-path /Users/admin/builder/spi-builder-workspace/.derivedData/ModuleCache.noindex -sdk-module-cache-path /Users/admin/builder/spi-builder-workspace/.derivedData/SDKExplicitPrecompiledModules -emit-dependencies -emit-module -emit-module-path /Users/admin/builder/spi-builder-workspace/.derivedData/Build/Intermediates.noindex/swift-syntax.build/Debug/SwiftBasicFormat-t.build/Objects-normal/arm64/SwiftBasicFormat.swiftmodule -serialize-diagnostics -dependency-scan-serialize-diagnostics-path /Users/admin/builder/spi-builder-workspace/.derivedData/Build/Intermediates.noindex/swift-syntax.build/Debug/SwiftBasicFormat-t.build/Objects-normal/arm64/SwiftBasicFormat-dependency-scan.dia -validate-clang-modules-once -clang-build-session-file /Users/admin/builder/spi-builder-workspace/.derivedData/ModuleCache.noindex/Session.modulevalidation -Xcc -fmodules-prune-interval\=86400 -Xcc -fmodules-prune-after\=345600 -emit-const-values -const-gather-protocols-list /Users/admin/builder/spi-builder-workspace/.derivedData/Build/Intermediates.noindex/swift-syntax.build/Debug/SwiftBasicFormat-t.build/Objects-normal/arm64/SwiftBasicFormat_const_extract_protocols.json -Xcc -I/Users/admin/builder/spi-builder-workspace/.dependencies/checkouts/swift-syntax/Sources/_SwiftSyntaxCShims/include -Xcc -I/Users/admin/builder/spi-builder-workspace/.derivedData/Build/Products/Debug/include -Xcc -I/Users/admin/builder/spi-builder-workspace/.derivedData/Build/Intermediates.noindex/swift-syntax.build/Debug/SwiftBasicFormat-t.build/DerivedSources-normal/arm64 -Xcc -I/Users/admin/builder/spi-builder-workspace/.derivedData/Build/Intermediates.noindex/swift-syntax.build/Debug/SwiftBasicFormat-t.build/DerivedSources/arm64 -Xcc -I/Users/admin/builder/spi-builder-workspace/.derivedData/Build/Intermediates.noindex/swift-syntax.build/Debug/SwiftBasicFormat-t.build/DerivedSources -Xcc -DSWIFT_PACKAGE -Xcc -DDEBUG\=1 -emit-objc-header -emit-objc-header-path /Users/admin/builder/spi-builder-workspace/.derivedData/Build/Intermediates.noindex/swift-syntax.build/Debug/SwiftBasicFormat-t.build/Objects-normal/arm64/SwiftBasicFormat-Swift.h -working-directory /Users/admin/builder/spi-builder-workspace -experimental-emit-module-separately -disable-cmo
SwiftCompile normal arm64 Compiling\ DependencyValues.swift,\ Assert.swift,\ Calendar.swift /Users/admin/builder/spi-builder-workspace/.dependencies/checkouts/swift-dependencies/Sources/Dependencies/DependencyValues.swift /Users/admin/builder/spi-builder-workspace/.dependencies/checkouts/swift-dependencies/Sources/Dependencies/DependencyValues/Assert.swift /Users/admin/builder/spi-builder-workspace/.dependencies/checkouts/swift-dependencies/Sources/Dependencies/DependencyValues/Calendar.swift (in target 'Dependencies' from project 'swift-dependencies')
SwiftCompile normal arm64 /Users/admin/builder/spi-builder-workspace/.dependencies/checkouts/swift-dependencies/Sources/Dependencies/DependencyValues.swift (in target 'Dependencies' from project 'swift-dependencies')
cd /Users/admin/builder/spi-builder-workspace
builtin-SwiftPerFileCompile DependencyValues.swift
SwiftCompile normal arm64 /Users/admin/builder/spi-builder-workspace/.dependencies/checkouts/swift-dependencies/Sources/Dependencies/DependencyValues/Assert.swift (in target 'Dependencies' from project 'swift-dependencies')
cd /Users/admin/builder/spi-builder-workspace
builtin-SwiftPerFileCompile Assert.swift
SwiftCompile normal arm64 /Users/admin/builder/spi-builder-workspace/.dependencies/checkouts/swift-dependencies/Sources/Dependencies/DependencyValues/Calendar.swift (in target 'Dependencies' from project 'swift-dependencies')
cd /Users/admin/builder/spi-builder-workspace
builtin-SwiftPerFileCompile Calendar.swift
SwiftDriverJobDiscovery normal arm64 Compiling OperatorTable.swift (in target 'SwiftOperators' from project 'swift-syntax')
Ld /Users/admin/builder/spi-builder-workspace/.derivedData/Build/Intermediates.noindex/swift-collections.build/Debug/OrderedCollections-t.build/Objects-normal/x86_64/Binary/OrderedCollections.o normal x86_64 (in target 'OrderedCollections' from project 'swift-collections')
cd /Users/admin/builder/spi-builder-workspace/.dependencies/checkouts/swift-collections
/Applications/Xcode-27.0.0-Release.Candidate.app/Contents/Developer/Toolchains/XcodeDefault.xctoolchain/usr/bin/clang -Xlinker -reproducible -target x86_64-apple-macos12.0 -r -isysroot /Applications/Xcode-27.0.0-Release.Candidate.app/Contents/Developer/Platforms/MacOSX.platform/Developer/SDKs/MacOSX27.0.sdk -O0 -w -Xlinker -no_warn_duplicate_libraries -F/Users/admin/builder/spi-builder-workspace/.derivedData/Build/Intermediates.noindex/EagerLinkingTBDs/Debug -F/Users/admin/builder/spi-builder-workspace/.derivedData/Build/Products/Debug/PackageFrameworks -F/Users/admin/builder/spi-builder-workspace/.derivedData/Build/Products/Debug -iframework /Applications/Xcode-27.0.0-Release.Candidate.app/Contents/Developer/Platforms/MacOSX.platform/Developer/Library/Frameworks -filelist /Users/admin/builder/spi-builder-workspace/.derivedData/Build/Intermediates.noindex/swift-collections.build/Debug/OrderedCollections-t.build/Objects-normal/x86_64/OrderedCollections.LinkFileList -nostdlib -Xlinker -object_path_lto -Xlinker /Users/admin/builder/spi-builder-workspace/.derivedData/Build/Intermediates.noindex/swift-collections.build/Debug/OrderedCollections-t.build/Objects-normal/x86_64/OrderedCollections_lto.o -Xlinker -no_deduplicate -Xlinker -debug_variant -Xlinker -dependency_info -Xlinker /Users/admin/builder/spi-builder-workspace/.derivedData/Build/Intermediates.noindex/swift-collections.build/Debug/OrderedCollections-t.build/Objects-normal/x86_64/OrderedCollections_dependency_info.dat -fobjc-link-runtime -L/Applications/Xcode-27.0.0-Release.Candidate.app/Contents/Developer/Toolchains/XcodeDefault.xctoolchain/usr/lib/swift/macosx -L/usr/lib/swift -Xlinker -add_ast_path -Xlinker /Users/admin/builder/spi-builder-workspace/.derivedData/Build/Intermediates.noindex/swift-collections.build/Debug/OrderedCollections-t.build/Objects-normal/x86_64/OrderedCollections.swiftmodule -o /Users/admin/builder/spi-builder-workspace/.derivedData/Build/Intermediates.noindex/swift-collections.build/Debug/OrderedCollections-t.build/Objects-normal/x86_64/Binary/OrderedCollections.o
SwiftDriverJobDiscovery normal x86_64 Compiling Operator.swift (in target 'SwiftOperators' from project 'swift-syntax')
Ld /Users/admin/builder/spi-builder-workspace/.derivedData/Build/Intermediates.noindex/swift-collections.build/Debug/OrderedCollections-t.build/Objects-normal/arm64/Binary/OrderedCollections.o normal arm64 (in target 'OrderedCollections' from project 'swift-collections')
cd /Users/admin/builder/spi-builder-workspace/.dependencies/checkouts/swift-collections
/Applications/Xcode-27.0.0-Release.Candidate.app/Contents/Developer/Toolchains/XcodeDefault.xctoolchain/usr/bin/clang -Xlinker -reproducible -target arm64-apple-macos12.0 -r -isysroot /Applications/Xcode-27.0.0-Release.Candidate.app/Contents/Developer/Platforms/MacOSX.platform/Developer/SDKs/MacOSX27.0.sdk -O0 -w -Xlinker -no_warn_duplicate_libraries -F/Users/admin/builder/spi-builder-workspace/.derivedData/Build/Intermediates.noindex/EagerLinkingTBDs/Debug -F/Users/admin/builder/spi-builder-workspace/.derivedData/Build/Products/Debug/PackageFrameworks -F/Users/admin/builder/spi-builder-workspace/.derivedData/Build/Products/Debug -iframework /Applications/Xcode-27.0.0-Release.Candidate.app/Contents/Developer/Platforms/MacOSX.platform/Developer/Library/Frameworks -filelist /Users/admin/builder/spi-builder-workspace/.derivedData/Build/Intermediates.noindex/swift-collections.build/Debug/OrderedCollections-t.build/Objects-normal/arm64/OrderedCollections.LinkFileList -nostdlib -Xlinker -object_path_lto -Xlinker /Users/admin/builder/spi-builder-workspace/.derivedData/Build/Intermediates.noindex/swift-collections.build/Debug/OrderedCollections-t.build/Objects-normal/arm64/OrderedCollections_lto.o -Xlinker -no_deduplicate -Xlinker -debug_variant -Xlinker -dependency_info -Xlinker /Users/admin/builder/spi-builder-workspace/.derivedData/Build/Intermediates.noindex/swift-collections.build/Debug/OrderedCollections-t.build/Objects-normal/arm64/OrderedCollections_dependency_info.dat -fobjc-link-runtime -L/Applications/Xcode-27.0.0-Release.Candidate.app/Contents/Developer/Toolchains/XcodeDefault.xctoolchain/usr/lib/swift/macosx -L/usr/lib/swift -Xlinker -add_ast_path -Xlinker /Users/admin/builder/spi-builder-workspace/.derivedData/Build/Intermediates.noindex/swift-collections.build/Debug/OrderedCollections-t.build/Objects-normal/arm64/OrderedCollections.swiftmodule -o /Users/admin/builder/spi-builder-workspace/.derivedData/Build/Intermediates.noindex/swift-collections.build/Debug/OrderedCollections-t.build/Objects-normal/arm64/Binary/OrderedCollections.o
SwiftCompile normal arm64 Compiling\ TestTrait.swift,\ WithDependencies.swift /Users/admin/builder/spi-builder-workspace/.dependencies/checkouts/swift-dependencies/Sources/Dependencies/Traits/TestTrait.swift /Users/admin/builder/spi-builder-workspace/.dependencies/checkouts/swift-dependencies/Sources/Dependencies/WithDependencies.swift (in target 'Dependencies' from project 'swift-dependencies')
SwiftCompile normal arm64 /Users/admin/builder/spi-builder-workspace/.dependencies/checkouts/swift-dependencies/Sources/Dependencies/Traits/TestTrait.swift (in target 'Dependencies' from project 'swift-dependencies')
cd /Users/admin/builder/spi-builder-workspace
builtin-SwiftPerFileCompile TestTrait.swift
SwiftCompile normal arm64 /Users/admin/builder/spi-builder-workspace/.dependencies/checkouts/swift-dependencies/Sources/Dependencies/WithDependencies.swift (in target 'Dependencies' from project 'swift-dependencies')
cd /Users/admin/builder/spi-builder-workspace
builtin-SwiftPerFileCompile WithDependencies.swift
SwiftDriverJobDiscovery normal x86_64 Compiling OperatorTable+Semantics.swift (in target 'SwiftOperators' from project 'swift-syntax')
SwiftCompile normal arm64 Compiling\ UUID.swift,\ WithRandomNumberGenerator.swift /Users/admin/builder/spi-builder-workspace/.dependencies/checkouts/swift-dependencies/Sources/Dependencies/DependencyValues/UUID.swift /Users/admin/builder/spi-builder-workspace/.dependencies/checkouts/swift-dependencies/Sources/Dependencies/DependencyValues/WithRandomNumberGenerator.swift (in target 'Dependencies' from project 'swift-dependencies')
SwiftCompile normal arm64 /Users/admin/builder/spi-builder-workspace/.dependencies/checkouts/swift-dependencies/Sources/Dependencies/DependencyValues/UUID.swift (in target 'Dependencies' from project 'swift-dependencies')
cd /Users/admin/builder/spi-builder-workspace
builtin-SwiftPerFileCompile UUID.swift
SwiftCompile normal arm64 /Users/admin/builder/spi-builder-workspace/.dependencies/checkouts/swift-dependencies/Sources/Dependencies/DependencyValues/WithRandomNumberGenerator.swift (in target 'Dependencies' from project 'swift-dependencies')
cd /Users/admin/builder/spi-builder-workspace
builtin-SwiftPerFileCompile WithRandomNumberGenerator.swift
SwiftCompile normal arm64 Compiling\ FireAndForget.swift,\ Locale.swift,\ MainQueue.swift /Users/admin/builder/spi-builder-workspace/.dependencies/checkouts/swift-dependencies/Sources/Dependencies/DependencyValues/FireAndForget.swift /Users/admin/builder/spi-builder-workspace/.dependencies/checkouts/swift-dependencies/Sources/Dependencies/DependencyValues/Locale.swift /Users/admin/builder/spi-builder-workspace/.dependencies/checkouts/swift-dependencies/Sources/Dependencies/DependencyValues/MainQueue.swift (in target 'Dependencies' from project 'swift-dependencies')
SwiftCompile normal arm64 /Users/admin/builder/spi-builder-workspace/.dependencies/checkouts/swift-dependencies/Sources/Dependencies/DependencyValues/FireAndForget.swift (in target 'Dependencies' from project 'swift-dependencies')
cd /Users/admin/builder/spi-builder-workspace
builtin-SwiftPerFileCompile FireAndForget.swift
SwiftCompile normal arm64 /Users/admin/builder/spi-builder-workspace/.dependencies/checkouts/swift-dependencies/Sources/Dependencies/DependencyValues/Locale.swift (in target 'Dependencies' from project 'swift-dependencies')
cd /Users/admin/builder/spi-builder-workspace
builtin-SwiftPerFileCompile Locale.swift
SwiftCompile normal arm64 /Users/admin/builder/spi-builder-workspace/.dependencies/checkouts/swift-dependencies/Sources/Dependencies/DependencyValues/MainQueue.swift (in target 'Dependencies' from project 'swift-dependencies')
cd /Users/admin/builder/spi-builder-workspace
builtin-SwiftPerFileCompile MainQueue.swift
CreateUniversalBinary /Users/admin/builder/spi-builder-workspace/.derivedData/Build/Products/Debug/OrderedCollections.o normal arm64\ x86_64 (in target 'OrderedCollections' from project 'swift-collections')
cd /Users/admin/builder/spi-builder-workspace/.dependencies/checkouts/swift-collections
/Applications/Xcode-27.0.0-Release.Candidate.app/Contents/Developer/Toolchains/XcodeDefault.xctoolchain/usr/bin/lipo -create /Users/admin/builder/spi-builder-workspace/.derivedData/Build/Intermediates.noindex/swift-collections.build/Debug/OrderedCollections-t.build/Objects-normal/arm64/Binary/OrderedCollections.o /Users/admin/builder/spi-builder-workspace/.derivedData/Build/Intermediates.noindex/swift-collections.build/Debug/OrderedCollections-t.build/Objects-normal/x86_64/Binary/OrderedCollections.o -output /Users/admin/builder/spi-builder-workspace/.derivedData/Build/Products/Debug/OrderedCollections.o
PruneExplicitPrecompiledModules /Users/admin/builder/spi-builder-workspace/.derivedData/Build/Intermediates.noindex/ExplicitPrecompiledModules
PruneExplicitPrecompiledModules /Users/admin/builder/spi-builder-workspace/.derivedData/Build/Intermediates.noindex/SwiftExplicitPrecompiledModules
PruneExplicitPrecompiledModules /Users/admin/builder/spi-builder-workspace/.derivedData/SDKExplicitPrecompiledModules
2026-09-21 04:58:46.051 xcodebuild[1238:6644] [MT] IDERunDestination: Supported platforms for the buildables in the current scheme is empty.
2026-09-21 04:58:46.148 xcodebuild[1238:6644] [MT] IDERunDestination: Supported platforms for the buildables in the current scheme is empty.
** BUILD FAILED **
The following build commands failed:
SwiftEmitModule normal arm64 Emitting\ module\ for\ CustomDump (in target 'CustomDump' from project 'swift-custom-dump')
SwiftCompile normal arm64 (in target 'CustomDump' from project 'swift-custom-dump')
Building workspace TCAComposer with scheme TCAComposer
(3 failures)
Command line invocation:
/Applications/Xcode-27.0.0-Release.Candidate.app/Contents/Developer/usr/bin/xcodebuild -IDEClonedSourcePackagesDirPathOverride=/Users/admin/builder/spi-builder-workspace/.dependencies -resolvePackageDependencies
Resolve Package Graph
Resolved source packages:
swift-macro-testing: https://github.com/pointfreeco/swift-macro-testing @ 0.5.2
swift-navigation: https://github.com/pointfreeco/swift-navigation @ 2.2.2
swift-perception: https://github.com/pointfreeco/swift-perception @ 1.3.5
swift-tagged: https://github.com/pointfreeco/swift-tagged.git @ 0.10.0
swift-composable-architecture: https://github.com/pointfreeco/swift-composable-architecture @ 1.15.1
swift-clocks: https://github.com/pointfreeco/swift-clocks @ 1.0.5
swift-dependencies: https://github.com/pointfreeco/swift-dependencies @ 1.4.1
swift-case-paths: https://github.com/pointfreeco/swift-case-paths @ 1.5.6
swift-collections: https://github.com/apple/swift-collections @ 1.1.4
swift-syntax: https://github.com/swiftlang/swift-syntax @ 600.0.1
combine-schedulers: https://github.com/pointfreeco/combine-schedulers @ 1.0.2
tca-composer: /Users/admin/builder/spi-builder-workspace
swift-snapshot-testing: https://github.com/pointfreeco/swift-snapshot-testing @ 1.17.5
xctest-dynamic-overlay: https://github.com/pointfreeco/xctest-dynamic-overlay @ 1.4.2
swift-concurrency-extras: https://github.com/pointfreeco/swift-concurrency-extras @ 1.2.0
swift-identified-collections: https://github.com/pointfreeco/swift-identified-collections @ 1.1.0
swift-custom-dump: https://github.com/pointfreeco/swift-custom-dump @ 1.3.3
resolved source packages: swift-macro-testing, swift-navigation, swift-perception, swift-tagged, swift-composable-architecture, swift-clocks, swift-dependencies, swift-case-paths, swift-collections, swift-syntax, combine-schedulers, tca-composer, swift-snapshot-testing, xctest-dynamic-overlay, swift-concurrency-extras, swift-identified-collections, swift-custom-dump
2026-09-21 04:59:25.848 xcodebuild[1973:10592] [MT] IDERunDestination: Supported platforms for the buildables in the current scheme is empty.
2026-09-21 04:59:25.947 xcodebuild[1973:10592] [MT] IDERunDestination: Supported platforms for the buildables in the current scheme is empty.
Running build ...
env DEVELOPER_DIR=/Applications/Xcode-27.0.0-Release.Candidate.app xcrun xcodebuild -IDEClonedSourcePackagesDirPathOverride=$PWD/.dependencies -skipMacroValidation -skipPackagePluginValidation -derivedDataPath $PWD/.derivedData build -scheme TCAComposer -destination generic/platform=tvOS
Command line invocation:
/Applications/Xcode-27.0.0-Release.Candidate.app/Contents/Developer/usr/bin/xcodebuild -IDEClonedSourcePackagesDirPathOverride=/Users/admin/builder/spi-builder-workspace/.dependencies -skipMacroValidation -skipPackagePluginValidation -derivedDataPath /Users/admin/builder/spi-builder-workspace/.derivedData build -scheme TCAComposer -destination generic/platform=tvOS
Resolve Package Graph
Resolved source packages:
swift-concurrency-extras: https://github.com/pointfreeco/swift-concurrency-extras @ 1.2.0
swift-navigation: https://github.com/pointfreeco/swift-navigation @ 2.2.2
combine-schedulers: https://github.com/pointfreeco/combine-schedulers @ 1.0.2
xctest-dynamic-overlay: https://github.com/pointfreeco/xctest-dynamic-overlay @ 1.4.2
swift-perception: https://github.com/pointfreeco/swift-perception @ 1.3.5
swift-clocks: https://github.com/pointfreeco/swift-clocks @ 1.0.5
swift-identified-collections: https://github.com/pointfreeco/swift-identified-collections @ 1.1.0
swift-macro-testing: https://github.com/pointfreeco/swift-macro-testing @ 0.5.2
swift-snapshot-testing: https://github.com/pointfreeco/swift-snapshot-testing @ 1.17.5
swift-dependencies: https://github.com/pointfreeco/swift-dependencies @ 1.4.1
swift-custom-dump: https://github.com/pointfreeco/swift-custom-dump @ 1.3.3
swift-collections: https://github.com/apple/swift-collections @ 1.1.4
tca-composer: /Users/admin/builder/spi-builder-workspace
swift-composable-architecture: https://github.com/pointfreeco/swift-composable-architecture @ 1.15.1
swift-syntax: https://github.com/swiftlang/swift-syntax @ 600.0.1
swift-case-paths: https://github.com/pointfreeco/swift-case-paths @ 1.5.6
swift-tagged: https://github.com/pointfreeco/swift-tagged.git @ 0.10.0
ComputePackagePrebuildTargetDependencyGraph
Prepare packages
CreateBuildRequest
SendProjectDescription
CreateBuildOperation
ComputeTargetDependencyGraph
note: Building targets in dependency order
note: Target dependency graph (67 targets)
Target 'TCAComposer-product' in project 'tca-composer'
➜ Explicit dependency on target 'TCAComposer' in project 'tca-composer'
➜ Explicit dependency on target 'TCAComposerMacros' in project 'tca-composer'
➜ Explicit dependency on target 'ComposableArchitecture-product' in project 'swift-composable-architecture'
Target 'TCAComposer' in project 'tca-composer'
➜ Explicit dependency on target 'TCAComposerMacros' in project 'tca-composer'
➜ Explicit dependency on target 'ComposableArchitecture-product' in project 'swift-composable-architecture'
Target 'ComposableArchitecture-product' in project 'swift-composable-architecture'
➜ Explicit dependency on target 'ComposableArchitecture' in project 'swift-composable-architecture'
➜ Explicit dependency on target 'swift-composable-architecture_ComposableArchitecture' in project 'swift-composable-architecture'
➜ Explicit dependency on target 'ComposableArchitectureMacros' in project 'swift-composable-architecture'
➜ Explicit dependency on target 'CasePaths-product' in project 'swift-case-paths'
➜ Explicit dependency on target 'CombineSchedulers-product' in project 'combine-schedulers'
➜ Explicit dependency on target 'ConcurrencyExtras-product' in project 'swift-concurrency-extras'
➜ Explicit dependency on target 'CustomDump-product' in project 'swift-custom-dump'
➜ Explicit dependency on target 'Dependencies-product' in project 'swift-dependencies'
➜ Explicit dependency on target 'DependenciesMacros-product' in project 'swift-dependencies'
➜ Explicit dependency on target 'IdentifiedCollections-product' in project 'swift-identified-collections'
➜ Explicit dependency on target 'IssueReporting-product' in project 'xctest-dynamic-overlay'
➜ Explicit dependency on target 'OrderedCollections-product' in project 'swift-collections'
➜ Explicit dependency on target 'Perception-product' in project 'swift-perception'
➜ Explicit dependency on target 'SwiftUINavigation-product' in project 'swift-navigation'
➜ Explicit dependency on target 'UIKitNavigation-product' in project 'swift-navigation'
Target 'ComposableArchitecture' in project 'swift-composable-architecture'
➜ Explicit dependency on target 'swift-composable-architecture_ComposableArchitecture' in project 'swift-composable-architecture'
➜ Explicit dependency on target 'ComposableArchitectureMacros' in project 'swift-composable-architecture'
➜ Explicit dependency on target 'CasePaths-product' in project 'swift-case-paths'
➜ Explicit dependency on target 'CombineSchedulers-product' in project 'combine-schedulers'
➜ Explicit dependency on target 'ConcurrencyExtras-product' in project 'swift-concurrency-extras'
➜ Explicit dependency on target 'CustomDump-product' in project 'swift-custom-dump'
➜ Explicit dependency on target 'Dependencies-product' in project 'swift-dependencies'
➜ Explicit dependency on target 'DependenciesMacros-product' in project 'swift-dependencies'
➜ Explicit dependency on target 'IdentifiedCollections-product' in project 'swift-identified-collections'
➜ Explicit dependency on target 'IssueReporting-product' in project 'xctest-dynamic-overlay'
➜ Explicit dependency on target 'OrderedCollections-product' in project 'swift-collections'
➜ Explicit dependency on target 'Perception-product' in project 'swift-perception'
➜ Explicit dependency on target 'SwiftUINavigation-product' in project 'swift-navigation'
➜ Explicit dependency on target 'UIKitNavigation-product' in project 'swift-navigation'
Target 'UIKitNavigation-product' in project 'swift-navigation'
➜ Explicit dependency on target 'UIKitNavigation' in project 'swift-navigation'
➜ Explicit dependency on target 'SwiftNavigation' in project 'swift-navigation'
➜ Explicit dependency on target 'UIKitNavigationShim' in project 'swift-navigation'
➜ Explicit dependency on target 'CasePaths-product' in project 'swift-case-paths'
➜ Explicit dependency on target 'CustomDump-product' in project 'swift-custom-dump'
➜ Explicit dependency on target 'ConcurrencyExtras-product' in project 'swift-concurrency-extras'
➜ Explicit dependency on target 'OrderedCollections-product' in project 'swift-collections'
➜ Explicit dependency on target 'Perception-product' in project 'swift-perception'
Target 'SwiftUINavigation-product' in project 'swift-navigation'
➜ Explicit dependency on target 'SwiftUINavigation' in project 'swift-navigation'
➜ Explicit dependency on target 'SwiftNavigation' in project 'swift-navigation'
➜ Explicit dependency on target 'UIKitNavigationShim' in project 'swift-navigation'
➜ Explicit dependency on target 'UIKitNavigation' in project 'swift-navigation'
➜ Explicit dependency on target 'CasePaths-product' in project 'swift-case-paths'
➜ Explicit dependency on target 'CustomDump-product' in project 'swift-custom-dump'
➜ Explicit dependency on target 'ConcurrencyExtras-product' in project 'swift-concurrency-extras'
➜ Explicit dependency on target 'OrderedCollections-product' in project 'swift-collections'
➜ Explicit dependency on target 'Perception-product' in project 'swift-perception'
➜ Explicit dependency on target 'IssueReporting-product' in project 'xctest-dynamic-overlay'
Target 'SwiftUINavigation' in project 'swift-navigation'
➜ Explicit dependency on target 'SwiftNavigation' in project 'swift-navigation'
➜ Explicit dependency on target 'UIKitNavigationShim' in project 'swift-navigation'
➜ Explicit dependency on target 'UIKitNavigation' in project 'swift-navigation'
➜ Explicit dependency on target 'CasePaths-product' in project 'swift-case-paths'
➜ Explicit dependency on target 'CustomDump-product' in project 'swift-custom-dump'
➜ Explicit dependency on target 'ConcurrencyExtras-product' in project 'swift-concurrency-extras'
➜ Explicit dependency on target 'OrderedCollections-product' in project 'swift-collections'
➜ Explicit dependency on target 'Perception-product' in project 'swift-perception'
➜ Explicit dependency on target 'IssueReporting-product' in project 'xctest-dynamic-overlay'
Target 'UIKitNavigation' in project 'swift-navigation'
➜ Explicit dependency on target 'SwiftNavigation' in project 'swift-navigation'
➜ Explicit dependency on target 'UIKitNavigationShim' in project 'swift-navigation'
➜ Explicit dependency on target 'CasePaths-product' in project 'swift-case-paths'
➜ Explicit dependency on target 'CustomDump-product' in project 'swift-custom-dump'
➜ Explicit dependency on target 'ConcurrencyExtras-product' in project 'swift-concurrency-extras'
➜ Explicit dependency on target 'OrderedCollections-product' in project 'swift-collections'
➜ Explicit dependency on target 'Perception-product' in project 'swift-perception'
Target 'UIKitNavigationShim' in project 'swift-navigation' (no dependencies)
Target 'SwiftNavigation' in project 'swift-navigation'
➜ Explicit dependency on target 'CasePaths-product' in project 'swift-case-paths'
➜ Explicit dependency on target 'CustomDump-product' in project 'swift-custom-dump'
➜ Explicit dependency on target 'ConcurrencyExtras-product' in project 'swift-concurrency-extras'
➜ Explicit dependency on target 'OrderedCollections-product' in project 'swift-collections'
➜ Explicit dependency on target 'Perception-product' in project 'swift-perception'
Target 'Perception-product' in project 'swift-perception'
➜ Explicit dependency on target 'Perception' in project 'swift-perception'
➜ Explicit dependency on target 'PerceptionMacros' in project 'swift-perception'
➜ Explicit dependency on target 'IssueReporting-product' in project 'xctest-dynamic-overlay'
Target 'Perception' in project 'swift-perception'
➜ Explicit dependency on target 'PerceptionMacros' in project 'swift-perception'
➜ Explicit dependency on target 'IssueReporting-product' in project 'xctest-dynamic-overlay'
Target 'PerceptionMacros' in project 'swift-perception'
➜ Explicit dependency on target 'SwiftSyntaxMacros-product' in project 'swift-syntax'
➜ Explicit dependency on target 'SwiftCompilerPlugin-product' in project 'swift-syntax'
Target 'IdentifiedCollections-product' in project 'swift-identified-collections'
➜ Explicit dependency on target 'IdentifiedCollections' in project 'swift-identified-collections'
➜ Explicit dependency on target 'OrderedCollections-product' in project 'swift-collections'
Target 'IdentifiedCollections' in project 'swift-identified-collections'
➜ Explicit dependency on target 'OrderedCollections-product' in project 'swift-collections'
Target 'OrderedCollections-product' in project 'swift-collections'
➜ Explicit dependency on target 'OrderedCollections' in project 'swift-collections'
➜ Explicit dependency on target 'InternalCollectionsUtilities' in project 'swift-collections'
Target 'OrderedCollections' in project 'swift-collections'
➜ Explicit dependency on target 'InternalCollectionsUtilities' in project 'swift-collections'
Target 'InternalCollectionsUtilities' in project 'swift-collections' (no dependencies)
Target 'DependenciesMacros-product' in project 'swift-dependencies'
➜ Explicit dependency on target 'DependenciesMacros' in project 'swift-dependencies'
➜ Explicit dependency on target 'DependenciesMacrosPlugin' in project 'swift-dependencies'
➜ Explicit dependency on target 'IssueReporting-product' in project 'xctest-dynamic-overlay'
➜ Explicit dependency on target 'XCTestDynamicOverlay-product' in project 'xctest-dynamic-overlay'
Target 'DependenciesMacros' in project 'swift-dependencies'
➜ Explicit dependency on target 'DependenciesMacrosPlugin' in project 'swift-dependencies'
➜ Explicit dependency on target 'IssueReporting-product' in project 'xctest-dynamic-overlay'
➜ Explicit dependency on target 'XCTestDynamicOverlay-product' in project 'xctest-dynamic-overlay'
Target 'DependenciesMacrosPlugin' in project 'swift-dependencies'
➜ Explicit dependency on target 'SwiftSyntaxMacros-product' in project 'swift-syntax'
➜ Explicit dependency on target 'SwiftCompilerPlugin-product' in project 'swift-syntax'
Target 'Dependencies-product' in project 'swift-dependencies'
➜ Explicit dependency on target 'Dependencies' in project 'swift-dependencies'
➜ Explicit dependency on target 'Clocks-product' in project 'swift-clocks'
➜ Explicit dependency on target 'CombineSchedulers-product' in project 'combine-schedulers'
➜ Explicit dependency on target 'ConcurrencyExtras-product' in project 'swift-concurrency-extras'
➜ Explicit dependency on target 'IssueReporting-product' in project 'xctest-dynamic-overlay'
➜ Explicit dependency on target 'XCTestDynamicOverlay-product' in project 'xctest-dynamic-overlay'
Target 'Dependencies' in project 'swift-dependencies'
➜ Explicit dependency on target 'Clocks-product' in project 'swift-clocks'
➜ Explicit dependency on target 'CombineSchedulers-product' in project 'combine-schedulers'
➜ Explicit dependency on target 'ConcurrencyExtras-product' in project 'swift-concurrency-extras'
➜ Explicit dependency on target 'IssueReporting-product' in project 'xctest-dynamic-overlay'
➜ Explicit dependency on target 'XCTestDynamicOverlay-product' in project 'xctest-dynamic-overlay'
Target 'Clocks-product' in project 'swift-clocks'
➜ Explicit dependency on target 'Clocks' in project 'swift-clocks'
➜ Explicit dependency on target 'ConcurrencyExtras-product' in project 'swift-concurrency-extras'
➜ Explicit dependency on target 'IssueReporting-product' in project 'xctest-dynamic-overlay'
Target 'Clocks' in project 'swift-clocks'
➜ Explicit dependency on target 'ConcurrencyExtras-product' in project 'swift-concurrency-extras'
➜ Explicit dependency on target 'IssueReporting-product' in project 'xctest-dynamic-overlay'
Target 'CustomDump-product' in project 'swift-custom-dump'
➜ Explicit dependency on target 'CustomDump' in project 'swift-custom-dump'
➜ Explicit dependency on target 'IssueReporting-product' in project 'xctest-dynamic-overlay'
➜ Explicit dependency on target 'XCTestDynamicOverlay-product' in project 'xctest-dynamic-overlay'
Target 'CustomDump' in project 'swift-custom-dump'
➜ Explicit dependency on target 'IssueReporting-product' in project 'xctest-dynamic-overlay'
➜ Explicit dependency on target 'XCTestDynamicOverlay-product' in project 'xctest-dynamic-overlay'
Target 'CombineSchedulers-product' in project 'combine-schedulers'
➜ Explicit dependency on target 'CombineSchedulers' in project 'combine-schedulers'
➜ Explicit dependency on target 'ConcurrencyExtras-product' in project 'swift-concurrency-extras'
➜ Explicit dependency on target 'IssueReporting-product' in project 'xctest-dynamic-overlay'
Target 'CombineSchedulers' in project 'combine-schedulers'
➜ Explicit dependency on target 'ConcurrencyExtras-product' in project 'swift-concurrency-extras'
➜ Explicit dependency on target 'IssueReporting-product' in project 'xctest-dynamic-overlay'
Target 'ConcurrencyExtras-product' in project 'swift-concurrency-extras'
➜ Explicit dependency on target 'ConcurrencyExtras' in project 'swift-concurrency-extras'
Target 'ConcurrencyExtras' in project 'swift-concurrency-extras' (no dependencies)
Target 'CasePaths-product' in project 'swift-case-paths'
➜ Explicit dependency on target 'CasePaths' in project 'swift-case-paths'
➜ Explicit dependency on target 'CasePathsMacros' in project 'swift-case-paths'
➜ Explicit dependency on target 'IssueReporting-product' in project 'xctest-dynamic-overlay'
➜ Explicit dependency on target 'XCTestDynamicOverlay-product' in project 'xctest-dynamic-overlay'
Target 'CasePaths' in project 'swift-case-paths'
➜ Explicit dependency on target 'CasePathsMacros' in project 'swift-case-paths'
➜ Explicit dependency on target 'IssueReporting-product' in project 'xctest-dynamic-overlay'
➜ Explicit dependency on target 'XCTestDynamicOverlay-product' in project 'xctest-dynamic-overlay'
Target 'XCTestDynamicOverlay-product' in project 'xctest-dynamic-overlay'
➜ Explicit dependency on target 'XCTestDynamicOverlay' in project 'xctest-dynamic-overlay'
➜ Explicit dependency on target 'IssueReporting' in project 'xctest-dynamic-overlay'
Target 'XCTestDynamicOverlay' in project 'xctest-dynamic-overlay'
➜ Explicit dependency on target 'IssueReporting' in project 'xctest-dynamic-overlay'
Target 'IssueReporting-product' in project 'xctest-dynamic-overlay'
➜ Explicit dependency on target 'IssueReporting' in project 'xctest-dynamic-overlay'
Target 'IssueReporting' in project 'xctest-dynamic-overlay' (no dependencies)
Target 'ComposableArchitectureMacros' in project 'swift-composable-architecture'
➜ Explicit dependency on target 'SwiftSyntaxMacros-product' in project 'swift-syntax'
➜ Explicit dependency on target 'SwiftCompilerPlugin-product' in project 'swift-syntax'
Target 'swift-composable-architecture_ComposableArchitecture' in project 'swift-composable-architecture' (no dependencies)
Target 'TCAComposerMacros' in project 'tca-composer'
➜ Explicit dependency on target 'CasePaths-product' in project 'swift-case-paths'
➜ Explicit dependency on target 'OrderedCollections-product' in project 'swift-collections'
➜ Explicit dependency on target 'SwiftSyntaxMacros-product' in project 'swift-syntax'
➜ Explicit dependency on target 'SwiftCompilerPlugin-product' in project 'swift-syntax'
➜ Explicit dependency on target 'IssueReporting-product' in project 'xctest-dynamic-overlay'
Target 'OrderedCollections-product' in project 'swift-collections'
➜ Explicit dependency on target 'OrderedCollections' in project 'swift-collections'
➜ Explicit dependency on target 'InternalCollectionsUtilities' in project 'swift-collections'
Target 'OrderedCollections' in project 'swift-collections'
➜ Explicit dependency on target 'InternalCollectionsUtilities' in project 'swift-collections'
Target 'InternalCollectionsUtilities' in project 'swift-collections' (no dependencies)
Target 'CasePaths-product' in project 'swift-case-paths'
➜ Explicit dependency on target 'CasePaths' in project 'swift-case-paths'
➜ Explicit dependency on target 'CasePathsMacros' in project 'swift-case-paths'
➜ Explicit dependency on target 'IssueReporting-product' in project 'xctest-dynamic-overlay'
➜ Explicit dependency on target 'XCTestDynamicOverlay-product' in project 'xctest-dynamic-overlay'
Target 'CasePaths' in project 'swift-case-paths'
➜ Explicit dependency on target 'CasePathsMacros' in project 'swift-case-paths'
➜ Explicit dependency on target 'IssueReporting-product' in project 'xctest-dynamic-overlay'
➜ Explicit dependency on target 'XCTestDynamicOverlay-product' in project 'xctest-dynamic-overlay'
Target 'XCTestDynamicOverlay-product' in project 'xctest-dynamic-overlay'
➜ Explicit dependency on target 'XCTestDynamicOverlay' in project 'xctest-dynamic-overlay'
➜ Explicit dependency on target 'IssueReporting' in project 'xctest-dynamic-overlay'
Target 'XCTestDynamicOverlay' in project 'xctest-dynamic-overlay'
➜ Explicit dependency on target 'IssueReporting' in project 'xctest-dynamic-overlay'
Target 'IssueReporting-product' in project 'xctest-dynamic-overlay'
➜ Explicit dependency on target 'IssueReporting' in project 'xctest-dynamic-overlay'
Target 'IssueReporting' in project 'xctest-dynamic-overlay' (no dependencies)
Target 'CasePathsMacros' in project 'swift-case-paths'
➜ Explicit dependency on target 'SwiftSyntaxMacros-product' in project 'swift-syntax'
➜ Explicit dependency on target 'SwiftCompilerPlugin-product' in project 'swift-syntax'
Target 'SwiftCompilerPlugin-product' in project 'swift-syntax'
➜ Explicit dependency on target 'SwiftCompilerPlugin' in project 'swift-syntax'
➜ Explicit dependency on target '_SwiftSyntaxCShims' in project 'swift-syntax'
➜ Explicit dependency on target 'SwiftSyntax509' in project 'swift-syntax'
➜ Explicit dependency on target 'SwiftSyntax510' in project 'swift-syntax'
➜ Explicit dependency on target 'SwiftSyntax600' in project 'swift-syntax'
➜ Explicit dependency on target 'SwiftSyntax' in project 'swift-syntax'
➜ Explicit dependency on target 'SwiftDiagnostics' in project 'swift-syntax'
➜ Explicit dependency on target 'SwiftParser' in project 'swift-syntax'
➜ Explicit dependency on target 'SwiftOperators' in project 'swift-syntax'
➜ Explicit dependency on target 'SwiftBasicFormat' in project 'swift-syntax'
➜ Explicit dependency on target 'SwiftParserDiagnostics' in project 'swift-syntax'
➜ Explicit dependency on target 'SwiftSyntaxBuilder' in project 'swift-syntax'
➜ Explicit dependency on target 'SwiftSyntaxMacros' in project 'swift-syntax'
➜ Explicit dependency on target 'SwiftSyntaxMacroExpansion' in project 'swift-syntax'
➜ Explicit dependency on target 'SwiftCompilerPluginMessageHandling' in project 'swift-syntax'
Target 'SwiftCompilerPlugin' in project 'swift-syntax'
➜ Explicit dependency on target '_SwiftSyntaxCShims' in project 'swift-syntax'
➜ Explicit dependency on target 'SwiftSyntax509' in project 'swift-syntax'
➜ Explicit dependency on target 'SwiftSyntax510' in project 'swift-syntax'
➜ Explicit dependency on target 'SwiftSyntax600' in project 'swift-syntax'
➜ Explicit dependency on target 'SwiftSyntax' in project 'swift-syntax'
➜ Explicit dependency on target 'SwiftDiagnostics' in project 'swift-syntax'
➜ Explicit dependency on target 'SwiftParser' in project 'swift-syntax'
➜ Explicit dependency on target 'SwiftOperators' in project 'swift-syntax'
➜ Explicit dependency on target 'SwiftBasicFormat' in project 'swift-syntax'
➜ Explicit dependency on target 'SwiftParserDiagnostics' in project 'swift-syntax'
➜ Explicit dependency on target 'SwiftSyntaxBuilder' in project 'swift-syntax'
➜ Explicit dependency on target 'SwiftSyntaxMacros' in project 'swift-syntax'
➜ Explicit dependency on target 'SwiftSyntaxMacroExpansion' in project 'swift-syntax'
➜ Explicit dependency on target 'SwiftCompilerPluginMessageHandling' in project 'swift-syntax'
Target 'SwiftCompilerPluginMessageHandling' in project 'swift-syntax'
➜ Explicit dependency on target '_SwiftSyntaxCShims' in project 'swift-syntax'
➜ Explicit dependency on target 'SwiftSyntax509' in project 'swift-syntax'
➜ Explicit dependency on target 'SwiftSyntax510' in project 'swift-syntax'
➜ Explicit dependency on target 'SwiftSyntax600' in project 'swift-syntax'
➜ Explicit dependency on target 'SwiftSyntax' in project 'swift-syntax'
➜ Explicit dependency on target 'SwiftDiagnostics' in project 'swift-syntax'
➜ Explicit dependency on target 'SwiftParser' in project 'swift-syntax'
➜ Explicit dependency on target 'SwiftOperators' in project 'swift-syntax'
➜ Explicit dependency on target 'SwiftBasicFormat' in project 'swift-syntax'
➜ Explicit dependency on target 'SwiftParserDiagnostics' in project 'swift-syntax'
➜ Explicit dependency on target 'SwiftSyntaxBuilder' in project 'swift-syntax'
➜ Explicit dependency on target 'SwiftSyntaxMacros' in project 'swift-syntax'
➜ Explicit dependency on target 'SwiftSyntaxMacroExpansion' in project 'swift-syntax'
Target 'SwiftSyntaxMacroExpansion' in project 'swift-syntax'
➜ Explicit dependency on target '_SwiftSyntaxCShims' in project 'swift-syntax'
➜ Explicit dependency on target 'SwiftSyntax509' in project 'swift-syntax'
➜ Explicit dependency on target 'SwiftSyntax510' in project 'swift-syntax'
➜ Explicit dependency on target 'SwiftSyntax600' in project 'swift-syntax'
➜ Explicit dependency on target 'SwiftSyntax' in project 'swift-syntax'
➜ Explicit dependency on target 'SwiftBasicFormat' in project 'swift-syntax'
➜ Explicit dependency on target 'SwiftParser' in project 'swift-syntax'
➜ Explicit dependency on target 'SwiftDiagnostics' in project 'swift-syntax'
➜ Explicit dependency on target 'SwiftParserDiagnostics' in project 'swift-syntax'
➜ Explicit dependency on target 'SwiftSyntaxBuilder' in project 'swift-syntax'
➜ Explicit dependency on target 'SwiftSyntaxMacros' in project 'swift-syntax'
➜ Explicit dependency on target 'SwiftOperators' in project 'swift-syntax'
Target 'SwiftOperators' in project 'swift-syntax'
➜ Explicit dependency on target '_SwiftSyntaxCShims' in project 'swift-syntax'
➜ Explicit dependency on target 'SwiftSyntax509' in project 'swift-syntax'
➜ Explicit dependency on target 'SwiftSyntax510' in project 'swift-syntax'
➜ Explicit dependency on target 'SwiftSyntax600' in project 'swift-syntax'
➜ Explicit dependency on target 'SwiftSyntax' in project 'swift-syntax'
➜ Explicit dependency on target 'SwiftDiagnostics' in project 'swift-syntax'
➜ Explicit dependency on target 'SwiftParser' in project 'swift-syntax'
Target 'SwiftSyntaxMacros-product' in project 'swift-syntax'
➜ Explicit dependency on target 'SwiftSyntaxMacros' in project 'swift-syntax'
➜ Explicit dependency on target '_SwiftSyntaxCShims' in project 'swift-syntax'
➜ Explicit dependency on target 'SwiftSyntax509' in project 'swift-syntax'
➜ Explicit dependency on target 'SwiftSyntax510' in project 'swift-syntax'
➜ Explicit dependency on target 'SwiftSyntax600' in project 'swift-syntax'
➜ Explicit dependency on target 'SwiftSyntax' in project 'swift-syntax'
➜ Explicit dependency on target 'SwiftDiagnostics' in project 'swift-syntax'
➜ Explicit dependency on target 'SwiftParser' in project 'swift-syntax'
➜ Explicit dependency on target 'SwiftBasicFormat' in project 'swift-syntax'
➜ Explicit dependency on target 'SwiftParserDiagnostics' in project 'swift-syntax'
➜ Explicit dependency on target 'SwiftSyntaxBuilder' in project 'swift-syntax'
Target 'SwiftSyntaxMacros' in project 'swift-syntax'
➜ Explicit dependency on target '_SwiftSyntaxCShims' in project 'swift-syntax'
➜ Explicit dependency on target 'SwiftSyntax509' in project 'swift-syntax'
➜ Explicit dependency on target 'SwiftSyntax510' in project 'swift-syntax'
➜ Explicit dependency on target 'SwiftSyntax600' in project 'swift-syntax'
➜ Explicit dependency on target 'SwiftSyntax' in project 'swift-syntax'
➜ Explicit dependency on target 'SwiftDiagnostics' in project 'swift-syntax'
➜ Explicit dependency on target 'SwiftParser' in project 'swift-syntax'
➜ Explicit dependency on target 'SwiftBasicFormat' in project 'swift-syntax'
➜ Explicit dependency on target 'SwiftParserDiagnostics' in project 'swift-syntax'
➜ Explicit dependency on target 'SwiftSyntaxBuilder' in project 'swift-syntax'
Target 'SwiftSyntaxBuilder' in project 'swift-syntax'
➜ Explicit dependency on target '_SwiftSyntaxCShims' in project 'swift-syntax'
➜ Explicit dependency on target 'SwiftSyntax509' in project 'swift-syntax'
➜ Explicit dependency on target 'SwiftSyntax510' in project 'swift-syntax'
➜ Explicit dependency on target 'SwiftSyntax600' in project 'swift-syntax'
➜ Explicit dependency on target 'SwiftSyntax' in project 'swift-syntax'
➜ Explicit dependency on target 'SwiftBasicFormat' in project 'swift-syntax'
➜ Explicit dependency on target 'SwiftParser' in project 'swift-syntax'
➜ Explicit dependency on target 'SwiftDiagnostics' in project 'swift-syntax'
➜ Explicit dependency on target 'SwiftParserDiagnostics' in project 'swift-syntax'
Target 'SwiftParserDiagnostics' in project 'swift-syntax'
➜ Explicit dependency on target '_SwiftSyntaxCShims' in project 'swift-syntax'
➜ Explicit dependency on target 'SwiftSyntax509' in project 'swift-syntax'
➜ Explicit dependency on target 'SwiftSyntax510' in project 'swift-syntax'
➜ Explicit dependency on target 'SwiftSyntax600' in project 'swift-syntax'
➜ Explicit dependency on target 'SwiftSyntax' in project 'swift-syntax'
➜ Explicit dependency on target 'SwiftBasicFormat' in project 'swift-syntax'
➜ Explicit dependency on target 'SwiftDiagnostics' in project 'swift-syntax'
➜ Explicit dependency on target 'SwiftParser' in project 'swift-syntax'
Target 'SwiftBasicFormat' in project 'swift-syntax'
➜ Explicit dependency on target '_SwiftSyntaxCShims' in project 'swift-syntax'
➜ Explicit dependency on target 'SwiftSyntax509' in project 'swift-syntax'
➜ Explicit dependency on target 'SwiftSyntax510' in project 'swift-syntax'
➜ Explicit dependency on target 'SwiftSyntax600' in project 'swift-syntax'
➜ Explicit dependency on target 'SwiftSyntax' in project 'swift-syntax'
Target 'SwiftParser' in project 'swift-syntax'
➜ Explicit dependency on target '_SwiftSyntaxCShims' in project 'swift-syntax'
➜ Explicit dependency on target 'SwiftSyntax509' in project 'swift-syntax'
➜ Explicit dependency on target 'SwiftSyntax510' in project 'swift-syntax'
➜ Explicit dependency on target 'SwiftSyntax600' in project 'swift-syntax'
➜ Explicit dependency on target 'SwiftSyntax' in project 'swift-syntax'
Target 'SwiftDiagnostics' in project 'swift-syntax'
➜ Explicit dependency on target '_SwiftSyntaxCShims' in project 'swift-syntax'
➜ Explicit dependency on target 'SwiftSyntax509' in project 'swift-syntax'
➜ Explicit dependency on target 'SwiftSyntax510' in project 'swift-syntax'
➜ Explicit dependency on target 'SwiftSyntax600' in project 'swift-syntax'
➜ Explicit dependency on target 'SwiftSyntax' in project 'swift-syntax'
Target 'SwiftSyntax' in project 'swift-syntax'
➜ Explicit dependency on target '_SwiftSyntaxCShims' in project 'swift-syntax'
➜ Explicit dependency on target 'SwiftSyntax509' in project 'swift-syntax'
➜ Explicit dependency on target 'SwiftSyntax510' in project 'swift-syntax'
➜ Explicit dependency on target 'SwiftSyntax600' in project 'swift-syntax'
Target 'SwiftSyntax600' in project 'swift-syntax' (no dependencies)
Target 'SwiftSyntax510' in project 'swift-syntax' (no dependencies)
Target 'SwiftSyntax509' in project 'swift-syntax' (no dependencies)
Target '_SwiftSyntaxCShims' in project 'swift-syntax' (no dependencies)
GatherProvisioningInputs
CreateBuildDescription
ClangStatCache /Applications/Xcode-27.0.0-Release.Candidate.app/Contents/Developer/Toolchains/XcodeDefault.xctoolchain/usr/bin/clang-stat-cache /Applications/Xcode-27.0.0-Release.Candidate.app/Contents/Developer/Platforms/MacOSX.platform/Developer/SDKs/MacOSX27.0.sdk /Users/admin/builder/spi-builder-workspace/.derivedData/SDKStatCaches.noindex/macosx27.0-26A425-e829b21a6f8c9b70876ba0858053c0446a22442a12e9d48fe1a705f55a1adfc4.sdkstatcache
cd /Users/admin/builder/spi-builder-workspace
/Applications/Xcode-27.0.0-Release.Candidate.app/Contents/Developer/Toolchains/XcodeDefault.xctoolchain/usr/bin/clang-stat-cache /Applications/Xcode-27.0.0-Release.Candidate.app/Contents/Developer/Platforms/MacOSX.platform/Developer/SDKs/MacOSX27.0.sdk -o /Users/admin/builder/spi-builder-workspace/.derivedData/SDKStatCaches.noindex/macosx27.0-26A425-e829b21a6f8c9b70876ba0858053c0446a22442a12e9d48fe1a705f55a1adfc4.sdkstatcache
ClangStatCache /Applications/Xcode-27.0.0-Release.Candidate.app/Contents/Developer/Toolchains/XcodeDefault.xctoolchain/usr/bin/clang-stat-cache /Applications/Xcode-27.0.0-Release.Candidate.app/Contents/Developer/Platforms/AppleTVOS.platform/Developer/SDKs/AppleTVOS27.0.sdk /Users/admin/builder/spi-builder-workspace/.derivedData/SDKStatCaches.noindex/appletvos27.0-24J360-e829b21a6f8c9b70876ba0858053c044b32bfd8d43560033f8d89884cdb90028.sdkstatcache
cd /Users/admin/builder/spi-builder-workspace
/Applications/Xcode-27.0.0-Release.Candidate.app/Contents/Developer/Toolchains/XcodeDefault.xctoolchain/usr/bin/clang-stat-cache /Applications/Xcode-27.0.0-Release.Candidate.app/Contents/Developer/Platforms/AppleTVOS.platform/Developer/SDKs/AppleTVOS27.0.sdk -o /Users/admin/builder/spi-builder-workspace/.derivedData/SDKStatCaches.noindex/appletvos27.0-24J360-e829b21a6f8c9b70876ba0858053c044b32bfd8d43560033f8d89884cdb90028.sdkstatcache
CreateUniversalBinary /Users/admin/builder/spi-builder-workspace/.derivedData/Build/Products/Debug/OrderedCollections.o normal arm64\ x86_64 (in target 'OrderedCollections' from project 'swift-collections')
cd /Users/admin/builder/spi-builder-workspace/.dependencies/checkouts/swift-collections
/Applications/Xcode-27.0.0-Release.Candidate.app/Contents/Developer/Toolchains/XcodeDefault.xctoolchain/usr/bin/lipo -create /Users/admin/builder/spi-builder-workspace/.derivedData/Build/Intermediates.noindex/swift-collections.build/Debug/OrderedCollections-t.build/Objects-normal/arm64/Binary/OrderedCollections.o /Users/admin/builder/spi-builder-workspace/.derivedData/Build/Intermediates.noindex/swift-collections.build/Debug/OrderedCollections-t.build/Objects-normal/x86_64/Binary/OrderedCollections.o -output /Users/admin/builder/spi-builder-workspace/.derivedData/Build/Products/Debug/OrderedCollections.o
SwiftDriver SwiftParserDiagnostics normal x86_64 com.apple.xcode.tools.swift.compiler (in target 'SwiftParserDiagnostics' from project 'swift-syntax')
cd /Users/admin/builder/spi-builder-workspace
builtin-SwiftDriver -- /Applications/Xcode-27.0.0-Release.Candidate.app/Contents/Developer/Toolchains/XcodeDefault.xctoolchain/usr/bin/swiftc -parse-as-library -module-name SwiftParserDiagnostics -Onone @/Users/admin/builder/spi-builder-workspace/.derivedData/Build/Intermediates.noindex/swift-syntax.build/Debug/SwiftParserDiagnostics-t.build/Objects-normal/x86_64/SwiftParserDiagnostics.SwiftFileList -DSWIFT_PACKAGE -DDEBUG -DSWIFT_MODULE_RESOURCE_BUNDLE_UNAVAILABLE -Xcc -fmodule-map-file\=/Users/admin/builder/spi-builder-workspace/.dependencies/checkouts/swift-syntax/Sources/_SwiftSyntaxCShims/include/module.modulemap -DXcode -plugin-path /Applications/Xcode-27.0.0-Release.Candidate.app/Contents/Developer/Toolchains/XcodeDefault.xctoolchain/usr/lib/swift/host/plugins/testing -enable-experimental-feature DebugDescriptionMacro -sdk /Applications/Xcode-27.0.0-Release.Candidate.app/Contents/Developer/Platforms/MacOSX.platform/Developer/SDKs/MacOSX27.0.sdk -target x86_64-apple-macos12.0 -g -module-cache-path /Users/admin/builder/spi-builder-workspace/.derivedData/ModuleCache.noindex -Xfrontend -serialize-debugging-options -profile-coverage-mapping -profile-generate -enable-testing -suppress-warnings -index-store-path /Users/admin/builder/spi-builder-workspace/.derivedData/Index.noindex/DataStore -Xcc -D_LIBCPP_HARDENING_MODE\=_LIBCPP_HARDENING_MODE_DEBUG -swift-version 6 -I /Users/admin/builder/spi-builder-workspace/.derivedData/Build/Products/Debug -Isystem /Applications/Xcode-27.0.0-Release.Candidate.app/Contents/Developer/Platforms/MacOSX.platform/Developer/usr/lib -F /Users/admin/builder/spi-builder-workspace/.derivedData/Build/Products/Debug/PackageFrameworks -F /Users/admin/builder/spi-builder-workspace/.derivedData/Build/Products/Debug -F /Applications/Xcode-27.0.0-Release.Candidate.app/Contents/Developer/Platforms/MacOSX.platform/Developer/Library/Frameworks -c -j10 -enable-batch-mode -incremental -Xcc -ivfsstatcache -Xcc /Users/admin/builder/spi-builder-workspace/.derivedData/SDKStatCaches.noindex/macosx27.0-26A425-e829b21a6f8c9b70876ba0858053c0446a22442a12e9d48fe1a705f55a1adfc4.sdkstatcache -output-file-map /Users/admin/builder/spi-builder-workspace/.derivedData/Build/Intermediates.noindex/swift-syntax.build/Debug/SwiftParserDiagnostics-t.build/Objects-normal/x86_64/SwiftParserDiagnostics-OutputFileMap.json -save-temps -no-color-diagnostics -explicit-module-build -module-cache-path /Users/admin/builder/spi-builder-workspace/.derivedData/Build/Intermediates.noindex/SwiftExplicitPrecompiledModules -clang-scanner-module-cache-path /Users/admin/builder/spi-builder-workspace/.derivedData/ModuleCache.noindex -sdk-module-cache-path /Users/admin/builder/spi-builder-workspace/.derivedData/SDKExplicitPrecompiledModules -emit-dependencies -emit-module -emit-module-path /Users/admin/builder/spi-builder-workspace/.derivedData/Build/Intermediates.noindex/swift-syntax.build/Debug/SwiftParserDiagnostics-t.build/Objects-normal/x86_64/SwiftParserDiagnostics.swiftmodule -serialize-diagnostics -dependency-scan-serialize-diagnostics-path /Users/admin/builder/spi-builder-workspace/.derivedData/Build/Intermediates.noindex/swift-syntax.build/Debug/SwiftParserDiagnostics-t.build/Objects-normal/x86_64/SwiftParserDiagnostics-dependency-scan.dia -validate-clang-modules-once -clang-build-session-file /Users/admin/builder/spi-builder-workspace/.derivedData/ModuleCache.noindex/Session.modulevalidation -Xcc -fmodules-prune-interval\=86400 -Xcc -fmodules-prune-after\=345600 -emit-const-values -const-gather-protocols-list /Users/admin/builder/spi-builder-workspace/.derivedData/Build/Intermediates.noindex/swift-syntax.build/Debug/SwiftParserDiagnostics-t.build/Objects-normal/x86_64/SwiftParserDiagnostics_const_extract_protocols.json -Xcc -I/Users/admin/builder/spi-builder-workspace/.dependencies/checkouts/swift-syntax/Sources/_SwiftSyntaxCShims/include -Xcc -I/Users/admin/builder/spi-builder-workspace/.derivedData/Build/Products/Debug/include -Xcc -I/Users/admin/builder/spi-builder-workspace/.derivedData/Build/Intermediates.noindex/swift-syntax.build/Debug/SwiftParserDiagnostics-t.build/DerivedSources-normal/x86_64 -Xcc -I/Users/admin/builder/spi-builder-workspace/.derivedData/Build/Intermediates.noindex/swift-syntax.build/Debug/SwiftParserDiagnostics-t.build/DerivedSources/x86_64 -Xcc -I/Users/admin/builder/spi-builder-workspace/.derivedData/Build/Intermediates.noindex/swift-syntax.build/Debug/SwiftParserDiagnostics-t.build/DerivedSources -Xcc -DSWIFT_PACKAGE -Xcc -DDEBUG\=1 -emit-objc-header -emit-objc-header-path /Users/admin/builder/spi-builder-workspace/.derivedData/Build/Intermediates.noindex/swift-syntax.build/Debug/SwiftParserDiagnostics-t.build/Objects-normal/x86_64/SwiftParserDiagnostics-Swift.h -working-directory /Users/admin/builder/spi-builder-workspace -experimental-emit-module-separately -disable-cmo
SwiftDriver SwiftOperators normal arm64 com.apple.xcode.tools.swift.compiler (in target 'SwiftOperators' from project 'swift-syntax')
cd /Users/admin/builder/spi-builder-workspace
builtin-SwiftDriver -- /Applications/Xcode-27.0.0-Release.Candidate.app/Contents/Developer/Toolchains/XcodeDefault.xctoolchain/usr/bin/swiftc -parse-as-library -module-name SwiftOperators -Onone @/Users/admin/builder/spi-builder-workspace/.derivedData/Build/Intermediates.noindex/swift-syntax.build/Debug/SwiftOperators-t.build/Objects-normal/arm64/SwiftOperators.SwiftFileList -DSWIFT_PACKAGE -DDEBUG -DSWIFT_MODULE_RESOURCE_BUNDLE_UNAVAILABLE -Xcc -fmodule-map-file\=/Users/admin/builder/spi-builder-workspace/.dependencies/checkouts/swift-syntax/Sources/_SwiftSyntaxCShims/include/module.modulemap -DXcode -plugin-path /Applications/Xcode-27.0.0-Release.Candidate.app/Contents/Developer/Toolchains/XcodeDefault.xctoolchain/usr/lib/swift/host/plugins/testing -enable-experimental-feature DebugDescriptionMacro -sdk /Applications/Xcode-27.0.0-Release.Candidate.app/Contents/Developer/Platforms/MacOSX.platform/Developer/SDKs/MacOSX27.0.sdk -target arm64-apple-macos12.0 -g -module-cache-path /Users/admin/builder/spi-builder-workspace/.derivedData/ModuleCache.noindex -Xfrontend -serialize-debugging-options -profile-coverage-mapping -profile-generate -enable-testing -suppress-warnings -index-store-path /Users/admin/builder/spi-builder-workspace/.derivedData/Index.noindex/DataStore -Xcc -D_LIBCPP_HARDENING_MODE\=_LIBCPP_HARDENING_MODE_DEBUG -swift-version 6 -I /Users/admin/builder/spi-builder-workspace/.derivedData/Build/Products/Debug -Isystem /Applications/Xcode-27.0.0-Release.Candidate.app/Contents/Developer/Platforms/MacOSX.platform/Developer/usr/lib -F /Users/admin/builder/spi-builder-workspace/.derivedData/Build/Products/Debug/PackageFrameworks -F /Users/admin/builder/spi-builder-workspace/.derivedData/Build/Products/Debug -F /Applications/Xcode-27.0.0-Release.Candidate.app/Contents/Developer/Platforms/MacOSX.platform/Developer/Library/Frameworks -c -j10 -enable-batch-mode -incremental -Xcc -ivfsstatcache -Xcc /Users/admin/builder/spi-builder-workspace/.derivedData/SDKStatCaches.noindex/macosx27.0-26A425-e829b21a6f8c9b70876ba0858053c0446a22442a12e9d48fe1a705f55a1adfc4.sdkstatcache -output-file-map /Users/admin/builder/spi-builder-workspace/.derivedData/Build/Intermediates.noindex/swift-syntax.build/Debug/SwiftOperators-t.build/Objects-normal/arm64/SwiftOperators-OutputFileMap.json -save-temps -no-color-diagnostics -explicit-module-build -module-cache-path /Users/admin/builder/spi-builder-workspace/.derivedData/Build/Intermediates.noindex/SwiftExplicitPrecompiledModules -clang-scanner-module-cache-path /Users/admin/builder/spi-builder-workspace/.derivedData/ModuleCache.noindex -sdk-module-cache-path /Users/admin/builder/spi-builder-workspace/.derivedData/SDKExplicitPrecompiledModules -emit-dependencies -emit-module -emit-module-path /Users/admin/builder/spi-builder-workspace/.derivedData/Build/Intermediates.noindex/swift-syntax.build/Debug/SwiftOperators-t.build/Objects-normal/arm64/SwiftOperators.swiftmodule -serialize-diagnostics -dependency-scan-serialize-diagnostics-path /Users/admin/builder/spi-builder-workspace/.derivedData/Build/Intermediates.noindex/swift-syntax.build/Debug/SwiftOperators-t.build/Objects-normal/arm64/SwiftOperators-dependency-scan.dia -validate-clang-modules-once -clang-build-session-file /Users/admin/builder/spi-builder-workspace/.derivedData/ModuleCache.noindex/Session.modulevalidation -Xcc -fmodules-prune-interval\=86400 -Xcc -fmodules-prune-after\=345600 -emit-const-values -const-gather-protocols-list /Users/admin/builder/spi-builder-workspace/.derivedData/Build/Intermediates.noindex/swift-syntax.build/Debug/SwiftOperators-t.build/Objects-normal/arm64/SwiftOperators_const_extract_protocols.json -Xcc -I/Users/admin/builder/spi-builder-workspace/.dependencies/checkouts/swift-syntax/Sources/_SwiftSyntaxCShims/include -Xcc -I/Users/admin/builder/spi-builder-workspace/.derivedData/Build/Products/Debug/include -Xcc -I/Users/admin/builder/spi-builder-workspace/.derivedData/Build/Intermediates.noindex/swift-syntax.build/Debug/SwiftOperators-t.build/DerivedSources-normal/arm64 -Xcc -I/Users/admin/builder/spi-builder-workspace/.derivedData/Build/Intermediates.noindex/swift-syntax.build/Debug/SwiftOperators-t.build/DerivedSources/arm64 -Xcc -I/Users/admin/builder/spi-builder-workspace/.derivedData/Build/Intermediates.noindex/swift-syntax.build/Debug/SwiftOperators-t.build/DerivedSources -Xcc -DSWIFT_PACKAGE -Xcc -DDEBUG\=1 -emit-objc-header -emit-objc-header-path /Users/admin/builder/spi-builder-workspace/.derivedData/Build/Intermediates.noindex/swift-syntax.build/Debug/SwiftOperators-t.build/Objects-normal/arm64/SwiftOperators-Swift.h -working-directory /Users/admin/builder/spi-builder-workspace -experimental-emit-module-separately -disable-cmo
SwiftDriver SwiftOperators normal x86_64 com.apple.xcode.tools.swift.compiler (in target 'SwiftOperators' from project 'swift-syntax')
cd /Users/admin/builder/spi-builder-workspace
builtin-SwiftDriver -- /Applications/Xcode-27.0.0-Release.Candidate.app/Contents/Developer/Toolchains/XcodeDefault.xctoolchain/usr/bin/swiftc -parse-as-library -module-name SwiftOperators -Onone @/Users/admin/builder/spi-builder-workspace/.derivedData/Build/Intermediates.noindex/swift-syntax.build/Debug/SwiftOperators-t.build/Objects-normal/x86_64/SwiftOperators.SwiftFileList -DSWIFT_PACKAGE -DDEBUG -DSWIFT_MODULE_RESOURCE_BUNDLE_UNAVAILABLE -Xcc -fmodule-map-file\=/Users/admin/builder/spi-builder-workspace/.dependencies/checkouts/swift-syntax/Sources/_SwiftSyntaxCShims/include/module.modulemap -DXcode -plugin-path /Applications/Xcode-27.0.0-Release.Candidate.app/Contents/Developer/Toolchains/XcodeDefault.xctoolchain/usr/lib/swift/host/plugins/testing -enable-experimental-feature DebugDescriptionMacro -sdk /Applications/Xcode-27.0.0-Release.Candidate.app/Contents/Developer/Platforms/MacOSX.platform/Developer/SDKs/MacOSX27.0.sdk -target x86_64-apple-macos12.0 -g -module-cache-path /Users/admin/builder/spi-builder-workspace/.derivedData/ModuleCache.noindex -Xfrontend -serialize-debugging-options -profile-coverage-mapping -profile-generate -enable-testing -suppress-warnings -index-store-path /Users/admin/builder/spi-builder-workspace/.derivedData/Index.noindex/DataStore -Xcc -D_LIBCPP_HARDENING_MODE\=_LIBCPP_HARDENING_MODE_DEBUG -swift-version 6 -I /Users/admin/builder/spi-builder-workspace/.derivedData/Build/Products/Debug -Isystem /Applications/Xcode-27.0.0-Release.Candidate.app/Contents/Developer/Platforms/MacOSX.platform/Developer/usr/lib -F /Users/admin/builder/spi-builder-workspace/.derivedData/Build/Products/Debug/PackageFrameworks -F /Users/admin/builder/spi-builder-workspace/.derivedData/Build/Products/Debug -F /Applications/Xcode-27.0.0-Release.Candidate.app/Contents/Developer/Platforms/MacOSX.platform/Developer/Library/Frameworks -c -j10 -enable-batch-mode -incremental -Xcc -ivfsstatcache -Xcc /Users/admin/builder/spi-builder-workspace/.derivedData/SDKStatCaches.noindex/macosx27.0-26A425-e829b21a6f8c9b70876ba0858053c0446a22442a12e9d48fe1a705f55a1adfc4.sdkstatcache -output-file-map /Users/admin/builder/spi-builder-workspace/.derivedData/Build/Intermediates.noindex/swift-syntax.build/Debug/SwiftOperators-t.build/Objects-normal/x86_64/SwiftOperators-OutputFileMap.json -save-temps -no-color-diagnostics -explicit-module-build -module-cache-path /Users/admin/builder/spi-builder-workspace/.derivedData/Build/Intermediates.noindex/SwiftExplicitPrecompiledModules -clang-scanner-module-cache-path /Users/admin/builder/spi-builder-workspace/.derivedData/ModuleCache.noindex -sdk-module-cache-path /Users/admin/builder/spi-builder-workspace/.derivedData/SDKExplicitPrecompiledModules -emit-dependencies -emit-module -emit-module-path /Users/admin/builder/spi-builder-workspace/.derivedData/Build/Intermediates.noindex/swift-syntax.build/Debug/SwiftOperators-t.build/Objects-normal/x86_64/SwiftOperators.swiftmodule -serialize-diagnostics -dependency-scan-serialize-diagnostics-path /Users/admin/builder/spi-builder-workspace/.derivedData/Build/Intermediates.noindex/swift-syntax.build/Debug/SwiftOperators-t.build/Objects-normal/x86_64/SwiftOperators-dependency-scan.dia -validate-clang-modules-once -clang-build-session-file /Users/admin/builder/spi-builder-workspace/.derivedData/ModuleCache.noindex/Session.modulevalidation -Xcc -fmodules-prune-interval\=86400 -Xcc -fmodules-prune-after\=345600 -emit-const-values -const-gather-protocols-list /Users/admin/builder/spi-builder-workspace/.derivedData/Build/Intermediates.noindex/swift-syntax.build/Debug/SwiftOperators-t.build/Objects-normal/x86_64/SwiftOperators_const_extract_protocols.json -Xcc -I/Users/admin/builder/spi-builder-workspace/.dependencies/checkouts/swift-syntax/Sources/_SwiftSyntaxCShims/include -Xcc -I/Users/admin/builder/spi-builder-workspace/.derivedData/Build/Products/Debug/include -Xcc -I/Users/admin/builder/spi-builder-workspace/.derivedData/Build/Intermediates.noindex/swift-syntax.build/Debug/SwiftOperators-t.build/DerivedSources-normal/x86_64 -Xcc -I/Users/admin/builder/spi-builder-workspace/.derivedData/Build/Intermediates.noindex/swift-syntax.build/Debug/SwiftOperators-t.build/DerivedSources/x86_64 -Xcc -I/Users/admin/builder/spi-builder-workspace/.derivedData/Build/Intermediates.noindex/swift-syntax.build/Debug/SwiftOperators-t.build/DerivedSources -Xcc -DSWIFT_PACKAGE -Xcc -DDEBUG\=1 -emit-objc-header -emit-objc-header-path /Users/admin/builder/spi-builder-workspace/.derivedData/Build/Intermediates.noindex/swift-syntax.build/Debug/SwiftOperators-t.build/Objects-normal/x86_64/SwiftOperators-Swift.h -working-directory /Users/admin/builder/spi-builder-workspace -experimental-emit-module-separately -disable-cmo
SwiftDriver Dependencies normal arm64 com.apple.xcode.tools.swift.compiler (in target 'Dependencies' from project 'swift-dependencies')
cd /Users/admin/builder/spi-builder-workspace
builtin-SwiftDriver -- /Applications/Xcode-27.0.0-Release.Candidate.app/Contents/Developer/Toolchains/XcodeDefault.xctoolchain/usr/bin/swiftc -parse-as-library -module-name Dependencies -Onone @/Users/admin/builder/spi-builder-workspace/.derivedData/Build/Intermediates.noindex/swift-dependencies.build/Debug-appletvos/Dependencies-t.build/Objects-normal/arm64/Dependencies.SwiftFileList -DSWIFT_PACKAGE -DDEBUG -DSWIFT_MODULE_RESOURCE_BUNDLE_UNAVAILABLE -DXcode -plugin-path /Applications/Xcode-27.0.0-Release.Candidate.app/Contents/Developer/Toolchains/XcodeDefault.xctoolchain/usr/lib/swift/host/plugins/testing -enable-experimental-feature DebugDescriptionMacro -sdk /Applications/Xcode-27.0.0-Release.Candidate.app/Contents/Developer/Platforms/AppleTVOS.platform/Developer/SDKs/AppleTVOS27.0.sdk -target arm64-apple-tvos15.0 -g -module-cache-path /Users/admin/builder/spi-builder-workspace/.derivedData/ModuleCache.noindex -Xfrontend -serialize-debugging-options -profile-coverage-mapping -profile-generate -enable-testing -suppress-warnings -index-store-path /Users/admin/builder/spi-builder-workspace/.derivedData/Index.noindex/DataStore -Xcc -D_LIBCPP_HARDENING_MODE\=_LIBCPP_HARDENING_MODE_DEBUG -swift-version 6 -I /Users/admin/builder/spi-builder-workspace/.derivedData/Build/Products/Debug-appletvos -Isystem /Applications/Xcode-27.0.0-Release.Candidate.app/Contents/Developer/Platforms/AppleTVOS.platform/Developer/usr/lib -F /Users/admin/builder/spi-builder-workspace/.derivedData/Build/Products/Debug-appletvos/PackageFrameworks -F /Users/admin/builder/spi-builder-workspace/.derivedData/Build/Products/Debug-appletvos -F /Applications/Xcode-27.0.0-Release.Candidate.app/Contents/Developer/Platforms/AppleTVOS.platform/Developer/Library/Frameworks -F /Applications/Xcode-27.0.0-Release.Candidate.app/Contents/Developer/Platforms/AppleTVOS.platform/Developer/SDKs/AppleTVOS27.0.sdk/Developer/Library/Frameworks -c -j10 -enable-batch-mode -incremental -Xcc -ivfsstatcache -Xcc /Users/admin/builder/spi-builder-workspace/.derivedData/SDKStatCaches.noindex/appletvos27.0-24J360-e829b21a6f8c9b70876ba0858053c044b32bfd8d43560033f8d89884cdb90028.sdkstatcache -output-file-map /Users/admin/builder/spi-builder-workspace/.derivedData/Build/Intermediates.noindex/swift-dependencies.build/Debug-appletvos/Dependencies-t.build/Objects-normal/arm64/Dependencies-OutputFileMap.json -save-temps -no-color-diagnostics -explicit-module-build -module-cache-path /Users/admin/builder/spi-builder-workspace/.derivedData/Build/Intermediates.noindex/SwiftExplicitPrecompiledModules -clang-scanner-module-cache-path /Users/admin/builder/spi-builder-workspace/.derivedData/ModuleCache.noindex -sdk-module-cache-path /Users/admin/builder/spi-builder-workspace/.derivedData/SDKExplicitPrecompiledModules -emit-dependencies -emit-module -emit-module-path /Users/admin/builder/spi-builder-workspace/.derivedData/Build/Intermediates.noindex/swift-dependencies.build/Debug-appletvos/Dependencies-t.build/Objects-normal/arm64/Dependencies.swiftmodule -serialize-diagnostics -dependency-scan-serialize-diagnostics-path /Users/admin/builder/spi-builder-workspace/.derivedData/Build/Intermediates.noindex/swift-dependencies.build/Debug-appletvos/Dependencies-t.build/Objects-normal/arm64/Dependencies-dependency-scan.dia -user-module-version 1.4.1 -validate-clang-modules-once -clang-build-session-file /Users/admin/builder/spi-builder-workspace/.derivedData/ModuleCache.noindex/Session.modulevalidation -Xcc -fmodules-prune-interval\=86400 -Xcc -fmodules-prune-after\=345600 -package-name swift_dependencies -emit-const-values -const-gather-protocols-list /Users/admin/builder/spi-builder-workspace/.derivedData/Build/Intermediates.noindex/swift-dependencies.build/Debug-appletvos/Dependencies-t.build/Objects-normal/arm64/Dependencies_const_extract_protocols.json -Xcc -I/Users/admin/builder/spi-builder-workspace/.derivedData/Build/Products/Debug-appletvos/include -Xcc -I/Users/admin/builder/spi-builder-workspace/.derivedData/Build/Intermediates.noindex/swift-dependencies.build/Debug-appletvos/Dependencies-t.build/DerivedSources-normal/arm64 -Xcc -I/Users/admin/builder/spi-builder-workspace/.derivedData/Build/Intermediates.noindex/swift-dependencies.build/Debug-appletvos/Dependencies-t.build/DerivedSources/arm64 -Xcc -I/Users/admin/builder/spi-builder-workspace/.derivedData/Build/Intermediates.noindex/swift-dependencies.build/Debug-appletvos/Dependencies-t.build/DerivedSources -Xcc -DSWIFT_PACKAGE -Xcc -DDEBUG\=1 -emit-objc-header -emit-objc-header-path /Users/admin/builder/spi-builder-workspace/.derivedData/Build/Intermediates.noindex/swift-dependencies.build/Debug-appletvos/Dependencies-t.build/Objects-normal/arm64/Dependencies-Swift.h -working-directory /Users/admin/builder/spi-builder-workspace -experimental-emit-module-separately -disable-cmo
SwiftDriver CustomDump normal arm64 com.apple.xcode.tools.swift.compiler (in target 'CustomDump' from project 'swift-custom-dump')
cd /Users/admin/builder/spi-builder-workspace
builtin-SwiftDriver -- /Applications/Xcode-27.0.0-Release.Candidate.app/Contents/Developer/Toolchains/XcodeDefault.xctoolchain/usr/bin/swiftc -parse-as-library -module-name CustomDump -Onone @/Users/admin/builder/spi-builder-workspace/.derivedData/Build/Intermediates.noindex/swift-custom-dump.build/Debug-appletvos/CustomDump-t.build/Objects-normal/arm64/CustomDump.SwiftFileList -DSWIFT_PACKAGE -DDEBUG -DSWIFT_MODULE_RESOURCE_BUNDLE_UNAVAILABLE -DXcode -plugin-path /Applications/Xcode-27.0.0-Release.Candidate.app/Contents/Developer/Toolchains/XcodeDefault.xctoolchain/usr/lib/swift/host/plugins/testing -enable-experimental-feature DebugDescriptionMacro -sdk /Applications/Xcode-27.0.0-Release.Candidate.app/Contents/Developer/Platforms/AppleTVOS.platform/Developer/SDKs/AppleTVOS27.0.sdk -target arm64-apple-tvos15.0 -g -module-cache-path /Users/admin/builder/spi-builder-workspace/.derivedData/ModuleCache.noindex -Xfrontend -serialize-debugging-options -profile-coverage-mapping -profile-generate -enable-testing -suppress-warnings -index-store-path /Users/admin/builder/spi-builder-workspace/.derivedData/Index.noindex/DataStore -Xcc -D_LIBCPP_HARDENING_MODE\=_LIBCPP_HARDENING_MODE_DEBUG -swift-version 6 -I /Users/admin/builder/spi-builder-workspace/.derivedData/Build/Products/Debug-appletvos -Isystem /Applications/Xcode-27.0.0-Release.Candidate.app/Contents/Developer/Platforms/AppleTVOS.platform/Developer/usr/lib -F /Users/admin/builder/spi-builder-workspace/.derivedData/Build/Products/Debug-appletvos/PackageFrameworks -F /Users/admin/builder/spi-builder-workspace/.derivedData/Build/Products/Debug-appletvos -F /Applications/Xcode-27.0.0-Release.Candidate.app/Contents/Developer/Platforms/AppleTVOS.platform/Developer/Library/Frameworks -F /Applications/Xcode-27.0.0-Release.Candidate.app/Contents/Developer/Platforms/AppleTVOS.platform/Developer/SDKs/AppleTVOS27.0.sdk/Developer/Library/Frameworks -c -j10 -enable-batch-mode -incremental -Xcc -ivfsstatcache -Xcc /Users/admin/builder/spi-builder-workspace/.derivedData/SDKStatCaches.noindex/appletvos27.0-24J360-e829b21a6f8c9b70876ba0858053c044b32bfd8d43560033f8d89884cdb90028.sdkstatcache -output-file-map /Users/admin/builder/spi-builder-workspace/.derivedData/Build/Intermediates.noindex/swift-custom-dump.build/Debug-appletvos/CustomDump-t.build/Objects-normal/arm64/CustomDump-OutputFileMap.json -save-temps -no-color-diagnostics -explicit-module-build -module-cache-path /Users/admin/builder/spi-builder-workspace/.derivedData/Build/Intermediates.noindex/SwiftExplicitPrecompiledModules -clang-scanner-module-cache-path /Users/admin/builder/spi-builder-workspace/.derivedData/ModuleCache.noindex -sdk-module-cache-path /Users/admin/builder/spi-builder-workspace/.derivedData/SDKExplicitPrecompiledModules -emit-dependencies -emit-module -emit-module-path /Users/admin/builder/spi-builder-workspace/.derivedData/Build/Intermediates.noindex/swift-custom-dump.build/Debug-appletvos/CustomDump-t.build/Objects-normal/arm64/CustomDump.swiftmodule -serialize-diagnostics -dependency-scan-serialize-diagnostics-path /Users/admin/builder/spi-builder-workspace/.derivedData/Build/Intermediates.noindex/swift-custom-dump.build/Debug-appletvos/CustomDump-t.build/Objects-normal/arm64/CustomDump-dependency-scan.dia -user-module-version 1.3.3 -validate-clang-modules-once -clang-build-session-file /Users/admin/builder/spi-builder-workspace/.derivedData/ModuleCache.noindex/Session.modulevalidation -Xcc -fmodules-prune-interval\=86400 -Xcc -fmodules-prune-after\=345600 -package-name swift_custom_dump -emit-const-values -const-gather-protocols-list /Users/admin/builder/spi-builder-workspace/.derivedData/Build/Intermediates.noindex/swift-custom-dump.build/Debug-appletvos/CustomDump-t.build/Objects-normal/arm64/CustomDump_const_extract_protocols.json -Xcc -I/Users/admin/builder/spi-builder-workspace/.derivedData/Build/Products/Debug-appletvos/include -Xcc -I/Users/admin/builder/spi-builder-workspace/.derivedData/Build/Intermediates.noindex/swift-custom-dump.build/Debug-appletvos/CustomDump-t.build/DerivedSources-normal/arm64 -Xcc -I/Users/admin/builder/spi-builder-workspace/.derivedData/Build/Intermediates.noindex/swift-custom-dump.build/Debug-appletvos/CustomDump-t.build/DerivedSources/arm64 -Xcc -I/Users/admin/builder/spi-builder-workspace/.derivedData/Build/Intermediates.noindex/swift-custom-dump.build/Debug-appletvos/CustomDump-t.build/DerivedSources -Xcc -DSWIFT_PACKAGE -Xcc -DDEBUG\=1 -emit-objc-header -emit-objc-header-path /Users/admin/builder/spi-builder-workspace/.derivedData/Build/Intermediates.noindex/swift-custom-dump.build/Debug-appletvos/CustomDump-t.build/Objects-normal/arm64/CustomDump-Swift.h -working-directory /Users/admin/builder/spi-builder-workspace -experimental-emit-module-separately -disable-cmo
ExtractAppIntentsMetadata (in target 'SwiftSyntax' from project 'swift-syntax')
cd /Users/admin/builder/spi-builder-workspace/.dependencies/checkouts/swift-syntax
/Applications/Xcode-27.0.0-Release.Candidate.app/Contents/Developer/Toolchains/XcodeDefault.xctoolchain/usr/bin/appintentsmetadataprocessor --toolchain-dir /var/run/com.apple.security.cryptexd/mnt/com.apple.MobileAsset.MetalToolchain-v27.1.266.1.seyh2m/Metal.xctoolchain --module-name SwiftSyntax --sdk-root /Applications/Xcode-27.0.0-Release.Candidate.app/Contents/Developer/Platforms/MacOSX.platform/Developer/SDKs/MacOSX27.0.sdk --xcode-version 27A266a --platform-family macOS --deployment-target 12.0 --bundle-identifier swift-syntax.SwiftSyntax --output /Users/admin/builder/spi-builder-workspace/.derivedData/Build/Products/Debug/SwiftSyntax.appintents --target-triple arm64-apple-macos12.0 --target-triple x86_64-apple-macos12.0 --binary-file /Users/admin/builder/spi-builder-workspace/.derivedData/Build/Products/Debug/SwiftSyntax.o --dependency-file /Users/admin/builder/spi-builder-workspace/.derivedData/Build/Intermediates.noindex/swift-syntax.build/Debug/SwiftSyntax-t.build/Objects-normal/arm64/SwiftSyntax_dependency_info.dat --dependency-file /Users/admin/builder/spi-builder-workspace/.derivedData/Build/Intermediates.noindex/swift-syntax.build/Debug/SwiftSyntax-t.build/Objects-normal/x86_64/SwiftSyntax_dependency_info.dat --stringsdata-file /Users/admin/builder/spi-builder-workspace/.derivedData/Build/Intermediates.noindex/swift-syntax.build/Debug/SwiftSyntax-t.build/Objects-normal/arm64/ExtractedAppShortcutsMetadata.stringsdata --stringsdata-file /Users/admin/builder/spi-builder-workspace/.derivedData/Build/Intermediates.noindex/swift-syntax.build/Debug/SwiftSyntax-t.build/Objects-normal/x86_64/ExtractedAppShortcutsMetadata.stringsdata --source-file-list /Users/admin/builder/spi-builder-workspace/.derivedData/Build/Intermediates.noindex/swift-syntax.build/Debug/SwiftSyntax-t.build/Objects-normal/arm64/SwiftSyntax.SwiftFileList --source-file-list /Users/admin/builder/spi-builder-workspace/.derivedData/Build/Intermediates.noindex/swift-syntax.build/Debug/SwiftSyntax-t.build/Objects-normal/x86_64/SwiftSyntax.SwiftFileList --metadata-file-list /Users/admin/builder/spi-builder-workspace/.derivedData/Build/Intermediates.noindex/swift-syntax.build/Debug/SwiftSyntax-t.build/SwiftSyntax.DependencyMetadataFileList --static-metadata-file-list /Users/admin/builder/spi-builder-workspace/.derivedData/Build/Intermediates.noindex/swift-syntax.build/Debug/SwiftSyntax-t.build/SwiftSyntax.DependencyStaticMetadataFileList --swift-const-vals-list /Users/admin/builder/spi-builder-workspace/.derivedData/Build/Intermediates.noindex/swift-syntax.build/Debug/SwiftSyntax-t.build/Objects-normal/arm64/SwiftSyntax.SwiftConstValuesFileList --swift-const-vals-list /Users/admin/builder/spi-builder-workspace/.derivedData/Build/Intermediates.noindex/swift-syntax.build/Debug/SwiftSyntax-t.build/Objects-normal/x86_64/SwiftSyntax.SwiftConstValuesFileList --force --compile-time-extraction --deployment-aware-processing --no-app-shortcuts-localization
2026-09-21 04:59:30.849 appintentsmetadataprocessor[1981:10694] Starting appintentsmetadataprocessor export
2026-09-21 04:59:30.925 appintentsmetadataprocessor[1981:10694] Extracted no relevant App Intents symbols, skipping writing output
Ld /Users/admin/builder/spi-builder-workspace/.derivedData/Build/Products/Debug-appletvos/Clocks.o normal (in target 'Clocks' from project 'swift-clocks')
cd /Users/admin/builder/spi-builder-workspace/.dependencies/checkouts/swift-clocks
/Applications/Xcode-27.0.0-Release.Candidate.app/Contents/Developer/Toolchains/XcodeDefault.xctoolchain/usr/bin/clang -Xlinker -reproducible -target arm64-apple-tvos15.0 -r -isysroot /Applications/Xcode-27.0.0-Release.Candidate.app/Contents/Developer/Platforms/AppleTVOS.platform/Developer/SDKs/AppleTVOS27.0.sdk -O0 -w -Xlinker -no_warn_duplicate_libraries -F/Users/admin/builder/spi-builder-workspace/.derivedData/Build/Intermediates.noindex/EagerLinkingTBDs/Debug-appletvos -F/Users/admin/builder/spi-builder-workspace/.derivedData/Build/Products/Debug-appletvos/PackageFrameworks -F/Users/admin/builder/spi-builder-workspace/.derivedData/Build/Products/Debug-appletvos -iframework /Applications/Xcode-27.0.0-Release.Candidate.app/Contents/Developer/Platforms/AppleTVOS.platform/Developer/Library/Frameworks -iframework /Applications/Xcode-27.0.0-Release.Candidate.app/Contents/Developer/Platforms/AppleTVOS.platform/Developer/SDKs/AppleTVOS27.0.sdk/Developer/Library/Frameworks -filelist /Users/admin/builder/spi-builder-workspace/.derivedData/Build/Intermediates.noindex/swift-clocks.build/Debug-appletvos/Clocks-t.build/Objects-normal/arm64/Clocks.LinkFileList -nostdlib -Xlinker -object_path_lto -Xlinker /Users/admin/builder/spi-builder-workspace/.derivedData/Build/Intermediates.noindex/swift-clocks.build/Debug-appletvos/Clocks-t.build/Objects-normal/arm64/Clocks_lto.o -Xlinker -no_deduplicate -Xlinker -debug_variant -Xlinker -dependency_info -Xlinker /Users/admin/builder/spi-builder-workspace/.derivedData/Build/Intermediates.noindex/swift-clocks.build/Debug-appletvos/Clocks-t.build/Objects-normal/arm64/Clocks_dependency_info.dat -fobjc-link-runtime -L/Applications/Xcode-27.0.0-Release.Candidate.app/Contents/Developer/Toolchains/XcodeDefault.xctoolchain/usr/lib/swift/appletvos -L/usr/lib/swift -Xlinker -add_ast_path -Xlinker /Users/admin/builder/spi-builder-workspace/.derivedData/Build/Intermediates.noindex/swift-clocks.build/Debug-appletvos/Clocks-t.build/Objects-normal/arm64/Clocks.swiftmodule -o /Users/admin/builder/spi-builder-workspace/.derivedData/Build/Products/Debug-appletvos/Clocks.o
Ld /Users/admin/builder/spi-builder-workspace/.derivedData/Build/Products/Debug-appletvos/CombineSchedulers.o normal (in target 'CombineSchedulers' from project 'combine-schedulers')
cd /Users/admin/builder/spi-builder-workspace/.dependencies/checkouts/combine-schedulers
/Applications/Xcode-27.0.0-Release.Candidate.app/Contents/Developer/Toolchains/XcodeDefault.xctoolchain/usr/bin/clang -Xlinker -reproducible -target arm64-apple-tvos15.0 -r -isysroot /Applications/Xcode-27.0.0-Release.Candidate.app/Contents/Developer/Platforms/AppleTVOS.platform/Developer/SDKs/AppleTVOS27.0.sdk -O0 -w -Xlinker -no_warn_duplicate_libraries -F/Users/admin/builder/spi-builder-workspace/.derivedData/Build/Intermediates.noindex/EagerLinkingTBDs/Debug-appletvos -F/Users/admin/builder/spi-builder-workspace/.derivedData/Build/Products/Debug-appletvos/PackageFrameworks -F/Users/admin/builder/spi-builder-workspace/.derivedData/Build/Products/Debug-appletvos -iframework /Applications/Xcode-27.0.0-Release.Candidate.app/Contents/Developer/Platforms/AppleTVOS.platform/Developer/Library/Frameworks -iframework /Applications/Xcode-27.0.0-Release.Candidate.app/Contents/Developer/Platforms/AppleTVOS.platform/Developer/SDKs/AppleTVOS27.0.sdk/Developer/Library/Frameworks -filelist /Users/admin/builder/spi-builder-workspace/.derivedData/Build/Intermediates.noindex/combine-schedulers.build/Debug-appletvos/CombineSchedulers-t.build/Objects-normal/arm64/CombineSchedulers.LinkFileList -nostdlib -Xlinker -object_path_lto -Xlinker /Users/admin/builder/spi-builder-workspace/.derivedData/Build/Intermediates.noindex/combine-schedulers.build/Debug-appletvos/CombineSchedulers-t.build/Objects-normal/arm64/CombineSchedulers_lto.o -Xlinker -no_deduplicate -Xlinker -debug_variant -Xlinker -dependency_info -Xlinker /Users/admin/builder/spi-builder-workspace/.derivedData/Build/Intermediates.noindex/combine-schedulers.build/Debug-appletvos/CombineSchedulers-t.build/Objects-normal/arm64/CombineSchedulers_dependency_info.dat -fobjc-link-runtime -L/Applications/Xcode-27.0.0-Release.Candidate.app/Contents/Developer/Toolchains/XcodeDefault.xctoolchain/usr/lib/swift/appletvos -L/usr/lib/swift -Xlinker -add_ast_path -Xlinker /Users/admin/builder/spi-builder-workspace/.derivedData/Build/Intermediates.noindex/combine-schedulers.build/Debug-appletvos/CombineSchedulers-t.build/Objects-normal/arm64/CombineSchedulers.swiftmodule -o /Users/admin/builder/spi-builder-workspace/.derivedData/Build/Products/Debug-appletvos/CombineSchedulers.o
Ld /Users/admin/builder/spi-builder-workspace/.derivedData/Build/Intermediates.noindex/xctest-dynamic-overlay.build/Debug/XCTestDynamicOverlay-t.build/Objects-normal/x86_64/Binary/XCTestDynamicOverlay.o normal x86_64 (in target 'XCTestDynamicOverlay' from project 'xctest-dynamic-overlay')
cd /Users/admin/builder/spi-builder-workspace/.dependencies/checkouts/xctest-dynamic-overlay
/Applications/Xcode-27.0.0-Release.Candidate.app/Contents/Developer/Toolchains/XcodeDefault.xctoolchain/usr/bin/clang -Xlinker -reproducible -target x86_64-apple-macos12.0 -r -isysroot /Applications/Xcode-27.0.0-Release.Candidate.app/Contents/Developer/Platforms/MacOSX.platform/Developer/SDKs/MacOSX27.0.sdk -O0 -w -Xlinker -no_warn_duplicate_libraries -F/Users/admin/builder/spi-builder-workspace/.derivedData/Build/Intermediates.noindex/EagerLinkingTBDs/Debug -F/Users/admin/builder/spi-builder-workspace/.derivedData/Build/Products/Debug/PackageFrameworks -F/Users/admin/builder/spi-builder-workspace/.derivedData/Build/Products/Debug -iframework /Applications/Xcode-27.0.0-Release.Candidate.app/Contents/Developer/Platforms/MacOSX.platform/Developer/Library/Frameworks -filelist /Users/admin/builder/spi-builder-workspace/.derivedData/Build/Intermediates.noindex/xctest-dynamic-overlay.build/Debug/XCTestDynamicOverlay-t.build/Objects-normal/x86_64/XCTestDynamicOverlay.LinkFileList -nostdlib -Xlinker -object_path_lto -Xlinker /Users/admin/builder/spi-builder-workspace/.derivedData/Build/Intermediates.noindex/xctest-dynamic-overlay.build/Debug/XCTestDynamicOverlay-t.build/Objects-normal/x86_64/XCTestDynamicOverlay_lto.o -Xlinker -no_deduplicate -Xlinker -debug_variant -Xlinker -dependency_info -Xlinker /Users/admin/builder/spi-builder-workspace/.derivedData/Build/Intermediates.noindex/xctest-dynamic-overlay.build/Debug/XCTestDynamicOverlay-t.build/Objects-normal/x86_64/XCTestDynamicOverlay_dependency_info.dat -fobjc-link-runtime -L/Applications/Xcode-27.0.0-Release.Candidate.app/Contents/Developer/Toolchains/XcodeDefault.xctoolchain/usr/lib/swift/macosx -L/usr/lib/swift -Xlinker -add_ast_path -Xlinker /Users/admin/builder/spi-builder-workspace/.derivedData/Build/Intermediates.noindex/xctest-dynamic-overlay.build/Debug/XCTestDynamicOverlay-t.build/Objects-normal/x86_64/XCTestDynamicOverlay.swiftmodule -o /Users/admin/builder/spi-builder-workspace/.derivedData/Build/Intermediates.noindex/xctest-dynamic-overlay.build/Debug/XCTestDynamicOverlay-t.build/Objects-normal/x86_64/Binary/XCTestDynamicOverlay.o
Ld /Users/admin/builder/spi-builder-workspace/.derivedData/Build/Intermediates.noindex/xctest-dynamic-overlay.build/Debug/XCTestDynamicOverlay-t.build/Objects-normal/arm64/Binary/XCTestDynamicOverlay.o normal arm64 (in target 'XCTestDynamicOverlay' from project 'xctest-dynamic-overlay')
cd /Users/admin/builder/spi-builder-workspace/.dependencies/checkouts/xctest-dynamic-overlay
/Applications/Xcode-27.0.0-Release.Candidate.app/Contents/Developer/Toolchains/XcodeDefault.xctoolchain/usr/bin/clang -Xlinker -reproducible -target arm64-apple-macos12.0 -r -isysroot /Applications/Xcode-27.0.0-Release.Candidate.app/Contents/Developer/Platforms/MacOSX.platform/Developer/SDKs/MacOSX27.0.sdk -O0 -w -Xlinker -no_warn_duplicate_libraries -F/Users/admin/builder/spi-builder-workspace/.derivedData/Build/Intermediates.noindex/EagerLinkingTBDs/Debug -F/Users/admin/builder/spi-builder-workspace/.derivedData/Build/Products/Debug/PackageFrameworks -F/Users/admin/builder/spi-builder-workspace/.derivedData/Build/Products/Debug -iframework /Applications/Xcode-27.0.0-Release.Candidate.app/Contents/Developer/Platforms/MacOSX.platform/Developer/Library/Frameworks -filelist /Users/admin/builder/spi-builder-workspace/.derivedData/Build/Intermediates.noindex/xctest-dynamic-overlay.build/Debug/XCTestDynamicOverlay-t.build/Objects-normal/arm64/XCTestDynamicOverlay.LinkFileList -nostdlib -Xlinker -object_path_lto -Xlinker /Users/admin/builder/spi-builder-workspace/.derivedData/Build/Intermediates.noindex/xctest-dynamic-overlay.build/Debug/XCTestDynamicOverlay-t.build/Objects-normal/arm64/XCTestDynamicOverlay_lto.o -Xlinker -no_deduplicate -Xlinker -debug_variant -Xlinker -dependency_info -Xlinker /Users/admin/builder/spi-builder-workspace/.derivedData/Build/Intermediates.noindex/xctest-dynamic-overlay.build/Debug/XCTestDynamicOverlay-t.build/Objects-normal/arm64/XCTestDynamicOverlay_dependency_info.dat -fobjc-link-runtime -L/Applications/Xcode-27.0.0-Release.Candidate.app/Contents/Developer/Toolchains/XcodeDefault.xctoolchain/usr/lib/swift/macosx -L/usr/lib/swift -Xlinker -add_ast_path -Xlinker /Users/admin/builder/spi-builder-workspace/.derivedData/Build/Intermediates.noindex/xctest-dynamic-overlay.build/Debug/XCTestDynamicOverlay-t.build/Objects-normal/arm64/XCTestDynamicOverlay.swiftmodule -o /Users/admin/builder/spi-builder-workspace/.derivedData/Build/Intermediates.noindex/xctest-dynamic-overlay.build/Debug/XCTestDynamicOverlay-t.build/Objects-normal/arm64/Binary/XCTestDynamicOverlay.o
CreateUniversalBinary /Users/admin/builder/spi-builder-workspace/.derivedData/Build/Products/Debug/XCTestDynamicOverlay.o normal arm64\ x86_64 (in target 'XCTestDynamicOverlay' from project 'xctest-dynamic-overlay')
cd /Users/admin/builder/spi-builder-workspace/.dependencies/checkouts/xctest-dynamic-overlay
/Applications/Xcode-27.0.0-Release.Candidate.app/Contents/Developer/Toolchains/XcodeDefault.xctoolchain/usr/bin/lipo -create /Users/admin/builder/spi-builder-workspace/.derivedData/Build/Intermediates.noindex/xctest-dynamic-overlay.build/Debug/XCTestDynamicOverlay-t.build/Objects-normal/arm64/Binary/XCTestDynamicOverlay.o /Users/admin/builder/spi-builder-workspace/.derivedData/Build/Intermediates.noindex/xctest-dynamic-overlay.build/Debug/XCTestDynamicOverlay-t.build/Objects-normal/x86_64/Binary/XCTestDynamicOverlay.o -output /Users/admin/builder/spi-builder-workspace/.derivedData/Build/Products/Debug/XCTestDynamicOverlay.o
ExtractAppIntentsMetadata (in target 'OrderedCollections' from project 'swift-collections')
cd /Users/admin/builder/spi-builder-workspace/.dependencies/checkouts/swift-collections
/Applications/Xcode-27.0.0-Release.Candidate.app/Contents/Developer/Toolchains/XcodeDefault.xctoolchain/usr/bin/appintentsmetadataprocessor --toolchain-dir /var/run/com.apple.security.cryptexd/mnt/com.apple.MobileAsset.MetalToolchain-v27.1.266.1.seyh2m/Metal.xctoolchain --module-name OrderedCollections --sdk-root /Applications/Xcode-27.0.0-Release.Candidate.app/Contents/Developer/Platforms/MacOSX.platform/Developer/SDKs/MacOSX27.0.sdk --xcode-version 27A266a --platform-family macOS --deployment-target 12.0 --bundle-identifier swift-collections.OrderedCollections --output /Users/admin/builder/spi-builder-workspace/.derivedData/Build/Products/Debug/OrderedCollections.appintents --target-triple arm64-apple-macos12.0 --target-triple x86_64-apple-macos12.0 --binary-file /Users/admin/builder/spi-builder-workspace/.derivedData/Build/Products/Debug/OrderedCollections.o --dependency-file /Users/admin/builder/spi-builder-workspace/.derivedData/Build/Intermediates.noindex/swift-collections.build/Debug/OrderedCollections-t.build/Objects-normal/arm64/OrderedCollections_dependency_info.dat --dependency-file /Users/admin/builder/spi-builder-workspace/.derivedData/Build/Intermediates.noindex/swift-collections.build/Debug/OrderedCollections-t.build/Objects-normal/x86_64/OrderedCollections_dependency_info.dat --stringsdata-file /Users/admin/builder/spi-builder-workspace/.derivedData/Build/Intermediates.noindex/swift-collections.build/Debug/OrderedCollections-t.build/Objects-normal/arm64/ExtractedAppShortcutsMetadata.stringsdata --stringsdata-file /Users/admin/builder/spi-builder-workspace/.derivedData/Build/Intermediates.noindex/swift-collections.build/Debug/OrderedCollections-t.build/Objects-normal/x86_64/ExtractedAppShortcutsMetadata.stringsdata --source-file-list /Users/admin/builder/spi-builder-workspace/.derivedData/Build/Intermediates.noindex/swift-collections.build/Debug/OrderedCollections-t.build/Objects-normal/arm64/OrderedCollections.SwiftFileList --source-file-list /Users/admin/builder/spi-builder-workspace/.derivedData/Build/Intermediates.noindex/swift-collections.build/Debug/OrderedCollections-t.build/Objects-normal/x86_64/OrderedCollections.SwiftFileList --metadata-file-list /Users/admin/builder/spi-builder-workspace/.derivedData/Build/Intermediates.noindex/swift-collections.build/Debug/OrderedCollections-t.build/OrderedCollections.DependencyMetadataFileList --static-metadata-file-list /Users/admin/builder/spi-builder-workspace/.derivedData/Build/Intermediates.noindex/swift-collections.build/Debug/OrderedCollections-t.build/OrderedCollections.DependencyStaticMetadataFileList --swift-const-vals-list /Users/admin/builder/spi-builder-workspace/.derivedData/Build/Intermediates.noindex/swift-collections.build/Debug/OrderedCollections-t.build/Objects-normal/arm64/OrderedCollections.SwiftConstValuesFileList --swift-const-vals-list /Users/admin/builder/spi-builder-workspace/.derivedData/Build/Intermediates.noindex/swift-collections.build/Debug/OrderedCollections-t.build/Objects-normal/x86_64/OrderedCollections.SwiftConstValuesFileList --force --compile-time-extraction --deployment-aware-processing --no-app-shortcuts-localization
2026-09-21 04:59:30.897 appintentsmetadataprocessor[1991:10746] Starting appintentsmetadataprocessor export
2026-09-21 04:59:30.966 appintentsmetadataprocessor[1991:10746] Extracted no relevant App Intents symbols, skipping writing output
SwiftDriver SwiftSyntaxBuilder normal arm64 com.apple.xcode.tools.swift.compiler (in target 'SwiftSyntaxBuilder' from project 'swift-syntax')
cd /Users/admin/builder/spi-builder-workspace
builtin-SwiftDriver -- /Applications/Xcode-27.0.0-Release.Candidate.app/Contents/Developer/Toolchains/XcodeDefault.xctoolchain/usr/bin/swiftc -parse-as-library -module-name SwiftSyntaxBuilder -Onone @/Users/admin/builder/spi-builder-workspace/.derivedData/Build/Intermediates.noindex/swift-syntax.build/Debug/SwiftSyntaxBuilder-t.build/Objects-normal/arm64/SwiftSyntaxBuilder.SwiftFileList -DSWIFT_PACKAGE -DDEBUG -DSWIFT_MODULE_RESOURCE_BUNDLE_UNAVAILABLE -Xcc -fmodule-map-file\=/Users/admin/builder/spi-builder-workspace/.dependencies/checkouts/swift-syntax/Sources/_SwiftSyntaxCShims/include/module.modulemap -DXcode -plugin-path /Applications/Xcode-27.0.0-Release.Candidate.app/Contents/Developer/Toolchains/XcodeDefault.xctoolchain/usr/lib/swift/host/plugins/testing -enable-experimental-feature DebugDescriptionMacro -sdk /Applications/Xcode-27.0.0-Release.Candidate.app/Contents/Developer/Platforms/MacOSX.platform/Developer/SDKs/MacOSX27.0.sdk -target arm64-apple-macos12.0 -g -module-cache-path /Users/admin/builder/spi-builder-workspace/.derivedData/ModuleCache.noindex -Xfrontend -serialize-debugging-options -profile-coverage-mapping -profile-generate -enable-testing -suppress-warnings -index-store-path /Users/admin/builder/spi-builder-workspace/.derivedData/Index.noindex/DataStore -Xcc -D_LIBCPP_HARDENING_MODE\=_LIBCPP_HARDENING_MODE_DEBUG -swift-version 6 -I /Users/admin/builder/spi-builder-workspace/.derivedData/Build/Products/Debug -Isystem /Applications/Xcode-27.0.0-Release.Candidate.app/Contents/Developer/Platforms/MacOSX.platform/Developer/usr/lib -F /Users/admin/builder/spi-builder-workspace/.derivedData/Build/Products/Debug/PackageFrameworks -F /Users/admin/builder/spi-builder-workspace/.derivedData/Build/Products/Debug -F /Applications/Xcode-27.0.0-Release.Candidate.app/Contents/Developer/Platforms/MacOSX.platform/Developer/Library/Frameworks -c -j10 -enable-batch-mode -incremental -Xcc -ivfsstatcache -Xcc /Users/admin/builder/spi-builder-workspace/.derivedData/SDKStatCaches.noindex/macosx27.0-26A425-e829b21a6f8c9b70876ba0858053c0446a22442a12e9d48fe1a705f55a1adfc4.sdkstatcache -output-file-map /Users/admin/builder/spi-builder-workspace/.derivedData/Build/Intermediates.noindex/swift-syntax.build/Debug/SwiftSyntaxBuilder-t.build/Objects-normal/arm64/SwiftSyntaxBuilder-OutputFileMap.json -save-temps -no-color-diagnostics -explicit-module-build -module-cache-path /Users/admin/builder/spi-builder-workspace/.derivedData/Build/Intermediates.noindex/SwiftExplicitPrecompiledModules -clang-scanner-module-cache-path /Users/admin/builder/spi-builder-workspace/.derivedData/ModuleCache.noindex -sdk-module-cache-path /Users/admin/builder/spi-builder-workspace/.derivedData/SDKExplicitPrecompiledModules -emit-dependencies -emit-module -emit-module-path /Users/admin/builder/spi-builder-workspace/.derivedData/Build/Intermediates.noindex/swift-syntax.build/Debug/SwiftSyntaxBuilder-t.build/Objects-normal/arm64/SwiftSyntaxBuilder.swiftmodule -serialize-diagnostics -dependency-scan-serialize-diagnostics-path /Users/admin/builder/spi-builder-workspace/.derivedData/Build/Intermediates.noindex/swift-syntax.build/Debug/SwiftSyntaxBuilder-t.build/Objects-normal/arm64/SwiftSyntaxBuilder-dependency-scan.dia -validate-clang-modules-once -clang-build-session-file /Users/admin/builder/spi-builder-workspace/.derivedData/ModuleCache.noindex/Session.modulevalidation -Xcc -fmodules-prune-interval\=86400 -Xcc -fmodules-prune-after\=345600 -emit-const-values -const-gather-protocols-list /Users/admin/builder/spi-builder-workspace/.derivedData/Build/Intermediates.noindex/swift-syntax.build/Debug/SwiftSyntaxBuilder-t.build/Objects-normal/arm64/SwiftSyntaxBuilder_const_extract_protocols.json -Xcc -I/Users/admin/builder/spi-builder-workspace/.dependencies/checkouts/swift-syntax/Sources/_SwiftSyntaxCShims/include -Xcc -I/Users/admin/builder/spi-builder-workspace/.derivedData/Build/Products/Debug/include -Xcc -I/Users/admin/builder/spi-builder-workspace/.derivedData/Build/Intermediates.noindex/swift-syntax.build/Debug/SwiftSyntaxBuilder-t.build/DerivedSources-normal/arm64 -Xcc -I/Users/admin/builder/spi-builder-workspace/.derivedData/Build/Intermediates.noindex/swift-syntax.build/Debug/SwiftSyntaxBuilder-t.build/DerivedSources/arm64 -Xcc -I/Users/admin/builder/spi-builder-workspace/.derivedData/Build/Intermediates.noindex/swift-syntax.build/Debug/SwiftSyntaxBuilder-t.build/DerivedSources -Xcc -DSWIFT_PACKAGE -Xcc -DDEBUG\=1 -emit-objc-header -emit-objc-header-path /Users/admin/builder/spi-builder-workspace/.derivedData/Build/Intermediates.noindex/swift-syntax.build/Debug/SwiftSyntaxBuilder-t.build/Objects-normal/arm64/SwiftSyntaxBuilder-Swift.h -working-directory /Users/admin/builder/spi-builder-workspace -experimental-emit-module-separately -disable-cmo
SwiftDriver SwiftSyntaxBuilder normal x86_64 com.apple.xcode.tools.swift.compiler (in target 'SwiftSyntaxBuilder' from project 'swift-syntax')
cd /Users/admin/builder/spi-builder-workspace
builtin-SwiftDriver -- /Applications/Xcode-27.0.0-Release.Candidate.app/Contents/Developer/Toolchains/XcodeDefault.xctoolchain/usr/bin/swiftc -parse-as-library -module-name SwiftSyntaxBuilder -Onone @/Users/admin/builder/spi-builder-workspace/.derivedData/Build/Intermediates.noindex/swift-syntax.build/Debug/SwiftSyntaxBuilder-t.build/Objects-normal/x86_64/SwiftSyntaxBuilder.SwiftFileList -DSWIFT_PACKAGE -DDEBUG -DSWIFT_MODULE_RESOURCE_BUNDLE_UNAVAILABLE -Xcc -fmodule-map-file\=/Users/admin/builder/spi-builder-workspace/.dependencies/checkouts/swift-syntax/Sources/_SwiftSyntaxCShims/include/module.modulemap -DXcode -plugin-path /Applications/Xcode-27.0.0-Release.Candidate.app/Contents/Developer/Toolchains/XcodeDefault.xctoolchain/usr/lib/swift/host/plugins/testing -enable-experimental-feature DebugDescriptionMacro -sdk /Applications/Xcode-27.0.0-Release.Candidate.app/Contents/Developer/Platforms/MacOSX.platform/Developer/SDKs/MacOSX27.0.sdk -target x86_64-apple-macos12.0 -g -module-cache-path /Users/admin/builder/spi-builder-workspace/.derivedData/ModuleCache.noindex -Xfrontend -serialize-debugging-options -profile-coverage-mapping -profile-generate -enable-testing -suppress-warnings -index-store-path /Users/admin/builder/spi-builder-workspace/.derivedData/Index.noindex/DataStore -Xcc -D_LIBCPP_HARDENING_MODE\=_LIBCPP_HARDENING_MODE_DEBUG -swift-version 6 -I /Users/admin/builder/spi-builder-workspace/.derivedData/Build/Products/Debug -Isystem /Applications/Xcode-27.0.0-Release.Candidate.app/Contents/Developer/Platforms/MacOSX.platform/Developer/usr/lib -F /Users/admin/builder/spi-builder-workspace/.derivedData/Build/Products/Debug/PackageFrameworks -F /Users/admin/builder/spi-builder-workspace/.derivedData/Build/Products/Debug -F /Applications/Xcode-27.0.0-Release.Candidate.app/Contents/Developer/Platforms/MacOSX.platform/Developer/Library/Frameworks -c -j10 -enable-batch-mode -incremental -Xcc -ivfsstatcache -Xcc /Users/admin/builder/spi-builder-workspace/.derivedData/SDKStatCaches.noindex/macosx27.0-26A425-e829b21a6f8c9b70876ba0858053c0446a22442a12e9d48fe1a705f55a1adfc4.sdkstatcache -output-file-map /Users/admin/builder/spi-builder-workspace/.derivedData/Build/Intermediates.noindex/swift-syntax.build/Debug/SwiftSyntaxBuilder-t.build/Objects-normal/x86_64/SwiftSyntaxBuilder-OutputFileMap.json -save-temps -no-color-diagnostics -explicit-module-build -module-cache-path /Users/admin/builder/spi-builder-workspace/.derivedData/Build/Intermediates.noindex/SwiftExplicitPrecompiledModules -clang-scanner-module-cache-path /Users/admin/builder/spi-builder-workspace/.derivedData/ModuleCache.noindex -sdk-module-cache-path /Users/admin/builder/spi-builder-workspace/.derivedData/SDKExplicitPrecompiledModules -emit-dependencies -emit-module -emit-module-path /Users/admin/builder/spi-builder-workspace/.derivedData/Build/Intermediates.noindex/swift-syntax.build/Debug/SwiftSyntaxBuilder-t.build/Objects-normal/x86_64/SwiftSyntaxBuilder.swiftmodule -serialize-diagnostics -dependency-scan-serialize-diagnostics-path /Users/admin/builder/spi-builder-workspace/.derivedData/Build/Intermediates.noindex/swift-syntax.build/Debug/SwiftSyntaxBuilder-t.build/Objects-normal/x86_64/SwiftSyntaxBuilder-dependency-scan.dia -validate-clang-modules-once -clang-build-session-file /Users/admin/builder/spi-builder-workspace/.derivedData/ModuleCache.noindex/Session.modulevalidation -Xcc -fmodules-prune-interval\=86400 -Xcc -fmodules-prune-after\=345600 -emit-const-values -const-gather-protocols-list /Users/admin/builder/spi-builder-workspace/.derivedData/Build/Intermediates.noindex/swift-syntax.build/Debug/SwiftSyntaxBuilder-t.build/Objects-normal/x86_64/SwiftSyntaxBuilder_const_extract_protocols.json -Xcc -I/Users/admin/builder/spi-builder-workspace/.dependencies/checkouts/swift-syntax/Sources/_SwiftSyntaxCShims/include -Xcc -I/Users/admin/builder/spi-builder-workspace/.derivedData/Build/Products/Debug/include -Xcc -I/Users/admin/builder/spi-builder-workspace/.derivedData/Build/Intermediates.noindex/swift-syntax.build/Debug/SwiftSyntaxBuilder-t.build/DerivedSources-normal/x86_64 -Xcc -I/Users/admin/builder/spi-builder-workspace/.derivedData/Build/Intermediates.noindex/swift-syntax.build/Debug/SwiftSyntaxBuilder-t.build/DerivedSources/x86_64 -Xcc -I/Users/admin/builder/spi-builder-workspace/.derivedData/Build/Intermediates.noindex/swift-syntax.build/Debug/SwiftSyntaxBuilder-t.build/DerivedSources -Xcc -DSWIFT_PACKAGE -Xcc -DDEBUG\=1 -emit-objc-header -emit-objc-header-path /Users/admin/builder/spi-builder-workspace/.derivedData/Build/Intermediates.noindex/swift-syntax.build/Debug/SwiftSyntaxBuilder-t.build/Objects-normal/x86_64/SwiftSyntaxBuilder-Swift.h -working-directory /Users/admin/builder/spi-builder-workspace -experimental-emit-module-separately -disable-cmo
ExtractAppIntentsMetadata (in target 'Clocks' from project 'swift-clocks')
cd /Users/admin/builder/spi-builder-workspace/.dependencies/checkouts/swift-clocks
/Applications/Xcode-27.0.0-Release.Candidate.app/Contents/Developer/Toolchains/XcodeDefault.xctoolchain/usr/bin/appintentsmetadataprocessor --toolchain-dir /var/run/com.apple.security.cryptexd/mnt/com.apple.MobileAsset.MetalToolchain-v27.1.266.1.seyh2m/Metal.xctoolchain --module-name Clocks --sdk-root /Applications/Xcode-27.0.0-Release.Candidate.app/Contents/Developer/Platforms/AppleTVOS.platform/Developer/SDKs/AppleTVOS27.0.sdk --xcode-version 27A266a --platform-family tvOS --deployment-target 15.0 --bundle-identifier swift-clocks.Clocks --output /Users/admin/builder/spi-builder-workspace/.derivedData/Build/Products/Debug-appletvos/Clocks.appintents --target-triple arm64-apple-tvos15.0 --binary-file /Users/admin/builder/spi-builder-workspace/.derivedData/Build/Products/Debug-appletvos/Clocks.o --dependency-file /Users/admin/builder/spi-builder-workspace/.derivedData/Build/Intermediates.noindex/swift-clocks.build/Debug-appletvos/Clocks-t.build/Objects-normal/arm64/Clocks_dependency_info.dat --stringsdata-file /Users/admin/builder/spi-builder-workspace/.derivedData/Build/Intermediates.noindex/swift-clocks.build/Debug-appletvos/Clocks-t.build/Objects-normal/arm64/ExtractedAppShortcutsMetadata.stringsdata --source-file-list /Users/admin/builder/spi-builder-workspace/.derivedData/Build/Intermediates.noindex/swift-clocks.build/Debug-appletvos/Clocks-t.build/Objects-normal/arm64/Clocks.SwiftFileList --metadata-file-list /Users/admin/builder/spi-builder-workspace/.derivedData/Build/Intermediates.noindex/swift-clocks.build/Debug-appletvos/Clocks-t.build/Clocks.DependencyMetadataFileList --static-metadata-file-list /Users/admin/builder/spi-builder-workspace/.derivedData/Build/Intermediates.noindex/swift-clocks.build/Debug-appletvos/Clocks-t.build/Clocks.DependencyStaticMetadataFileList --swift-const-vals-list /Users/admin/builder/spi-builder-workspace/.derivedData/Build/Intermediates.noindex/swift-clocks.build/Debug-appletvos/Clocks-t.build/Objects-normal/arm64/Clocks.SwiftConstValuesFileList --force --compile-time-extraction --deployment-aware-processing --no-app-shortcuts-localization
2026-09-21 04:59:30.900 appintentsmetadataprocessor[1992:10747] Starting appintentsmetadataprocessor export
2026-09-21 04:59:30.967 appintentsmetadataprocessor[1992:10747] Extracted no relevant App Intents symbols, skipping writing output
ExtractAppIntentsMetadata (in target 'XCTestDynamicOverlay' from project 'xctest-dynamic-overlay')
cd /Users/admin/builder/spi-builder-workspace/.dependencies/checkouts/xctest-dynamic-overlay
/Applications/Xcode-27.0.0-Release.Candidate.app/Contents/Developer/Toolchains/XcodeDefault.xctoolchain/usr/bin/appintentsmetadataprocessor --toolchain-dir /var/run/com.apple.security.cryptexd/mnt/com.apple.MobileAsset.MetalToolchain-v27.1.266.1.seyh2m/Metal.xctoolchain --module-name XCTestDynamicOverlay --sdk-root /Applications/Xcode-27.0.0-Release.Candidate.app/Contents/Developer/Platforms/MacOSX.platform/Developer/SDKs/MacOSX27.0.sdk --xcode-version 27A266a --platform-family macOS --deployment-target 12.0 --bundle-identifier xctest-dynamic-overlay.XCTestDynamicOverlay --output /Users/admin/builder/spi-builder-workspace/.derivedData/Build/Products/Debug/XCTestDynamicOverlay.appintents --target-triple arm64-apple-macos12.0 --target-triple x86_64-apple-macos12.0 --binary-file /Users/admin/builder/spi-builder-workspace/.derivedData/Build/Products/Debug/XCTestDynamicOverlay.o --dependency-file /Users/admin/builder/spi-builder-workspace/.derivedData/Build/Intermediates.noindex/xctest-dynamic-overlay.build/Debug/XCTestDynamicOverlay-t.build/Objects-normal/arm64/XCTestDynamicOverlay_dependency_info.dat --dependency-file /Users/admin/builder/spi-builder-workspace/.derivedData/Build/Intermediates.noindex/xctest-dynamic-overlay.build/Debug/XCTestDynamicOverlay-t.build/Objects-normal/x86_64/XCTestDynamicOverlay_dependency_info.dat --stringsdata-file /Users/admin/builder/spi-builder-workspace/.derivedData/Build/Intermediates.noindex/xctest-dynamic-overlay.build/Debug/XCTestDynamicOverlay-t.build/Objects-normal/arm64/ExtractedAppShortcutsMetadata.stringsdata --stringsdata-file /Users/admin/builder/spi-builder-workspace/.derivedData/Build/Intermediates.noindex/xctest-dynamic-overlay.build/Debug/XCTestDynamicOverlay-t.build/Objects-normal/x86_64/ExtractedAppShortcutsMetadata.stringsdata --source-file-list /Users/admin/builder/spi-builder-workspace/.derivedData/Build/Intermediates.noindex/xctest-dynamic-overlay.build/Debug/XCTestDynamicOverlay-t.build/Objects-normal/arm64/XCTestDynamicOverlay.SwiftFileList --source-file-list /Users/admin/builder/spi-builder-workspace/.derivedData/Build/Intermediates.noindex/xctest-dynamic-overlay.build/Debug/XCTestDynamicOverlay-t.build/Objects-normal/x86_64/XCTestDynamicOverlay.SwiftFileList --metadata-file-list /Users/admin/builder/spi-builder-workspace/.derivedData/Build/Intermediates.noindex/xctest-dynamic-overlay.build/Debug/XCTestDynamicOverlay-t.build/XCTestDynamicOverlay.DependencyMetadataFileList --static-metadata-file-list /Users/admin/builder/spi-builder-workspace/.derivedData/Build/Intermediates.noindex/xctest-dynamic-overlay.build/Debug/XCTestDynamicOverlay-t.build/XCTestDynamicOverlay.DependencyStaticMetadataFileList --swift-const-vals-list /Users/admin/builder/spi-builder-workspace/.derivedData/Build/Intermediates.noindex/xctest-dynamic-overlay.build/Debug/XCTestDynamicOverlay-t.build/Objects-normal/arm64/XCTestDynamicOverlay.SwiftConstValuesFileList --swift-const-vals-list /Users/admin/builder/spi-builder-workspace/.derivedData/Build/Intermediates.noindex/xctest-dynamic-overlay.build/Debug/XCTestDynamicOverlay-t.build/Objects-normal/x86_64/XCTestDynamicOverlay.SwiftConstValuesFileList --force --compile-time-extraction --deployment-aware-processing --no-app-shortcuts-localization
2026-09-21 04:59:30.947 appintentsmetadataprocessor[1993:10752] Starting appintentsmetadataprocessor export
2026-09-21 04:59:31.042 appintentsmetadataprocessor[1993:10752] Extracted no relevant App Intents symbols, skipping writing output
ExtractAppIntentsMetadata (in target 'CombineSchedulers' from project 'combine-schedulers')
cd /Users/admin/builder/spi-builder-workspace/.dependencies/checkouts/combine-schedulers
/Applications/Xcode-27.0.0-Release.Candidate.app/Contents/Developer/Toolchains/XcodeDefault.xctoolchain/usr/bin/appintentsmetadataprocessor --toolchain-dir /var/run/com.apple.security.cryptexd/mnt/com.apple.MobileAsset.MetalToolchain-v27.1.266.1.seyh2m/Metal.xctoolchain --module-name CombineSchedulers --sdk-root /Applications/Xcode-27.0.0-Release.Candidate.app/Contents/Developer/Platforms/AppleTVOS.platform/Developer/SDKs/AppleTVOS27.0.sdk --xcode-version 27A266a --platform-family tvOS --deployment-target 15.0 --bundle-identifier combine-schedulers.CombineSchedulers --output /Users/admin/builder/spi-builder-workspace/.derivedData/Build/Products/Debug-appletvos/CombineSchedulers.appintents --target-triple arm64-apple-tvos15.0 --binary-file /Users/admin/builder/spi-builder-workspace/.derivedData/Build/Products/Debug-appletvos/CombineSchedulers.o --dependency-file /Users/admin/builder/spi-builder-workspace/.derivedData/Build/Intermediates.noindex/combine-schedulers.build/Debug-appletvos/CombineSchedulers-t.build/Objects-normal/arm64/CombineSchedulers_dependency_info.dat --stringsdata-file /Users/admin/builder/spi-builder-workspace/.derivedData/Build/Intermediates.noindex/combine-schedulers.build/Debug-appletvos/CombineSchedulers-t.build/Objects-normal/arm64/ExtractedAppShortcutsMetadata.stringsdata --source-file-list /Users/admin/builder/spi-builder-workspace/.derivedData/Build/Intermediates.noindex/combine-schedulers.build/Debug-appletvos/CombineSchedulers-t.build/Objects-normal/arm64/CombineSchedulers.SwiftFileList --metadata-file-list /Users/admin/builder/spi-builder-workspace/.derivedData/Build/Intermediates.noindex/combine-schedulers.build/Debug-appletvos/CombineSchedulers-t.build/CombineSchedulers.DependencyMetadataFileList --static-metadata-file-list /Users/admin/builder/spi-builder-workspace/.derivedData/Build/Intermediates.noindex/combine-schedulers.build/Debug-appletvos/CombineSchedulers-t.build/CombineSchedulers.DependencyStaticMetadataFileList --swift-const-vals-list /Users/admin/builder/spi-builder-workspace/.derivedData/Build/Intermediates.noindex/combine-schedulers.build/Debug-appletvos/CombineSchedulers-t.build/Objects-normal/arm64/CombineSchedulers.SwiftConstValuesFileList --force --compile-time-extraction --deployment-aware-processing --no-app-shortcuts-localization
2026-09-21 04:59:31.014 appintentsmetadataprocessor[1994:10771] Starting appintentsmetadataprocessor export
2026-09-21 04:59:31.415 appintentsmetadataprocessor[1994:10771] Extracted no relevant App Intents symbols, skipping writing output
Ld /Users/admin/builder/spi-builder-workspace/.derivedData/Build/Intermediates.noindex/swift-syntax.build/Debug/SwiftParser-t.build/Objects-normal/x86_64/Binary/SwiftParser.o normal x86_64 (in target 'SwiftParser' from project 'swift-syntax')
cd /Users/admin/builder/spi-builder-workspace/.dependencies/checkouts/swift-syntax
/Applications/Xcode-27.0.0-Release.Candidate.app/Contents/Developer/Toolchains/XcodeDefault.xctoolchain/usr/bin/clang -Xlinker -reproducible -target x86_64-apple-macos12.0 -r -isysroot /Applications/Xcode-27.0.0-Release.Candidate.app/Contents/Developer/Platforms/MacOSX.platform/Developer/SDKs/MacOSX27.0.sdk -O0 -w -Xlinker -no_warn_duplicate_libraries -F/Users/admin/builder/spi-builder-workspace/.derivedData/Build/Intermediates.noindex/EagerLinkingTBDs/Debug -F/Users/admin/builder/spi-builder-workspace/.derivedData/Build/Products/Debug/PackageFrameworks -F/Users/admin/builder/spi-builder-workspace/.derivedData/Build/Products/Debug -iframework /Applications/Xcode-27.0.0-Release.Candidate.app/Contents/Developer/Platforms/MacOSX.platform/Developer/Library/Frameworks -filelist /Users/admin/builder/spi-builder-workspace/.derivedData/Build/Intermediates.noindex/swift-syntax.build/Debug/SwiftParser-t.build/Objects-normal/x86_64/SwiftParser.LinkFileList -nostdlib -Xlinker -object_path_lto -Xlinker /Users/admin/builder/spi-builder-workspace/.derivedData/Build/Intermediates.noindex/swift-syntax.build/Debug/SwiftParser-t.build/Objects-normal/x86_64/SwiftParser_lto.o -Xlinker -no_deduplicate -Xlinker -debug_variant -Xlinker -dependency_info -Xlinker /Users/admin/builder/spi-builder-workspace/.derivedData/Build/Intermediates.noindex/swift-syntax.build/Debug/SwiftParser-t.build/Objects-normal/x86_64/SwiftParser_dependency_info.dat -fobjc-link-runtime -L/Applications/Xcode-27.0.0-Release.Candidate.app/Contents/Developer/Toolchains/XcodeDefault.xctoolchain/usr/lib/swift/macosx -L/usr/lib/swift -Xlinker -add_ast_path -Xlinker /Users/admin/builder/spi-builder-workspace/.derivedData/Build/Intermediates.noindex/swift-syntax.build/Debug/SwiftParser-t.build/Objects-normal/x86_64/SwiftParser.swiftmodule -o /Users/admin/builder/spi-builder-workspace/.derivedData/Build/Intermediates.noindex/swift-syntax.build/Debug/SwiftParser-t.build/Objects-normal/x86_64/Binary/SwiftParser.o
Ld /Users/admin/builder/spi-builder-workspace/.derivedData/Build/Intermediates.noindex/swift-syntax.build/Debug/SwiftParser-t.build/Objects-normal/arm64/Binary/SwiftParser.o normal arm64 (in target 'SwiftParser' from project 'swift-syntax')
cd /Users/admin/builder/spi-builder-workspace/.dependencies/checkouts/swift-syntax
/Applications/Xcode-27.0.0-Release.Candidate.app/Contents/Developer/Toolchains/XcodeDefault.xctoolchain/usr/bin/clang -Xlinker -reproducible -target arm64-apple-macos12.0 -r -isysroot /Applications/Xcode-27.0.0-Release.Candidate.app/Contents/Developer/Platforms/MacOSX.platform/Developer/SDKs/MacOSX27.0.sdk -O0 -w -Xlinker -no_warn_duplicate_libraries -F/Users/admin/builder/spi-builder-workspace/.derivedData/Build/Intermediates.noindex/EagerLinkingTBDs/Debug -F/Users/admin/builder/spi-builder-workspace/.derivedData/Build/Products/Debug/PackageFrameworks -F/Users/admin/builder/spi-builder-workspace/.derivedData/Build/Products/Debug -iframework /Applications/Xcode-27.0.0-Release.Candidate.app/Contents/Developer/Platforms/MacOSX.platform/Developer/Library/Frameworks -filelist /Users/admin/builder/spi-builder-workspace/.derivedData/Build/Intermediates.noindex/swift-syntax.build/Debug/SwiftParser-t.build/Objects-normal/arm64/SwiftParser.LinkFileList -nostdlib -Xlinker -object_path_lto -Xlinker /Users/admin/builder/spi-builder-workspace/.derivedData/Build/Intermediates.noindex/swift-syntax.build/Debug/SwiftParser-t.build/Objects-normal/arm64/SwiftParser_lto.o -Xlinker -no_deduplicate -Xlinker -debug_variant -Xlinker -dependency_info -Xlinker /Users/admin/builder/spi-builder-workspace/.derivedData/Build/Intermediates.noindex/swift-syntax.build/Debug/SwiftParser-t.build/Objects-normal/arm64/SwiftParser_dependency_info.dat -fobjc-link-runtime -L/Applications/Xcode-27.0.0-Release.Candidate.app/Contents/Developer/Toolchains/XcodeDefault.xctoolchain/usr/lib/swift/macosx -L/usr/lib/swift -Xlinker -add_ast_path -Xlinker /Users/admin/builder/spi-builder-workspace/.derivedData/Build/Intermediates.noindex/swift-syntax.build/Debug/SwiftParser-t.build/Objects-normal/arm64/SwiftParser.swiftmodule -o /Users/admin/builder/spi-builder-workspace/.derivedData/Build/Intermediates.noindex/swift-syntax.build/Debug/SwiftParser-t.build/Objects-normal/arm64/Binary/SwiftParser.o
Ld /Users/admin/builder/spi-builder-workspace/.derivedData/Build/Intermediates.noindex/swift-syntax.build/Debug/SwiftDiagnostics-t.build/Objects-normal/x86_64/Binary/SwiftDiagnostics.o normal x86_64 (in target 'SwiftDiagnostics' from project 'swift-syntax')
cd /Users/admin/builder/spi-builder-workspace/.dependencies/checkouts/swift-syntax
/Applications/Xcode-27.0.0-Release.Candidate.app/Contents/Developer/Toolchains/XcodeDefault.xctoolchain/usr/bin/clang -Xlinker -reproducible -target x86_64-apple-macos12.0 -r -isysroot /Applications/Xcode-27.0.0-Release.Candidate.app/Contents/Developer/Platforms/MacOSX.platform/Developer/SDKs/MacOSX27.0.sdk -O0 -w -Xlinker -no_warn_duplicate_libraries -F/Users/admin/builder/spi-builder-workspace/.derivedData/Build/Intermediates.noindex/EagerLinkingTBDs/Debug -F/Users/admin/builder/spi-builder-workspace/.derivedData/Build/Products/Debug/PackageFrameworks -F/Users/admin/builder/spi-builder-workspace/.derivedData/Build/Products/Debug -iframework /Applications/Xcode-27.0.0-Release.Candidate.app/Contents/Developer/Platforms/MacOSX.platform/Developer/Library/Frameworks -filelist /Users/admin/builder/spi-builder-workspace/.derivedData/Build/Intermediates.noindex/swift-syntax.build/Debug/SwiftDiagnostics-t.build/Objects-normal/x86_64/SwiftDiagnostics.LinkFileList -nostdlib -Xlinker -object_path_lto -Xlinker /Users/admin/builder/spi-builder-workspace/.derivedData/Build/Intermediates.noindex/swift-syntax.build/Debug/SwiftDiagnostics-t.build/Objects-normal/x86_64/SwiftDiagnostics_lto.o -Xlinker -no_deduplicate -Xlinker -debug_variant -Xlinker -dependency_info -Xlinker /Users/admin/builder/spi-builder-workspace/.derivedData/Build/Intermediates.noindex/swift-syntax.build/Debug/SwiftDiagnostics-t.build/Objects-normal/x86_64/SwiftDiagnostics_dependency_info.dat -fobjc-link-runtime -L/Applications/Xcode-27.0.0-Release.Candidate.app/Contents/Developer/Toolchains/XcodeDefault.xctoolchain/usr/lib/swift/macosx -L/usr/lib/swift -Xlinker -add_ast_path -Xlinker /Users/admin/builder/spi-builder-workspace/.derivedData/Build/Intermediates.noindex/swift-syntax.build/Debug/SwiftDiagnostics-t.build/Objects-normal/x86_64/SwiftDiagnostics.swiftmodule -o /Users/admin/builder/spi-builder-workspace/.derivedData/Build/Intermediates.noindex/swift-syntax.build/Debug/SwiftDiagnostics-t.build/Objects-normal/x86_64/Binary/SwiftDiagnostics.o
Ld /Users/admin/builder/spi-builder-workspace/.derivedData/Build/Intermediates.noindex/swift-syntax.build/Debug/SwiftDiagnostics-t.build/Objects-normal/arm64/Binary/SwiftDiagnostics.o normal arm64 (in target 'SwiftDiagnostics' from project 'swift-syntax')
cd /Users/admin/builder/spi-builder-workspace/.dependencies/checkouts/swift-syntax
/Applications/Xcode-27.0.0-Release.Candidate.app/Contents/Developer/Toolchains/XcodeDefault.xctoolchain/usr/bin/clang -Xlinker -reproducible -target arm64-apple-macos12.0 -r -isysroot /Applications/Xcode-27.0.0-Release.Candidate.app/Contents/Developer/Platforms/MacOSX.platform/Developer/SDKs/MacOSX27.0.sdk -O0 -w -Xlinker -no_warn_duplicate_libraries -F/Users/admin/builder/spi-builder-workspace/.derivedData/Build/Intermediates.noindex/EagerLinkingTBDs/Debug -F/Users/admin/builder/spi-builder-workspace/.derivedData/Build/Products/Debug/PackageFrameworks -F/Users/admin/builder/spi-builder-workspace/.derivedData/Build/Products/Debug -iframework /Applications/Xcode-27.0.0-Release.Candidate.app/Contents/Developer/Platforms/MacOSX.platform/Developer/Library/Frameworks -filelist /Users/admin/builder/spi-builder-workspace/.derivedData/Build/Intermediates.noindex/swift-syntax.build/Debug/SwiftDiagnostics-t.build/Objects-normal/arm64/SwiftDiagnostics.LinkFileList -nostdlib -Xlinker -object_path_lto -Xlinker /Users/admin/builder/spi-builder-workspace/.derivedData/Build/Intermediates.noindex/swift-syntax.build/Debug/SwiftDiagnostics-t.build/Objects-normal/arm64/SwiftDiagnostics_lto.o -Xlinker -no_deduplicate -Xlinker -debug_variant -Xlinker -dependency_info -Xlinker /Users/admin/builder/spi-builder-workspace/.derivedData/Build/Intermediates.noindex/swift-syntax.build/Debug/SwiftDiagnostics-t.build/Objects-normal/arm64/SwiftDiagnostics_dependency_info.dat -fobjc-link-runtime -L/Applications/Xcode-27.0.0-Release.Candidate.app/Contents/Developer/Toolchains/XcodeDefault.xctoolchain/usr/lib/swift/macosx -L/usr/lib/swift -Xlinker -add_ast_path -Xlinker /Users/admin/builder/spi-builder-workspace/.derivedData/Build/Intermediates.noindex/swift-syntax.build/Debug/SwiftDiagnostics-t.build/Objects-normal/arm64/SwiftDiagnostics.swiftmodule -o /Users/admin/builder/spi-builder-workspace/.derivedData/Build/Intermediates.noindex/swift-syntax.build/Debug/SwiftDiagnostics-t.build/Objects-normal/arm64/Binary/SwiftDiagnostics.o
CreateUniversalBinary /Users/admin/builder/spi-builder-workspace/.derivedData/Build/Products/Debug/SwiftDiagnostics.o normal arm64\ x86_64 (in target 'SwiftDiagnostics' from project 'swift-syntax')
cd /Users/admin/builder/spi-builder-workspace/.dependencies/checkouts/swift-syntax
/Applications/Xcode-27.0.0-Release.Candidate.app/Contents/Developer/Toolchains/XcodeDefault.xctoolchain/usr/bin/lipo -create /Users/admin/builder/spi-builder-workspace/.derivedData/Build/Intermediates.noindex/swift-syntax.build/Debug/SwiftDiagnostics-t.build/Objects-normal/arm64/Binary/SwiftDiagnostics.o /Users/admin/builder/spi-builder-workspace/.derivedData/Build/Intermediates.noindex/swift-syntax.build/Debug/SwiftDiagnostics-t.build/Objects-normal/x86_64/Binary/SwiftDiagnostics.o -output /Users/admin/builder/spi-builder-workspace/.derivedData/Build/Products/Debug/SwiftDiagnostics.o
Ld /Users/admin/builder/spi-builder-workspace/.derivedData/Build/Intermediates.noindex/swift-syntax.build/Debug/SwiftBasicFormat-t.build/Objects-normal/x86_64/Binary/SwiftBasicFormat.o normal x86_64 (in target 'SwiftBasicFormat' from project 'swift-syntax')
cd /Users/admin/builder/spi-builder-workspace/.dependencies/checkouts/swift-syntax
/Applications/Xcode-27.0.0-Release.Candidate.app/Contents/Developer/Toolchains/XcodeDefault.xctoolchain/usr/bin/clang -Xlinker -reproducible -target x86_64-apple-macos12.0 -r -isysroot /Applications/Xcode-27.0.0-Release.Candidate.app/Contents/Developer/Platforms/MacOSX.platform/Developer/SDKs/MacOSX27.0.sdk -O0 -w -Xlinker -no_warn_duplicate_libraries -F/Users/admin/builder/spi-builder-workspace/.derivedData/Build/Intermediates.noindex/EagerLinkingTBDs/Debug -F/Users/admin/builder/spi-builder-workspace/.derivedData/Build/Products/Debug/PackageFrameworks -F/Users/admin/builder/spi-builder-workspace/.derivedData/Build/Products/Debug -iframework /Applications/Xcode-27.0.0-Release.Candidate.app/Contents/Developer/Platforms/MacOSX.platform/Developer/Library/Frameworks -filelist /Users/admin/builder/spi-builder-workspace/.derivedData/Build/Intermediates.noindex/swift-syntax.build/Debug/SwiftBasicFormat-t.build/Objects-normal/x86_64/SwiftBasicFormat.LinkFileList -nostdlib -Xlinker -object_path_lto -Xlinker /Users/admin/builder/spi-builder-workspace/.derivedData/Build/Intermediates.noindex/swift-syntax.build/Debug/SwiftBasicFormat-t.build/Objects-normal/x86_64/SwiftBasicFormat_lto.o -Xlinker -no_deduplicate -Xlinker -debug_variant -Xlinker -dependency_info -Xlinker /Users/admin/builder/spi-builder-workspace/.derivedData/Build/Intermediates.noindex/swift-syntax.build/Debug/SwiftBasicFormat-t.build/Objects-normal/x86_64/SwiftBasicFormat_dependency_info.dat -fobjc-link-runtime -L/Applications/Xcode-27.0.0-Release.Candidate.app/Contents/Developer/Toolchains/XcodeDefault.xctoolchain/usr/lib/swift/macosx -L/usr/lib/swift -Xlinker -add_ast_path -Xlinker /Users/admin/builder/spi-builder-workspace/.derivedData/Build/Intermediates.noindex/swift-syntax.build/Debug/SwiftBasicFormat-t.build/Objects-normal/x86_64/SwiftBasicFormat.swiftmodule -o /Users/admin/builder/spi-builder-workspace/.derivedData/Build/Intermediates.noindex/swift-syntax.build/Debug/SwiftBasicFormat-t.build/Objects-normal/x86_64/Binary/SwiftBasicFormat.o
Ld /Users/admin/builder/spi-builder-workspace/.derivedData/Build/Intermediates.noindex/swift-syntax.build/Debug/SwiftBasicFormat-t.build/Objects-normal/arm64/Binary/SwiftBasicFormat.o normal arm64 (in target 'SwiftBasicFormat' from project 'swift-syntax')
cd /Users/admin/builder/spi-builder-workspace/.dependencies/checkouts/swift-syntax
/Applications/Xcode-27.0.0-Release.Candidate.app/Contents/Developer/Toolchains/XcodeDefault.xctoolchain/usr/bin/clang -Xlinker -reproducible -target arm64-apple-macos12.0 -r -isysroot /Applications/Xcode-27.0.0-Release.Candidate.app/Contents/Developer/Platforms/MacOSX.platform/Developer/SDKs/MacOSX27.0.sdk -O0 -w -Xlinker -no_warn_duplicate_libraries -F/Users/admin/builder/spi-builder-workspace/.derivedData/Build/Intermediates.noindex/EagerLinkingTBDs/Debug -F/Users/admin/builder/spi-builder-workspace/.derivedData/Build/Products/Debug/PackageFrameworks -F/Users/admin/builder/spi-builder-workspace/.derivedData/Build/Products/Debug -iframework /Applications/Xcode-27.0.0-Release.Candidate.app/Contents/Developer/Platforms/MacOSX.platform/Developer/Library/Frameworks -filelist /Users/admin/builder/spi-builder-workspace/.derivedData/Build/Intermediates.noindex/swift-syntax.build/Debug/SwiftBasicFormat-t.build/Objects-normal/arm64/SwiftBasicFormat.LinkFileList -nostdlib -Xlinker -object_path_lto -Xlinker /Users/admin/builder/spi-builder-workspace/.derivedData/Build/Intermediates.noindex/swift-syntax.build/Debug/SwiftBasicFormat-t.build/Objects-normal/arm64/SwiftBasicFormat_lto.o -Xlinker -no_deduplicate -Xlinker -debug_variant -Xlinker -dependency_info -Xlinker /Users/admin/builder/spi-builder-workspace/.derivedData/Build/Intermediates.noindex/swift-syntax.build/Debug/SwiftBasicFormat-t.build/Objects-normal/arm64/SwiftBasicFormat_dependency_info.dat -fobjc-link-runtime -L/Applications/Xcode-27.0.0-Release.Candidate.app/Contents/Developer/Toolchains/XcodeDefault.xctoolchain/usr/lib/swift/macosx -L/usr/lib/swift -Xlinker -add_ast_path -Xlinker /Users/admin/builder/spi-builder-workspace/.derivedData/Build/Intermediates.noindex/swift-syntax.build/Debug/SwiftBasicFormat-t.build/Objects-normal/arm64/SwiftBasicFormat.swiftmodule -o /Users/admin/builder/spi-builder-workspace/.derivedData/Build/Intermediates.noindex/swift-syntax.build/Debug/SwiftBasicFormat-t.build/Objects-normal/arm64/Binary/SwiftBasicFormat.o
CreateUniversalBinary /Users/admin/builder/spi-builder-workspace/.derivedData/Build/Products/Debug/SwiftParser.o normal arm64\ x86_64 (in target 'SwiftParser' from project 'swift-syntax')
cd /Users/admin/builder/spi-builder-workspace/.dependencies/checkouts/swift-syntax
/Applications/Xcode-27.0.0-Release.Candidate.app/Contents/Developer/Toolchains/XcodeDefault.xctoolchain/usr/bin/lipo -create /Users/admin/builder/spi-builder-workspace/.derivedData/Build/Intermediates.noindex/swift-syntax.build/Debug/SwiftParser-t.build/Objects-normal/arm64/Binary/SwiftParser.o /Users/admin/builder/spi-builder-workspace/.derivedData/Build/Intermediates.noindex/swift-syntax.build/Debug/SwiftParser-t.build/Objects-normal/x86_64/Binary/SwiftParser.o -output /Users/admin/builder/spi-builder-workspace/.derivedData/Build/Products/Debug/SwiftParser.o
CreateUniversalBinary /Users/admin/builder/spi-builder-workspace/.derivedData/Build/Products/Debug/SwiftBasicFormat.o normal arm64\ x86_64 (in target 'SwiftBasicFormat' from project 'swift-syntax')
cd /Users/admin/builder/spi-builder-workspace/.dependencies/checkouts/swift-syntax
/Applications/Xcode-27.0.0-Release.Candidate.app/Contents/Developer/Toolchains/XcodeDefault.xctoolchain/usr/bin/lipo -create /Users/admin/builder/spi-builder-workspace/.derivedData/Build/Intermediates.noindex/swift-syntax.build/Debug/SwiftBasicFormat-t.build/Objects-normal/arm64/Binary/SwiftBasicFormat.o /Users/admin/builder/spi-builder-workspace/.derivedData/Build/Intermediates.noindex/swift-syntax.build/Debug/SwiftBasicFormat-t.build/Objects-normal/x86_64/Binary/SwiftBasicFormat.o -output /Users/admin/builder/spi-builder-workspace/.derivedData/Build/Products/Debug/SwiftBasicFormat.o
SwiftCompile normal x86_64 Compiling\ DiagnosticExtensions.swift,\ LexerDiagnosticMessages.swift /Users/admin/builder/spi-builder-workspace/.dependencies/checkouts/swift-syntax/Sources/SwiftParserDiagnostics/DiagnosticExtensions.swift /Users/admin/builder/spi-builder-workspace/.dependencies/checkouts/swift-syntax/Sources/SwiftParserDiagnostics/LexerDiagnosticMessages.swift (in target 'SwiftParserDiagnostics' from project 'swift-syntax')
SwiftCompile normal x86_64 /Users/admin/builder/spi-builder-workspace/.dependencies/checkouts/swift-syntax/Sources/SwiftParserDiagnostics/DiagnosticExtensions.swift (in target 'SwiftParserDiagnostics' from project 'swift-syntax')
cd /Users/admin/builder/spi-builder-workspace
builtin-SwiftPerFileCompile DiagnosticExtensions.swift
SwiftCompile normal x86_64 /Users/admin/builder/spi-builder-workspace/.dependencies/checkouts/swift-syntax/Sources/SwiftParserDiagnostics/LexerDiagnosticMessages.swift (in target 'SwiftParserDiagnostics' from project 'swift-syntax')
cd /Users/admin/builder/spi-builder-workspace
builtin-SwiftPerFileCompile LexerDiagnosticMessages.swift
SwiftCompile normal x86_64 Compiling\ MultiLineStringLiteralDiagnosticsGenerator.swift,\ ParseDiagnosticsGenerator.swift /Users/admin/builder/spi-builder-workspace/.dependencies/checkouts/swift-syntax/Sources/SwiftParserDiagnostics/MultiLineStringLiteralDiagnosticsGenerator.swift /Users/admin/builder/spi-builder-workspace/.dependencies/checkouts/swift-syntax/Sources/SwiftParserDiagnostics/ParseDiagnosticsGenerator.swift (in target 'SwiftParserDiagnostics' from project 'swift-syntax')
SwiftCompile normal x86_64 /Users/admin/builder/spi-builder-workspace/.dependencies/checkouts/swift-syntax/Sources/SwiftParserDiagnostics/MultiLineStringLiteralDiagnosticsGenerator.swift (in target 'SwiftParserDiagnostics' from project 'swift-syntax')
cd /Users/admin/builder/spi-builder-workspace
builtin-SwiftPerFileCompile MultiLineStringLiteralDiagnosticsGenerator.swift
SwiftCompile normal x86_64 /Users/admin/builder/spi-builder-workspace/.dependencies/checkouts/swift-syntax/Sources/SwiftParserDiagnostics/ParseDiagnosticsGenerator.swift (in target 'SwiftParserDiagnostics' from project 'swift-syntax')
cd /Users/admin/builder/spi-builder-workspace
builtin-SwiftPerFileCompile ParseDiagnosticsGenerator.swift
SwiftCompile normal x86_64 Compiling\ MissingNodesError.swift,\ MissingTokenError.swift /Users/admin/builder/spi-builder-workspace/.dependencies/checkouts/swift-syntax/Sources/SwiftParserDiagnostics/MissingNodesError.swift /Users/admin/builder/spi-builder-workspace/.dependencies/checkouts/swift-syntax/Sources/SwiftParserDiagnostics/MissingTokenError.swift (in target 'SwiftParserDiagnostics' from project 'swift-syntax')
SwiftCompile normal x86_64 /Users/admin/builder/spi-builder-workspace/.dependencies/checkouts/swift-syntax/Sources/SwiftParserDiagnostics/MissingNodesError.swift (in target 'SwiftParserDiagnostics' from project 'swift-syntax')
cd /Users/admin/builder/spi-builder-workspace
builtin-SwiftPerFileCompile MissingNodesError.swift
SwiftCompile normal x86_64 /Users/admin/builder/spi-builder-workspace/.dependencies/checkouts/swift-syntax/Sources/SwiftParserDiagnostics/MissingTokenError.swift (in target 'SwiftParserDiagnostics' from project 'swift-syntax')
cd /Users/admin/builder/spi-builder-workspace
builtin-SwiftPerFileCompile MissingTokenError.swift
SwiftEmitModule normal x86_64 Emitting\ module\ for\ SwiftParserDiagnostics (in target 'SwiftParserDiagnostics' from project 'swift-syntax')
SwiftCompile normal x86_64 (in target 'SwiftParserDiagnostics' from project 'swift-syntax')
cd /Users/admin/builder/spi-builder-workspace
SwiftCompile normal x86_64 Compiling\ ParserDiagnosticMessages.swift /Users/admin/builder/spi-builder-workspace/.dependencies/checkouts/swift-syntax/Sources/SwiftParserDiagnostics/ParserDiagnosticMessages.swift (in target 'SwiftParserDiagnostics' from project 'swift-syntax')
SwiftCompile normal x86_64 /Users/admin/builder/spi-builder-workspace/.dependencies/checkouts/swift-syntax/Sources/SwiftParserDiagnostics/ParserDiagnosticMessages.swift (in target 'SwiftParserDiagnostics' from project 'swift-syntax')
cd /Users/admin/builder/spi-builder-workspace
builtin-SwiftPerFileCompile ParserDiagnosticMessages.swift
SwiftEmitModule normal x86_64 Emitting\ module\ for\ SwiftOperators (in target 'SwiftOperators' from project 'swift-syntax')
SwiftCompile normal x86_64 (in target 'SwiftOperators' from project 'swift-syntax')
cd /Users/admin/builder/spi-builder-workspace
SwiftEmitModule normal arm64 Emitting\ module\ for\ SwiftOperators (in target 'SwiftOperators' from project 'swift-syntax')
SwiftCompile normal arm64 (in target 'SwiftOperators' from project 'swift-syntax')
cd /Users/admin/builder/spi-builder-workspace
SwiftEmitModule normal arm64 Emitting\ module\ for\ Dependencies (in target 'Dependencies' from project 'swift-dependencies')
SwiftCompile normal arm64 (in target 'Dependencies' from project 'swift-dependencies')
cd /Users/admin/builder/spi-builder-workspace
SwiftEmitModule normal arm64 Emitting\ module\ for\ CustomDump (in target 'CustomDump' from project 'swift-custom-dump')
/Users/admin/builder/spi-builder-workspace/.dependencies/checkouts/swift-custom-dump/Sources/CustomDump/Conformances/Speech.swift:5:13: error: 'SFSpeechRecognizerAuthorizationStatus' is unavailable in tvOS
3 |
4 | @available(iOS 10, macOS 10.15, *)
5 | extension SFSpeechRecognizerAuthorizationStatus: CustomDumpStringConvertible {
| `- error: 'SFSpeechRecognizerAuthorizationStatus' is unavailable in tvOS
6 | public var customDumpDescription: String {
7 | switch self {
/Applications/Xcode-27.0.0-Release.Candidate.app/Contents/Developer/Platforms/AppleTVOS.platform/Developer/SDKs/AppleTVOS27.0.sdk/System/Library/Frameworks/Speech.framework/Headers/SFSpeechRecognizer.h:25:28: note: 'SFSpeechRecognizerAuthorizationStatus' has been explicitly marked unavailable here
23 | The app's authorization to perform speech recognition.
24 | */
25 | typedef NS_ENUM(NSInteger, SFSpeechRecognizerAuthorizationStatus) {
| `- note: 'SFSpeechRecognizerAuthorizationStatus' has been explicitly marked unavailable here
26 | /// The app's authorization status has not yet been determined.
27 | ///
/Users/admin/builder/spi-builder-workspace/.dependencies/checkouts/swift-custom-dump/Sources/CustomDump/Conformances/Speech.swift:24:13: error: 'SFSpeechRecognitionTaskHint' is unavailable in tvOS
22 |
23 | @available(iOS 10, macOS 10.15, *)
24 | extension SFSpeechRecognitionTaskHint: CustomDumpStringConvertible {
| `- error: 'SFSpeechRecognitionTaskHint' is unavailable in tvOS
25 | public var customDumpDescription: String {
26 | switch self {
/Applications/Xcode-27.0.0-Release.Candidate.app/Contents/Developer/Platforms/AppleTVOS.platform/Developer/SDKs/AppleTVOS27.0.sdk/System/Library/Frameworks/Speech.framework/Headers/SFSpeechRecognitionTaskHint.h:10:28: note: 'SFSpeechRecognitionTaskHint' has been explicitly marked unavailable here
8 | The type of task for which you are using speech recognition.
9 | */
10 | typedef NS_ENUM(NSInteger, SFSpeechRecognitionTaskHint) {
| `- note: 'SFSpeechRecognitionTaskHint' has been explicitly marked unavailable here
11 | /// An unspecified type of task.
12 | ///
/Users/admin/builder/spi-builder-workspace/.dependencies/checkouts/swift-custom-dump/Sources/CustomDump/Conformances/Speech.swift:42:13: error: 'SFSpeechRecognitionTaskState' is unavailable in tvOS
40 |
41 | @available(iOS 10, macOS 10.15, *)
42 | extension SFSpeechRecognitionTaskState: CustomDumpStringConvertible {
| `- error: 'SFSpeechRecognitionTaskState' is unavailable in tvOS
43 | public var customDumpDescription: String {
44 | switch self {
/Applications/Xcode-27.0.0-Release.Candidate.app/Contents/Developer/Platforms/AppleTVOS.platform/Developer/SDKs/AppleTVOS27.0.sdk/System/Library/Frameworks/Speech.framework/Headers/SFSpeechRecognitionTask.h:18:28: note: 'SFSpeechRecognitionTaskState' has been explicitly marked unavailable here
16 | The state of the task associated with the recognition request.
17 | */
18 | typedef NS_ENUM(NSInteger, SFSpeechRecognitionTaskState) {
| `- note: 'SFSpeechRecognitionTaskState' has been explicitly marked unavailable here
19 | /// Speech recognition (potentially including audio recording) has not yet started.
20 | SFSpeechRecognitionTaskStateStarting = 0,
Failed frontend command:
/Applications/Xcode-27.0.0-Release.Candidate.app/Contents/Developer/Toolchains/XcodeDefault.xctoolchain/usr/bin/swift-frontend -frontend -emit-module -experimental-skip-non-inlinable-function-bodies-without-types /Users/admin/builder/spi-builder-workspace/.dependencies/checkouts/swift-custom-dump/Sources/CustomDump/Conformances/CoreImage.swift /Users/admin/builder/spi-builder-workspace/.dependencies/checkouts/swift-custom-dump/Sources/CustomDump/Conformances/CoreLocation.swift /Users/admin/builder/spi-builder-workspace/.dependencies/checkouts/swift-custom-dump/Sources/CustomDump/Conformances/CoreMotion.swift /Users/admin/builder/spi-builder-workspace/.dependencies/checkouts/swift-custom-dump/Sources/CustomDump/Conformances/Foundation.swift /Users/admin/builder/spi-builder-workspace/.dependencies/checkouts/swift-custom-dump/Sources/CustomDump/Conformances/GameKit.swift /Users/admin/builder/spi-builder-workspace/.dependencies/checkouts/swift-custom-dump/Sources/CustomDump/Conformances/KeyPath.swift /Users/admin/builder/spi-builder-workspace/.dependencies/checkouts/swift-custom-dump/Sources/CustomDump/Conformances/Photos.swift /Users/admin/builder/spi-builder-workspace/.dependencies/checkouts/swift-custom-dump/Sources/CustomDump/Conformances/Speech.swift /Users/admin/builder/spi-builder-workspace/.dependencies/checkouts/swift-custom-dump/Sources/CustomDump/Conformances/StoreKit.swift /Users/admin/builder/spi-builder-workspace/.dependencies/checkouts/swift-custom-dump/Sources/CustomDump/Conformances/Swift.swift /Users/admin/builder/spi-builder-workspace/.dependencies/checkouts/swift-custom-dump/Sources/CustomDump/Conformances/SwiftUI.swift /Users/admin/builder/spi-builder-workspace/.dependencies/checkouts/swift-custom-dump/Sources/CustomDump/Conformances/UIKit.swift /Users/admin/builder/spi-builder-workspace/.dependencies/checkouts/swift-custom-dump/Sources/CustomDump/Conformances/UserNotifications.swift /Users/admin/builder/spi-builder-workspace/.dependencies/checkouts/swift-custom-dump/Sources/CustomDump/Conformances/UserNotificationsUI.swift /Users/admin/builder/spi-builder-workspace/.dependencies/checkouts/swift-custom-dump/Sources/CustomDump/CustomDumpReflectable.swift /Users/admin/builder/spi-builder-workspace/.dependencies/checkouts/swift-custom-dump/Sources/CustomDump/CustomDumpRepresentable.swift /Users/admin/builder/spi-builder-workspace/.dependencies/checkouts/swift-custom-dump/Sources/CustomDump/CustomDumpStringConvertible.swift /Users/admin/builder/spi-builder-workspace/.dependencies/checkouts/swift-custom-dump/Sources/CustomDump/Diff.swift /Users/admin/builder/spi-builder-workspace/.dependencies/checkouts/swift-custom-dump/Sources/CustomDump/Dump.swift /Users/admin/builder/spi-builder-workspace/.dependencies/checkouts/swift-custom-dump/Sources/CustomDump/ExpectDifference.swift /Users/admin/builder/spi-builder-workspace/.dependencies/checkouts/swift-custom-dump/Sources/CustomDump/ExpectNoDifference.swift /Users/admin/builder/spi-builder-workspace/.dependencies/checkouts/swift-custom-dump/Sources/CustomDump/Internal/AnyType.swift /Users/admin/builder/spi-builder-workspace/.dependencies/checkouts/swift-custom-dump/Sources/CustomDump/Internal/CollectionDifference.swift /Users/admin/builder/spi-builder-workspace/.dependencies/checkouts/swift-custom-dump/Sources/CustomDump/Internal/Identifiable.swift /Users/admin/builder/spi-builder-workspace/.dependencies/checkouts/swift-custom-dump/Sources/CustomDump/Internal/Mirror.swift /Users/admin/builder/spi-builder-workspace/.dependencies/checkouts/swift-custom-dump/Sources/CustomDump/Internal/String.swift /Users/admin/builder/spi-builder-workspace/.dependencies/checkouts/swift-custom-dump/Sources/CustomDump/Internal/Unordered.swift /Users/admin/builder/spi-builder-workspace/.dependencies/checkouts/swift-custom-dump/Sources/CustomDump/XCTAssertDifference.swift /Users/admin/builder/spi-builder-workspace/.dependencies/checkouts/swift-custom-dump/Sources/CustomDump/XCTAssertNoDifference.swift -target arm64-apple-tvos15.0 -module-can-import-version CoreImage 3 7.0.0 -module-can-import-version CoreLocation 57 3185.0.6 -module-can-import-version GameKit 821.0.25 821.0.25 -module-can-import-version Photos 913.0.103 913.0.103 -module-can-import-version Speech 3600.81.1 1.0.0 -module-can-import-version StoreKit 816.0.47.3 1.0.0 -module-can-import-version SwiftUI 8.0.84 8.0.84 -module-can-import-version UIKit 9127.0.84.1 9127.0.84 -module-can-import-version UserNotifications 1.0.0 1.0.0 -module-can-import-version UserNotificationsUI 1.0.0 1.0.0 -disable-cross-import-overlay-search -swift-module-cross-import Photos /Applications/Xcode-27.0.0-Release.Candidate.app/Contents/Developer/Platforms/AppleTVOS.platform/Developer/SDKs/AppleTVOS.sdk/System/Library/Frameworks/Photos.framework/Modules/Photos.swiftcrossimport/AppIntents.swiftoverlay -swift-module-cross-import Photos /Applications/Xcode-27.0.0-Release.Candidate.app/Contents/Developer/Platforms/AppleTVOS.platform/Developer/SDKs/AppleTVOS27.0.sdk/System/Library/Frameworks/Photos.framework/Modules/Photos.swiftcrossimport/AppIntents.swiftoverlay -swift-module-cross-import StoreKit /Applications/Xcode-27.0.0-Release.Candidate.app/Contents/Developer/Platforms/AppleTVOS.platform/Developer/SDKs/AppleTVOS.sdk/System/Library/Frameworks/StoreKit.framework/Modules/StoreKit.swiftcrossimport/SwiftUI.swiftoverlay -swift-module-cross-import StoreKit /Applications/Xcode-27.0.0-Release.Candidate.app/Contents/Developer/Platforms/AppleTVOS.platform/Developer/SDKs/AppleTVOS27.0.sdk/System/Library/Frameworks/StoreKit.framework/Modules/StoreKit.swiftcrossimport/SwiftUI.swiftoverlay -swift-module-cross-import UserNotifications /Applications/Xcode-27.0.0-Release.Candidate.app/Contents/Developer/Platforms/AppleTVOS.platform/Developer/SDKs/AppleTVOS.sdk/System/Library/Frameworks/UserNotifications.framework/Modules/UserNotifications.swiftcrossimport/AppIntents.swiftoverlay -load-resolved-plugin /Applications/Xcode-27.0.0-Release.Candidate.app/Contents/Developer/Platforms/AppleTVOS.platform/Developer/usr/lib/swift/host/plugins/libFoundationMacros.dylib\#/Applications/Xcode-27.0.0-Release.Candidate.app/Contents/Developer/Platforms/AppleTVOS.platform/Developer/usr/bin/swift-plugin-server\#FoundationMacros -load-resolved-plugin /Applications/Xcode-27.0.0-Release.Candidate.app/Contents/Developer/Platforms/AppleTVOS.platform/Developer/usr/lib/swift/host/plugins/libObservationMacros.dylib\#/Applications/Xcode-27.0.0-Release.Candidate.app/Contents/Developer/Platforms/AppleTVOS.platform/Developer/usr/bin/swift-plugin-server\#ObservationMacros -load-resolved-plugin /Applications/Xcode-27.0.0-Release.Candidate.app/Contents/Developer/Platforms/AppleTVOS.platform/Developer/usr/lib/swift/host/plugins/libPreviewsMacros.dylib\#/Applications/Xcode-27.0.0-Release.Candidate.app/Contents/Developer/Platforms/AppleTVOS.platform/Developer/usr/bin/swift-plugin-server\#PreviewsMacros -load-resolved-plugin /Applications/Xcode-27.0.0-Release.Candidate.app/Contents/Developer/Platforms/AppleTVOS.platform/Developer/usr/lib/swift/host/plugins/libSwiftMacros.dylib\#/Applications/Xcode-27.0.0-Release.Candidate.app/Contents/Developer/Platforms/AppleTVOS.platform/Developer/usr/bin/swift-plugin-server\#SwiftMacros -load-resolved-plugin /Applications/Xcode-27.0.0-Release.Candidate.app/Contents/Developer/Platforms/AppleTVOS.platform/Developer/usr/lib/swift/host/plugins/libSwiftUIMacros.dylib\#/Applications/Xcode-27.0.0-Release.Candidate.app/Contents/Developer/Platforms/AppleTVOS.platform/Developer/usr/bin/swift-plugin-server\#SwiftUIMacros -disable-implicit-swift-modules -Xcc -fno-implicit-modules -Xcc -fno-implicit-module-maps -explicit-swift-module-map-file /Users/admin/builder/spi-builder-workspace/.derivedData/Build/Intermediates.noindex/swift-custom-dump.build/Debug-appletvos/CustomDump-t.build/Objects-normal/arm64/CustomDump-dependencies-1.json -Xllvm -aarch64-use-tbi -enable-objc-interop -stack-check -sdk /Applications/Xcode-27.0.0-Release.Candidate.app/Contents/Developer/Platforms/AppleTVOS.platform/Developer/SDKs/AppleTVOS27.0.sdk -I /Users/admin/builder/spi-builder-workspace/.derivedData/Build/Products/Debug-appletvos -Isystem /Applications/Xcode-27.0.0-Release.Candidate.app/Contents/Developer/Platforms/AppleTVOS.platform/Developer/usr/lib -F /Users/admin/builder/spi-builder-workspace/.derivedData/Build/Products/Debug-appletvos/PackageFrameworks -F /Users/admin/builder/spi-builder-workspace/.derivedData/Build/Products/Debug-appletvos -F /Applications/Xcode-27.0.0-Release.Candidate.app/Contents/Developer/Platforms/AppleTVOS.platform/Developer/Library/Frameworks -F /Applications/Xcode-27.0.0-Release.Candidate.app/Contents/Developer/Platforms/AppleTVOS.platform/Developer/SDKs/AppleTVOS27.0.sdk/Developer/Library/Frameworks -module-cache-path /Users/admin/builder/spi-builder-workspace/.derivedData/Build/Intermediates.noindex/SwiftExplicitPrecompiledModules -no-color-diagnostics -Xcc -fno-color-diagnostics -enable-testing -g -debug-info-format\=dwarf -dwarf-version\=4 -suppress-warnings -profile-generate -profile-coverage-mapping -swift-version 6 -Onone -D SWIFT_PACKAGE -D DEBUG -D SWIFT_MODULE_RESOURCE_BUNDLE_UNAVAILABLE -D Xcode -serialize-debugging-options -enable-experimental-feature DebugDescriptionMacro -empty-abi-descriptor -user-module-version 1.3.3 -validate-clang-modules-once -clang-build-session-file /Users/admin/builder/spi-builder-workspace/.derivedData/ModuleCache.noindex/Session.modulevalidation -Xcc -working-directory -Xcc /Users/admin/builder/spi-builder-workspace -enable-anonymous-context-mangled-names -file-compilation-dir /Users/admin/builder/spi-builder-workspace -Xcc -D_LIBCPP_HARDENING_MODE\=_LIBCPP_HARDENING_MODE_DEBUG -Xcc -ivfsstatcache -Xcc /Users/admin/builder/spi-builder-workspace/.derivedData/SDKStatCaches.noindex/appletvos27.0-24J360-e829b21a6f8c9b70876ba0858053c044b32bfd8d43560033f8d89884cdb90028.sdkstatcache -Xcc -fmodules-prune-interval\=86400 -Xcc -fmodules-prune-after\=345600 -Xcc -I/Users/admin/builder/spi-builder-workspace/.derivedData/Build/Products/Debug-appletvos/include -Xcc -I/Users/admin/builder/spi-builder-workspace/.derivedData/Build/Intermediates.noindex/swift-custom-dump.build/Debug-appletvos/CustomDump-t.build/DerivedSources-normal/arm64 -Xcc -I/Users/admin/builder/spi-builder-workspace/.derivedData/Build/Intermediates.noindex/swift-custom-dump.build/Debug-appletvos/CustomDump-t.build/DerivedSources/arm64 -Xcc -I/Users/admin/builder/spi-builder-workspace/.derivedData/Build/Intermediates.noindex/swift-custom-dump.build/Debug-appletvos/CustomDump-t.build/DerivedSources -Xcc -DSWIFT_PACKAGE -Xcc -DDEBUG\=1 -no-auto-bridging-header-chaining -module-name CustomDump -package-name swift_custom_dump -const-gather-protocols-file /Users/admin/builder/spi-builder-workspace/.derivedData/Build/Intermediates.noindex/swift-custom-dump.build/Debug-appletvos/CustomDump-t.build/Objects-normal/arm64/CustomDump_const_extract_protocols.json -disable-clang-spi -clang-target arm64-apple-tvos27.0 -target-sdk-version 27.0 -target-sdk-name appletvos27.0 -in-process-plugin-server-path /Applications/Xcode-27.0.0-Release.Candidate.app/Contents/Developer/Toolchains/XcodeDefault.xctoolchain/usr/lib/swift/host/libSwiftInProcPluginServer.dylib -emit-module-doc-path /Users/admin/builder/spi-builder-workspace/.derivedData/Build/Intermediates.noindex/swift-custom-dump.build/Debug-appletvos/CustomDump-t.build/Objects-normal/arm64/CustomDump.swiftdoc -emit-module-source-info-path /Users/admin/builder/spi-builder-workspace/.derivedData/Build/Intermediates.noindex/swift-custom-dump.build/Debug-appletvos/CustomDump-t.build/Objects-normal/arm64/CustomDump.swiftsourceinfo -emit-objc-header-path /Users/admin/builder/spi-builder-workspace/.derivedData/Build/Intermediates.noindex/swift-custom-dump.build/Debug-appletvos/CustomDump-t.build/Objects-normal/arm64/CustomDump-Swift.h -serialize-diagnostics-path /Users/admin/builder/spi-builder-workspace/.derivedData/Build/Intermediates.noindex/swift-custom-dump.build/Debug-appletvos/CustomDump-t.build/Objects-normal/arm64/CustomDump-primary-emit-module.dia -emit-dependencies-path /Users/admin/builder/spi-builder-workspace/.derivedData/Build/Intermediates.noindex/swift-custom-dump.build/Debug-appletvos/CustomDump-t.build/Objects-normal/arm64/CustomDump-primary-emit-module.d -parse-as-library -o /Users/admin/builder/spi-builder-workspace/.derivedData/Build/Intermediates.noindex/swift-custom-dump.build/Debug-appletvos/CustomDump-t.build/Objects-normal/arm64/CustomDump.swiftmodule -emit-abi-descriptor-path /Users/admin/builder/spi-builder-workspace/.derivedData/Build/Intermediates.noindex/swift-custom-dump.build/Debug-appletvos/CustomDump-t.build/Objects-normal/arm64/CustomDump.abi.json
SwiftCompile normal arm64 (in target 'CustomDump' from project 'swift-custom-dump')
cd /Users/admin/builder/spi-builder-workspace
SwiftCompile normal x86_64 Compiling\ Utils.swift /Users/admin/builder/spi-builder-workspace/.dependencies/checkouts/swift-syntax/Sources/SwiftParserDiagnostics/Utils.swift (in target 'SwiftParserDiagnostics' from project 'swift-syntax')
SwiftCompile normal x86_64 /Users/admin/builder/spi-builder-workspace/.dependencies/checkouts/swift-syntax/Sources/SwiftParserDiagnostics/Utils.swift (in target 'SwiftParserDiagnostics' from project 'swift-syntax')
cd /Users/admin/builder/spi-builder-workspace
builtin-SwiftPerFileCompile Utils.swift
SwiftDriverJobDiscovery normal x86_64 Compiling ParserDiagnosticMessages.swift (in target 'SwiftParserDiagnostics' from project 'swift-syntax')
SwiftCompile normal x86_64 Compiling\ SyntaxExtensions.swift /Users/admin/builder/spi-builder-workspace/.dependencies/checkouts/swift-syntax/Sources/SwiftParserDiagnostics/SyntaxExtensions.swift (in target 'SwiftParserDiagnostics' from project 'swift-syntax')
SwiftCompile normal x86_64 /Users/admin/builder/spi-builder-workspace/.dependencies/checkouts/swift-syntax/Sources/SwiftParserDiagnostics/SyntaxExtensions.swift (in target 'SwiftParserDiagnostics' from project 'swift-syntax')
cd /Users/admin/builder/spi-builder-workspace
builtin-SwiftPerFileCompile SyntaxExtensions.swift
SwiftCompile normal x86_64 Compiling\ SyntaxKindNameForDiagnostics.swift /Users/admin/builder/spi-builder-workspace/.dependencies/checkouts/swift-syntax/Sources/SwiftParserDiagnostics/generated/SyntaxKindNameForDiagnostics.swift (in target 'SwiftParserDiagnostics' from project 'swift-syntax')
SwiftCompile normal x86_64 /Users/admin/builder/spi-builder-workspace/.dependencies/checkouts/swift-syntax/Sources/SwiftParserDiagnostics/generated/SyntaxKindNameForDiagnostics.swift (in target 'SwiftParserDiagnostics' from project 'swift-syntax')
cd /Users/admin/builder/spi-builder-workspace
builtin-SwiftPerFileCompile SyntaxKindNameForDiagnostics.swift
SwiftCompile normal x86_64 Compiling\ PresenceUtils.swift /Users/admin/builder/spi-builder-workspace/.dependencies/checkouts/swift-syntax/Sources/SwiftParserDiagnostics/PresenceUtils.swift (in target 'SwiftParserDiagnostics' from project 'swift-syntax')
SwiftCompile normal x86_64 /Users/admin/builder/spi-builder-workspace/.dependencies/checkouts/swift-syntax/Sources/SwiftParserDiagnostics/PresenceUtils.swift (in target 'SwiftParserDiagnostics' from project 'swift-syntax')
cd /Users/admin/builder/spi-builder-workspace
builtin-SwiftPerFileCompile PresenceUtils.swift
SwiftDriverJobDiscovery normal x86_64 Compiling DiagnosticExtensions.swift, LexerDiagnosticMessages.swift (in target 'SwiftParserDiagnostics' from project 'swift-syntax')
SwiftCompile normal x86_64 Compiling\ ChildNameForDiagnostics.swift /Users/admin/builder/spi-builder-workspace/.dependencies/checkouts/swift-syntax/Sources/SwiftParserDiagnostics/generated/ChildNameForDiagnostics.swift (in target 'SwiftParserDiagnostics' from project 'swift-syntax')
SwiftCompile normal x86_64 /Users/admin/builder/spi-builder-workspace/.dependencies/checkouts/swift-syntax/Sources/SwiftParserDiagnostics/generated/ChildNameForDiagnostics.swift (in target 'SwiftParserDiagnostics' from project 'swift-syntax')
cd /Users/admin/builder/spi-builder-workspace
builtin-SwiftPerFileCompile ChildNameForDiagnostics.swift
SwiftCompile normal x86_64 Compiling\ TokenNameForDiagnostics.swift /Users/admin/builder/spi-builder-workspace/.dependencies/checkouts/swift-syntax/Sources/SwiftParserDiagnostics/generated/TokenNameForDiagnostics.swift (in target 'SwiftParserDiagnostics' from project 'swift-syntax')
SwiftCompile normal x86_64 /Users/admin/builder/spi-builder-workspace/.dependencies/checkouts/swift-syntax/Sources/SwiftParserDiagnostics/generated/TokenNameForDiagnostics.swift (in target 'SwiftParserDiagnostics' from project 'swift-syntax')
cd /Users/admin/builder/spi-builder-workspace
builtin-SwiftPerFileCompile TokenNameForDiagnostics.swift
SwiftExplicitDependencyGeneratePcm arm64 /Users/admin/builder/spi-builder-workspace/.derivedData/SDKExplicitPrecompiledModules/OSLog-DNA8KCBYX02UANA3SZWSGA9FK.pcm
SwiftDriverJobDiscovery normal x86_64 Compiling Utils.swift (in target 'SwiftParserDiagnostics' from project 'swift-syntax')
SwiftExplicitDependencyGeneratePcm x86_64 /Users/admin/builder/spi-builder-workspace/.derivedData/SDKExplicitPrecompiledModules/OSLog-B70VGUL953M10SB24F12YDY3J.pcm
SwiftDriverJobDiscovery normal x86_64 Compiling SyntaxKindNameForDiagnostics.swift (in target 'SwiftParserDiagnostics' from project 'swift-syntax')
SwiftDriverJobDiscovery normal x86_64 Compiling MissingNodesError.swift, MissingTokenError.swift (in target 'SwiftParserDiagnostics' from project 'swift-syntax')
SwiftCompile normal arm64 Compiling\ OperatorTable+Semantics.swift /Users/admin/builder/spi-builder-workspace/.dependencies/checkouts/swift-syntax/Sources/SwiftOperators/OperatorTable+Semantics.swift (in target 'SwiftOperators' from project 'swift-syntax')
SwiftCompile normal arm64 /Users/admin/builder/spi-builder-workspace/.dependencies/checkouts/swift-syntax/Sources/SwiftOperators/OperatorTable+Semantics.swift (in target 'SwiftOperators' from project 'swift-syntax')
cd /Users/admin/builder/spi-builder-workspace
builtin-SwiftPerFileCompile OperatorTable+Semantics.swift
SwiftCompile normal arm64 Compiling\ SyntaxSynthesis.swift /Users/admin/builder/spi-builder-workspace/.dependencies/checkouts/swift-syntax/Sources/SwiftOperators/SyntaxSynthesis.swift (in target 'SwiftOperators' from project 'swift-syntax')
SwiftCompile normal arm64 /Users/admin/builder/spi-builder-workspace/.dependencies/checkouts/swift-syntax/Sources/SwiftOperators/SyntaxSynthesis.swift (in target 'SwiftOperators' from project 'swift-syntax')
cd /Users/admin/builder/spi-builder-workspace
builtin-SwiftPerFileCompile SyntaxSynthesis.swift
SwiftDriverJobDiscovery normal x86_64 Compiling SyntaxExtensions.swift (in target 'SwiftParserDiagnostics' from project 'swift-syntax')
SwiftCompile normal x86_64 Compiling\ OperatorTable+Semantics.swift /Users/admin/builder/spi-builder-workspace/.dependencies/checkouts/swift-syntax/Sources/SwiftOperators/OperatorTable+Semantics.swift (in target 'SwiftOperators' from project 'swift-syntax')
SwiftCompile normal x86_64 /Users/admin/builder/spi-builder-workspace/.dependencies/checkouts/swift-syntax/Sources/SwiftOperators/OperatorTable+Semantics.swift (in target 'SwiftOperators' from project 'swift-syntax')
cd /Users/admin/builder/spi-builder-workspace
builtin-SwiftPerFileCompile OperatorTable+Semantics.swift
SwiftDriverJobDiscovery normal x86_64 Compiling TokenNameForDiagnostics.swift (in target 'SwiftParserDiagnostics' from project 'swift-syntax')
SwiftCompile normal x86_64 Compiling\ SyntaxSynthesis.swift /Users/admin/builder/spi-builder-workspace/.dependencies/checkouts/swift-syntax/Sources/SwiftOperators/SyntaxSynthesis.swift (in target 'SwiftOperators' from project 'swift-syntax')
SwiftCompile normal x86_64 /Users/admin/builder/spi-builder-workspace/.dependencies/checkouts/swift-syntax/Sources/SwiftOperators/SyntaxSynthesis.swift (in target 'SwiftOperators' from project 'swift-syntax')
cd /Users/admin/builder/spi-builder-workspace
builtin-SwiftPerFileCompile SyntaxSynthesis.swift
SwiftEmitModule normal arm64 Emitting\ module\ for\ SwiftSyntaxBuilder (in target 'SwiftSyntaxBuilder' from project 'swift-syntax')
SwiftCompile normal arm64 (in target 'SwiftSyntaxBuilder' from project 'swift-syntax')
cd /Users/admin/builder/spi-builder-workspace
SwiftCompile normal arm64 Compiling\ Indenter.swift,\ ListBuilder.swift /Users/admin/builder/spi-builder-workspace/.dependencies/checkouts/swift-syntax/Sources/SwiftSyntaxBuilder/Indenter.swift /Users/admin/builder/spi-builder-workspace/.dependencies/checkouts/swift-syntax/Sources/SwiftSyntaxBuilder/ListBuilder.swift (in target 'SwiftSyntaxBuilder' from project 'swift-syntax')
SwiftCompile normal arm64 /Users/admin/builder/spi-builder-workspace/.dependencies/checkouts/swift-syntax/Sources/SwiftSyntaxBuilder/Indenter.swift (in target 'SwiftSyntaxBuilder' from project 'swift-syntax')
cd /Users/admin/builder/spi-builder-workspace
builtin-SwiftPerFileCompile Indenter.swift
SwiftCompile normal arm64 /Users/admin/builder/spi-builder-workspace/.dependencies/checkouts/swift-syntax/Sources/SwiftSyntaxBuilder/ListBuilder.swift (in target 'SwiftSyntaxBuilder' from project 'swift-syntax')
cd /Users/admin/builder/spi-builder-workspace
builtin-SwiftPerFileCompile ListBuilder.swift
SwiftEmitModule normal x86_64 Emitting\ module\ for\ SwiftSyntaxBuilder (in target 'SwiftSyntaxBuilder' from project 'swift-syntax')
SwiftCompile normal x86_64 (in target 'SwiftSyntaxBuilder' from project 'swift-syntax')
cd /Users/admin/builder/spi-builder-workspace
SwiftDriverJobDiscovery normal x86_64 Compiling PresenceUtils.swift (in target 'SwiftParserDiagnostics' from project 'swift-syntax')
SwiftCompile normal x86_64 Compiling\ Syntax+StringInterpolation.swift,\ SyntaxNodeWithBody.swift /Users/admin/builder/spi-builder-workspace/.dependencies/checkouts/swift-syntax/Sources/SwiftSyntaxBuilder/Syntax+StringInterpolation.swift /Users/admin/builder/spi-builder-workspace/.dependencies/checkouts/swift-syntax/Sources/SwiftSyntaxBuilder/SyntaxNodeWithBody.swift (in target 'SwiftSyntaxBuilder' from project 'swift-syntax')
SwiftCompile normal x86_64 /Users/admin/builder/spi-builder-workspace/.dependencies/checkouts/swift-syntax/Sources/SwiftSyntaxBuilder/Syntax+StringInterpolation.swift (in target 'SwiftSyntaxBuilder' from project 'swift-syntax')
cd /Users/admin/builder/spi-builder-workspace
builtin-SwiftPerFileCompile Syntax+StringInterpolation.swift
SwiftCompile normal x86_64 /Users/admin/builder/spi-builder-workspace/.dependencies/checkouts/swift-syntax/Sources/SwiftSyntaxBuilder/SyntaxNodeWithBody.swift (in target 'SwiftSyntaxBuilder' from project 'swift-syntax')
cd /Users/admin/builder/spi-builder-workspace
builtin-SwiftPerFileCompile SyntaxNodeWithBody.swift
PruneExplicitPrecompiledModules /Users/admin/builder/spi-builder-workspace/.derivedData/Build/Intermediates.noindex/ExplicitPrecompiledModules
PruneExplicitPrecompiledModules /Users/admin/builder/spi-builder-workspace/.derivedData/Build/Intermediates.noindex/SwiftExplicitPrecompiledModules
PruneExplicitPrecompiledModules /Users/admin/builder/spi-builder-workspace/.derivedData/SDKExplicitPrecompiledModules
2026-09-21 04:59:27.690 xcodebuild[1975:10637] [MT] IDERunDestination: Supported platforms for the buildables in the current scheme is empty.
2026-09-21 04:59:27.788 xcodebuild[1975:10637] [MT] IDERunDestination: Supported platforms for the buildables in the current scheme is empty.
** BUILD FAILED **
The following build commands failed:
SwiftEmitModule normal arm64 Emitting\ module\ for\ CustomDump (in target 'CustomDump' from project 'swift-custom-dump')
SwiftCompile normal arm64 (in target 'CustomDump' from project 'swift-custom-dump')
Building workspace TCAComposer with scheme TCAComposer
(3 failures)
BUILD FAILURE 6.4 tvOS