The Swift Package Index logo.Swift Package Index

Build Information

Failed to build Ifrit, reference v4.0.0 (7c889a), with Swift 6.4 for Wasm on 23 Sep 2026 17:09:22 UTC.

Build Command

bash -c docker run --pull=always --rm -v "checkouts-54344847-0":/host -w "$PWD" -e JAVA_HOME="/root/.sdkman/candidates/java/current" -e SPI_BUILD="1" -e SPI_PROCESSING="1" registry.gitlab.com/saguaro1/spi-images:wasm-6.4-latest swift build --swift-sdk swift-6.4.x-DEVELOPMENT-SNAPSHOT-2026-09-04-a_wasm 2>&1

Build Log

========================================
RunAll
========================================
Builder version: 5.1.0
Interrupt handler set up.
========================================
Checkout
========================================
Clone URL: https://github.com/ukushu/Ifrit.git
Reference: v4.0.0
Initialized empty Git repository in /host/spi-builder-workspace/.git/
hint: Using 'master' as the name for the initial branch. This default branch name
hint: is subject to change. To configure the initial branch name to use in all
hint: of your new repositories, which will suppress this warning, call:
hint:
hint: 	git config --global init.defaultBranch <name>
hint:
hint: Names commonly chosen instead of 'master' are 'main', 'trunk' and
hint: 'development'. The just-created branch can be renamed via this command:
hint:
hint: 	git branch -m <name>
From https://github.com/ukushu/Ifrit
 * tag               v4.0.0     -> FETCH_HEAD
HEAD is now at 7c889a6 CHANGELOG.md
Cloned https://github.com/ukushu/Ifrit.git
Revision (git rev-parse @):
7c889a67bad90c5efefa56889b2d61bfbb831473
SUCCESS checkout https://github.com/ukushu/Ifrit.git at v4.0.0
========================================
Build
========================================
Selected platform:         wasm
Swift version:             6.4
Building package at path:  $PWD
https://github.com/ukushu/Ifrit.git
Running build ...
bash -c docker run --pull=always --rm -v "checkouts-54344847-0":/host -w "$PWD" -e JAVA_HOME="/root/.sdkman/candidates/java/current" -e SPI_BUILD="1" -e SPI_PROCESSING="1" registry.gitlab.com/saguaro1/spi-images:wasm-6.4-latest swift build --swift-sdk swift-6.4.x-DEVELOPMENT-SNAPSHOT-2026-09-04-a_wasm 2>&1
wasm-6.4-latest: Pulling from saguaro1/spi-images
Digest: sha256:4328fdb43c680d205c1d6761b1e3267aa38277eefdda9ddfb17b6a0f1a77857a
Status: Image is up to date for registry.gitlab.com/saguaro1/spi-images:wasm-6.4-latest
warning: 'spi-builder-workspace': found 2 file(s) which are unhandled; explicitly declare them as resources or exclude from the target
    /host/spi-builder-workspace/Sources/Ifrit/Classes/Fuse/Fuse_LICENSE
    /host/spi-builder-workspace/Sources/Ifrit/Classes/FuzzyFind/FuzzyFind_LICENSE.md
Building for debugging...
[Planning deferred tasks]
error: SwiftCompile normal wasm32 failed with a nonzero exit code. Command line:     cd /host

/host/spi-builder-workspace/Sources/Ifrit/Classes/Fuse/Fuse.swift:12:23: error: cannot find type 'DispatchQoS' in scope
10 |     internal let objSortStrategy: ObjectsSortStrategy
11 |     internal let tokenize: Bool
12 |     internal let qos: DispatchQoS
   |                       `- error: cannot find type 'DispatchQoS' in scope
13 |     internal let searchQueue: DispatchQueue
14 |
/host/spi-builder-workspace/Sources/Ifrit/Classes/Fuse/Fuse.swift:13:31: error: cannot find type 'DispatchQueue' in scope
11 |     internal let tokenize: Bool
12 |     internal let qos: DispatchQoS
13 |     internal let searchQueue: DispatchQueue
   |                               `- error: cannot find type 'DispatchQueue' in scope
14 |
15 |     /// Creates a new instance of `Fuse`
/host/spi-builder-workspace/Sources/Ifrit/Classes/Fuse/Fuse.swift:25:197: error: cannot find type 'DispatchQoS' in scope
23 |     ///    `objSortStrategy:` if you search in object by property with array - you can choose your sorting strategy.  By default is `.minimalScore`.
24 |     ///   - qos: quality-of-service, use this to set search task priority. Better never use `.user-interactive`. By default is `.userInitiated`.
25 |     public init (location: Int = 0, distance: Int = 100, threshold: Double = 0.6, isCaseSensitive: Bool = false, tokenize: Bool = false, objSortStrategy: ObjectsSortStrategy = .minimalScore, qos: DispatchQoS = .userInitiated) {
   |                                                                                                                                                                                                     `- error: cannot find type 'DispatchQoS' in scope
26 |         self.location = location
27 |         self.distance = distance
Failed frontend command:
/usr/bin/swift-frontend -frontend -emit-module -experimental-skip-non-inlinable-function-bodies-without-types /host/spi-builder-workspace/Sources/Ifrit/Classes/Fuse/Fuse+/Fuse+ArrObjects.swift /host/spi-builder-workspace/Sources/Ifrit/Classes/Fuse/Fuse+/Fuse+ArrStrings.swift /host/spi-builder-workspace/Sources/Ifrit/Classes/Fuse/Fuse+/Fuse+FuseProps.swift /host/spi-builder-workspace/Sources/Ifrit/Classes/Fuse/Fuse+/Fuse+String.swift /host/spi-builder-workspace/Sources/Ifrit/Classes/Fuse/Fuse.swift /host/spi-builder-workspace/Sources/Ifrit/Classes/Fuse/FuseProp.swift /host/spi-builder-workspace/Sources/Ifrit/Classes/Fuse/FuseUtilities.swift /host/spi-builder-workspace/Sources/Ifrit/Classes/Fuse/Searchable.swift /host/spi-builder-workspace/Sources/Ifrit/Classes/FuzzyFind/FuzzyFind.swift /host/spi-builder-workspace/Sources/Ifrit/Classes/FuzzyFind/FuzzyFindBackend/Alignment.swift /host/spi-builder-workspace/Sources/Ifrit/Classes/FuzzyFind/FuzzyFindBackend/BitapFilter.swift /host/spi-builder-workspace/Sources/Ifrit/Classes/FuzzyFind/FuzzyFindBackend/Fuzzy.swift /host/spi-builder-workspace/Sources/Ifrit/Classes/FuzzyFind/FuzzyFindBackend/FuzzyResult.swift /host/spi-builder-workspace/Sources/Ifrit/Classes/FuzzyFind/FuzzyFindBackend/FuzzyResultSegment.swift /host/spi-builder-workspace/Sources/Ifrit/Classes/FuzzyFind/FuzzyFindBackend/Score.swift /host/spi-builder-workspace/Sources/Ifrit/Classes/Levenstein/Levenstein.swift /host/spi-builder-workspace/Sources/Ifrit/Classes/Levenstein/LevensteinBitap/BitapPattern.swift /host/spi-builder-workspace/Sources/Ifrit/Classes/Levenstein/LevensteinBitap/LevensteinBitap.swift /host/spi-builder-workspace/Sources/Ifrit/Classes/Levenstein/LevensteinText.swift /host/spi-builder-workspace/Sources/Ifrit/Exts/Array+.swift /host/spi-builder-workspace/Sources/Ifrit/Exts/String+Fuse.swift -target wasm32-unknown-wasip1 -disable-objc-interop -sdk /root/.swiftpm/swift-sdks/swift-6.4.x-DEVELOPMENT-SNAPSHOT-2026-09-04-a_wasm.artifactbundle/swift-6.4.x-DEVELOPMENT-SNAPSHOT-2026-09-04-a_wasm/wasm32-unknown-wasip1/WASI.sdk -sysroot /root/.swiftpm/swift-sdks/swift-6.4.x-DEVELOPMENT-SNAPSHOT-2026-09-04-a_wasm.artifactbundle/swift-6.4.x-DEVELOPMENT-SNAPSHOT-2026-09-04-a_wasm/wasm32-unknown-wasip1/WASI.sdk -I /host/spi-builder-workspace/.build/out/Products/Debug-webassembly-wasm32 -module-cache-path /host/spi-builder-workspace/.build/out/ModuleCache.noindex -color-diagnostics -Xcc -fcolor-diagnostics -enable-testing -g -debug-info-format\=dwarf -dwarf-version\=4 -swift-version 5 -Onone -D SWIFT_PACKAGE -D DEBUG -D SWIFT_MODULE_RESOURCE_BUNDLE_UNAVAILABLE -D Xcode -serialize-debugging-options -enable-experimental-feature DebugDescriptionMacro -empty-abi-descriptor -external-plugin-path /usr/lib/swift/host/plugins/testing\#/usr/bin/swift-plugin-server -validate-clang-modules-once -clang-build-session-file /host/spi-builder-workspace/.build/out/ModuleCache.noindex/Session.modulevalidation -Xcc -working-directory -Xcc /host -resource-dir /root/.swiftpm/swift-sdks/swift-6.4.x-DEVELOPMENT-SNAPSHOT-2026-09-04-a_wasm.artifactbundle/swift-6.4.x-DEVELOPMENT-SNAPSHOT-2026-09-04-a_wasm/wasm32-unknown-wasip1/swift.xctoolchain/usr/lib/swift_static -use-static-resource-dir -enable-anonymous-context-mangled-names -file-compilation-dir /host -Xcc -resource-dir -Xcc /root/.swiftpm/swift-sdks/swift-6.4.x-DEVELOPMENT-SNAPSHOT-2026-09-04-a_wasm.artifactbundle/swift-6.4.x-DEVELOPMENT-SNAPSHOT-2026-09-04-a_wasm/wasm32-unknown-wasip1/swift.xctoolchain/usr/lib/swift_static/clang -Xcc -D_LIBCPP_HARDENING_MODE\=_LIBCPP_HARDENING_MODE_DEBUG -Xcc -fmodules-prune-interval\=86400 -Xcc -fmodules-prune-after\=345600 -Xcc -I/host/spi-builder-workspace/.build/out/Products/Debug-webassembly-wasm32/include -Xcc -I/host/spi-builder-workspace/.build/out/Intermediates.noindex/Ifrit.build/Debug-webassembly-wasm32/Ifrit-t.build/DerivedSources-normal/wasm32 -Xcc -I/host/spi-builder-workspace/.build/out/Intermediates.noindex/Ifrit.build/Debug-webassembly-wasm32/Ifrit-t.build/DerivedSources/wasm32 -Xcc -I/host/spi-builder-workspace/.build/out/Intermediates.noindex/Ifrit.build/Debug-webassembly-wasm32/Ifrit-t.build/DerivedSources -Xcc -DSWIFT_PACKAGE -Xcc -DDEBUG\=1 -no-auto-bridging-header-chaining -module-name Ifrit -package-name spi_builder_workspace -const-gather-protocols-file /host/spi-builder-workspace/.build/out/Intermediates.noindex/Ifrit.build/Debug-webassembly-wasm32/Ifrit-t.build/Objects-normal/wasm32/Ifrit_const_extract_protocols.json -in-process-plugin-server-path /usr/lib/swift/host/libSwiftInProcPluginServer.so -plugin-path /usr/lib/swift/host/plugins -plugin-path /usr/local/lib/swift/host/plugins -emit-module-doc-path /host/spi-builder-workspace/.build/out/Intermediates.noindex/Ifrit.build/Debug-webassembly-wasm32/Ifrit-t.build/Objects-normal/wasm32/Modules/Ifrit.swiftdoc -emit-module-source-info-path /host/spi-builder-workspace/.build/out/Intermediates.noindex/Ifrit.build/Debug-webassembly-wasm32/Ifrit-t.build/Objects-normal/wasm32/Modules/Ifrit.swiftsourceinfo -emit-objc-header-path /host/spi-builder-workspace/.build/out/Intermediates.noindex/Ifrit.build/Debug-webassembly-wasm32/Ifrit-t.build/Objects-normal/wasm32/Ifrit-Swift.h -serialize-diagnostics-path /host/spi-builder-workspace/.build/out/Intermediates.noindex/Ifrit.build/Debug-webassembly-wasm32/Ifrit-t.build/Objects-normal/wasm32/Ifrit-primary-emit-module.dia -emit-dependencies-path /host/spi-builder-workspace/.build/out/Intermediates.noindex/Ifrit.build/Debug-webassembly-wasm32/Ifrit-t.build/Objects-normal/wasm32/Ifrit-primary-emit-module.d -parse-as-library -o /host/spi-builder-workspace/.build/out/Intermediates.noindex/Ifrit.build/Debug-webassembly-wasm32/Ifrit-t.build/Objects-normal/wasm32/Modules/Ifrit.swiftmodule
error: Build failed
BUILD FAILURE 6.4 wasm