Build Information
Failed to build SwiftOCA, reference 0.9.0 (f17a4c), with Swift 6.2 for macOS (Xcode) using Xcode 26.3 on 9 Oct 2026 06:08:37 UTC.
Build Command
env DEVELOPER_DIR=/Applications/Xcode-26.3.0.app xcrun xcodebuild -IDEClonedSourcePackagesDirPathOverride=$PWD/.dependencies -skipMacroValidation -skipPackagePluginValidation -derivedDataPath $PWD/.derivedData build -scheme SwiftOCA-Package -destination platform=macOS,arch=arm64Build Log
SwiftDriverJobDiscovery normal arm64 Compiling AsyncChunksOfCountOrSignalSequence.swift, AsyncChunksOfCountSequence.swift, AsyncCompactedSequence.swift, AsyncExclusiveReductionsSequence.swift, AsyncInclusiveReductionsSequence.swift, AsyncJoinedBySeparatorSequence.swift (in target 'AsyncAlgorithms' from project 'swift-async-algorithms')
SwiftCompile normal arm64 Compiling\ InlineArray.swift,\ Integer.swift /Users/admin/builder/spi-builder-workspace/.dependencies/checkouts/swift-binary-parsing/Sources/BinaryParsing/Parsers/InlineArray.swift /Users/admin/builder/spi-builder-workspace/.dependencies/checkouts/swift-binary-parsing/Sources/BinaryParsing/Parsers/Integer.swift (in target 'BinaryParsing' from project 'swift-binary-parsing')
SwiftCompile normal arm64 /Users/admin/builder/spi-builder-workspace/.dependencies/checkouts/swift-binary-parsing/Sources/BinaryParsing/Parsers/InlineArray.swift (in target 'BinaryParsing' from project 'swift-binary-parsing')
cd /Users/admin/builder/spi-builder-workspace/.swiftpm/xcode
SwiftCompile normal arm64 /Users/admin/builder/spi-builder-workspace/.dependencies/checkouts/swift-binary-parsing/Sources/BinaryParsing/Parsers/Integer.swift (in target 'BinaryParsing' from project 'swift-binary-parsing')
cd /Users/admin/builder/spi-builder-workspace/.swiftpm/xcode
SwiftMergeGeneratedHeaders /Users/admin/builder/spi-builder-workspace/.derivedData/Build/Intermediates.noindex/GeneratedModuleMaps/AsyncExtensions-Swift.h /Users/admin/builder/spi-builder-workspace/.derivedData/Build/Intermediates.noindex/AsyncExtensions.build/Debug/AsyncExtensions.build/Objects-normal/arm64/AsyncExtensions-Swift.h (in target 'AsyncExtensions' from project 'AsyncExtensions')
cd /Users/admin/builder/spi-builder-workspace/.dependencies/checkouts/AsyncExtensions
builtin-swiftHeaderTool -arch arm64 /Users/admin/builder/spi-builder-workspace/.derivedData/Build/Intermediates.noindex/AsyncExtensions.build/Debug/AsyncExtensions.build/Objects-normal/arm64/AsyncExtensions-Swift.h -o /Users/admin/builder/spi-builder-workspace/.derivedData/Build/Intermediates.noindex/GeneratedModuleMaps/AsyncExtensions-Swift.h
SwiftDriverJobDiscovery normal arm64 Compiling DebounceStorage.swift, Dictionary.swift, AsyncFlatMapLatestSequence.swift, FlatMapLatestStateMachine.swift, FlatMapLatestStorage.swift, Disconnected.swift (in target 'AsyncAlgorithms' from project 'swift-async-algorithms')
Copy /Users/admin/builder/spi-builder-workspace/.derivedData/Build/Products/Debug/AsyncExtensions.swiftmodule/arm64-apple-macos.swiftmodule /Users/admin/builder/spi-builder-workspace/.derivedData/Build/Intermediates.noindex/AsyncExtensions.build/Debug/AsyncExtensions.build/Objects-normal/arm64/AsyncExtensions.swiftmodule (in target 'AsyncExtensions' from project 'AsyncExtensions')
cd /Users/admin/builder/spi-builder-workspace/.dependencies/checkouts/AsyncExtensions
builtin-copy -exclude .DS_Store -exclude CVS -exclude .svn -exclude .git -exclude .hg -resolve-src-symlinks -rename /Users/admin/builder/spi-builder-workspace/.derivedData/Build/Intermediates.noindex/AsyncExtensions.build/Debug/AsyncExtensions.build/Objects-normal/arm64/AsyncExtensions.swiftmodule /Users/admin/builder/spi-builder-workspace/.derivedData/Build/Products/Debug/AsyncExtensions.swiftmodule/arm64-apple-macos.swiftmodule
Copy /Users/admin/builder/spi-builder-workspace/.derivedData/Build/Products/Debug/AsyncExtensions.swiftmodule/arm64-apple-macos.swiftdoc /Users/admin/builder/spi-builder-workspace/.derivedData/Build/Intermediates.noindex/AsyncExtensions.build/Debug/AsyncExtensions.build/Objects-normal/arm64/AsyncExtensions.swiftdoc (in target 'AsyncExtensions' from project 'AsyncExtensions')
cd /Users/admin/builder/spi-builder-workspace/.dependencies/checkouts/AsyncExtensions
builtin-copy -exclude .DS_Store -exclude CVS -exclude .svn -exclude .git -exclude .hg -resolve-src-symlinks -rename /Users/admin/builder/spi-builder-workspace/.derivedData/Build/Intermediates.noindex/AsyncExtensions.build/Debug/AsyncExtensions.build/Objects-normal/arm64/AsyncExtensions.swiftdoc /Users/admin/builder/spi-builder-workspace/.derivedData/Build/Products/Debug/AsyncExtensions.swiftmodule/arm64-apple-macos.swiftdoc
Copy /Users/admin/builder/spi-builder-workspace/.derivedData/Build/Products/Debug/AsyncExtensions.swiftmodule/arm64-apple-macos.abi.json /Users/admin/builder/spi-builder-workspace/.derivedData/Build/Intermediates.noindex/AsyncExtensions.build/Debug/AsyncExtensions.build/Objects-normal/arm64/AsyncExtensions.abi.json (in target 'AsyncExtensions' from project 'AsyncExtensions')
cd /Users/admin/builder/spi-builder-workspace/.dependencies/checkouts/AsyncExtensions
builtin-copy -exclude .DS_Store -exclude CVS -exclude .svn -exclude .git -exclude .hg -resolve-src-symlinks -rename /Users/admin/builder/spi-builder-workspace/.derivedData/Build/Intermediates.noindex/AsyncExtensions.build/Debug/AsyncExtensions.build/Objects-normal/arm64/AsyncExtensions.abi.json /Users/admin/builder/spi-builder-workspace/.derivedData/Build/Products/Debug/AsyncExtensions.swiftmodule/arm64-apple-macos.abi.json
Copy /Users/admin/builder/spi-builder-workspace/.derivedData/Build/Products/Debug/AsyncExtensions.swiftmodule/Project/arm64-apple-macos.swiftsourceinfo /Users/admin/builder/spi-builder-workspace/.derivedData/Build/Intermediates.noindex/AsyncExtensions.build/Debug/AsyncExtensions.build/Objects-normal/arm64/AsyncExtensions.swiftsourceinfo (in target 'AsyncExtensions' from project 'AsyncExtensions')
cd /Users/admin/builder/spi-builder-workspace/.dependencies/checkouts/AsyncExtensions
builtin-copy -exclude .DS_Store -exclude CVS -exclude .svn -exclude .git -exclude .hg -resolve-src-symlinks -rename /Users/admin/builder/spi-builder-workspace/.derivedData/Build/Intermediates.noindex/AsyncExtensions.build/Debug/AsyncExtensions.build/Objects-normal/arm64/AsyncExtensions.swiftsourceinfo /Users/admin/builder/spi-builder-workspace/.derivedData/Build/Products/Debug/AsyncExtensions.swiftmodule/Project/arm64-apple-macos.swiftsourceinfo
SwiftCompile normal arm64 Compiling\ ParserRange.swift,\ ParserSource.swift /Users/admin/builder/spi-builder-workspace/.dependencies/checkouts/swift-binary-parsing/Sources/BinaryParsing/Parser\ Types/ParserRange.swift /Users/admin/builder/spi-builder-workspace/.dependencies/checkouts/swift-binary-parsing/Sources/BinaryParsing/Parser\ Types/ParserSource.swift (in target 'BinaryParsing' from project 'swift-binary-parsing')
SwiftCompile normal arm64 /Users/admin/builder/spi-builder-workspace/.dependencies/checkouts/swift-binary-parsing/Sources/BinaryParsing/Parser\ Types/ParserRange.swift (in target 'BinaryParsing' from project 'swift-binary-parsing')
cd /Users/admin/builder/spi-builder-workspace/.swiftpm/xcode
SwiftCompile normal arm64 /Users/admin/builder/spi-builder-workspace/.dependencies/checkouts/swift-binary-parsing/Sources/BinaryParsing/Parser\ Types/ParserSource.swift (in target 'BinaryParsing' from project 'swift-binary-parsing')
cd /Users/admin/builder/spi-builder-workspace/.swiftpm/xcode
SwiftCompile normal arm64 Compiling\ Seeking.swift,\ Slicing.swift /Users/admin/builder/spi-builder-workspace/.dependencies/checkouts/swift-binary-parsing/Sources/BinaryParsing/Parser\ Types/Seeking.swift /Users/admin/builder/spi-builder-workspace/.dependencies/checkouts/swift-binary-parsing/Sources/BinaryParsing/Parser\ Types/Slicing.swift (in target 'BinaryParsing' from project 'swift-binary-parsing')
SwiftCompile normal arm64 /Users/admin/builder/spi-builder-workspace/.dependencies/checkouts/swift-binary-parsing/Sources/BinaryParsing/Parser\ Types/Seeking.swift (in target 'BinaryParsing' from project 'swift-binary-parsing')
cd /Users/admin/builder/spi-builder-workspace/.swiftpm/xcode
SwiftCompile normal arm64 /Users/admin/builder/spi-builder-workspace/.dependencies/checkouts/swift-binary-parsing/Sources/BinaryParsing/Parser\ Types/Slicing.swift (in target 'BinaryParsing' from project 'swift-binary-parsing')
cd /Users/admin/builder/spi-builder-workspace/.swiftpm/xcode
SwiftDriverJobDiscovery normal arm64 Emitting module for AsyncAlgorithms (in target 'AsyncAlgorithms' from project 'swift-async-algorithms')
SwiftDriver\ Compilation\ Requirements AsyncAlgorithms normal arm64 com.apple.xcode.tools.swift.compiler (in target 'AsyncAlgorithms' from project 'swift-async-algorithms')
cd /Users/admin/builder/spi-builder-workspace/.swiftpm/xcode
builtin-Swift-Compilation-Requirements -- /Applications/Xcode-26.3.0.app/Contents/Developer/Toolchains/XcodeDefault.xctoolchain/usr/bin/swiftc -module-name AsyncAlgorithms -Onone -enforce-exclusivity\=checked @/Users/admin/builder/spi-builder-workspace/.derivedData/Build/Intermediates.noindex/swift-async-algorithms.build/Debug/AsyncAlgorithms.build/Objects-normal/arm64/AsyncAlgorithms.SwiftFileList -DSWIFT_PACKAGE -DDEBUG -DSWIFT_MODULE_RESOURCE_BUNDLE_UNAVAILABLE -DXcode -enable-experimental-feature AvailabilityMacro\=AsyncAlgorithms\ 1.0:macOS\ 10.15,\ iOS\ 13.0,\ tvOS\ 13.0,\ watchOS\ 6.0 -enable-experimental-feature AvailabilityMacro\=AsyncAlgorithms\ 1.1:macOS\ 15.0,\ iOS\ 18.0,\ tvOS\ 18.0,\ watchOS\ 11.0,\ visionOS\ 2.0 -enable-experimental-feature AvailabilityMacro\=AsyncAlgorithms\ 1.2:macOS\ 15.0,\ iOS\ 18.0,\ tvOS\ 18.0,\ watchOS\ 11.0,\ visionOS\ 2.0 -enable-experimental-feature AvailabilityMacro\=AsyncAlgorithms\ 1.3:macOS\ 15.0,\ iOS\ 18.0,\ tvOS\ 18.0,\ watchOS\ 11.0,\ visionOS\ 2.0 -enable-experimental-feature StrictConcurrency\=complete -plugin-path /Applications/Xcode-26.3.0.app/Contents/Developer/Toolchains/XcodeDefault.xctoolchain/usr/lib/swift/host/plugins/testing -enable-experimental-feature DebugDescriptionMacro -sdk /Applications/Xcode-26.3.0.app/Contents/Developer/Platforms/MacOSX.platform/Developer/SDKs/MacOSX26.2.sdk -target arm64-apple-macos10.13 -g -module-cache-path /Users/admin/builder/spi-builder-workspace/.derivedData/ModuleCache.noindex -Xfrontend -serialize-debugging-options -profile-coverage-mapping -profile-generate -enable-testing -suppress-warnings -index-store-path /Users/admin/builder/spi-builder-workspace/.derivedData/Index.noindex/DataStore -Xcc -D_LIBCPP_HARDENING_MODE\=_LIBCPP_HARDENING_MODE_DEBUG -swift-version 6 -I /Users/admin/builder/spi-builder-workspace/.derivedData/Build/Products/Debug -Isystem /Applications/Xcode-26.3.0.app/Contents/Developer/Platforms/MacOSX.platform/Developer/usr/lib -F /Users/admin/builder/spi-builder-workspace/.derivedData/Build/Products/Debug/PackageFrameworks -F /Users/admin/builder/spi-builder-workspace/.derivedData/Build/Products/Debug/PackageFrameworks -F /Users/admin/builder/spi-builder-workspace/.derivedData/Build/Products/Debug/PackageFrameworks -F /Users/admin/builder/spi-builder-workspace/.derivedData/Build/Products/Debug/PackageFrameworks -F /Users/admin/builder/spi-builder-workspace/.derivedData/Build/Products/Debug -F /Applications/Xcode-26.3.0.app/Contents/Developer/Platforms/MacOSX.platform/Developer/Library/Frameworks -c -j10 -enable-batch-mode -incremental -Xcc -ivfsstatcache -Xcc /Users/admin/builder/spi-builder-workspace/.derivedData/SDKStatCaches.noindex/macosx26.2-25C58-dc75598d0054f22ec865fa860f139d726b10091eae1b9012e514a50b0de53ce7.sdkstatcache -output-file-map /Users/admin/builder/spi-builder-workspace/.derivedData/Build/Intermediates.noindex/swift-async-algorithms.build/Debug/AsyncAlgorithms.build/Objects-normal/arm64/AsyncAlgorithms-OutputFileMap.json -use-frontend-parseable-output -save-temps -no-color-diagnostics -explicit-module-build -module-cache-path /Users/admin/builder/spi-builder-workspace/.derivedData/Build/Intermediates.noindex/SwiftExplicitPrecompiledModules -clang-scanner-module-cache-path /Users/admin/builder/spi-builder-workspace/.derivedData/ModuleCache.noindex -sdk-module-cache-path /Users/admin/builder/spi-builder-workspace/.derivedData/ModuleCache.noindex -serialize-diagnostics -emit-dependencies -emit-module -emit-module-path /Users/admin/builder/spi-builder-workspace/.derivedData/Build/Intermediates.noindex/swift-async-algorithms.build/Debug/AsyncAlgorithms.build/Objects-normal/arm64/AsyncAlgorithms.swiftmodule -user-module-version 1.1.7 -validate-clang-modules-once -clang-build-session-file /Users/admin/builder/spi-builder-workspace/.derivedData/ModuleCache.noindex/Session.modulevalidation -package-name swift_async_algorithms -Xcc -I/Users/admin/builder/spi-builder-workspace/.derivedData/Build/Intermediates.noindex/swift-async-algorithms.build/Debug/AsyncAlgorithms.build/swift-overrides.hmap -emit-const-values -Xfrontend -const-gather-protocols-file -Xfrontend /Users/admin/builder/spi-builder-workspace/.derivedData/Build/Intermediates.noindex/swift-async-algorithms.build/Debug/AsyncAlgorithms.build/Objects-normal/arm64/AsyncAlgorithms_const_extract_protocols.json -Xcc -I/Users/admin/builder/spi-builder-workspace/.derivedData/Build/Products/Debug/include -Xcc -I/Users/admin/builder/spi-builder-workspace/.derivedData/Build/Intermediates.noindex/swift-async-algorithms.build/Debug/AsyncAlgorithms.build/DerivedSources-normal/arm64 -Xcc -I/Users/admin/builder/spi-builder-workspace/.derivedData/Build/Intermediates.noindex/swift-async-algorithms.build/Debug/AsyncAlgorithms.build/DerivedSources/arm64 -Xcc -I/Users/admin/builder/spi-builder-workspace/.derivedData/Build/Intermediates.noindex/swift-async-algorithms.build/Debug/AsyncAlgorithms.build/DerivedSources -Xcc -DSWIFT_PACKAGE -Xcc -DDEBUG\=1 -emit-objc-header -emit-objc-header-path /Users/admin/builder/spi-builder-workspace/.derivedData/Build/Intermediates.noindex/swift-async-algorithms.build/Debug/AsyncAlgorithms.build/Objects-normal/arm64/AsyncAlgorithms-Swift.h -working-directory /Users/admin/builder/spi-builder-workspace/.swiftpm/xcode -experimental-emit-module-separately -disable-cmo
SwiftDriverJobDiscovery normal arm64 Compiling Array.swift, Data.swift (in target 'BinaryParsing' from project 'swift-binary-parsing')
SwiftCompile normal arm64 Compiling\ OptionalOperations.swift,\ Optionators.swift /Users/admin/builder/spi-builder-workspace/.dependencies/checkouts/swift-binary-parsing/Sources/BinaryParsing/Operations/OptionalOperations.swift /Users/admin/builder/spi-builder-workspace/.dependencies/checkouts/swift-binary-parsing/Sources/BinaryParsing/Operations/Optionators.swift (in target 'BinaryParsing' from project 'swift-binary-parsing')
SwiftCompile normal arm64 /Users/admin/builder/spi-builder-workspace/.dependencies/checkouts/swift-binary-parsing/Sources/BinaryParsing/Operations/OptionalOperations.swift (in target 'BinaryParsing' from project 'swift-binary-parsing')
cd /Users/admin/builder/spi-builder-workspace/.swiftpm/xcode
SwiftCompile normal arm64 /Users/admin/builder/spi-builder-workspace/.dependencies/checkouts/swift-binary-parsing/Sources/BinaryParsing/Operations/Optionators.swift (in target 'BinaryParsing' from project 'swift-binary-parsing')
cd /Users/admin/builder/spi-builder-workspace/.swiftpm/xcode
SwiftMergeGeneratedHeaders /Users/admin/builder/spi-builder-workspace/.derivedData/Build/Intermediates.noindex/GeneratedModuleMaps/AsyncAlgorithms-Swift.h /Users/admin/builder/spi-builder-workspace/.derivedData/Build/Intermediates.noindex/swift-async-algorithms.build/Debug/AsyncAlgorithms.build/Objects-normal/arm64/AsyncAlgorithms-Swift.h (in target 'AsyncAlgorithms' from project 'swift-async-algorithms')
cd /Users/admin/builder/spi-builder-workspace/.dependencies/checkouts/swift-async-algorithms
builtin-swiftHeaderTool -arch arm64 /Users/admin/builder/spi-builder-workspace/.derivedData/Build/Intermediates.noindex/swift-async-algorithms.build/Debug/AsyncAlgorithms.build/Objects-normal/arm64/AsyncAlgorithms-Swift.h -o /Users/admin/builder/spi-builder-workspace/.derivedData/Build/Intermediates.noindex/GeneratedModuleMaps/AsyncAlgorithms-Swift.h
SwiftDriverJobDiscovery normal arm64 Compiling ThrowingOperations.swift, Endianness.swift (in target 'BinaryParsing' from project 'swift-binary-parsing')
Copy /Users/admin/builder/spi-builder-workspace/.derivedData/Build/Products/Debug/AsyncAlgorithms.swiftmodule/arm64-apple-macos.swiftmodule /Users/admin/builder/spi-builder-workspace/.derivedData/Build/Intermediates.noindex/swift-async-algorithms.build/Debug/AsyncAlgorithms.build/Objects-normal/arm64/AsyncAlgorithms.swiftmodule (in target 'AsyncAlgorithms' from project 'swift-async-algorithms')
cd /Users/admin/builder/spi-builder-workspace/.dependencies/checkouts/swift-async-algorithms
builtin-copy -exclude .DS_Store -exclude CVS -exclude .svn -exclude .git -exclude .hg -resolve-src-symlinks -rename /Users/admin/builder/spi-builder-workspace/.derivedData/Build/Intermediates.noindex/swift-async-algorithms.build/Debug/AsyncAlgorithms.build/Objects-normal/arm64/AsyncAlgorithms.swiftmodule /Users/admin/builder/spi-builder-workspace/.derivedData/Build/Products/Debug/AsyncAlgorithms.swiftmodule/arm64-apple-macos.swiftmodule
Copy /Users/admin/builder/spi-builder-workspace/.derivedData/Build/Products/Debug/AsyncAlgorithms.swiftmodule/arm64-apple-macos.swiftdoc /Users/admin/builder/spi-builder-workspace/.derivedData/Build/Intermediates.noindex/swift-async-algorithms.build/Debug/AsyncAlgorithms.build/Objects-normal/arm64/AsyncAlgorithms.swiftdoc (in target 'AsyncAlgorithms' from project 'swift-async-algorithms')
cd /Users/admin/builder/spi-builder-workspace/.dependencies/checkouts/swift-async-algorithms
builtin-copy -exclude .DS_Store -exclude CVS -exclude .svn -exclude .git -exclude .hg -resolve-src-symlinks -rename /Users/admin/builder/spi-builder-workspace/.derivedData/Build/Intermediates.noindex/swift-async-algorithms.build/Debug/AsyncAlgorithms.build/Objects-normal/arm64/AsyncAlgorithms.swiftdoc /Users/admin/builder/spi-builder-workspace/.derivedData/Build/Products/Debug/AsyncAlgorithms.swiftmodule/arm64-apple-macos.swiftdoc
Copy /Users/admin/builder/spi-builder-workspace/.derivedData/Build/Products/Debug/AsyncAlgorithms.swiftmodule/arm64-apple-macos.abi.json /Users/admin/builder/spi-builder-workspace/.derivedData/Build/Intermediates.noindex/swift-async-algorithms.build/Debug/AsyncAlgorithms.build/Objects-normal/arm64/AsyncAlgorithms.abi.json (in target 'AsyncAlgorithms' from project 'swift-async-algorithms')
cd /Users/admin/builder/spi-builder-workspace/.dependencies/checkouts/swift-async-algorithms
builtin-copy -exclude .DS_Store -exclude CVS -exclude .svn -exclude .git -exclude .hg -resolve-src-symlinks -rename /Users/admin/builder/spi-builder-workspace/.derivedData/Build/Intermediates.noindex/swift-async-algorithms.build/Debug/AsyncAlgorithms.build/Objects-normal/arm64/AsyncAlgorithms.abi.json /Users/admin/builder/spi-builder-workspace/.derivedData/Build/Products/Debug/AsyncAlgorithms.swiftmodule/arm64-apple-macos.abi.json
Copy /Users/admin/builder/spi-builder-workspace/.derivedData/Build/Products/Debug/AsyncAlgorithms.swiftmodule/Project/arm64-apple-macos.swiftsourceinfo /Users/admin/builder/spi-builder-workspace/.derivedData/Build/Intermediates.noindex/swift-async-algorithms.build/Debug/AsyncAlgorithms.build/Objects-normal/arm64/AsyncAlgorithms.swiftsourceinfo (in target 'AsyncAlgorithms' from project 'swift-async-algorithms')
cd /Users/admin/builder/spi-builder-workspace/.dependencies/checkouts/swift-async-algorithms
builtin-copy -exclude .DS_Store -exclude CVS -exclude .svn -exclude .git -exclude .hg -resolve-src-symlinks -rename /Users/admin/builder/spi-builder-workspace/.derivedData/Build/Intermediates.noindex/swift-async-algorithms.build/Debug/AsyncAlgorithms.build/Objects-normal/arm64/AsyncAlgorithms.swiftsourceinfo /Users/admin/builder/spi-builder-workspace/.derivedData/Build/Products/Debug/AsyncAlgorithms.swiftmodule/Project/arm64-apple-macos.swiftsourceinfo
SwiftCompile normal arm64 Compiling\ IntegerProtocols.swift,\ Range.swift /Users/admin/builder/spi-builder-workspace/.dependencies/checkouts/swift-binary-parsing/Sources/BinaryParsing/Parsers/IntegerProtocols.swift /Users/admin/builder/spi-builder-workspace/.dependencies/checkouts/swift-binary-parsing/Sources/BinaryParsing/Parsers/Range.swift (in target 'BinaryParsing' from project 'swift-binary-parsing')
SwiftCompile normal arm64 /Users/admin/builder/spi-builder-workspace/.dependencies/checkouts/swift-binary-parsing/Sources/BinaryParsing/Parsers/IntegerProtocols.swift (in target 'BinaryParsing' from project 'swift-binary-parsing')
cd /Users/admin/builder/spi-builder-workspace/.swiftpm/xcode
SwiftCompile normal arm64 /Users/admin/builder/spi-builder-workspace/.dependencies/checkouts/swift-binary-parsing/Sources/BinaryParsing/Parsers/Range.swift (in target 'BinaryParsing' from project 'swift-binary-parsing')
cd /Users/admin/builder/spi-builder-workspace/.swiftpm/xcode
SwiftCompile normal arm64 Compiling\ String.swift,\ LinuxRNGSupport.swift /Users/admin/builder/spi-builder-workspace/.dependencies/checkouts/swift-binary-parsing/Sources/BinaryParsing/Parsers/String.swift /Users/admin/builder/spi-builder-workspace/.dependencies/checkouts/swift-binary-parsing/Sources/BinaryParsing/Support/LinuxRNGSupport.swift (in target 'BinaryParsing' from project 'swift-binary-parsing')
SwiftCompile normal arm64 /Users/admin/builder/spi-builder-workspace/.dependencies/checkouts/swift-binary-parsing/Sources/BinaryParsing/Parsers/String.swift (in target 'BinaryParsing' from project 'swift-binary-parsing')
cd /Users/admin/builder/spi-builder-workspace/.swiftpm/xcode
SwiftCompile normal arm64 /Users/admin/builder/spi-builder-workspace/.dependencies/checkouts/swift-binary-parsing/Sources/BinaryParsing/Support/LinuxRNGSupport.swift (in target 'BinaryParsing' from project 'swift-binary-parsing')
cd /Users/admin/builder/spi-builder-workspace/.swiftpm/xcode
SwiftDriverJobDiscovery normal arm64 Compiling _TinyArray.swift, AsyncInterspersedSequence.swift, Locking.swift, AsyncMerge2Sequence.swift, AsyncMerge3Sequence.swift, MergeStateMachine.swift (in target 'AsyncAlgorithms' from project 'swift-async-algorithms')
SwiftCompile normal arm64 Compiling\ Macros.swift,\ MagicNumber.swift /Users/admin/builder/spi-builder-workspace/.dependencies/checkouts/swift-binary-parsing/Sources/BinaryParsing/Macros/Macros.swift /Users/admin/builder/spi-builder-workspace/.dependencies/checkouts/swift-binary-parsing/Sources/BinaryParsing/Macros/MagicNumber.swift (in target 'BinaryParsing' from project 'swift-binary-parsing')
SwiftCompile normal arm64 /Users/admin/builder/spi-builder-workspace/.dependencies/checkouts/swift-binary-parsing/Sources/BinaryParsing/Macros/Macros.swift (in target 'BinaryParsing' from project 'swift-binary-parsing')
cd /Users/admin/builder/spi-builder-workspace/.swiftpm/xcode
SwiftCompile normal arm64 /Users/admin/builder/spi-builder-workspace/.dependencies/checkouts/swift-binary-parsing/Sources/BinaryParsing/Macros/MagicNumber.swift (in target 'BinaryParsing' from project 'swift-binary-parsing')
cd /Users/admin/builder/spi-builder-workspace/.swiftpm/xcode
SwiftDriverJobDiscovery normal arm64 Compiling ParserSpan.swift, ParsingError.swift (in target 'BinaryParsing' from project 'swift-binary-parsing')
SwiftCompile normal arm64 Compiling\ AsyncSequence+FlatMapLatest.swift,\ AsyncSequence+Share.swift,\ AsyncSwitchToLatestSequence.swift,\ ManagedCriticalState.swift /Users/admin/builder/spi-builder-workspace/.dependencies/checkouts/AsyncExtensions/Sources/Operators/AsyncSequence+FlatMapLatest.swift /Users/admin/builder/spi-builder-workspace/.dependencies/checkouts/AsyncExtensions/Sources/Operators/AsyncSequence+Share.swift /Users/admin/builder/spi-builder-workspace/.dependencies/checkouts/AsyncExtensions/Sources/Operators/AsyncSwitchToLatestSequence.swift /Users/admin/builder/spi-builder-workspace/.dependencies/checkouts/AsyncExtensions/Sources/Supporting/ManagedCriticalState.swift (in target 'AsyncExtensions' from project 'AsyncExtensions')
SwiftCompile normal arm64 /Users/admin/builder/spi-builder-workspace/.dependencies/checkouts/AsyncExtensions/Sources/Operators/AsyncSequence+FlatMapLatest.swift (in target 'AsyncExtensions' from project 'AsyncExtensions')
cd /Users/admin/builder/spi-builder-workspace/.swiftpm/xcode
SwiftCompile normal arm64 /Users/admin/builder/spi-builder-workspace/.dependencies/checkouts/AsyncExtensions/Sources/Operators/AsyncSequence+Share.swift (in target 'AsyncExtensions' from project 'AsyncExtensions')
cd /Users/admin/builder/spi-builder-workspace/.swiftpm/xcode
SwiftCompile normal arm64 /Users/admin/builder/spi-builder-workspace/.dependencies/checkouts/AsyncExtensions/Sources/Operators/AsyncSwitchToLatestSequence.swift (in target 'AsyncExtensions' from project 'AsyncExtensions')
cd /Users/admin/builder/spi-builder-workspace/.swiftpm/xcode
SwiftCompile normal arm64 /Users/admin/builder/spi-builder-workspace/.dependencies/checkouts/AsyncExtensions/Sources/Supporting/ManagedCriticalState.swift (in target 'AsyncExtensions' from project 'AsyncExtensions')
cd /Users/admin/builder/spi-builder-workspace/.swiftpm/xcode
SwiftDriverJobDiscovery normal arm64 Compiling ParserRange.swift, ParserSource.swift (in target 'BinaryParsing' from project 'swift-binary-parsing')
SwiftCompile normal arm64 Compiling\ Streamed.swift,\ AsyncMergeSequence.swift,\ MergeStateMachine.swift,\ AsyncWithLatestFrom2Sequence.swift /Users/admin/builder/spi-builder-workspace/.dependencies/checkouts/AsyncExtensions/Sources/AsyncSubjects/Streamed.swift /Users/admin/builder/spi-builder-workspace/.dependencies/checkouts/AsyncExtensions/Sources/Combiners/Merge/AsyncMergeSequence.swift /Users/admin/builder/spi-builder-workspace/.dependencies/checkouts/AsyncExtensions/Sources/Combiners/Merge/MergeStateMachine.swift /Users/admin/builder/spi-builder-workspace/.dependencies/checkouts/AsyncExtensions/Sources/Combiners/WithLatestFrom/AsyncWithLatestFrom2Sequence.swift (in target 'AsyncExtensions' from project 'AsyncExtensions')
SwiftCompile normal arm64 /Users/admin/builder/spi-builder-workspace/.dependencies/checkouts/AsyncExtensions/Sources/AsyncSubjects/Streamed.swift (in target 'AsyncExtensions' from project 'AsyncExtensions')
cd /Users/admin/builder/spi-builder-workspace/.swiftpm/xcode
SwiftCompile normal arm64 /Users/admin/builder/spi-builder-workspace/.dependencies/checkouts/AsyncExtensions/Sources/Combiners/Merge/AsyncMergeSequence.swift (in target 'AsyncExtensions' from project 'AsyncExtensions')
cd /Users/admin/builder/spi-builder-workspace/.swiftpm/xcode
SwiftCompile normal arm64 /Users/admin/builder/spi-builder-workspace/.dependencies/checkouts/AsyncExtensions/Sources/Combiners/Merge/MergeStateMachine.swift (in target 'AsyncExtensions' from project 'AsyncExtensions')
cd /Users/admin/builder/spi-builder-workspace/.swiftpm/xcode
SwiftCompile normal arm64 /Users/admin/builder/spi-builder-workspace/.dependencies/checkouts/AsyncExtensions/Sources/Combiners/WithLatestFrom/AsyncWithLatestFrom2Sequence.swift (in target 'AsyncExtensions' from project 'AsyncExtensions')
cd /Users/admin/builder/spi-builder-workspace/.swiftpm/xcode
SwiftDriverJobDiscovery normal arm64 Compiling OptionalOperations.swift, Optionators.swift (in target 'BinaryParsing' from project 'swift-binary-parsing')
SwiftDriverJobDiscovery normal arm64 Compiling String.swift, LinuxRNGSupport.swift (in target 'BinaryParsing' from project 'swift-binary-parsing')
SwiftCompile normal arm64 Compiling\ AsyncWithLatestFromSequence.swift,\ AsyncZipSequence.swift,\ ZipRuntime.swift,\ ZipStateMachine.swift /Users/admin/builder/spi-builder-workspace/.dependencies/checkouts/AsyncExtensions/Sources/Combiners/WithLatestFrom/AsyncWithLatestFromSequence.swift /Users/admin/builder/spi-builder-workspace/.dependencies/checkouts/AsyncExtensions/Sources/Combiners/Zip/AsyncZipSequence.swift /Users/admin/builder/spi-builder-workspace/.dependencies/checkouts/AsyncExtensions/Sources/Combiners/Zip/ZipRuntime.swift /Users/admin/builder/spi-builder-workspace/.dependencies/checkouts/AsyncExtensions/Sources/Combiners/Zip/ZipStateMachine.swift (in target 'AsyncExtensions' from project 'AsyncExtensions')
SwiftCompile normal arm64 /Users/admin/builder/spi-builder-workspace/.dependencies/checkouts/AsyncExtensions/Sources/Combiners/WithLatestFrom/AsyncWithLatestFromSequence.swift (in target 'AsyncExtensions' from project 'AsyncExtensions')
cd /Users/admin/builder/spi-builder-workspace/.swiftpm/xcode
SwiftCompile normal arm64 /Users/admin/builder/spi-builder-workspace/.dependencies/checkouts/AsyncExtensions/Sources/Combiners/Zip/AsyncZipSequence.swift (in target 'AsyncExtensions' from project 'AsyncExtensions')
cd /Users/admin/builder/spi-builder-workspace/.swiftpm/xcode
SwiftCompile normal arm64 /Users/admin/builder/spi-builder-workspace/.dependencies/checkouts/AsyncExtensions/Sources/Combiners/Zip/ZipRuntime.swift (in target 'AsyncExtensions' from project 'AsyncExtensions')
cd /Users/admin/builder/spi-builder-workspace/.swiftpm/xcode
SwiftCompile normal arm64 /Users/admin/builder/spi-builder-workspace/.dependencies/checkouts/AsyncExtensions/Sources/Combiners/Zip/ZipStateMachine.swift (in target 'AsyncExtensions' from project 'AsyncExtensions')
cd /Users/admin/builder/spi-builder-workspace/.swiftpm/xcode
SwiftCompile normal arm64 Compiling\ AsyncHandleEventsSequence.swift,\ AsyncMapToResultSequence.swift,\ AsyncMulticastSequence.swift,\ AsyncPrependSequence.swift /Users/admin/builder/spi-builder-workspace/.dependencies/checkouts/AsyncExtensions/Sources/Operators/AsyncHandleEventsSequence.swift /Users/admin/builder/spi-builder-workspace/.dependencies/checkouts/AsyncExtensions/Sources/Operators/AsyncMapToResultSequence.swift /Users/admin/builder/spi-builder-workspace/.dependencies/checkouts/AsyncExtensions/Sources/Operators/AsyncMulticastSequence.swift /Users/admin/builder/spi-builder-workspace/.dependencies/checkouts/AsyncExtensions/Sources/Operators/AsyncPrependSequence.swift (in target 'AsyncExtensions' from project 'AsyncExtensions')
SwiftCompile normal arm64 /Users/admin/builder/spi-builder-workspace/.dependencies/checkouts/AsyncExtensions/Sources/Operators/AsyncHandleEventsSequence.swift (in target 'AsyncExtensions' from project 'AsyncExtensions')
cd /Users/admin/builder/spi-builder-workspace/.swiftpm/xcode
SwiftCompile normal arm64 /Users/admin/builder/spi-builder-workspace/.dependencies/checkouts/AsyncExtensions/Sources/Operators/AsyncMapToResultSequence.swift (in target 'AsyncExtensions' from project 'AsyncExtensions')
cd /Users/admin/builder/spi-builder-workspace/.swiftpm/xcode
SwiftCompile normal arm64 /Users/admin/builder/spi-builder-workspace/.dependencies/checkouts/AsyncExtensions/Sources/Operators/AsyncMulticastSequence.swift (in target 'AsyncExtensions' from project 'AsyncExtensions')
cd /Users/admin/builder/spi-builder-workspace/.swiftpm/xcode
SwiftCompile normal arm64 /Users/admin/builder/spi-builder-workspace/.dependencies/checkouts/AsyncExtensions/Sources/Operators/AsyncPrependSequence.swift (in target 'AsyncExtensions' from project 'AsyncExtensions')
cd /Users/admin/builder/spi-builder-workspace/.swiftpm/xcode
SwiftDriverJobDiscovery normal arm64 Compiling Seeking.swift, Slicing.swift (in target 'BinaryParsing' from project 'swift-binary-parsing')
SwiftCompile normal arm64 Compiling\ Termination.swift,\ AsyncBufferedTimerSequence.swift,\ AsyncEmptySequence.swift,\ AsyncFailSequence.swift /Users/admin/builder/spi-builder-workspace/.dependencies/checkouts/AsyncExtensions/Sources/Common/Termination.swift /Users/admin/builder/spi-builder-workspace/.dependencies/checkouts/AsyncExtensions/Sources/Creators/AsyncBufferedTimerSequence.swift /Users/admin/builder/spi-builder-workspace/.dependencies/checkouts/AsyncExtensions/Sources/Creators/AsyncEmptySequence.swift /Users/admin/builder/spi-builder-workspace/.dependencies/checkouts/AsyncExtensions/Sources/Creators/AsyncFailSequence.swift (in target 'AsyncExtensions' from project 'AsyncExtensions')
SwiftCompile normal arm64 /Users/admin/builder/spi-builder-workspace/.dependencies/checkouts/AsyncExtensions/Sources/Common/Termination.swift (in target 'AsyncExtensions' from project 'AsyncExtensions')
cd /Users/admin/builder/spi-builder-workspace/.swiftpm/xcode
SwiftCompile normal arm64 /Users/admin/builder/spi-builder-workspace/.dependencies/checkouts/AsyncExtensions/Sources/Creators/AsyncBufferedTimerSequence.swift (in target 'AsyncExtensions' from project 'AsyncExtensions')
cd /Users/admin/builder/spi-builder-workspace/.swiftpm/xcode
SwiftCompile normal arm64 /Users/admin/builder/spi-builder-workspace/.dependencies/checkouts/AsyncExtensions/Sources/Creators/AsyncEmptySequence.swift (in target 'AsyncExtensions' from project 'AsyncExtensions')
cd /Users/admin/builder/spi-builder-workspace/.swiftpm/xcode
SwiftCompile normal arm64 /Users/admin/builder/spi-builder-workspace/.dependencies/checkouts/AsyncExtensions/Sources/Creators/AsyncFailSequence.swift (in target 'AsyncExtensions' from project 'AsyncExtensions')
cd /Users/admin/builder/spi-builder-workspace/.swiftpm/xcode
SwiftDriverJobDiscovery normal arm64 Compiling IntegerProtocols.swift, Range.swift (in target 'BinaryParsing' from project 'swift-binary-parsing')
SwiftCompile normal arm64 Compiling\ AsyncBufferedChannel.swift,\ AsyncThrowingBufferedChannel.swift,\ AsyncCurrentValueSubject.swift,\ AsyncPassthroughSubject.swift,\ AsyncReplaySubject.swift /Users/admin/builder/spi-builder-workspace/.dependencies/checkouts/AsyncExtensions/Sources/AsyncChannels/AsyncBufferedChannel.swift /Users/admin/builder/spi-builder-workspace/.dependencies/checkouts/AsyncExtensions/Sources/AsyncChannels/AsyncThrowingBufferedChannel.swift /Users/admin/builder/spi-builder-workspace/.dependencies/checkouts/AsyncExtensions/Sources/AsyncSubjects/AsyncCurrentValueSubject.swift /Users/admin/builder/spi-builder-workspace/.dependencies/checkouts/AsyncExtensions/Sources/AsyncSubjects/AsyncPassthroughSubject.swift /Users/admin/builder/spi-builder-workspace/.dependencies/checkouts/AsyncExtensions/Sources/AsyncSubjects/AsyncReplaySubject.swift (in target 'AsyncExtensions' from project 'AsyncExtensions')
SwiftCompile normal arm64 /Users/admin/builder/spi-builder-workspace/.dependencies/checkouts/AsyncExtensions/Sources/AsyncChannels/AsyncBufferedChannel.swift (in target 'AsyncExtensions' from project 'AsyncExtensions')
cd /Users/admin/builder/spi-builder-workspace/.swiftpm/xcode
SwiftCompile normal arm64 /Users/admin/builder/spi-builder-workspace/.dependencies/checkouts/AsyncExtensions/Sources/AsyncChannels/AsyncThrowingBufferedChannel.swift (in target 'AsyncExtensions' from project 'AsyncExtensions')
cd /Users/admin/builder/spi-builder-workspace/.swiftpm/xcode
SwiftCompile normal arm64 /Users/admin/builder/spi-builder-workspace/.dependencies/checkouts/AsyncExtensions/Sources/AsyncSubjects/AsyncCurrentValueSubject.swift (in target 'AsyncExtensions' from project 'AsyncExtensions')
cd /Users/admin/builder/spi-builder-workspace/.swiftpm/xcode
SwiftCompile normal arm64 /Users/admin/builder/spi-builder-workspace/.dependencies/checkouts/AsyncExtensions/Sources/AsyncSubjects/AsyncPassthroughSubject.swift (in target 'AsyncExtensions' from project 'AsyncExtensions')
cd /Users/admin/builder/spi-builder-workspace/.swiftpm/xcode
SwiftCompile normal arm64 /Users/admin/builder/spi-builder-workspace/.dependencies/checkouts/AsyncExtensions/Sources/AsyncSubjects/AsyncReplaySubject.swift (in target 'AsyncExtensions' from project 'AsyncExtensions')
cd /Users/admin/builder/spi-builder-workspace/.swiftpm/xcode
SwiftDriverJobDiscovery normal arm64 Compiling Macros.swift, MagicNumber.swift (in target 'BinaryParsing' from project 'swift-binary-parsing')
SwiftCompile normal arm64 Compiling\ AsyncScanSequence.swift,\ AsyncSequence+Assign.swift,\ AsyncSequence+Collect.swift,\ AsyncSequence+EraseToAnyAsyncSequence.swift /Users/admin/builder/spi-builder-workspace/.dependencies/checkouts/AsyncExtensions/Sources/Operators/AsyncScanSequence.swift /Users/admin/builder/spi-builder-workspace/.dependencies/checkouts/AsyncExtensions/Sources/Operators/AsyncSequence+Assign.swift /Users/admin/builder/spi-builder-workspace/.dependencies/checkouts/AsyncExtensions/Sources/Operators/AsyncSequence+Collect.swift /Users/admin/builder/spi-builder-workspace/.dependencies/checkouts/AsyncExtensions/Sources/Operators/AsyncSequence+EraseToAnyAsyncSequence.swift (in target 'AsyncExtensions' from project 'AsyncExtensions')
SwiftCompile normal arm64 /Users/admin/builder/spi-builder-workspace/.dependencies/checkouts/AsyncExtensions/Sources/Operators/AsyncScanSequence.swift (in target 'AsyncExtensions' from project 'AsyncExtensions')
cd /Users/admin/builder/spi-builder-workspace/.swiftpm/xcode
SwiftCompile normal arm64 /Users/admin/builder/spi-builder-workspace/.dependencies/checkouts/AsyncExtensions/Sources/Operators/AsyncSequence+Assign.swift (in target 'AsyncExtensions' from project 'AsyncExtensions')
cd /Users/admin/builder/spi-builder-workspace/.swiftpm/xcode
SwiftCompile normal arm64 /Users/admin/builder/spi-builder-workspace/.dependencies/checkouts/AsyncExtensions/Sources/Operators/AsyncSequence+Collect.swift (in target 'AsyncExtensions' from project 'AsyncExtensions')
cd /Users/admin/builder/spi-builder-workspace/.swiftpm/xcode
SwiftCompile normal arm64 /Users/admin/builder/spi-builder-workspace/.dependencies/checkouts/AsyncExtensions/Sources/Operators/AsyncSequence+EraseToAnyAsyncSequence.swift (in target 'AsyncExtensions' from project 'AsyncExtensions')
cd /Users/admin/builder/spi-builder-workspace/.swiftpm/xcode
SwiftDriverJobDiscovery normal arm64 Compiling InlineArray.swift, Integer.swift (in target 'BinaryParsing' from project 'swift-binary-parsing')
SwiftCompile normal arm64 Compiling\ Regulator.swift,\ Result+ErrorMechanism.swift,\ SubjectDeliveryQueue.swift,\ SubjectSubscription.swift /Users/admin/builder/spi-builder-workspace/.dependencies/checkouts/AsyncExtensions/Sources/Supporting/Regulator.swift /Users/admin/builder/spi-builder-workspace/.dependencies/checkouts/AsyncExtensions/Sources/Supporting/Result+ErrorMechanism.swift /Users/admin/builder/spi-builder-workspace/.dependencies/checkouts/AsyncExtensions/Sources/Supporting/SubjectDeliveryQueue.swift /Users/admin/builder/spi-builder-workspace/.dependencies/checkouts/AsyncExtensions/Sources/Supporting/SubjectSubscription.swift (in target 'AsyncExtensions' from project 'AsyncExtensions')
SwiftCompile normal arm64 /Users/admin/builder/spi-builder-workspace/.dependencies/checkouts/AsyncExtensions/Sources/Supporting/Regulator.swift (in target 'AsyncExtensions' from project 'AsyncExtensions')
cd /Users/admin/builder/spi-builder-workspace/.swiftpm/xcode
SwiftCompile normal arm64 /Users/admin/builder/spi-builder-workspace/.dependencies/checkouts/AsyncExtensions/Sources/Supporting/Result+ErrorMechanism.swift (in target 'AsyncExtensions' from project 'AsyncExtensions')
cd /Users/admin/builder/spi-builder-workspace/.swiftpm/xcode
SwiftCompile normal arm64 /Users/admin/builder/spi-builder-workspace/.dependencies/checkouts/AsyncExtensions/Sources/Supporting/SubjectDeliveryQueue.swift (in target 'AsyncExtensions' from project 'AsyncExtensions')
cd /Users/admin/builder/spi-builder-workspace/.swiftpm/xcode
SwiftCompile normal arm64 /Users/admin/builder/spi-builder-workspace/.dependencies/checkouts/AsyncExtensions/Sources/Supporting/SubjectSubscription.swift (in target 'AsyncExtensions' from project 'AsyncExtensions')
cd /Users/admin/builder/spi-builder-workspace/.swiftpm/xcode
SwiftDriverJobDiscovery normal arm64 Compiling MergeStorage.swift, MultiProducerSingleConsumerAsyncChannel+Internal.swift, MultiProducerSingleConsumerAsyncChannel.swift, RangeReplaceableCollection.swift, Rethrow.swift, SetAlgebra.swift (in target 'AsyncAlgorithms' from project 'swift-async-algorithms')
SwiftCompile normal arm64 Compiling\ AsyncSubject.swift,\ AsyncThrowingCurrentValueSubject.swift,\ AsyncThrowingPassthroughSubject.swift,\ AsyncThrowingReplaySubject.swift /Users/admin/builder/spi-builder-workspace/.dependencies/checkouts/AsyncExtensions/Sources/AsyncSubjects/AsyncSubject.swift /Users/admin/builder/spi-builder-workspace/.dependencies/checkouts/AsyncExtensions/Sources/AsyncSubjects/AsyncThrowingCurrentValueSubject.swift /Users/admin/builder/spi-builder-workspace/.dependencies/checkouts/AsyncExtensions/Sources/AsyncSubjects/AsyncThrowingPassthroughSubject.swift /Users/admin/builder/spi-builder-workspace/.dependencies/checkouts/AsyncExtensions/Sources/AsyncSubjects/AsyncThrowingReplaySubject.swift (in target 'AsyncExtensions' from project 'AsyncExtensions')
SwiftCompile normal arm64 /Users/admin/builder/spi-builder-workspace/.dependencies/checkouts/AsyncExtensions/Sources/AsyncSubjects/AsyncSubject.swift (in target 'AsyncExtensions' from project 'AsyncExtensions')
cd /Users/admin/builder/spi-builder-workspace/.swiftpm/xcode
SwiftCompile normal arm64 /Users/admin/builder/spi-builder-workspace/.dependencies/checkouts/AsyncExtensions/Sources/AsyncSubjects/AsyncThrowingCurrentValueSubject.swift (in target 'AsyncExtensions' from project 'AsyncExtensions')
cd /Users/admin/builder/spi-builder-workspace/.swiftpm/xcode
SwiftCompile normal arm64 /Users/admin/builder/spi-builder-workspace/.dependencies/checkouts/AsyncExtensions/Sources/AsyncSubjects/AsyncThrowingPassthroughSubject.swift (in target 'AsyncExtensions' from project 'AsyncExtensions')
cd /Users/admin/builder/spi-builder-workspace/.swiftpm/xcode
SwiftCompile normal arm64 /Users/admin/builder/spi-builder-workspace/.dependencies/checkouts/AsyncExtensions/Sources/AsyncSubjects/AsyncThrowingReplaySubject.swift (in target 'AsyncExtensions' from project 'AsyncExtensions')
cd /Users/admin/builder/spi-builder-workspace/.swiftpm/xcode
SwiftDriverJobDiscovery normal arm64 Emitting module for BinaryParsing (in target 'BinaryParsing' from project 'swift-binary-parsing')
SwiftDriver\ Compilation\ Requirements BinaryParsing normal arm64 com.apple.xcode.tools.swift.compiler (in target 'BinaryParsing' from project 'swift-binary-parsing')
cd /Users/admin/builder/spi-builder-workspace/.swiftpm/xcode
builtin-Swift-Compilation-Requirements -- /Applications/Xcode-26.3.0.app/Contents/Developer/Toolchains/XcodeDefault.xctoolchain/usr/bin/swiftc -module-name BinaryParsing -Onone -enforce-exclusivity\=checked @/Users/admin/builder/spi-builder-workspace/.derivedData/Build/Intermediates.noindex/swift-binary-parsing.build/Debug/BinaryParsing.build/Objects-normal/arm64/BinaryParsing.SwiftFileList -DSWIFT_PACKAGE -DDEBUG -DSWIFT_MODULE_RESOURCE_BUNDLE_UNAVAILABLE -DXcode -enable-experimental-feature Lifetimes -strict-memory-safety -plugin-path /Applications/Xcode-26.3.0.app/Contents/Developer/Toolchains/XcodeDefault.xctoolchain/usr/lib/swift/host/plugins/testing -enable-experimental-feature DebugDescriptionMacro -sdk /Applications/Xcode-26.3.0.app/Contents/Developer/Platforms/MacOSX.platform/Developer/SDKs/MacOSX26.2.sdk -target arm64-apple-macos13.0 -g -module-cache-path /Users/admin/builder/spi-builder-workspace/.derivedData/ModuleCache.noindex -Xfrontend -serialize-debugging-options -profile-coverage-mapping -profile-generate -enable-testing -suppress-warnings -index-store-path /Users/admin/builder/spi-builder-workspace/.derivedData/Index.noindex/DataStore -Xcc -D_LIBCPP_HARDENING_MODE\=_LIBCPP_HARDENING_MODE_DEBUG -swift-version 6 -I /Users/admin/builder/spi-builder-workspace/.derivedData/Build/Products/Debug -Isystem /Applications/Xcode-26.3.0.app/Contents/Developer/Platforms/MacOSX.platform/Developer/usr/lib -F /Users/admin/builder/spi-builder-workspace/.derivedData/Build/Products/Debug -F /Applications/Xcode-26.3.0.app/Contents/Developer/Platforms/MacOSX.platform/Developer/Library/Frameworks -Xfrontend -load-plugin-executable -Xfrontend /Users/admin/builder/spi-builder-workspace/.derivedData/Build/Products/Debug/BinaryParsingMacros\#BinaryParsingMacros -c -j10 -enable-batch-mode -incremental -Xcc -ivfsstatcache -Xcc /Users/admin/builder/spi-builder-workspace/.derivedData/SDKStatCaches.noindex/macosx26.2-25C58-dc75598d0054f22ec865fa860f139d726b10091eae1b9012e514a50b0de53ce7.sdkstatcache -output-file-map /Users/admin/builder/spi-builder-workspace/.derivedData/Build/Intermediates.noindex/swift-binary-parsing.build/Debug/BinaryParsing.build/Objects-normal/arm64/BinaryParsing-OutputFileMap.json -use-frontend-parseable-output -save-temps -no-color-diagnostics -explicit-module-build -module-cache-path /Users/admin/builder/spi-builder-workspace/.derivedData/Build/Intermediates.noindex/SwiftExplicitPrecompiledModules -clang-scanner-module-cache-path /Users/admin/builder/spi-builder-workspace/.derivedData/ModuleCache.noindex -sdk-module-cache-path /Users/admin/builder/spi-builder-workspace/.derivedData/ModuleCache.noindex -serialize-diagnostics -emit-dependencies -emit-module -emit-module-path /Users/admin/builder/spi-builder-workspace/.derivedData/Build/Intermediates.noindex/swift-binary-parsing.build/Debug/BinaryParsing.build/Objects-normal/arm64/BinaryParsing.swiftmodule -user-module-version 0.0.2 -validate-clang-modules-once -clang-build-session-file /Users/admin/builder/spi-builder-workspace/.derivedData/ModuleCache.noindex/Session.modulevalidation -package-name swift_binary_parsing -Xcc -I/Users/admin/builder/spi-builder-workspace/.derivedData/Build/Intermediates.noindex/swift-binary-parsing.build/Debug/BinaryParsing.build/swift-overrides.hmap -emit-const-values -Xfrontend -const-gather-protocols-file -Xfrontend /Users/admin/builder/spi-builder-workspace/.derivedData/Build/Intermediates.noindex/swift-binary-parsing.build/Debug/BinaryParsing.build/Objects-normal/arm64/BinaryParsing_const_extract_protocols.json -Xcc -I/Users/admin/builder/spi-builder-workspace/.derivedData/Build/Products/Debug/include -Xcc -I/Users/admin/builder/spi-builder-workspace/.derivedData/Build/Intermediates.noindex/swift-binary-parsing.build/Debug/BinaryParsing.build/DerivedSources-normal/arm64 -Xcc -I/Users/admin/builder/spi-builder-workspace/.derivedData/Build/Intermediates.noindex/swift-binary-parsing.build/Debug/BinaryParsing.build/DerivedSources/arm64 -Xcc -I/Users/admin/builder/spi-builder-workspace/.derivedData/Build/Intermediates.noindex/swift-binary-parsing.build/Debug/BinaryParsing.build/DerivedSources -Xcc -DSWIFT_PACKAGE -Xcc -DDEBUG\=1 -emit-objc-header -emit-objc-header-path /Users/admin/builder/spi-builder-workspace/.derivedData/Build/Intermediates.noindex/swift-binary-parsing.build/Debug/BinaryParsing.build/Objects-normal/arm64/BinaryParsing-Swift.h -working-directory /Users/admin/builder/spi-builder-workspace/.swiftpm/xcode -experimental-emit-module-separately -disable-cmo
SwiftDriverJobDiscovery normal arm64 Compiling AsyncSequence+FlatMapLatest.swift, AsyncSequence+Share.swift, AsyncSwitchToLatestSequence.swift, ManagedCriticalState.swift (in target 'AsyncExtensions' from project 'AsyncExtensions')
SwiftDriver\ Compilation BinaryParsing normal arm64 com.apple.xcode.tools.swift.compiler (in target 'BinaryParsing' from project 'swift-binary-parsing')
cd /Users/admin/builder/spi-builder-workspace/.swiftpm/xcode
builtin-Swift-Compilation -- /Applications/Xcode-26.3.0.app/Contents/Developer/Toolchains/XcodeDefault.xctoolchain/usr/bin/swiftc -module-name BinaryParsing -Onone -enforce-exclusivity\=checked @/Users/admin/builder/spi-builder-workspace/.derivedData/Build/Intermediates.noindex/swift-binary-parsing.build/Debug/BinaryParsing.build/Objects-normal/arm64/BinaryParsing.SwiftFileList -DSWIFT_PACKAGE -DDEBUG -DSWIFT_MODULE_RESOURCE_BUNDLE_UNAVAILABLE -DXcode -enable-experimental-feature Lifetimes -strict-memory-safety -plugin-path /Applications/Xcode-26.3.0.app/Contents/Developer/Toolchains/XcodeDefault.xctoolchain/usr/lib/swift/host/plugins/testing -enable-experimental-feature DebugDescriptionMacro -sdk /Applications/Xcode-26.3.0.app/Contents/Developer/Platforms/MacOSX.platform/Developer/SDKs/MacOSX26.2.sdk -target arm64-apple-macos13.0 -g -module-cache-path /Users/admin/builder/spi-builder-workspace/.derivedData/ModuleCache.noindex -Xfrontend -serialize-debugging-options -profile-coverage-mapping -profile-generate -enable-testing -suppress-warnings -index-store-path /Users/admin/builder/spi-builder-workspace/.derivedData/Index.noindex/DataStore -Xcc -D_LIBCPP_HARDENING_MODE\=_LIBCPP_HARDENING_MODE_DEBUG -swift-version 6 -I /Users/admin/builder/spi-builder-workspace/.derivedData/Build/Products/Debug -Isystem /Applications/Xcode-26.3.0.app/Contents/Developer/Platforms/MacOSX.platform/Developer/usr/lib -F /Users/admin/builder/spi-builder-workspace/.derivedData/Build/Products/Debug -F /Applications/Xcode-26.3.0.app/Contents/Developer/Platforms/MacOSX.platform/Developer/Library/Frameworks -Xfrontend -load-plugin-executable -Xfrontend /Users/admin/builder/spi-builder-workspace/.derivedData/Build/Products/Debug/BinaryParsingMacros\#BinaryParsingMacros -c -j10 -enable-batch-mode -incremental -Xcc -ivfsstatcache -Xcc /Users/admin/builder/spi-builder-workspace/.derivedData/SDKStatCaches.noindex/macosx26.2-25C58-dc75598d0054f22ec865fa860f139d726b10091eae1b9012e514a50b0de53ce7.sdkstatcache -output-file-map /Users/admin/builder/spi-builder-workspace/.derivedData/Build/Intermediates.noindex/swift-binary-parsing.build/Debug/BinaryParsing.build/Objects-normal/arm64/BinaryParsing-OutputFileMap.json -use-frontend-parseable-output -save-temps -no-color-diagnostics -explicit-module-build -module-cache-path /Users/admin/builder/spi-builder-workspace/.derivedData/Build/Intermediates.noindex/SwiftExplicitPrecompiledModules -clang-scanner-module-cache-path /Users/admin/builder/spi-builder-workspace/.derivedData/ModuleCache.noindex -sdk-module-cache-path /Users/admin/builder/spi-builder-workspace/.derivedData/ModuleCache.noindex -serialize-diagnostics -emit-dependencies -emit-module -emit-module-path /Users/admin/builder/spi-builder-workspace/.derivedData/Build/Intermediates.noindex/swift-binary-parsing.build/Debug/BinaryParsing.build/Objects-normal/arm64/BinaryParsing.swiftmodule -user-module-version 0.0.2 -validate-clang-modules-once -clang-build-session-file /Users/admin/builder/spi-builder-workspace/.derivedData/ModuleCache.noindex/Session.modulevalidation -package-name swift_binary_parsing -Xcc -I/Users/admin/builder/spi-builder-workspace/.derivedData/Build/Intermediates.noindex/swift-binary-parsing.build/Debug/BinaryParsing.build/swift-overrides.hmap -emit-const-values -Xfrontend -const-gather-protocols-file -Xfrontend /Users/admin/builder/spi-builder-workspace/.derivedData/Build/Intermediates.noindex/swift-binary-parsing.build/Debug/BinaryParsing.build/Objects-normal/arm64/BinaryParsing_const_extract_protocols.json -Xcc -I/Users/admin/builder/spi-builder-workspace/.derivedData/Build/Products/Debug/include -Xcc -I/Users/admin/builder/spi-builder-workspace/.derivedData/Build/Intermediates.noindex/swift-binary-parsing.build/Debug/BinaryParsing.build/DerivedSources-normal/arm64 -Xcc -I/Users/admin/builder/spi-builder-workspace/.derivedData/Build/Intermediates.noindex/swift-binary-parsing.build/Debug/BinaryParsing.build/DerivedSources/arm64 -Xcc -I/Users/admin/builder/spi-builder-workspace/.derivedData/Build/Intermediates.noindex/swift-binary-parsing.build/Debug/BinaryParsing.build/DerivedSources -Xcc -DSWIFT_PACKAGE -Xcc -DDEBUG\=1 -emit-objc-header -emit-objc-header-path /Users/admin/builder/spi-builder-workspace/.derivedData/Build/Intermediates.noindex/swift-binary-parsing.build/Debug/BinaryParsing.build/Objects-normal/arm64/BinaryParsing-Swift.h -working-directory /Users/admin/builder/spi-builder-workspace/.swiftpm/xcode -experimental-emit-module-separately -disable-cmo
SwiftCompile normal arm64 Compiling\ AsyncJustSequence.swift,\ AsyncLazySequence.swift,\ AsyncStream+Pipe.swift,\ AsyncThrowingJustSequence.swift /Users/admin/builder/spi-builder-workspace/.dependencies/checkouts/AsyncExtensions/Sources/Creators/AsyncJustSequence.swift /Users/admin/builder/spi-builder-workspace/.dependencies/checkouts/AsyncExtensions/Sources/Creators/AsyncLazySequence.swift /Users/admin/builder/spi-builder-workspace/.dependencies/checkouts/AsyncExtensions/Sources/Creators/AsyncStream+Pipe.swift /Users/admin/builder/spi-builder-workspace/.dependencies/checkouts/AsyncExtensions/Sources/Creators/AsyncThrowingJustSequence.swift (in target 'AsyncExtensions' from project 'AsyncExtensions')
SwiftCompile normal arm64 /Users/admin/builder/spi-builder-workspace/.dependencies/checkouts/AsyncExtensions/Sources/Creators/AsyncJustSequence.swift (in target 'AsyncExtensions' from project 'AsyncExtensions')
cd /Users/admin/builder/spi-builder-workspace/.swiftpm/xcode
SwiftCompile normal arm64 /Users/admin/builder/spi-builder-workspace/.dependencies/checkouts/AsyncExtensions/Sources/Creators/AsyncLazySequence.swift (in target 'AsyncExtensions' from project 'AsyncExtensions')
cd /Users/admin/builder/spi-builder-workspace/.swiftpm/xcode
SwiftCompile normal arm64 /Users/admin/builder/spi-builder-workspace/.dependencies/checkouts/AsyncExtensions/Sources/Creators/AsyncStream+Pipe.swift (in target 'AsyncExtensions' from project 'AsyncExtensions')
cd /Users/admin/builder/spi-builder-workspace/.swiftpm/xcode
SwiftCompile normal arm64 /Users/admin/builder/spi-builder-workspace/.dependencies/checkouts/AsyncExtensions/Sources/Creators/AsyncThrowingJustSequence.swift (in target 'AsyncExtensions' from project 'AsyncExtensions')
cd /Users/admin/builder/spi-builder-workspace/.swiftpm/xcode
SwiftCompile normal arm64 Compiling\ AsyncJoinedSequence.swift,\ AsyncMapErrorSequence.swift,\ AsyncRemoveDuplicatesSequence.swift,\ AsyncShareSequence.swift,\ AsyncSyncSequence.swift,\ AsyncThrottleSequence.swift /Users/admin/builder/spi-builder-workspace/.dependencies/checkouts/swift-async-algorithms/Sources/AsyncAlgorithms/AsyncJoinedSequence.swift /Users/admin/builder/spi-builder-workspace/.dependencies/checkouts/swift-async-algorithms/Sources/AsyncAlgorithms/AsyncMapErrorSequence.swift /Users/admin/builder/spi-builder-workspace/.dependencies/checkouts/swift-async-algorithms/Sources/AsyncAlgorithms/AsyncRemoveDuplicatesSequence.swift /Users/admin/builder/spi-builder-workspace/.dependencies/checkouts/swift-async-algorithms/Sources/AsyncAlgorithms/AsyncShareSequence.swift /Users/admin/builder/spi-builder-workspace/.dependencies/checkouts/swift-async-algorithms/Sources/AsyncAlgorithms/AsyncSyncSequence.swift /Users/admin/builder/spi-builder-workspace/.dependencies/checkouts/swift-async-algorithms/Sources/AsyncAlgorithms/AsyncThrottleSequence.swift (in target 'AsyncAlgorithms' from project 'swift-async-algorithms')
SwiftCompile normal arm64 /Users/admin/builder/spi-builder-workspace/.dependencies/checkouts/swift-async-algorithms/Sources/AsyncAlgorithms/AsyncJoinedSequence.swift (in target 'AsyncAlgorithms' from project 'swift-async-algorithms')
cd /Users/admin/builder/spi-builder-workspace/.swiftpm/xcode
SwiftCompile normal arm64 /Users/admin/builder/spi-builder-workspace/.dependencies/checkouts/swift-async-algorithms/Sources/AsyncAlgorithms/AsyncMapErrorSequence.swift (in target 'AsyncAlgorithms' from project 'swift-async-algorithms')
cd /Users/admin/builder/spi-builder-workspace/.swiftpm/xcode
SwiftCompile normal arm64 /Users/admin/builder/spi-builder-workspace/.dependencies/checkouts/swift-async-algorithms/Sources/AsyncAlgorithms/AsyncRemoveDuplicatesSequence.swift (in target 'AsyncAlgorithms' from project 'swift-async-algorithms')
cd /Users/admin/builder/spi-builder-workspace/.swiftpm/xcode
SwiftCompile normal arm64 /Users/admin/builder/spi-builder-workspace/.dependencies/checkouts/swift-async-algorithms/Sources/AsyncAlgorithms/AsyncShareSequence.swift (in target 'AsyncAlgorithms' from project 'swift-async-algorithms')
cd /Users/admin/builder/spi-builder-workspace/.swiftpm/xcode
SwiftCompile normal arm64 /Users/admin/builder/spi-builder-workspace/.dependencies/checkouts/swift-async-algorithms/Sources/AsyncAlgorithms/AsyncSyncSequence.swift (in target 'AsyncAlgorithms' from project 'swift-async-algorithms')
cd /Users/admin/builder/spi-builder-workspace/.swiftpm/xcode
SwiftCompile normal arm64 /Users/admin/builder/spi-builder-workspace/.dependencies/checkouts/swift-async-algorithms/Sources/AsyncAlgorithms/AsyncThrottleSequence.swift (in target 'AsyncAlgorithms' from project 'swift-async-algorithms')
cd /Users/admin/builder/spi-builder-workspace/.swiftpm/xcode
SwiftDriverJobDiscovery normal arm64 Compiling Termination.swift, AsyncBufferedTimerSequence.swift, AsyncEmptySequence.swift, AsyncFailSequence.swift (in target 'AsyncExtensions' from project 'AsyncExtensions')
SwiftMergeGeneratedHeaders /Users/admin/builder/spi-builder-workspace/.derivedData/Build/Intermediates.noindex/GeneratedModuleMaps/BinaryParsing-Swift.h /Users/admin/builder/spi-builder-workspace/.derivedData/Build/Intermediates.noindex/swift-binary-parsing.build/Debug/BinaryParsing.build/Objects-normal/arm64/BinaryParsing-Swift.h (in target 'BinaryParsing' from project 'swift-binary-parsing')
cd /Users/admin/builder/spi-builder-workspace/.dependencies/checkouts/swift-binary-parsing
builtin-swiftHeaderTool -arch arm64 /Users/admin/builder/spi-builder-workspace/.derivedData/Build/Intermediates.noindex/swift-binary-parsing.build/Debug/BinaryParsing.build/Objects-normal/arm64/BinaryParsing-Swift.h -o /Users/admin/builder/spi-builder-workspace/.derivedData/Build/Intermediates.noindex/GeneratedModuleMaps/BinaryParsing-Swift.h
SwiftDriverJobDiscovery normal arm64 Compiling AsyncHandleEventsSequence.swift, AsyncMapToResultSequence.swift, AsyncMulticastSequence.swift, AsyncPrependSequence.swift (in target 'AsyncExtensions' from project 'AsyncExtensions')
Copy /Users/admin/builder/spi-builder-workspace/.derivedData/Build/Products/Debug/BinaryParsing.swiftmodule/arm64-apple-macos.swiftmodule /Users/admin/builder/spi-builder-workspace/.derivedData/Build/Intermediates.noindex/swift-binary-parsing.build/Debug/BinaryParsing.build/Objects-normal/arm64/BinaryParsing.swiftmodule (in target 'BinaryParsing' from project 'swift-binary-parsing')
cd /Users/admin/builder/spi-builder-workspace/.dependencies/checkouts/swift-binary-parsing
builtin-copy -exclude .DS_Store -exclude CVS -exclude .svn -exclude .git -exclude .hg -resolve-src-symlinks -rename /Users/admin/builder/spi-builder-workspace/.derivedData/Build/Intermediates.noindex/swift-binary-parsing.build/Debug/BinaryParsing.build/Objects-normal/arm64/BinaryParsing.swiftmodule /Users/admin/builder/spi-builder-workspace/.derivedData/Build/Products/Debug/BinaryParsing.swiftmodule/arm64-apple-macos.swiftmodule
Copy /Users/admin/builder/spi-builder-workspace/.derivedData/Build/Products/Debug/BinaryParsing.swiftmodule/arm64-apple-macos.swiftdoc /Users/admin/builder/spi-builder-workspace/.derivedData/Build/Intermediates.noindex/swift-binary-parsing.build/Debug/BinaryParsing.build/Objects-normal/arm64/BinaryParsing.swiftdoc (in target 'BinaryParsing' from project 'swift-binary-parsing')
cd /Users/admin/builder/spi-builder-workspace/.dependencies/checkouts/swift-binary-parsing
builtin-copy -exclude .DS_Store -exclude CVS -exclude .svn -exclude .git -exclude .hg -resolve-src-symlinks -rename /Users/admin/builder/spi-builder-workspace/.derivedData/Build/Intermediates.noindex/swift-binary-parsing.build/Debug/BinaryParsing.build/Objects-normal/arm64/BinaryParsing.swiftdoc /Users/admin/builder/spi-builder-workspace/.derivedData/Build/Products/Debug/BinaryParsing.swiftmodule/arm64-apple-macos.swiftdoc
Copy /Users/admin/builder/spi-builder-workspace/.derivedData/Build/Products/Debug/BinaryParsing.swiftmodule/arm64-apple-macos.abi.json /Users/admin/builder/spi-builder-workspace/.derivedData/Build/Intermediates.noindex/swift-binary-parsing.build/Debug/BinaryParsing.build/Objects-normal/arm64/BinaryParsing.abi.json (in target 'BinaryParsing' from project 'swift-binary-parsing')
cd /Users/admin/builder/spi-builder-workspace/.dependencies/checkouts/swift-binary-parsing
builtin-copy -exclude .DS_Store -exclude CVS -exclude .svn -exclude .git -exclude .hg -resolve-src-symlinks -rename /Users/admin/builder/spi-builder-workspace/.derivedData/Build/Intermediates.noindex/swift-binary-parsing.build/Debug/BinaryParsing.build/Objects-normal/arm64/BinaryParsing.abi.json /Users/admin/builder/spi-builder-workspace/.derivedData/Build/Products/Debug/BinaryParsing.swiftmodule/arm64-apple-macos.abi.json
Copy /Users/admin/builder/spi-builder-workspace/.derivedData/Build/Products/Debug/BinaryParsing.swiftmodule/Project/arm64-apple-macos.swiftsourceinfo /Users/admin/builder/spi-builder-workspace/.derivedData/Build/Intermediates.noindex/swift-binary-parsing.build/Debug/BinaryParsing.build/Objects-normal/arm64/BinaryParsing.swiftsourceinfo (in target 'BinaryParsing' from project 'swift-binary-parsing')
cd /Users/admin/builder/spi-builder-workspace/.dependencies/checkouts/swift-binary-parsing
builtin-copy -exclude .DS_Store -exclude CVS -exclude .svn -exclude .git -exclude .hg -resolve-src-symlinks -rename /Users/admin/builder/spi-builder-workspace/.derivedData/Build/Intermediates.noindex/swift-binary-parsing.build/Debug/BinaryParsing.build/Objects-normal/arm64/BinaryParsing.swiftsourceinfo /Users/admin/builder/spi-builder-workspace/.derivedData/Build/Products/Debug/BinaryParsing.swiftmodule/Project/arm64-apple-macos.swiftsourceinfo
SwiftDriverJobDiscovery normal arm64 Compiling AsyncScanSequence.swift, AsyncSequence+Assign.swift, AsyncSequence+Collect.swift, AsyncSequence+EraseToAnyAsyncSequence.swift (in target 'AsyncExtensions' from project 'AsyncExtensions')
SwiftCompile normal arm64 Compiling\ AsyncCombineLatest2Sequence.swift,\ AsyncCombineLatest3Sequence.swift,\ CombineLatestStateMachine.swift,\ CombineLatestStorage.swift,\ AsyncDebounceSequence.swift,\ DebounceStateMachine.swift /Users/admin/builder/spi-builder-workspace/.dependencies/checkouts/swift-async-algorithms/Sources/AsyncAlgorithms/CombineLatest/AsyncCombineLatest2Sequence.swift /Users/admin/builder/spi-builder-workspace/.dependencies/checkouts/swift-async-algorithms/Sources/AsyncAlgorithms/CombineLatest/AsyncCombineLatest3Sequence.swift /Users/admin/builder/spi-builder-workspace/.dependencies/checkouts/swift-async-algorithms/Sources/AsyncAlgorithms/CombineLatest/CombineLatestStateMachine.swift /Users/admin/builder/spi-builder-workspace/.dependencies/checkouts/swift-async-algorithms/Sources/AsyncAlgorithms/CombineLatest/CombineLatestStorage.swift /Users/admin/builder/spi-builder-workspace/.dependencies/checkouts/swift-async-algorithms/Sources/AsyncAlgorithms/Debounce/AsyncDebounceSequence.swift /Users/admin/builder/spi-builder-workspace/.dependencies/checkouts/swift-async-algorithms/Sources/AsyncAlgorithms/Debounce/DebounceStateMachine.swift (in target 'AsyncAlgorithms' from project 'swift-async-algorithms')
SwiftCompile normal arm64 /Users/admin/builder/spi-builder-workspace/.dependencies/checkouts/swift-async-algorithms/Sources/AsyncAlgorithms/CombineLatest/AsyncCombineLatest2Sequence.swift (in target 'AsyncAlgorithms' from project 'swift-async-algorithms')
cd /Users/admin/builder/spi-builder-workspace/.swiftpm/xcode
SwiftCompile normal arm64 /Users/admin/builder/spi-builder-workspace/.dependencies/checkouts/swift-async-algorithms/Sources/AsyncAlgorithms/CombineLatest/AsyncCombineLatest3Sequence.swift (in target 'AsyncAlgorithms' from project 'swift-async-algorithms')
cd /Users/admin/builder/spi-builder-workspace/.swiftpm/xcode
SwiftCompile normal arm64 /Users/admin/builder/spi-builder-workspace/.dependencies/checkouts/swift-async-algorithms/Sources/AsyncAlgorithms/CombineLatest/CombineLatestStateMachine.swift (in target 'AsyncAlgorithms' from project 'swift-async-algorithms')
cd /Users/admin/builder/spi-builder-workspace/.swiftpm/xcode
SwiftCompile normal arm64 /Users/admin/builder/spi-builder-workspace/.dependencies/checkouts/swift-async-algorithms/Sources/AsyncAlgorithms/CombineLatest/CombineLatestStorage.swift (in target 'AsyncAlgorithms' from project 'swift-async-algorithms')
cd /Users/admin/builder/spi-builder-workspace/.swiftpm/xcode
SwiftCompile normal arm64 /Users/admin/builder/spi-builder-workspace/.dependencies/checkouts/swift-async-algorithms/Sources/AsyncAlgorithms/Debounce/AsyncDebounceSequence.swift (in target 'AsyncAlgorithms' from project 'swift-async-algorithms')
cd /Users/admin/builder/spi-builder-workspace/.swiftpm/xcode
SwiftCompile normal arm64 /Users/admin/builder/spi-builder-workspace/.dependencies/checkouts/swift-async-algorithms/Sources/AsyncAlgorithms/Debounce/DebounceStateMachine.swift (in target 'AsyncAlgorithms' from project 'swift-async-algorithms')
cd /Users/admin/builder/spi-builder-workspace/.swiftpm/xcode
SwiftCompile normal arm64 Compiling\ AsyncThrowingExclusiveReductionsSequence.swift,\ AsyncThrowingInclusiveReductionsSequence.swift,\ AsyncTimerSequence.swift,\ AsyncBufferSequence.swift,\ BoundedBufferStateMachine.swift,\ BoundedBufferStorage.swift /Users/admin/builder/spi-builder-workspace/.dependencies/checkouts/swift-async-algorithms/Sources/AsyncAlgorithms/AsyncThrowingExclusiveReductionsSequence.swift /Users/admin/builder/spi-builder-workspace/.dependencies/checkouts/swift-async-algorithms/Sources/AsyncAlgorithms/AsyncThrowingInclusiveReductionsSequence.swift /Users/admin/builder/spi-builder-workspace/.dependencies/checkouts/swift-async-algorithms/Sources/AsyncAlgorithms/AsyncTimerSequence.swift /Users/admin/builder/spi-builder-workspace/.dependencies/checkouts/swift-async-algorithms/Sources/AsyncAlgorithms/Buffer/AsyncBufferSequence.swift /Users/admin/builder/spi-builder-workspace/.dependencies/checkouts/swift-async-algorithms/Sources/AsyncAlgorithms/Buffer/BoundedBufferStateMachine.swift /Users/admin/builder/spi-builder-workspace/.dependencies/checkouts/swift-async-algorithms/Sources/AsyncAlgorithms/Buffer/BoundedBufferStorage.swift (in target 'AsyncAlgorithms' from project 'swift-async-algorithms')
SwiftCompile normal arm64 /Users/admin/builder/spi-builder-workspace/.dependencies/checkouts/swift-async-algorithms/Sources/AsyncAlgorithms/AsyncThrowingExclusiveReductionsSequence.swift (in target 'AsyncAlgorithms' from project 'swift-async-algorithms')
cd /Users/admin/builder/spi-builder-workspace/.swiftpm/xcode
SwiftCompile normal arm64 /Users/admin/builder/spi-builder-workspace/.dependencies/checkouts/swift-async-algorithms/Sources/AsyncAlgorithms/AsyncThrowingInclusiveReductionsSequence.swift (in target 'AsyncAlgorithms' from project 'swift-async-algorithms')
cd /Users/admin/builder/spi-builder-workspace/.swiftpm/xcode
SwiftCompile normal arm64 /Users/admin/builder/spi-builder-workspace/.dependencies/checkouts/swift-async-algorithms/Sources/AsyncAlgorithms/AsyncTimerSequence.swift (in target 'AsyncAlgorithms' from project 'swift-async-algorithms')
cd /Users/admin/builder/spi-builder-workspace/.swiftpm/xcode
SwiftCompile normal arm64 /Users/admin/builder/spi-builder-workspace/.dependencies/checkouts/swift-async-algorithms/Sources/AsyncAlgorithms/Buffer/AsyncBufferSequence.swift (in target 'AsyncAlgorithms' from project 'swift-async-algorithms')
cd /Users/admin/builder/spi-builder-workspace/.swiftpm/xcode
SwiftCompile normal arm64 /Users/admin/builder/spi-builder-workspace/.dependencies/checkouts/swift-async-algorithms/Sources/AsyncAlgorithms/Buffer/BoundedBufferStateMachine.swift (in target 'AsyncAlgorithms' from project 'swift-async-algorithms')
cd /Users/admin/builder/spi-builder-workspace/.swiftpm/xcode
SwiftCompile normal arm64 /Users/admin/builder/spi-builder-workspace/.dependencies/checkouts/swift-async-algorithms/Sources/AsyncAlgorithms/Buffer/BoundedBufferStorage.swift (in target 'AsyncAlgorithms' from project 'swift-async-algorithms')
cd /Users/admin/builder/spi-builder-workspace/.swiftpm/xcode
SwiftDriverJobDiscovery normal arm64 Compiling Regulator.swift, Result+ErrorMechanism.swift, SubjectDeliveryQueue.swift, SubjectSubscription.swift (in target 'AsyncExtensions' from project 'AsyncExtensions')
Ld /Users/admin/builder/spi-builder-workspace/.derivedData/Build/Products/Debug/BinaryParsing.o normal (in target 'BinaryParsing' from project 'swift-binary-parsing')
cd /Users/admin/builder/spi-builder-workspace/.dependencies/checkouts/swift-binary-parsing
/Applications/Xcode-26.3.0.app/Contents/Developer/Toolchains/XcodeDefault.xctoolchain/usr/bin/clang -Xlinker -reproducible -target arm64-apple-macos13.0 -r -isysroot /Applications/Xcode-26.3.0.app/Contents/Developer/Platforms/MacOSX.platform/Developer/SDKs/MacOSX26.2.sdk -O0 -w -L/Users/admin/builder/spi-builder-workspace/.derivedData/Build/Intermediates.noindex/EagerLinkingTBDs/Debug -L/Users/admin/builder/spi-builder-workspace/.derivedData/Build/Products/Debug -L/Applications/Xcode-26.3.0.app/Contents/Developer/Platforms/MacOSX.platform/Developer/usr/lib -F/Users/admin/builder/spi-builder-workspace/.derivedData/Build/Intermediates.noindex/EagerLinkingTBDs/Debug -F/Users/admin/builder/spi-builder-workspace/.derivedData/Build/Products/Debug -iframework /Applications/Xcode-26.3.0.app/Contents/Developer/Platforms/MacOSX.platform/Developer/Library/Frameworks -filelist /Users/admin/builder/spi-builder-workspace/.derivedData/Build/Intermediates.noindex/swift-binary-parsing.build/Debug/BinaryParsing.build/Objects-normal/arm64/BinaryParsing.LinkFileList -nostdlib -Xlinker -object_path_lto -Xlinker /Users/admin/builder/spi-builder-workspace/.derivedData/Build/Intermediates.noindex/swift-binary-parsing.build/Debug/BinaryParsing.build/Objects-normal/arm64/BinaryParsing_lto.o -rdynamic -Xlinker -no_deduplicate -Xlinker -debug_variant -Xlinker -dependency_info -Xlinker /Users/admin/builder/spi-builder-workspace/.derivedData/Build/Intermediates.noindex/swift-binary-parsing.build/Debug/BinaryParsing.build/Objects-normal/arm64/BinaryParsing_dependency_info.dat -fobjc-link-runtime -L/Applications/Xcode-26.3.0.app/Contents/Developer/Toolchains/XcodeDefault.xctoolchain/usr/lib/swift/macosx -L/usr/lib/swift -Xlinker -add_ast_path -Xlinker /Users/admin/builder/spi-builder-workspace/.derivedData/Build/Intermediates.noindex/swift-binary-parsing.build/Debug/BinaryParsing.build/Objects-normal/arm64/BinaryParsing.swiftmodule @/Users/admin/builder/spi-builder-workspace/.derivedData/Build/Intermediates.noindex/swift-binary-parsing.build/Debug/BinaryParsing.build/Objects-normal/arm64/BinaryParsing-linker-args.resp -o /Users/admin/builder/spi-builder-workspace/.derivedData/Build/Products/Debug/BinaryParsing.o
ExtractAppIntentsMetadata (in target 'BitCollections' from project 'swift-collections')
cd /Users/admin/builder/spi-builder-workspace/.dependencies/checkouts/swift-collections
/Applications/Xcode-26.3.0.app/Contents/Developer/Toolchains/XcodeDefault.xctoolchain/usr/bin/appintentsmetadataprocessor --toolchain-dir /var/run/com.apple.security.cryptexd/mnt/com.apple.MobileAsset.MetalToolchain-v17.3.7003.10.wfldUO/Metal.xctoolchain --module-name BitCollections --sdk-root /Applications/Xcode-26.3.0.app/Contents/Developer/Platforms/MacOSX.platform/Developer/SDKs/MacOSX26.2.sdk --xcode-version 17C529 --platform-family macOS --deployment-target 10.13 --bundle-identifier swift-collections.BitCollections --output /Users/admin/builder/spi-builder-workspace/.derivedData/Build/Products/Debug/BitCollections.appintents --target-triple arm64-apple-macos10.13 --binary-file /Users/admin/builder/spi-builder-workspace/.derivedData/Build/Products/Debug/BitCollections.o --dependency-file /Users/admin/builder/spi-builder-workspace/.derivedData/Build/Intermediates.noindex/swift-collections.build/Debug/BitCollections.build/Objects-normal/arm64/BitCollections_dependency_info.dat --stringsdata-file /Users/admin/builder/spi-builder-workspace/.derivedData/Build/Intermediates.noindex/swift-collections.build/Debug/BitCollections.build/Objects-normal/arm64/ExtractedAppShortcutsMetadata.stringsdata --source-file-list /Users/admin/builder/spi-builder-workspace/.derivedData/Build/Intermediates.noindex/swift-collections.build/Debug/BitCollections.build/Objects-normal/arm64/BitCollections.SwiftFileList --metadata-file-list /Users/admin/builder/spi-builder-workspace/.derivedData/Build/Intermediates.noindex/swift-collections.build/Debug/BitCollections.build/BitCollections.DependencyMetadataFileList --static-metadata-file-list /Users/admin/builder/spi-builder-workspace/.derivedData/Build/Intermediates.noindex/swift-collections.build/Debug/BitCollections.build/BitCollections.DependencyStaticMetadataFileList --swift-const-vals-list /Users/admin/builder/spi-builder-workspace/.derivedData/Build/Intermediates.noindex/swift-collections.build/Debug/BitCollections.build/Objects-normal/arm64/BitCollections.SwiftConstValuesFileList --force --compile-time-extraction --deployment-aware-processing --validate-assistant-intents --no-app-shortcuts-localization
2026-10-09 02:08:06.790 appintentsmetadataprocessor[1835:10105] Starting appintentsmetadataprocessor export
2026-10-09 02:08:06.931 appintentsmetadataprocessor[1835:10105] Extracted no relevant App Intents symbols, skipping writing output
SwiftDriverJobDiscovery normal arm64 Compiling Streamed.swift, AsyncMergeSequence.swift, MergeStateMachine.swift, AsyncWithLatestFrom2Sequence.swift (in target 'AsyncExtensions' from project 'AsyncExtensions')
ExtractAppIntentsMetadata (in target 'BinaryParsing' from project 'swift-binary-parsing')
cd /Users/admin/builder/spi-builder-workspace/.dependencies/checkouts/swift-binary-parsing
/Applications/Xcode-26.3.0.app/Contents/Developer/Toolchains/XcodeDefault.xctoolchain/usr/bin/appintentsmetadataprocessor --toolchain-dir /var/run/com.apple.security.cryptexd/mnt/com.apple.MobileAsset.MetalToolchain-v17.3.7003.10.wfldUO/Metal.xctoolchain --module-name BinaryParsing --sdk-root /Applications/Xcode-26.3.0.app/Contents/Developer/Platforms/MacOSX.platform/Developer/SDKs/MacOSX26.2.sdk --xcode-version 17C529 --platform-family macOS --deployment-target 13.0 --bundle-identifier swift-binary-parsing.BinaryParsing --output /Users/admin/builder/spi-builder-workspace/.derivedData/Build/Products/Debug/BinaryParsing.appintents --target-triple arm64-apple-macos13.0 --binary-file /Users/admin/builder/spi-builder-workspace/.derivedData/Build/Products/Debug/BinaryParsing.o --dependency-file /Users/admin/builder/spi-builder-workspace/.derivedData/Build/Intermediates.noindex/swift-binary-parsing.build/Debug/BinaryParsing.build/Objects-normal/arm64/BinaryParsing_dependency_info.dat --stringsdata-file /Users/admin/builder/spi-builder-workspace/.derivedData/Build/Intermediates.noindex/swift-binary-parsing.build/Debug/BinaryParsing.build/Objects-normal/arm64/ExtractedAppShortcutsMetadata.stringsdata --source-file-list /Users/admin/builder/spi-builder-workspace/.derivedData/Build/Intermediates.noindex/swift-binary-parsing.build/Debug/BinaryParsing.build/Objects-normal/arm64/BinaryParsing.SwiftFileList --metadata-file-list /Users/admin/builder/spi-builder-workspace/.derivedData/Build/Intermediates.noindex/swift-binary-parsing.build/Debug/BinaryParsing.build/BinaryParsing.DependencyMetadataFileList --static-metadata-file-list /Users/admin/builder/spi-builder-workspace/.derivedData/Build/Intermediates.noindex/swift-binary-parsing.build/Debug/BinaryParsing.build/BinaryParsing.DependencyStaticMetadataFileList --swift-const-vals-list /Users/admin/builder/spi-builder-workspace/.derivedData/Build/Intermediates.noindex/swift-binary-parsing.build/Debug/BinaryParsing.build/Objects-normal/arm64/BinaryParsing.SwiftConstValuesFileList --force --compile-time-extraction --deployment-aware-processing --validate-assistant-intents --no-app-shortcuts-localization
2026-10-09 02:08:06.822 appintentsmetadataprocessor[1836:10110] Starting appintentsmetadataprocessor export
2026-10-09 02:08:06.957 appintentsmetadataprocessor[1836:10110] Extracted no relevant App Intents symbols, skipping writing output
SwiftDriverJobDiscovery normal arm64 Compiling AsyncWithLatestFromSequence.swift, AsyncZipSequence.swift, ZipRuntime.swift, ZipStateMachine.swift (in target 'AsyncExtensions' from project 'AsyncExtensions')
RegisterExecutionPolicyException /Users/admin/builder/spi-builder-workspace/.derivedData/Build/Products/Debug/SystemPackage.o (in target 'SystemPackage' from project 'swift-system')
cd /Users/admin/builder/spi-builder-workspace/.dependencies/checkouts/swift-system
builtin-RegisterExecutionPolicyException /Users/admin/builder/spi-builder-workspace/.derivedData/Build/Products/Debug/SystemPackage.o
RegisterExecutionPolicyException /Users/admin/builder/spi-builder-workspace/.derivedData/Build/Products/Debug/FlyingFox.o (in target 'FlyingFox' from project 'FlyingFox')
cd /Users/admin/builder/spi-builder-workspace/.dependencies/checkouts/FlyingFox
builtin-RegisterExecutionPolicyException /Users/admin/builder/spi-builder-workspace/.derivedData/Build/Products/Debug/FlyingFox.o
SwiftDriverJobDiscovery normal arm64 Compiling AsyncJustSequence.swift, AsyncLazySequence.swift, AsyncStream+Pipe.swift, AsyncThrowingJustSequence.swift (in target 'AsyncExtensions' from project 'AsyncExtensions')
RegisterExecutionPolicyException /Users/admin/builder/spi-builder-workspace/.derivedData/Build/Products/Debug/DequeModule.o (in target 'DequeModule' from project 'swift-collections')
cd /Users/admin/builder/spi-builder-workspace/.dependencies/checkouts/swift-collections
builtin-RegisterExecutionPolicyException /Users/admin/builder/spi-builder-workspace/.derivedData/Build/Products/Debug/DequeModule.o
Ld /Users/admin/builder/spi-builder-workspace/.derivedData/Build/Products/Debug/SocketAddress.o normal (in target 'SocketAddress' from project 'SocketAddress')
cd /Users/admin/builder/spi-builder-workspace/.dependencies/checkouts/SocketAddress
/Applications/Xcode-26.3.0.app/Contents/Developer/Toolchains/XcodeDefault.xctoolchain/usr/bin/clang -Xlinker -reproducible -target arm64-apple-macos13.0 -r -isysroot /Applications/Xcode-26.3.0.app/Contents/Developer/Platforms/MacOSX.platform/Developer/SDKs/MacOSX26.2.sdk -O0 -w -L/Users/admin/builder/spi-builder-workspace/.derivedData/Build/Intermediates.noindex/EagerLinkingTBDs/Debug -L/Users/admin/builder/spi-builder-workspace/.derivedData/Build/Products/Debug -L/Applications/Xcode-26.3.0.app/Contents/Developer/Platforms/MacOSX.platform/Developer/usr/lib -F/Users/admin/builder/spi-builder-workspace/.derivedData/Build/Intermediates.noindex/EagerLinkingTBDs/Debug -F/Users/admin/builder/spi-builder-workspace/.derivedData/Build/Products/Debug/PackageFrameworks -F/Users/admin/builder/spi-builder-workspace/.derivedData/Build/Products/Debug/PackageFrameworks -F/Users/admin/builder/spi-builder-workspace/.derivedData/Build/Products/Debug -iframework /Applications/Xcode-26.3.0.app/Contents/Developer/Platforms/MacOSX.platform/Developer/Library/Frameworks -filelist /Users/admin/builder/spi-builder-workspace/.derivedData/Build/Intermediates.noindex/SocketAddress.build/Debug/SocketAddress.build/Objects-normal/arm64/SocketAddress.LinkFileList -nostdlib -Xlinker -object_path_lto -Xlinker /Users/admin/builder/spi-builder-workspace/.derivedData/Build/Intermediates.noindex/SocketAddress.build/Debug/SocketAddress.build/Objects-normal/arm64/SocketAddress_lto.o -rdynamic -Xlinker -no_deduplicate -Xlinker -debug_variant -Xlinker -dependency_info -Xlinker /Users/admin/builder/spi-builder-workspace/.derivedData/Build/Intermediates.noindex/SocketAddress.build/Debug/SocketAddress.build/Objects-normal/arm64/SocketAddress_dependency_info.dat -fobjc-link-runtime -L/Applications/Xcode-26.3.0.app/Contents/Developer/Toolchains/XcodeDefault.xctoolchain/usr/lib/swift/macosx -L/usr/lib/swift -Xlinker -add_ast_path -Xlinker /Users/admin/builder/spi-builder-workspace/.derivedData/Build/Intermediates.noindex/SocketAddress.build/Debug/SocketAddress.build/Objects-normal/arm64/SocketAddress.swiftmodule @/Users/admin/builder/spi-builder-workspace/.derivedData/Build/Intermediates.noindex/SocketAddress.build/Debug/SocketAddress.build/Objects-normal/arm64/SocketAddress-linker-args.resp -o /Users/admin/builder/spi-builder-workspace/.derivedData/Build/Products/Debug/SocketAddress.o
ExtractAppIntentsMetadata (in target 'SocketAddress' from project 'SocketAddress')
cd /Users/admin/builder/spi-builder-workspace/.dependencies/checkouts/SocketAddress
/Applications/Xcode-26.3.0.app/Contents/Developer/Toolchains/XcodeDefault.xctoolchain/usr/bin/appintentsmetadataprocessor --toolchain-dir /var/run/com.apple.security.cryptexd/mnt/com.apple.MobileAsset.MetalToolchain-v17.3.7003.10.wfldUO/Metal.xctoolchain --module-name SocketAddress --sdk-root /Applications/Xcode-26.3.0.app/Contents/Developer/Platforms/MacOSX.platform/Developer/SDKs/MacOSX26.2.sdk --xcode-version 17C529 --platform-family macOS --deployment-target 13.0 --bundle-identifier socketaddress.SocketAddress --output /Users/admin/builder/spi-builder-workspace/.derivedData/Build/Products/Debug/SocketAddress.appintents --target-triple arm64-apple-macos13.0 --binary-file /Users/admin/builder/spi-builder-workspace/.derivedData/Build/Products/Debug/SocketAddress.o --dependency-file /Users/admin/builder/spi-builder-workspace/.derivedData/Build/Intermediates.noindex/SocketAddress.build/Debug/SocketAddress.build/Objects-normal/arm64/SocketAddress_dependency_info.dat --stringsdata-file /Users/admin/builder/spi-builder-workspace/.derivedData/Build/Intermediates.noindex/SocketAddress.build/Debug/SocketAddress.build/Objects-normal/arm64/ExtractedAppShortcutsMetadata.stringsdata --source-file-list /Users/admin/builder/spi-builder-workspace/.derivedData/Build/Intermediates.noindex/SocketAddress.build/Debug/SocketAddress.build/Objects-normal/arm64/SocketAddress.SwiftFileList --metadata-file-list /Users/admin/builder/spi-builder-workspace/.derivedData/Build/Intermediates.noindex/SocketAddress.build/Debug/SocketAddress.build/SocketAddress.DependencyMetadataFileList --static-metadata-file-list /Users/admin/builder/spi-builder-workspace/.derivedData/Build/Intermediates.noindex/SocketAddress.build/Debug/SocketAddress.build/SocketAddress.DependencyStaticMetadataFileList --swift-const-vals-list /Users/admin/builder/spi-builder-workspace/.derivedData/Build/Intermediates.noindex/SocketAddress.build/Debug/SocketAddress.build/Objects-normal/arm64/SocketAddress.SwiftConstValuesFileList --force --compile-time-extraction --deployment-aware-processing --validate-assistant-intents --no-app-shortcuts-localization
2026-10-09 02:08:06.942 appintentsmetadataprocessor[1839:10134] Starting appintentsmetadataprocessor export
2026-10-09 02:08:07.066 appintentsmetadataprocessor[1839:10134] Extracted no relevant App Intents symbols, skipping writing output
RegisterExecutionPolicyException /Users/admin/builder/spi-builder-workspace/.derivedData/Build/Products/Debug/BitCollections.o (in target 'BitCollections' from project 'swift-collections')
cd /Users/admin/builder/spi-builder-workspace/.dependencies/checkouts/swift-collections
builtin-RegisterExecutionPolicyException /Users/admin/builder/spi-builder-workspace/.derivedData/Build/Products/Debug/BitCollections.o
Ld /Users/admin/builder/spi-builder-workspace/.derivedData/Build/Products/Debug/Collections.o normal (in target 'Collections' from project 'swift-collections')
cd /Users/admin/builder/spi-builder-workspace/.dependencies/checkouts/swift-collections
/Applications/Xcode-26.3.0.app/Contents/Developer/Toolchains/XcodeDefault.xctoolchain/usr/bin/clang -Xlinker -reproducible -target arm64-apple-macos10.13 -r -isysroot /Applications/Xcode-26.3.0.app/Contents/Developer/Platforms/MacOSX.platform/Developer/SDKs/MacOSX26.2.sdk -O0 -w -L/Users/admin/builder/spi-builder-workspace/.derivedData/Build/Intermediates.noindex/EagerLinkingTBDs/Debug -L/Users/admin/builder/spi-builder-workspace/.derivedData/Build/Products/Debug -L/Applications/Xcode-26.3.0.app/Contents/Developer/Platforms/MacOSX.platform/Developer/usr/lib -F/Users/admin/builder/spi-builder-workspace/.derivedData/Build/Intermediates.noindex/EagerLinkingTBDs/Debug -F/Users/admin/builder/spi-builder-workspace/.derivedData/Build/Products/Debug/PackageFrameworks -F/Users/admin/builder/spi-builder-workspace/.derivedData/Build/Products/Debug/PackageFrameworks -F/Users/admin/builder/spi-builder-workspace/.derivedData/Build/Products/Debug/PackageFrameworks -F/Users/admin/builder/spi-builder-workspace/.derivedData/Build/Products/Debug/PackageFrameworks -F/Users/admin/builder/spi-builder-workspace/.derivedData/Build/Products/Debug/PackageFrameworks -F/Users/admin/builder/spi-builder-workspace/.derivedData/Build/Products/Debug/PackageFrameworks -F/Users/admin/builder/spi-builder-workspace/.derivedData/Build/Products/Debug/PackageFrameworks -F/Users/admin/builder/spi-builder-workspace/.derivedData/Build/Products/Debug/PackageFrameworks -F/Users/admin/builder/spi-builder-workspace/.derivedData/Build/Products/Debug -iframework /Applications/Xcode-26.3.0.app/Contents/Developer/Platforms/MacOSX.platform/Developer/Library/Frameworks -filelist /Users/admin/builder/spi-builder-workspace/.derivedData/Build/Intermediates.noindex/swift-collections.build/Debug/Collections.build/Objects-normal/arm64/Collections.LinkFileList -nostdlib -Xlinker -object_path_lto -Xlinker /Users/admin/builder/spi-builder-workspace/.derivedData/Build/Intermediates.noindex/swift-collections.build/Debug/Collections.build/Objects-normal/arm64/Collections_lto.o -rdynamic -Xlinker -no_deduplicate -Xlinker -debug_variant -Xlinker -dependency_info -Xlinker /Users/admin/builder/spi-builder-workspace/.derivedData/Build/Intermediates.noindex/swift-collections.build/Debug/Collections.build/Objects-normal/arm64/Collections_dependency_info.dat -fobjc-link-runtime -L/Applications/Xcode-26.3.0.app/Contents/Developer/Toolchains/XcodeDefault.xctoolchain/usr/lib/swift/macosx -L/usr/lib/swift -Xlinker -add_ast_path -Xlinker /Users/admin/builder/spi-builder-workspace/.derivedData/Build/Intermediates.noindex/swift-collections.build/Debug/Collections.build/Objects-normal/arm64/Collections.swiftmodule @/Users/admin/builder/spi-builder-workspace/.derivedData/Build/Intermediates.noindex/swift-collections.build/Debug/Collections.build/Objects-normal/arm64/Collections-linker-args.resp -o /Users/admin/builder/spi-builder-workspace/.derivedData/Build/Products/Debug/Collections.o
SwiftDriverJobDiscovery normal arm64 Compiling AsyncSubject.swift, AsyncThrowingCurrentValueSubject.swift, AsyncThrowingPassthroughSubject.swift, AsyncThrowingReplaySubject.swift (in target 'AsyncExtensions' from project 'AsyncExtensions')
RegisterExecutionPolicyException /Users/admin/builder/spi-builder-workspace/.derivedData/Build/Products/Debug/BinaryParsing.o (in target 'BinaryParsing' from project 'swift-binary-parsing')
cd /Users/admin/builder/spi-builder-workspace/.dependencies/checkouts/swift-binary-parsing
builtin-RegisterExecutionPolicyException /Users/admin/builder/spi-builder-workspace/.derivedData/Build/Products/Debug/BinaryParsing.o
ExtractAppIntentsMetadata (in target 'Collections' from project 'swift-collections')
cd /Users/admin/builder/spi-builder-workspace/.dependencies/checkouts/swift-collections
/Applications/Xcode-26.3.0.app/Contents/Developer/Toolchains/XcodeDefault.xctoolchain/usr/bin/appintentsmetadataprocessor --toolchain-dir /var/run/com.apple.security.cryptexd/mnt/com.apple.MobileAsset.MetalToolchain-v17.3.7003.10.wfldUO/Metal.xctoolchain --module-name Collections --sdk-root /Applications/Xcode-26.3.0.app/Contents/Developer/Platforms/MacOSX.platform/Developer/SDKs/MacOSX26.2.sdk --xcode-version 17C529 --platform-family macOS --deployment-target 10.13 --bundle-identifier swift-collections.Collections --output /Users/admin/builder/spi-builder-workspace/.derivedData/Build/Products/Debug/Collections.appintents --target-triple arm64-apple-macos10.13 --binary-file /Users/admin/builder/spi-builder-workspace/.derivedData/Build/Products/Debug/Collections.o --dependency-file /Users/admin/builder/spi-builder-workspace/.derivedData/Build/Intermediates.noindex/swift-collections.build/Debug/Collections.build/Objects-normal/arm64/Collections_dependency_info.dat --stringsdata-file /Users/admin/builder/spi-builder-workspace/.derivedData/Build/Intermediates.noindex/swift-collections.build/Debug/Collections.build/Objects-normal/arm64/ExtractedAppShortcutsMetadata.stringsdata --source-file-list /Users/admin/builder/spi-builder-workspace/.derivedData/Build/Intermediates.noindex/swift-collections.build/Debug/Collections.build/Objects-normal/arm64/Collections.SwiftFileList --metadata-file-list /Users/admin/builder/spi-builder-workspace/.derivedData/Build/Intermediates.noindex/swift-collections.build/Debug/Collections.build/Collections.DependencyMetadataFileList --static-metadata-file-list /Users/admin/builder/spi-builder-workspace/.derivedData/Build/Intermediates.noindex/swift-collections.build/Debug/Collections.build/Collections.DependencyStaticMetadataFileList --swift-const-vals-list /Users/admin/builder/spi-builder-workspace/.derivedData/Build/Intermediates.noindex/swift-collections.build/Debug/Collections.build/Objects-normal/arm64/Collections.SwiftConstValuesFileList --force --compile-time-extraction --deployment-aware-processing --validate-assistant-intents --no-app-shortcuts-localization
2026-10-09 02:08:06.992 appintentsmetadataprocessor[1842:10154] Starting appintentsmetadataprocessor export
2026-10-09 02:08:07.116 appintentsmetadataprocessor[1842:10154] Extracted no relevant App Intents symbols, skipping writing output
SwiftDriverJobDiscovery normal arm64 Compiling AsyncBufferedChannel.swift, AsyncThrowingBufferedChannel.swift, AsyncCurrentValueSubject.swift, AsyncPassthroughSubject.swift, AsyncReplaySubject.swift (in target 'AsyncExtensions' from project 'AsyncExtensions')
SwiftDriver\ Compilation AsyncExtensions normal arm64 com.apple.xcode.tools.swift.compiler (in target 'AsyncExtensions' from project 'AsyncExtensions')
cd /Users/admin/builder/spi-builder-workspace/.swiftpm/xcode
builtin-Swift-Compilation -- /Applications/Xcode-26.3.0.app/Contents/Developer/Toolchains/XcodeDefault.xctoolchain/usr/bin/swiftc -module-name AsyncExtensions -Onone -enforce-exclusivity\=checked @/Users/admin/builder/spi-builder-workspace/.derivedData/Build/Intermediates.noindex/AsyncExtensions.build/Debug/AsyncExtensions.build/Objects-normal/arm64/AsyncExtensions.SwiftFileList -DSWIFT_PACKAGE -DDEBUG -DSWIFT_MODULE_RESOURCE_BUNDLE_UNAVAILABLE -DXcode -plugin-path /Applications/Xcode-26.3.0.app/Contents/Developer/Toolchains/XcodeDefault.xctoolchain/usr/lib/swift/host/plugins/testing -enable-experimental-feature DebugDescriptionMacro -sdk /Applications/Xcode-26.3.0.app/Contents/Developer/Platforms/MacOSX.platform/Developer/SDKs/MacOSX26.2.sdk -target arm64-apple-macos15.0 -g -module-cache-path /Users/admin/builder/spi-builder-workspace/.derivedData/ModuleCache.noindex -Xfrontend -serialize-debugging-options -profile-coverage-mapping -profile-generate -enable-testing -suppress-warnings -index-store-path /Users/admin/builder/spi-builder-workspace/.derivedData/Index.noindex/DataStore -Xcc -D_LIBCPP_HARDENING_MODE\=_LIBCPP_HARDENING_MODE_DEBUG -swift-version 5 -I /Users/admin/builder/spi-builder-workspace/.derivedData/Build/Products/Debug -Isystem /Applications/Xcode-26.3.0.app/Contents/Developer/Platforms/MacOSX.platform/Developer/usr/lib -F /Users/admin/builder/spi-builder-workspace/.derivedData/Build/Products/Debug/PackageFrameworks -F /Users/admin/builder/spi-builder-workspace/.derivedData/Build/Products/Debug/PackageFrameworks -F /Users/admin/builder/spi-builder-workspace/.derivedData/Build/Products/Debug/PackageFrameworks -F /Users/admin/builder/spi-builder-workspace/.derivedData/Build/Products/Debug/PackageFrameworks -F /Users/admin/builder/spi-builder-workspace/.derivedData/Build/Products/Debug/PackageFrameworks -F /Users/admin/builder/spi-builder-workspace/.derivedData/Build/Products/Debug/PackageFrameworks -F /Users/admin/builder/spi-builder-workspace/.derivedData/Build/Products/Debug/PackageFrameworks -F /Users/admin/builder/spi-builder-workspace/.derivedData/Build/Products/Debug/PackageFrameworks -F /Users/admin/builder/spi-builder-workspace/.derivedData/Build/Products/Debug/PackageFrameworks -F /Users/admin/builder/spi-builder-workspace/.derivedData/Build/Products/Debug -F /Applications/Xcode-26.3.0.app/Contents/Developer/Platforms/MacOSX.platform/Developer/Library/Frameworks -c -j10 -enable-batch-mode -incremental -Xcc -ivfsstatcache -Xcc /Users/admin/builder/spi-builder-workspace/.derivedData/SDKStatCaches.noindex/macosx26.2-25C58-dc75598d0054f22ec865fa860f139d726b10091eae1b9012e514a50b0de53ce7.sdkstatcache -output-file-map /Users/admin/builder/spi-builder-workspace/.derivedData/Build/Intermediates.noindex/AsyncExtensions.build/Debug/AsyncExtensions.build/Objects-normal/arm64/AsyncExtensions-OutputFileMap.json -use-frontend-parseable-output -save-temps -no-color-diagnostics -explicit-module-build -module-cache-path /Users/admin/builder/spi-builder-workspace/.derivedData/Build/Intermediates.noindex/SwiftExplicitPrecompiledModules -clang-scanner-module-cache-path /Users/admin/builder/spi-builder-workspace/.derivedData/ModuleCache.noindex -sdk-module-cache-path /Users/admin/builder/spi-builder-workspace/.derivedData/ModuleCache.noindex -serialize-diagnostics -emit-dependencies -emit-module -emit-module-path /Users/admin/builder/spi-builder-workspace/.derivedData/Build/Intermediates.noindex/AsyncExtensions.build/Debug/AsyncExtensions.build/Objects-normal/arm64/AsyncExtensions.swiftmodule -user-module-version 0.7.0 -validate-clang-modules-once -clang-build-session-file /Users/admin/builder/spi-builder-workspace/.derivedData/ModuleCache.noindex/Session.modulevalidation -package-name asyncextensions -Xcc -I/Users/admin/builder/spi-builder-workspace/.derivedData/Build/Intermediates.noindex/AsyncExtensions.build/Debug/AsyncExtensions.build/swift-overrides.hmap -emit-const-values -Xfrontend -const-gather-protocols-file -Xfrontend /Users/admin/builder/spi-builder-workspace/.derivedData/Build/Intermediates.noindex/AsyncExtensions.build/Debug/AsyncExtensions.build/Objects-normal/arm64/AsyncExtensions_const_extract_protocols.json -Xcc -I/Users/admin/builder/spi-builder-workspace/.derivedData/Build/Products/Debug/include -Xcc -I/Users/admin/builder/spi-builder-workspace/.derivedData/Build/Intermediates.noindex/AsyncExtensions.build/Debug/AsyncExtensions.build/DerivedSources-normal/arm64 -Xcc -I/Users/admin/builder/spi-builder-workspace/.derivedData/Build/Intermediates.noindex/AsyncExtensions.build/Debug/AsyncExtensions.build/DerivedSources/arm64 -Xcc -I/Users/admin/builder/spi-builder-workspace/.derivedData/Build/Intermediates.noindex/AsyncExtensions.build/Debug/AsyncExtensions.build/DerivedSources -Xcc -DSWIFT_PACKAGE -Xcc -DDEBUG\=1 -emit-objc-header -emit-objc-header-path /Users/admin/builder/spi-builder-workspace/.derivedData/Build/Intermediates.noindex/AsyncExtensions.build/Debug/AsyncExtensions.build/Objects-normal/arm64/AsyncExtensions-Swift.h -working-directory /Users/admin/builder/spi-builder-workspace/.swiftpm/xcode -experimental-emit-module-separately -disable-cmo
RegisterExecutionPolicyException /Users/admin/builder/spi-builder-workspace/.derivedData/Build/Products/Debug/SocketAddress.o (in target 'SocketAddress' from project 'SocketAddress')
cd /Users/admin/builder/spi-builder-workspace/.dependencies/checkouts/SocketAddress
builtin-RegisterExecutionPolicyException /Users/admin/builder/spi-builder-workspace/.derivedData/Build/Products/Debug/SocketAddress.o
RegisterExecutionPolicyException /Users/admin/builder/spi-builder-workspace/.derivedData/Build/Products/Debug/Collections.o (in target 'Collections' from project 'swift-collections')
cd /Users/admin/builder/spi-builder-workspace/.dependencies/checkouts/swift-collections
builtin-RegisterExecutionPolicyException /Users/admin/builder/spi-builder-workspace/.derivedData/Build/Products/Debug/Collections.o
Ld /Users/admin/builder/spi-builder-workspace/.derivedData/Build/Products/Debug/AsyncExtensions.o normal (in target 'AsyncExtensions' from project 'AsyncExtensions')
cd /Users/admin/builder/spi-builder-workspace/.dependencies/checkouts/AsyncExtensions
/Applications/Xcode-26.3.0.app/Contents/Developer/Toolchains/XcodeDefault.xctoolchain/usr/bin/clang -Xlinker -reproducible -target arm64-apple-macos15.0 -r -isysroot /Applications/Xcode-26.3.0.app/Contents/Developer/Platforms/MacOSX.platform/Developer/SDKs/MacOSX26.2.sdk -O0 -w -L/Users/admin/builder/spi-builder-workspace/.derivedData/Build/Intermediates.noindex/EagerLinkingTBDs/Debug -L/Users/admin/builder/spi-builder-workspace/.derivedData/Build/Products/Debug -L/Applications/Xcode-26.3.0.app/Contents/Developer/Platforms/MacOSX.platform/Developer/usr/lib -F/Users/admin/builder/spi-builder-workspace/.derivedData/Build/Intermediates.noindex/EagerLinkingTBDs/Debug -F/Users/admin/builder/spi-builder-workspace/.derivedData/Build/Products/Debug/PackageFrameworks -F/Users/admin/builder/spi-builder-workspace/.derivedData/Build/Products/Debug/PackageFrameworks -F/Users/admin/builder/spi-builder-workspace/.derivedData/Build/Products/Debug/PackageFrameworks -F/Users/admin/builder/spi-builder-workspace/.derivedData/Build/Products/Debug/PackageFrameworks -F/Users/admin/builder/spi-builder-workspace/.derivedData/Build/Products/Debug/PackageFrameworks -F/Users/admin/builder/spi-builder-workspace/.derivedData/Build/Products/Debug/PackageFrameworks -F/Users/admin/builder/spi-builder-workspace/.derivedData/Build/Products/Debug/PackageFrameworks -F/Users/admin/builder/spi-builder-workspace/.derivedData/Build/Products/Debug/PackageFrameworks -F/Users/admin/builder/spi-builder-workspace/.derivedData/Build/Products/Debug/PackageFrameworks -F/Users/admin/builder/spi-builder-workspace/.derivedData/Build/Products/Debug -iframework /Applications/Xcode-26.3.0.app/Contents/Developer/Platforms/MacOSX.platform/Developer/Library/Frameworks -filelist /Users/admin/builder/spi-builder-workspace/.derivedData/Build/Intermediates.noindex/AsyncExtensions.build/Debug/AsyncExtensions.build/Objects-normal/arm64/AsyncExtensions.LinkFileList -nostdlib -Xlinker -object_path_lto -Xlinker /Users/admin/builder/spi-builder-workspace/.derivedData/Build/Intermediates.noindex/AsyncExtensions.build/Debug/AsyncExtensions.build/Objects-normal/arm64/AsyncExtensions_lto.o -rdynamic -Xlinker -no_deduplicate -Xlinker -debug_variant -Xlinker -dependency_info -Xlinker /Users/admin/builder/spi-builder-workspace/.derivedData/Build/Intermediates.noindex/AsyncExtensions.build/Debug/AsyncExtensions.build/Objects-normal/arm64/AsyncExtensions_dependency_info.dat -fobjc-link-runtime -L/Applications/Xcode-26.3.0.app/Contents/Developer/Toolchains/XcodeDefault.xctoolchain/usr/lib/swift/macosx -L/usr/lib/swift -Xlinker -add_ast_path -Xlinker /Users/admin/builder/spi-builder-workspace/.derivedData/Build/Intermediates.noindex/AsyncExtensions.build/Debug/AsyncExtensions.build/Objects-normal/arm64/AsyncExtensions.swiftmodule @/Users/admin/builder/spi-builder-workspace/.derivedData/Build/Intermediates.noindex/AsyncExtensions.build/Debug/AsyncExtensions.build/Objects-normal/arm64/AsyncExtensions-linker-args.resp -o /Users/admin/builder/spi-builder-workspace/.derivedData/Build/Products/Debug/AsyncExtensions.o
ExtractAppIntentsMetadata (in target 'AsyncExtensions' from project 'AsyncExtensions')
cd /Users/admin/builder/spi-builder-workspace/.dependencies/checkouts/AsyncExtensions
/Applications/Xcode-26.3.0.app/Contents/Developer/Toolchains/XcodeDefault.xctoolchain/usr/bin/appintentsmetadataprocessor --toolchain-dir /var/run/com.apple.security.cryptexd/mnt/com.apple.MobileAsset.MetalToolchain-v17.3.7003.10.wfldUO/Metal.xctoolchain --module-name AsyncExtensions --sdk-root /Applications/Xcode-26.3.0.app/Contents/Developer/Platforms/MacOSX.platform/Developer/SDKs/MacOSX26.2.sdk --xcode-version 17C529 --platform-family macOS --deployment-target 15.0 --bundle-identifier asyncextensions.AsyncExtensions --output /Users/admin/builder/spi-builder-workspace/.derivedData/Build/Products/Debug/AsyncExtensions.appintents --target-triple arm64-apple-macos15.0 --binary-file /Users/admin/builder/spi-builder-workspace/.derivedData/Build/Products/Debug/AsyncExtensions.o --dependency-file /Users/admin/builder/spi-builder-workspace/.derivedData/Build/Intermediates.noindex/AsyncExtensions.build/Debug/AsyncExtensions.build/Objects-normal/arm64/AsyncExtensions_dependency_info.dat --stringsdata-file /Users/admin/builder/spi-builder-workspace/.derivedData/Build/Intermediates.noindex/AsyncExtensions.build/Debug/AsyncExtensions.build/Objects-normal/arm64/ExtractedAppShortcutsMetadata.stringsdata --source-file-list /Users/admin/builder/spi-builder-workspace/.derivedData/Build/Intermediates.noindex/AsyncExtensions.build/Debug/AsyncExtensions.build/Objects-normal/arm64/AsyncExtensions.SwiftFileList --metadata-file-list /Users/admin/builder/spi-builder-workspace/.derivedData/Build/Intermediates.noindex/AsyncExtensions.build/Debug/AsyncExtensions.build/AsyncExtensions.DependencyMetadataFileList --static-metadata-file-list /Users/admin/builder/spi-builder-workspace/.derivedData/Build/Intermediates.noindex/AsyncExtensions.build/Debug/AsyncExtensions.build/AsyncExtensions.DependencyStaticMetadataFileList --swift-const-vals-list /Users/admin/builder/spi-builder-workspace/.derivedData/Build/Intermediates.noindex/AsyncExtensions.build/Debug/AsyncExtensions.build/Objects-normal/arm64/AsyncExtensions.SwiftConstValuesFileList --force --compile-time-extraction --deployment-aware-processing --validate-assistant-intents --no-app-shortcuts-localization
2026-10-09 02:08:07.188 appintentsmetadataprocessor[1845:10174] Starting appintentsmetadataprocessor export
2026-10-09 02:08:07.305 appintentsmetadataprocessor[1845:10174] Extracted no relevant App Intents symbols, skipping writing output
SwiftDriverJobDiscovery normal arm64 Compiling AsyncThrowingExclusiveReductionsSequence.swift, AsyncThrowingInclusiveReductionsSequence.swift, AsyncTimerSequence.swift, AsyncBufferSequence.swift, BoundedBufferStateMachine.swift, BoundedBufferStorage.swift (in target 'AsyncAlgorithms' from project 'swift-async-algorithms')
SwiftDriverJobDiscovery normal arm64 Compiling AsyncJoinedSequence.swift, AsyncMapErrorSequence.swift, AsyncRemoveDuplicatesSequence.swift, AsyncShareSequence.swift, AsyncSyncSequence.swift, AsyncThrottleSequence.swift (in target 'AsyncAlgorithms' from project 'swift-async-algorithms')
RegisterExecutionPolicyException /Users/admin/builder/spi-builder-workspace/.derivedData/Build/Products/Debug/AsyncExtensions.o (in target 'AsyncExtensions' from project 'AsyncExtensions')
cd /Users/admin/builder/spi-builder-workspace/.dependencies/checkouts/AsyncExtensions
builtin-RegisterExecutionPolicyException /Users/admin/builder/spi-builder-workspace/.derivedData/Build/Products/Debug/AsyncExtensions.o
SwiftDriverJobDiscovery normal arm64 Compiling AsyncCombineLatest2Sequence.swift, AsyncCombineLatest3Sequence.swift, CombineLatestStateMachine.swift, CombineLatestStorage.swift, AsyncDebounceSequence.swift, DebounceStateMachine.swift (in target 'AsyncAlgorithms' from project 'swift-async-algorithms')
SwiftDriver\ Compilation AsyncAlgorithms normal arm64 com.apple.xcode.tools.swift.compiler (in target 'AsyncAlgorithms' from project 'swift-async-algorithms')
cd /Users/admin/builder/spi-builder-workspace/.swiftpm/xcode
builtin-Swift-Compilation -- /Applications/Xcode-26.3.0.app/Contents/Developer/Toolchains/XcodeDefault.xctoolchain/usr/bin/swiftc -module-name AsyncAlgorithms -Onone -enforce-exclusivity\=checked @/Users/admin/builder/spi-builder-workspace/.derivedData/Build/Intermediates.noindex/swift-async-algorithms.build/Debug/AsyncAlgorithms.build/Objects-normal/arm64/AsyncAlgorithms.SwiftFileList -DSWIFT_PACKAGE -DDEBUG -DSWIFT_MODULE_RESOURCE_BUNDLE_UNAVAILABLE -DXcode -enable-experimental-feature AvailabilityMacro\=AsyncAlgorithms\ 1.0:macOS\ 10.15,\ iOS\ 13.0,\ tvOS\ 13.0,\ watchOS\ 6.0 -enable-experimental-feature AvailabilityMacro\=AsyncAlgorithms\ 1.1:macOS\ 15.0,\ iOS\ 18.0,\ tvOS\ 18.0,\ watchOS\ 11.0,\ visionOS\ 2.0 -enable-experimental-feature AvailabilityMacro\=AsyncAlgorithms\ 1.2:macOS\ 15.0,\ iOS\ 18.0,\ tvOS\ 18.0,\ watchOS\ 11.0,\ visionOS\ 2.0 -enable-experimental-feature AvailabilityMacro\=AsyncAlgorithms\ 1.3:macOS\ 15.0,\ iOS\ 18.0,\ tvOS\ 18.0,\ watchOS\ 11.0,\ visionOS\ 2.0 -enable-experimental-feature StrictConcurrency\=complete -plugin-path /Applications/Xcode-26.3.0.app/Contents/Developer/Toolchains/XcodeDefault.xctoolchain/usr/lib/swift/host/plugins/testing -enable-experimental-feature DebugDescriptionMacro -sdk /Applications/Xcode-26.3.0.app/Contents/Developer/Platforms/MacOSX.platform/Developer/SDKs/MacOSX26.2.sdk -target arm64-apple-macos10.13 -g -module-cache-path /Users/admin/builder/spi-builder-workspace/.derivedData/ModuleCache.noindex -Xfrontend -serialize-debugging-options -profile-coverage-mapping -profile-generate -enable-testing -suppress-warnings -index-store-path /Users/admin/builder/spi-builder-workspace/.derivedData/Index.noindex/DataStore -Xcc -D_LIBCPP_HARDENING_MODE\=_LIBCPP_HARDENING_MODE_DEBUG -swift-version 6 -I /Users/admin/builder/spi-builder-workspace/.derivedData/Build/Products/Debug -Isystem /Applications/Xcode-26.3.0.app/Contents/Developer/Platforms/MacOSX.platform/Developer/usr/lib -F /Users/admin/builder/spi-builder-workspace/.derivedData/Build/Products/Debug/PackageFrameworks -F /Users/admin/builder/spi-builder-workspace/.derivedData/Build/Products/Debug/PackageFrameworks -F /Users/admin/builder/spi-builder-workspace/.derivedData/Build/Products/Debug/PackageFrameworks -F /Users/admin/builder/spi-builder-workspace/.derivedData/Build/Products/Debug/PackageFrameworks -F /Users/admin/builder/spi-builder-workspace/.derivedData/Build/Products/Debug -F /Applications/Xcode-26.3.0.app/Contents/Developer/Platforms/MacOSX.platform/Developer/Library/Frameworks -c -j10 -enable-batch-mode -incremental -Xcc -ivfsstatcache -Xcc /Users/admin/builder/spi-builder-workspace/.derivedData/SDKStatCaches.noindex/macosx26.2-25C58-dc75598d0054f22ec865fa860f139d726b10091eae1b9012e514a50b0de53ce7.sdkstatcache -output-file-map /Users/admin/builder/spi-builder-workspace/.derivedData/Build/Intermediates.noindex/swift-async-algorithms.build/Debug/AsyncAlgorithms.build/Objects-normal/arm64/AsyncAlgorithms-OutputFileMap.json -use-frontend-parseable-output -save-temps -no-color-diagnostics -explicit-module-build -module-cache-path /Users/admin/builder/spi-builder-workspace/.derivedData/Build/Intermediates.noindex/SwiftExplicitPrecompiledModules -clang-scanner-module-cache-path /Users/admin/builder/spi-builder-workspace/.derivedData/ModuleCache.noindex -sdk-module-cache-path /Users/admin/builder/spi-builder-workspace/.derivedData/ModuleCache.noindex -serialize-diagnostics -emit-dependencies -emit-module -emit-module-path /Users/admin/builder/spi-builder-workspace/.derivedData/Build/Intermediates.noindex/swift-async-algorithms.build/Debug/AsyncAlgorithms.build/Objects-normal/arm64/AsyncAlgorithms.swiftmodule -user-module-version 1.1.7 -validate-clang-modules-once -clang-build-session-file /Users/admin/builder/spi-builder-workspace/.derivedData/ModuleCache.noindex/Session.modulevalidation -package-name swift_async_algorithms -Xcc -I/Users/admin/builder/spi-builder-workspace/.derivedData/Build/Intermediates.noindex/swift-async-algorithms.build/Debug/AsyncAlgorithms.build/swift-overrides.hmap -emit-const-values -Xfrontend -const-gather-protocols-file -Xfrontend /Users/admin/builder/spi-builder-workspace/.derivedData/Build/Intermediates.noindex/swift-async-algorithms.build/Debug/AsyncAlgorithms.build/Objects-normal/arm64/AsyncAlgorithms_const_extract_protocols.json -Xcc -I/Users/admin/builder/spi-builder-workspace/.derivedData/Build/Products/Debug/include -Xcc -I/Users/admin/builder/spi-builder-workspace/.derivedData/Build/Intermediates.noindex/swift-async-algorithms.build/Debug/AsyncAlgorithms.build/DerivedSources-normal/arm64 -Xcc -I/Users/admin/builder/spi-builder-workspace/.derivedData/Build/Intermediates.noindex/swift-async-algorithms.build/Debug/AsyncAlgorithms.build/DerivedSources/arm64 -Xcc -I/Users/admin/builder/spi-builder-workspace/.derivedData/Build/Intermediates.noindex/swift-async-algorithms.build/Debug/AsyncAlgorithms.build/DerivedSources -Xcc -DSWIFT_PACKAGE -Xcc -DDEBUG\=1 -emit-objc-header -emit-objc-header-path /Users/admin/builder/spi-builder-workspace/.derivedData/Build/Intermediates.noindex/swift-async-algorithms.build/Debug/AsyncAlgorithms.build/Objects-normal/arm64/AsyncAlgorithms-Swift.h -working-directory /Users/admin/builder/spi-builder-workspace/.swiftpm/xcode -experimental-emit-module-separately -disable-cmo
Ld /Users/admin/builder/spi-builder-workspace/.derivedData/Build/Products/Debug/AsyncAlgorithms.o normal (in target 'AsyncAlgorithms' from project 'swift-async-algorithms')
cd /Users/admin/builder/spi-builder-workspace/.dependencies/checkouts/swift-async-algorithms
/Applications/Xcode-26.3.0.app/Contents/Developer/Toolchains/XcodeDefault.xctoolchain/usr/bin/clang -Xlinker -reproducible -target arm64-apple-macos10.13 -r -isysroot /Applications/Xcode-26.3.0.app/Contents/Developer/Platforms/MacOSX.platform/Developer/SDKs/MacOSX26.2.sdk -O0 -w -L/Users/admin/builder/spi-builder-workspace/.derivedData/Build/Intermediates.noindex/EagerLinkingTBDs/Debug -L/Users/admin/builder/spi-builder-workspace/.derivedData/Build/Products/Debug -L/Applications/Xcode-26.3.0.app/Contents/Developer/Platforms/MacOSX.platform/Developer/usr/lib -F/Users/admin/builder/spi-builder-workspace/.derivedData/Build/Intermediates.noindex/EagerLinkingTBDs/Debug -F/Users/admin/builder/spi-builder-workspace/.derivedData/Build/Products/Debug/PackageFrameworks -F/Users/admin/builder/spi-builder-workspace/.derivedData/Build/Products/Debug/PackageFrameworks -F/Users/admin/builder/spi-builder-workspace/.derivedData/Build/Products/Debug/PackageFrameworks -F/Users/admin/builder/spi-builder-workspace/.derivedData/Build/Products/Debug/PackageFrameworks -F/Users/admin/builder/spi-builder-workspace/.derivedData/Build/Products/Debug -iframework /Applications/Xcode-26.3.0.app/Contents/Developer/Platforms/MacOSX.platform/Developer/Library/Frameworks -filelist /Users/admin/builder/spi-builder-workspace/.derivedData/Build/Intermediates.noindex/swift-async-algorithms.build/Debug/AsyncAlgorithms.build/Objects-normal/arm64/AsyncAlgorithms.LinkFileList -nostdlib -Xlinker -object_path_lto -Xlinker /Users/admin/builder/spi-builder-workspace/.derivedData/Build/Intermediates.noindex/swift-async-algorithms.build/Debug/AsyncAlgorithms.build/Objects-normal/arm64/AsyncAlgorithms_lto.o -rdynamic -Xlinker -no_deduplicate -Xlinker -debug_variant -Xlinker -dependency_info -Xlinker /Users/admin/builder/spi-builder-workspace/.derivedData/Build/Intermediates.noindex/swift-async-algorithms.build/Debug/AsyncAlgorithms.build/Objects-normal/arm64/AsyncAlgorithms_dependency_info.dat -fobjc-link-runtime -L/Applications/Xcode-26.3.0.app/Contents/Developer/Toolchains/XcodeDefault.xctoolchain/usr/lib/swift/macosx -L/usr/lib/swift -Xlinker -add_ast_path -Xlinker /Users/admin/builder/spi-builder-workspace/.derivedData/Build/Intermediates.noindex/swift-async-algorithms.build/Debug/AsyncAlgorithms.build/Objects-normal/arm64/AsyncAlgorithms.swiftmodule @/Users/admin/builder/spi-builder-workspace/.derivedData/Build/Intermediates.noindex/swift-async-algorithms.build/Debug/AsyncAlgorithms.build/Objects-normal/arm64/AsyncAlgorithms-linker-args.resp -o /Users/admin/builder/spi-builder-workspace/.derivedData/Build/Products/Debug/AsyncAlgorithms.o
ExtractAppIntentsMetadata (in target 'AsyncAlgorithms' from project 'swift-async-algorithms')
cd /Users/admin/builder/spi-builder-workspace/.dependencies/checkouts/swift-async-algorithms
/Applications/Xcode-26.3.0.app/Contents/Developer/Toolchains/XcodeDefault.xctoolchain/usr/bin/appintentsmetadataprocessor --toolchain-dir /var/run/com.apple.security.cryptexd/mnt/com.apple.MobileAsset.MetalToolchain-v17.3.7003.10.wfldUO/Metal.xctoolchain --module-name AsyncAlgorithms --sdk-root /Applications/Xcode-26.3.0.app/Contents/Developer/Platforms/MacOSX.platform/Developer/SDKs/MacOSX26.2.sdk --xcode-version 17C529 --platform-family macOS --deployment-target 10.13 --bundle-identifier swift-async-algorithms.AsyncAlgorithms --output /Users/admin/builder/spi-builder-workspace/.derivedData/Build/Products/Debug/AsyncAlgorithms.appintents --target-triple arm64-apple-macos10.13 --binary-file /Users/admin/builder/spi-builder-workspace/.derivedData/Build/Products/Debug/AsyncAlgorithms.o --dependency-file /Users/admin/builder/spi-builder-workspace/.derivedData/Build/Intermediates.noindex/swift-async-algorithms.build/Debug/AsyncAlgorithms.build/Objects-normal/arm64/AsyncAlgorithms_dependency_info.dat --stringsdata-file /Users/admin/builder/spi-builder-workspace/.derivedData/Build/Intermediates.noindex/swift-async-algorithms.build/Debug/AsyncAlgorithms.build/Objects-normal/arm64/ExtractedAppShortcutsMetadata.stringsdata --source-file-list /Users/admin/builder/spi-builder-workspace/.derivedData/Build/Intermediates.noindex/swift-async-algorithms.build/Debug/AsyncAlgorithms.build/Objects-normal/arm64/AsyncAlgorithms.SwiftFileList --metadata-file-list /Users/admin/builder/spi-builder-workspace/.derivedData/Build/Intermediates.noindex/swift-async-algorithms.build/Debug/AsyncAlgorithms.build/AsyncAlgorithms.DependencyMetadataFileList --static-metadata-file-list /Users/admin/builder/spi-builder-workspace/.derivedData/Build/Intermediates.noindex/swift-async-algorithms.build/Debug/AsyncAlgorithms.build/AsyncAlgorithms.DependencyStaticMetadataFileList --swift-const-vals-list /Users/admin/builder/spi-builder-workspace/.derivedData/Build/Intermediates.noindex/swift-async-algorithms.build/Debug/AsyncAlgorithms.build/Objects-normal/arm64/AsyncAlgorithms.SwiftConstValuesFileList --force --compile-time-extraction --deployment-aware-processing --validate-assistant-intents --no-app-shortcuts-localization
2026-10-09 02:08:07.601 appintentsmetadataprocessor[1848:10194] Starting appintentsmetadataprocessor export
2026-10-09 02:08:07.711 appintentsmetadataprocessor[1848:10194] Extracted no relevant App Intents symbols, skipping writing output
RegisterExecutionPolicyException /Users/admin/builder/spi-builder-workspace/.derivedData/Build/Products/Debug/AsyncAlgorithms.o (in target 'AsyncAlgorithms' from project 'swift-async-algorithms')
cd /Users/admin/builder/spi-builder-workspace/.dependencies/checkouts/swift-async-algorithms
builtin-RegisterExecutionPolicyException /Users/admin/builder/spi-builder-workspace/.derivedData/Build/Products/Debug/AsyncAlgorithms.o
2026-10-09 02:07:37.997 xcodebuild[1208:6628] [MT] IDERunDestination: Supported platforms for the buildables in the current scheme is empty.
--- xcodebuild: WARNING: Using the first of multiple matching destinations:
{ platform:macOS, arch:arm64, id:5029c62ed07b1c3e72c2bc0777c984728d9dcb07, name:My Mac }
{ platform:macOS, arch:arm64, variant:Mac Catalyst, id:5029c62ed07b1c3e72c2bc0777c984728d9dcb07, name:My Mac }
{ platform:macOS, arch:arm64, variant:DriverKit, id:5029c62ed07b1c3e72c2bc0777c984728d9dcb07, name:My Mac }
{ platform:macOS, arch:arm64, variant:Designed for [iPad,iPhone], id:5029c62ed07b1c3e72c2bc0777c984728d9dcb07, name:My Mac }
** BUILD FAILED **
The following build commands failed:
SwiftCompile normal arm64 /Users/admin/builder/spi-builder-workspace/Sources/SwiftOCAMacros/OcaMethodMacro.swift (in target 'SwiftOCAMacros' from project 'SwiftOCA')
SwiftCompile normal arm64 Compiling\ OcaMethodMacro.swift /Users/admin/builder/spi-builder-workspace/Sources/SwiftOCAMacros/OcaMethodMacro.swift (in target 'SwiftOCAMacros' from project 'SwiftOCA')
Building workspace spi-builder-workspace with scheme SwiftOCA-Package
(3 failures)
Command line invocation:
/Applications/Xcode-26.3.0.app/Contents/Developer/usr/bin/xcodebuild -IDEClonedSourcePackagesDirPathOverride=/Users/admin/builder/spi-builder-workspace/.dependencies -resolvePackageDependencies
Resolve Package Graph
failed to retrieve search paths with pkg-config; maybe pkg-config is not installedcouldn't find pc file for openssl
Resolved source packages:
AsyncExtensions: https://github.com/sideeffect-io/AsyncExtensions @ 0.7.0
swift-log: https://github.com/apple/swift-log @ 1.16.1
Sliders: https://github.com/spacenation/swiftui-sliders @ 2.1.0
swift-collections: https://github.com/apple/swift-collections.git @ 1.7.2
swift-binary-parsing: https://github.com/apple/swift-binary-parsing @ 0.0.2
FlyingFox: https://github.com/swhitty/FlyingFox @ 0.27.1
SQLite.swift: https://github.com/stephencelis/SQLite.swift.git @ 0.16.0
AnyCodable: https://github.com/Flight-School/AnyCodable @ 0.6.7
SocketAddress: https://github.com/PADL/SocketAddress @ 0.5.2
GzipSwift: https://github.com/1024jp/GzipSwift @ 6.1.0
SwiftOCA: /Users/admin/builder/spi-builder-workspace
swift-async-algorithms: https://github.com/apple/swift-async-algorithms @ 1.1.7
swift-atomics: https://github.com/apple/swift-atomics @ 1.3.1
swift-syntax: https://github.com/swiftlang/swift-syntax.git @ 602.0.0
swift-system: https://github.com/apple/swift-system @ 1.8.1
resolved source packages: AsyncExtensions, swift-log, Sliders, swift-collections, swift-binary-parsing, FlyingFox, SQLite.swift, AnyCodable, SocketAddress, GzipSwift, SwiftOCA, swift-async-algorithms, swift-atomics, swift-syntax, swift-system
2026-10-09 02:08:15.606 xcodebuild[1849:10233] [MT] IDERunDestination: Supported platforms for the buildables in the current scheme is empty.
{
"dependencies" : [
{
"identity" : "swift-async-algorithms",
"requirement" : {
"range" : [
{
"lower_bound" : "1.0.0",
"upper_bound" : "2.0.0"
}
]
},
"type" : "sourceControl",
"url" : "https://github.com/apple/swift-async-algorithms"
},
{
"identity" : "swift-binary-parsing",
"requirement" : {
"range" : [
{
"lower_bound" : "0.0.2",
"upper_bound" : "1.0.0"
}
]
},
"type" : "sourceControl",
"url" : "https://github.com/apple/swift-binary-parsing"
},
{
"identity" : "swift-log",
"requirement" : {
"range" : [
{
"lower_bound" : "1.6.2",
"upper_bound" : "2.0.0"
}
]
},
"type" : "sourceControl",
"url" : "https://github.com/apple/swift-log"
},
{
"identity" : "swift-system",
"requirement" : {
"range" : [
{
"lower_bound" : "1.6.4",
"upper_bound" : "2.0.0"
}
]
},
"type" : "sourceControl",
"url" : "https://github.com/apple/swift-system"
},
{
"identity" : "swift-atomics",
"requirement" : {
"range" : [
{
"lower_bound" : "1.2.0",
"upper_bound" : "2.0.0"
}
]
},
"type" : "sourceControl",
"url" : "https://github.com/apple/swift-atomics"
},
{
"identity" : "socketaddress",
"requirement" : {
"range" : [
{
"lower_bound" : "0.5.1",
"upper_bound" : "1.0.0"
}
]
},
"type" : "sourceControl",
"url" : "https://github.com/PADL/SocketAddress"
},
{
"identity" : "asyncextensions",
"requirement" : {
"range" : [
{
"lower_bound" : "0.7.0",
"upper_bound" : "1.0.0"
}
]
},
"type" : "sourceControl",
"url" : "https://github.com/sideeffect-io/AsyncExtensions"
},
{
"identity" : "anycodable",
"requirement" : {
"range" : [
{
"lower_bound" : "0.6.7",
"upper_bound" : "1.0.0"
}
]
},
"type" : "sourceControl",
"url" : "https://github.com/Flight-School/AnyCodable"
},
{
"identity" : "gzipswift",
"requirement" : {
"range" : [
{
"lower_bound" : "6.1.0",
"upper_bound" : "7.0.0"
}
]
},
"type" : "sourceControl",
"url" : "https://github.com/1024jp/GzipSwift"
},
{
"identity" : "sqlite.swift",
"requirement" : {
"range" : [
{
"lower_bound" : "0.16.0",
"upper_bound" : "1.0.0"
}
]
},
"type" : "sourceControl",
"url" : "https://github.com/stephencelis/SQLite.swift.git"
},
{
"identity" : "swift-syntax",
"requirement" : {
"range" : [
{
"lower_bound" : "602.0.0",
"upper_bound" : "605.0.0"
}
]
},
"type" : "sourceControl",
"url" : "https://github.com/swiftlang/swift-syntax.git"
},
{
"identity" : "flyingfox",
"requirement" : {
"range" : [
{
"lower_bound" : "0.26.2",
"upper_bound" : "1.0.0"
}
]
},
"type" : "sourceControl",
"url" : "https://github.com/swhitty/FlyingFox"
},
{
"identity" : "swiftui-sliders",
"requirement" : {
"range" : [
{
"lower_bound" : "2.1.0",
"upper_bound" : "3.0.0"
}
]
},
"type" : "sourceControl",
"url" : "https://github.com/spacenation/swiftui-sliders"
}
],
"manifest_display_name" : "SwiftOCA",
"name" : "SwiftOCA",
"path" : "/Users/admin/builder/spi-builder-workspace",
"platforms" : [
{
"name" : "macos",
"version" : "15.0"
},
{
"name" : "ios",
"version" : "18.0"
}
],
"products" : [
{
"name" : "SwiftOCA",
"targets" : [
"SwiftOCA"
],
"type" : {
"library" : [
"automatic"
]
}
},
{
"name" : "SwiftOCASecure",
"targets" : [
"SwiftOCASecure"
],
"type" : {
"library" : [
"automatic"
]
}
},
{
"name" : "SwiftOCADevice",
"targets" : [
"SwiftOCADevice"
],
"type" : {
"library" : [
"automatic"
]
}
},
{
"name" : "SwiftOCASecureDevice",
"targets" : [
"SwiftOCASecureDevice"
],
"type" : {
"library" : [
"automatic"
]
}
},
{
"name" : "SwiftOCAUI",
"targets" : [
"SwiftOCAUI"
],
"type" : {
"library" : [
"automatic"
]
}
},
{
"name" : "OCAPerfBench",
"targets" : [
"OCAPerfBench"
],
"type" : {
"executable" : null
}
},
{
"name" : "OCAEventBenchmark",
"targets" : [
"OCAEventBenchmark"
],
"type" : {
"executable" : null
}
},
{
"name" : "OCADevice",
"targets" : [
"OCADevice"
],
"type" : {
"executable" : null
}
},
{
"name" : "OCABrowser",
"targets" : [
"OCABrowser"
],
"type" : {
"executable" : null
}
},
{
"name" : "OCABrokerTest",
"targets" : [
"OCABrokerTest"
],
"type" : {
"executable" : null
}
},
{
"name" : "SwiftOCAMacros",
"targets" : [
"SwiftOCAMacros"
],
"type" : {
"macro" : null
}
}
],
"targets" : [
{
"c99name" : "dnssd",
"module_type" : "SystemLibraryTarget",
"name" : "dnssd",
"path" : "Sources/dnssd",
"sources" : [
],
"type" : "system-target"
},
{
"c99name" : "SwiftOCAUI",
"module_type" : "SwiftTarget",
"name" : "SwiftOCAUI",
"path" : "Sources/SwiftOCAUI",
"product_dependencies" : [
"Sliders"
],
"product_memberships" : [
"SwiftOCAUI",
"OCABrowser"
],
"sources" : [
"Conformances/Array+Extras.swift",
"Conformances/EnvironmentValues.swift",
"Conformances/OcaArray2D+Extras.swift",
"Conformances/OcaDB+Linear.swift",
"Conformances/OcaRoot+Identifiable.swift",
"ViewModifiers/RefreshableToInitialState.swift",
"ViewModifiers/ShowProgressIfWaiting.swift",
"ViewModifiers/SystemToggleStyle.swift",
"Views/DetailView.swift",
"Views/Discovery/BonjourDeviceView.swift",
"Views/Discovery/BonjourDiscoveryView.swift",
"Views/DynamicStack.swift",
"Views/Managers/DeviceManager.swift",
"Views/NavigationLabel.swift",
"Views/PropertyTableView.swift",
"Views/PropertyView.swift",
"Views/Utility/DiscreteSliderView.swift",
"Views/Utility/LogSliderView.swift",
"Views/Utility/ScaledLegendView.swift",
"Views/Utility/VariableSliderView.swift",
"Views/View.swift",
"Views/Workers/Actuators/BooleanActuatorView.swift",
"Views/Workers/Actuators/Float32ActuatorView.swift",
"Views/Workers/Actuators/GainView.swift",
"Views/Workers/Actuators/MuteView.swift",
"Views/Workers/Actuators/PanBalanceView.swift",
"Views/Workers/Actuators/PolarityView.swift",
"Views/Workers/BlockNavigationSplitView.swift",
"Views/Workers/BlockNavigationStackView.swift",
"Views/Workers/MatrixNavigationSplitView.swift",
"Views/Workers/RootBlockView.swift",
"Views/Workers/Sensors/BasicSensorViews.swift",
"Views/Workers/Sensors/IdentificationSensorView.swift",
"Views/Workers/Sensors/LevelSensorView.swift"
],
"target_dependencies" : [
"SwiftOCA"
],
"type" : "library"
},
{
"c99name" : "SwiftOCATests",
"module_type" : "SwiftTarget",
"name" : "SwiftOCATests",
"path" : "Tests/SwiftOCATests",
"sources" : [
"Array2DTests.swift",
"ConnectionBrokerBrowsingTests.swift",
"ConnectionBrokerExpiryTests.swift",
"ConnectionBrokerServiceInfoTests.swift",
"DNSServiceAddrInfoReplyTests.swift",
"DNSServiceTXTRecordTests.swift",
"DeadlineTimerTests.swift",
"DeviceAddressMigrationTests.swift",
"DeviceManagerResolutionTests.swift",
"EncodePdusTests.swift",
"HostnameResolutionTests.swift",
"JSONNonFiniteTests.swift",
"LengthTaggedDataJSONTests.swift",
"MalformedPduTests.swift",
"NetworkSystemInterfaceDescriptorTests.swift",
"NotificationEventDataTests.swift",
"OcaMessageBatcherTests.swift",
"Ocp1PduReaderTests.swift",
"Ocp2CoderTests.swift",
"Ocp2ExampleConformanceTests.swift",
"Ocp2MessageTests.swift",
"Ocp2NamingOracleTests.swift",
"Ocp2VectorNamingTests.swift",
"RequestContinuationTests.swift",
"SwiftOCATests.swift",
"WriteSerialisationTests.swift"
],
"target_dependencies" : [
"SwiftOCADevice"
],
"type" : "test"
},
{
"c99name" : "SwiftOCASecureDevice",
"module_type" : "SwiftTarget",
"name" : "SwiftOCASecureDevice",
"path" : "Sources/SwiftOCASecureDevice",
"product_dependencies" : [
"SocketAddress",
"Logging",
"AsyncAlgorithms",
"AsyncExtensions"
],
"product_memberships" : [
"SwiftOCASecureDevice",
"OCADevice"
],
"sources" : [
"OCC/ControlClasses/Managers/OcaSecurityManager+OcaPreSharedKeyProvider.swift",
"OCP.1/Backend/Network/Ocp1NWPeerIdentity.swift",
"OCP.1/Backend/Network/Ocp1NWSecureTCPDeviceEndpoint.swift",
"OCP.1/Backend/Network/Ocp1NWSecureUDPDeviceEndpoint.swift",
"OCP.1/Backend/OpenSSL/IORingByteStream.swift",
"OCP.1/Backend/OpenSSL/Ocp1ByteStream.swift",
"OCP.1/Backend/OpenSSL/Ocp1DatagramChannel.swift",
"OCP.1/Backend/OpenSSL/Ocp1OpenSSLDTLSController.swift",
"OCP.1/Backend/OpenSSL/Ocp1OpenSSLDTLSDeviceEndpoint.swift",
"OCP.1/Backend/OpenSSL/Ocp1OpenSSLStreamController.swift",
"OCP.1/Backend/OpenSSL/Ocp1OpenSSLStreamDeviceEndpoint.swift",
"OCP.1/Backend/OpenSSL/_EndpointDatagramChannel.swift",
"OCP.1/Ocp1TLSDeviceTypes.swift"
],
"target_dependencies" : [
"SwiftOCA",
"SwiftOCASecure",
"SwiftOCADevice"
],
"type" : "library"
},
{
"c99name" : "SwiftOCASecure",
"module_type" : "SwiftTarget",
"name" : "SwiftOCASecure",
"path" : "Sources/SwiftOCASecure",
"product_dependencies" : [
"SocketAddress",
"Logging"
],
"product_memberships" : [
"SwiftOCASecure",
"SwiftOCASecureDevice",
"OCADevice"
],
"sources" : [
"OCA/OcaPreSharedKeyProvider.swift",
"OCP.1/Backend/Ocp1NWSecureConnection.swift",
"OCP.1/Backend/Ocp1OpenSSLConnection.swift",
"OCP.1/Backend/Ocp1OpenSSLDTLSConnection.swift",
"OCP.1/Backend/Ocp1OpenSSLEngine.swift",
"OCP.1/Ocp1TLSTypes.swift"
],
"target_dependencies" : [
"SwiftOCA"
],
"type" : "library"
},
{
"c99name" : "SwiftOCAMacrosTests",
"module_type" : "SwiftTarget",
"name" : "SwiftOCAMacrosTests",
"path" : "Tests/SwiftOCAMacrosTests",
"product_dependencies" : [
"SwiftSyntaxMacrosGenericTestSupport"
],
"sources" : [
"MacroExpansion.swift",
"OcaDeviceMethodDescriptorFormTests.swift",
"OcaDeviceMethodMacroTests.swift",
"OcaMethodMacroTests.swift"
],
"target_dependencies" : [
"SwiftOCAMacros"
],
"type" : "test"
},
{
"c99name" : "SwiftOCAMacros",
"module_type" : "SwiftTarget",
"name" : "SwiftOCAMacros",
"path" : "Sources/SwiftOCAMacros",
"product_dependencies" : [
"SwiftSyntax",
"SwiftSyntaxMacros",
"SwiftCompilerPlugin"
],
"product_memberships" : [
"SwiftOCA",
"SwiftOCASecure",
"SwiftOCADevice",
"SwiftOCASecureDevice",
"SwiftOCAUI",
"OCAPerfBench",
"OCAEventBenchmark",
"OCADevice",
"OCABrowser",
"OCABrokerTest",
"SwiftOCAMacros"
],
"sources" : [
"OcaDeviceMethodMacro.swift",
"OcaMethodMacro.swift",
"Plugin.swift"
],
"type" : "macro"
},
{
"c99name" : "SwiftOCADeviceTests",
"module_type" : "SwiftTarget",
"name" : "SwiftOCADeviceTests",
"path" : "Tests/SwiftOCADeviceTests",
"product_dependencies" : [
"FlyingSocks",
"FlyingFox"
],
"resources" : [
{
"path" : "/Users/admin/builder/spi-builder-workspace/Tests/SwiftOCADeviceTests/Resources",
"rule" : {
"copy" : {
}
}
}
],
"sources" : [
"Aes67StreamEndpointRegistryTests.swift",
"AppleTLSPolicyRegressionTests.swift",
"BackendConnectionTests.swift",
"ClassRegistryTests.swift",
"ClientMethodDescriptorTests.swift",
"ClientMethodDescriptors.swift",
"ControllerExpiryTests.swift",
"DNSServiceRegistrationTests.swift",
"DTLSHostileTrafficTests.swift",
"DeviceManagerTests.swift",
"DeviceMethodStatusTests.swift",
"DeviceMethodTests.swift",
"DevicePropertyIntrospectionTests.swift",
"DomainSocketEndpointTests.swift",
"FileDatasetStorageProviderTests.swift",
"FilterTests.swift",
"IgnoreSIGPIPE.swift",
"KeepAliveTests.swift",
"MachPortConnectionTests.swift",
"MatrixTests.swift",
"MediaClock3CurrentRateTests.swift",
"MediaTransportApplicationTests.swift",
"MediaTransportSessionAgentTests.swift",
"MethodDescriptorTests.swift",
"ModelMethodNameTests.swift",
"NonFiniteDatasetTests.swift",
"NotificationFanOutTests.swift",
"NotificationScopeTests.swift",
"ObjectDecodingTests.swift",
"Ocp2DeviceNamingOracleTests.swift",
"Ocp2LevelSensorTests.swift",
"Ocp2LoopbackTests.swift",
"Ocp2SynchronizeStateTests.swift",
"Ocp2TransportTests.swift",
"Ocp2WireNameTests.swift",
"OpenSSLConnectionTests.swift",
"OpenSSLDTLSConnectionTests.swift",
"OpenSSLEnginePipeTests.swift",
"OpenSSLHandshakeFailureCleanupTests.swift",
"PacketTransportSendTests.swift",
"PipeByteStream.swift",
"PropertySubscriptionTests.swift",
"SQLiteDatasetStorageProviderTests.swift",
"SameValueNotificationTests.swift",
"SelfSignedCertHelper.swift",
"SharedSocketPoolTests.swift",
"SubscriberLookupTests.swift",
"SwiftOCADeviceTests.swift",
"SystemInterfacesLoopbackTests.swift",
"TLSFailClosedTests.swift",
"TLSNegativePathTests.swift",
"TLSPolicyTests.swift",
"WebSocketConnectionTests.swift"
],
"target_dependencies" : [
"SwiftOCADevice",
"SwiftOCASecure",
"SwiftOCASecureDevice"
],
"type" : "test"
},
{
"c99name" : "SwiftOCADevice",
"module_type" : "SwiftTarget",
"name" : "SwiftOCADevice",
"path" : "Sources/SwiftOCADevice",
"product_dependencies" : [
"Logging",
"Gzip",
"SQLite",
"FlyingSocks",
"FlyingFox"
],
"product_memberships" : [
"SwiftOCADevice",
"SwiftOCASecureDevice",
"OCAPerfBench",
"OCADevice"
],
"sources" : [
"OCA/Backend/FlyingSocks/OcaFlyingFoxController.swift",
"OCA/Backend/FlyingSocks/OcaFlyingFoxDeviceEndpoint.swift",
"OCA/Backend/FlyingSocks/OcaFlyingSocksDatagramController.swift",
"OCA/Backend/FlyingSocks/OcaFlyingSocksDatagramDeviceEndpoint.swift",
"OCA/Backend/FlyingSocks/OcaFlyingSocksStreamController.swift",
"OCA/Backend/FlyingSocks/OcaFlyingSocksStreamDeviceEndpoint.swift",
"OCA/Backend/IORing/OcaIORingController.swift",
"OCA/Backend/IORing/OcaIORingDeviceEndpoint.swift",
"OCA/Backend/Network/OcaNWDatagramController.swift",
"OCA/Backend/Network/OcaNWDatagramDeviceEndpoint.swift",
"OCA/Backend/Network/OcaNWStreamController.swift",
"OCA/Backend/Network/OcaNWStreamDeviceEndpoint.swift",
"OCA/Backend/OcaDomainSocket.swift",
"OCA/ClassRegistry.swift",
"OCA/Controller.swift",
"OCA/ControllerNotifications.swift",
"OCA/DatasetStorageProviders/DatasetStorageProvider.swift",
"OCA/DatasetStorageProviders/FileDatasetStorageProvider.swift",
"OCA/DatasetStorageProviders/SQLiteDatasetStorageProvider.swift",
"OCA/Device.swift",
"OCA/DeviceEndpoint.swift",
"OCA/DeviceEndpointRegistrar.swift",
"OCA/OcaTCPController.swift",
"OCC/Adaptations/Aes67/Aes67ControlClasses.swift",
"OCC/Adaptations/Dante/DanteOcaMediaTransportApplication.swift",
"OCC/Adaptations/Milan/MilanOcaMediaTransportSessionAgent.swift",
"OCC/ControlClasses/Agents/Agent.swift",
"OCC/ControlClasses/Agents/CounterNotifier.swift",
"OCC/ControlClasses/Agents/CounterSetAgent.swift",
"OCC/ControlClasses/Agents/Group.swift",
"OCC/ControlClasses/Agents/MediaClock3.swift",
"OCC/ControlClasses/Agents/MediaTransportSessionAgent.swift",
"OCC/ControlClasses/Agents/PowerSupply.swift",
"OCC/ControlClasses/Agents/TimeSource.swift",
"OCC/ControlClasses/ApplicationNetworks/ApplicationNetwork.swift",
"OCC/ControlClasses/ApplicationNetworks/ControlNetwork.swift",
"OCC/ControlClasses/ApplicationNetworks/MediaTransportNetwork.swift",
"OCC/ControlClasses/CounterSetRepresentable.swift",
"OCC/ControlClasses/Dataset/Dataset.swift",
"OCC/ControlClasses/Dataset/FileDataset.swift",
"OCC/ControlClasses/Dataset/SQLiteDataset.swift",
"OCC/ControlClasses/Dataset/Serialization.swift",
"OCC/ControlClasses/DeviceMethod.swift",
"OCC/ControlClasses/Managers/AudioProcessingManager.swift",
"OCC/ControlClasses/Managers/CodingManager.swift",
"OCC/ControlClasses/Managers/DeviceManager.swift",
"OCC/ControlClasses/Managers/DeviceTimeManager.swift",
"OCC/ControlClasses/Managers/DiagnosticManager.swift",
"OCC/ControlClasses/Managers/FirmwareManager.swift",
"OCC/ControlClasses/Managers/LockManager.swift",
"OCC/ControlClasses/Managers/Manager.swift",
"OCC/ControlClasses/Managers/MediaClockManager.swift",
"OCC/ControlClasses/Managers/NetworkManager.swift",
"OCC/ControlClasses/Managers/SecurityManager.swift",
"OCC/ControlClasses/Managers/SubscriptionManager.swift",
"OCC/ControlClasses/Networks/MediaTransportApplication.swift",
"OCC/ControlClasses/Networks/NetworkApplication.swift",
"OCC/ControlClasses/Networks/NetworkInterface.swift",
"OCC/ControlClasses/PortsRepresentable.swift",
"OCC/ControlClasses/Root+Commands.swift",
"OCC/ControlClasses/Root.swift",
"OCC/ControlClasses/Workers/Actuators/Actuator.swift",
"OCC/ControlClasses/Workers/Actuators/BasicActuators.swift",
"OCC/ControlClasses/Workers/Actuators/Delay.swift",
"OCC/ControlClasses/Workers/Actuators/Dynamics.swift",
"OCC/ControlClasses/Workers/Actuators/Filters.swift",
"OCC/ControlClasses/Workers/Actuators/Frequency.swift",
"OCC/ControlClasses/Workers/Actuators/Gain.swift",
"OCC/ControlClasses/Workers/Actuators/IdentificationActuator.swift",
"OCC/ControlClasses/Workers/Actuators/Mute.swift",
"OCC/ControlClasses/Workers/Actuators/PanBalance.swift",
"OCC/ControlClasses/Workers/Actuators/PolarityState.swift",
"OCC/ControlClasses/Workers/Actuators/SamplingRateConverter.swift",
"OCC/ControlClasses/Workers/Actuators/SignalGenerator.swift",
"OCC/ControlClasses/Workers/Actuators/SignalInput.swift",
"OCC/ControlClasses/Workers/Actuators/SignalOutput.swift",
"OCC/ControlClasses/Workers/Actuators/SummingPoint.swift",
"OCC/ControlClasses/Workers/Actuators/Switch.swift",
"OCC/ControlClasses/Workers/Actuators/TemperatureActuator.swift",
"OCC/ControlClasses/Workers/BlocksAndMatrices/Block.swift",
"OCC/ControlClasses/Workers/BlocksAndMatrices/Matrix.swift",
"OCC/ControlClasses/Workers/Sensors/AudioLevelSensor.swift",
"OCC/ControlClasses/Workers/Sensors/BasicSensors.swift",
"OCC/ControlClasses/Workers/Sensors/CurrentSensor.swift",
"OCC/ControlClasses/Workers/Sensors/FrequencySensor.swift",
"OCC/ControlClasses/Workers/Sensors/GainSensor.swift",
"OCC/ControlClasses/Workers/Sensors/IdentificationSensor.swift",
"OCC/ControlClasses/Workers/Sensors/ImpedanceSensor.swift",
"OCC/ControlClasses/Workers/Sensors/LevelSensor.swift",
"OCC/ControlClasses/Workers/Sensors/PowerSensor.swift",
"OCC/ControlClasses/Workers/Sensors/Sensor.swift",
"OCC/ControlClasses/Workers/Sensors/StateSensor.swift",
"OCC/ControlClasses/Workers/Sensors/TemperatureSensor.swift",
"OCC/ControlClasses/Workers/Sensors/TimeIntervalSensor.swift",
"OCC/ControlClasses/Workers/Sensors/VoltageSensor.swift",
"OCC/ControlClasses/Workers/Worker.swift",
"OCC/PropertyTypes/BoundedDeviceProperty.swift",
"OCC/PropertyTypes/DeviceProperty.swift",
"OCC/PropertyTypes/DevicePropertyIntrospection.swift",
"OCC/PropertyTypes/VectorDeviceProperty.swift",
"OCP.1/Backend/CF/Ocp1CFController.swift",
"OCP.1/Backend/CF/Ocp1CFDeviceEndpoint.swift",
"OCP.1/Backend/DatagramProxy/DatagramProxyController.swift",
"OCP.1/Backend/DatagramProxy/DatagramProxyDeviceEndpoint.swift",
"OCP.1/Backend/FlyingSocks/Ocp1FlyingSocksLogging.swift",
"OCP.1/Backend/Local/LocalConnection.swift",
"OCP.1/Backend/Local/LocalController.swift",
"OCP.1/Backend/Local/LocalDeviceEndpoint.swift",
"OCP.1/Backend/MachPort/Ocp1MachPortController.swift",
"OCP.1/Backend/MachPort/Ocp1MachPortDeviceEndpoint.swift",
"OCP.1/Logger+Ocp1ControllerInternal.swift",
"OCP.1/Ocp1ControllerInternal.swift"
],
"target_dependencies" : [
"SwiftOCA",
"SwiftOCAMacros"
],
"type" : "library"
},
{
"c99name" : "SwiftOCA",
"module_type" : "SwiftTarget",
"name" : "SwiftOCA",
"path" : "Sources/SwiftOCA",
"product_dependencies" : [
"AsyncExtensions",
"AnyCodable",
"SocketAddress",
"AsyncAlgorithms",
"BinaryParsing",
"SystemPackage",
"Logging",
"Atomics",
"FlyingSocks",
"FlyingFox"
],
"product_memberships" : [
"SwiftOCA",
"SwiftOCASecure",
"SwiftOCADevice",
"SwiftOCASecureDevice",
"SwiftOCAUI",
"OCAPerfBench",
"OCAEventBenchmark",
"OCADevice",
"OCABrowser",
"OCABrokerTest"
],
"sources" : [
"OCA/Backend/OcaCFSocketConnection.swift",
"OCA/Backend/OcaFlyingFoxConnection.swift",
"OCA/Backend/OcaFlyingSocksConnection.swift",
"OCA/Backend/OcaIORingConnection.swift",
"OCA/Backend/OcaNWConnection.swift",
"OCA/Browsing/ConnectionBroker.swift",
"OCA/Browsing/DNSServiceBrowser.swift",
"OCA/Browsing/DNSServiceTXTRecord.swift",
"OCA/Browsing/NetServiceBrowser.swift",
"OCA/Browsing/NetworkAdvertisingServiceBrowser.swift",
"OCA/Browsing/NsdServiceBrowser.swift",
"OCA/ClassRegistry.swift",
"OCA/Connection.swift",
"OCA/Helpers/Data+Hex.swift",
"OCA/Helpers/Data+IntegerCodable.swift",
"OCA/Helpers/DeadlineTimer.swift",
"OCA/Helpers/HostnameResolution.swift",
"OCA/Helpers/LengthTaggedData16.swift",
"OCA/Helpers/LengthTaggedData32.swift",
"OCA/Helpers/Locking.swift",
"OCA/Helpers/Ocp1WriteQueue.swift",
"OCA/Helpers/Sequence+AsyncMap.swift",
"OCA/Helpers/SocketAddressHelpers.swift",
"OCA/Helpers/Task+Timeout.swift",
"OCA/Helpers/TimeHelpers.swift",
"OCA/Helpers/UnsafeMutablePointer+PropertyBasePointer.swift",
"OCA/Helpers/Weak.swift",
"OCA/Helpers/WinSDKCompat.swift",
"OCA/OcaConnection+Codable.swift",
"OCA/OcaConnection+Connect.swift",
"OCA/OcaConnection+Messages.swift",
"OCA/OcaConnection+Objects.swift",
"OCA/OcaConnection+Subscribe.swift",
"OCA/OcaConnection.swift",
"OCA/OcaConnectionMonitor.swift",
"OCA/OcaMessageBatcher.swift",
"OCA/OcaPeerIdentity.swift",
"OCC/Adaptations/Aes67/Aes67Adaptation.swift",
"OCC/Adaptations/Aes67/Aes67ControlClasses.swift",
"OCC/Adaptations/Aes67/Aes67DataTypes.swift",
"OCC/Adaptations/Common/EndpointCounterIDs.swift",
"OCC/Adaptations/Common/EndpointCounterSetID.swift",
"OCC/Adaptations/Common/RemoteEndpointID.swift",
"OCC/Adaptations/Dante/DanteAdaptation.swift",
"OCC/Adaptations/Dante/DanteDataTypes.swift",
"OCC/Adaptations/Dante/DanteOcaMediaTransportApplication.swift",
"OCC/Adaptations/Milan/MilanAdaptation.swift",
"OCC/Adaptations/Milan/MilanDataTypes.swift",
"OCC/Adaptations/Milan/MilanOcaMediaTransportSessionAgent.swift",
"OCC/Adaptations/Milan/MilanStreamFormat.swift",
"OCC/CollectionTypes/Array2D.swift",
"OCC/CollectionTypes/List2D.swift",
"OCC/ControlClasses/Agents/Agent.swift",
"OCC/ControlClasses/Agents/CounterNotifier.swift",
"OCC/ControlClasses/Agents/CounterSetAgent.swift",
"OCC/ControlClasses/Agents/EventHandler.swift",
"OCC/ControlClasses/Agents/Group.swift",
"OCC/ControlClasses/Agents/MediaClock3.swift",
"OCC/ControlClasses/Agents/MediaTransportSessionAgent.swift",
"OCC/ControlClasses/Agents/PhysicalPosition.swift",
"OCC/ControlClasses/Agents/PowerSupply.swift",
"OCC/ControlClasses/Agents/TimeSource.swift",
"OCC/ControlClasses/ApplicationNetworks/ApplicationNetwork.swift",
"OCC/ControlClasses/ApplicationNetworks/ControlNetwork.swift",
"OCC/ControlClasses/ApplicationNetworks/MediaTransportNetwork.swift",
"OCC/ControlClasses/Dataset/Dataset.swift",
"OCC/ControlClasses/Dataset/Log.swift",
"OCC/ControlClasses/Managers/AudioProcessingManager.swift",
"OCC/ControlClasses/Managers/CodingManager.swift",
"OCC/ControlClasses/Managers/DeviceManager.swift",
"OCC/ControlClasses/Managers/DeviceTimeManager.swift",
"OCC/ControlClasses/Managers/DiagnosticManager.swift",
"OCC/ControlClasses/Managers/FirmwareManager.swift",
"OCC/ControlClasses/Managers/LibraryManager.swift",
"OCC/ControlClasses/Managers/LockManager.swift",
"OCC/ControlClasses/Managers/Manager.swift",
"OCC/ControlClasses/Managers/MediaClockManager.swift",
"OCC/ControlClasses/Managers/NetworkManager.swift",
"OCC/ControlClasses/Managers/PowerManager.swift",
"OCC/ControlClasses/Managers/SecurityManager.swift",
"OCC/ControlClasses/Managers/SubscriptionManager.swift",
"OCC/ControlClasses/Managers/TaskManager.swift",
"OCC/ControlClasses/MethodDescriptor.swift",
"OCC/ControlClasses/Networks/MediaTransportApplication.swift",
"OCC/ControlClasses/Networks/NetworkApplication.swift",
"OCC/ControlClasses/Networks/NetworkInterface.swift",
"OCC/ControlClasses/Root+Commands.swift",
"OCC/ControlClasses/Root+JSON.swift",
"OCC/ControlClasses/Root.swift",
"OCC/ControlClasses/Workers/Actuators/Actuator.swift",
"OCC/ControlClasses/Workers/Actuators/BasicActuators.swift",
"OCC/ControlClasses/Workers/Actuators/Delay.swift",
"OCC/ControlClasses/Workers/Actuators/Dynamics.swift",
"OCC/ControlClasses/Workers/Actuators/Filters.swift",
"OCC/ControlClasses/Workers/Actuators/Frequency.swift",
"OCC/ControlClasses/Workers/Actuators/Gain.swift",
"OCC/ControlClasses/Workers/Actuators/IdentificationActuator.swift",
"OCC/ControlClasses/Workers/Actuators/Mute.swift",
"OCC/ControlClasses/Workers/Actuators/PanBalance.swift",
"OCC/ControlClasses/Workers/Actuators/Polarity.swift",
"OCC/ControlClasses/Workers/Actuators/SamplingRateConverter.swift",
"OCC/ControlClasses/Workers/Actuators/SignalGenerator.swift",
"OCC/ControlClasses/Workers/Actuators/SignalInput.swift",
"OCC/ControlClasses/Workers/Actuators/SignalOutput.swift",
"OCC/ControlClasses/Workers/Actuators/SummingPoint.swift",
"OCC/ControlClasses/Workers/Actuators/Switch.swift",
"OCC/ControlClasses/Workers/Actuators/TemperatureActuator.swift",
"OCC/ControlClasses/Workers/BlocksAndMatrices/Block.swift",
"OCC/ControlClasses/Workers/BlocksAndMatrices/Matrix.swift",
"OCC/ControlClasses/Workers/DataSets/DataSetWorker.swift",
"OCC/ControlClasses/Workers/DataSets/MediaRecorderPlayer.swift",
"OCC/ControlClasses/Workers/Sensors/AudioLevelSensor.swift",
"OCC/ControlClasses/Workers/Sensors/BasicSensors.swift",
"OCC/ControlClasses/Workers/Sensors/CurrentSensor.swift",
"OCC/ControlClasses/Workers/Sensors/FrequencySensor.swift",
"OCC/ControlClasses/Workers/Sensors/GainSensor.swift",
"OCC/ControlClasses/Workers/Sensors/IdentificationSensor.swift",
"OCC/ControlClasses/Workers/Sensors/ImpedanceSensor.swift",
"OCC/ControlClasses/Workers/Sensors/LevelSensor.swift",
"OCC/ControlClasses/Workers/Sensors/PowerSensor.swift",
"OCC/ControlClasses/Workers/Sensors/Sensor.swift",
"OCC/ControlClasses/Workers/Sensors/StateSensor.swift",
"OCC/ControlClasses/Workers/Sensors/TemperatureSensor.swift",
"OCC/ControlClasses/Workers/Sensors/TimeIntervalSensor.swift",
"OCC/ControlClasses/Workers/Sensors/VoltageSensor.swift",
"OCC/ControlClasses/Workers/Worker.swift",
"OCC/ControlDataTypes/ApplicationNetworkDataTypes.swift",
"OCC/ControlDataTypes/BaseDataTypes.swift",
"OCC/ControlDataTypes/CommandSetDataTypes.swift",
"OCC/ControlDataTypes/CounterDataTypes.swift",
"OCC/ControlDataTypes/DataSetDataTypes.swift",
"OCC/ControlDataTypes/DeviceManagerDataTypes.swift",
"OCC/ControlDataTypes/EventDataTypes.swift",
"OCC/ControlDataTypes/FirmwareManagerDataTypes.swift",
"OCC/ControlDataTypes/LibraryManagerDataTypes.swift",
"OCC/ControlDataTypes/LoggingDataTypes.swift",
"OCC/ControlDataTypes/ManagerDataTypes.swift",
"OCC/ControlDataTypes/MediaClockDataTypes.swift",
"OCC/ControlDataTypes/MediaDataTypes.swift",
"OCC/ControlDataTypes/MediaStreamDataTypes.swift",
"OCC/ControlDataTypes/MiscFrameworkDataTypes.swift",
"OCC/ControlDataTypes/ModelDataTypes.swift",
"OCC/ControlDataTypes/NetworkApplicationDataTypes.swift",
"OCC/ControlDataTypes/NetworkDataTypes.swift",
"OCC/ControlDataTypes/OcaMacAddress.swift",
"OCC/ControlDataTypes/PowerManagerDataTypes.swift",
"OCC/ControlDataTypes/ProgrammingDataTypes.swift",
"OCC/ControlDataTypes/SearchDataTypes.swift",
"OCC/ControlDataTypes/TaskManagerDataTypes.swift",
"OCC/ControlDataTypes/TimeDataTypes.swift",
"OCC/ControlDataTypes/TypedBlob.swift",
"OCC/ControlDataTypes/WellKnownObjectNumbers.swift",
"OCC/ControlDataTypes/WorkerDataTypes.swift",
"OCC/PropertyTypes/BoundedProperty.swift",
"OCC/PropertyTypes/ListProperty.swift",
"OCC/PropertyTypes/MapProperty.swift",
"OCC/PropertyTypes/Property.swift",
"OCC/PropertyTypes/VectorProperty.swift",
"OCF/Errors.swift",
"OCF/Messages/Command.swift",
"OCF/Messages/DeviceReset.swift",
"OCF/Messages/Header.swift",
"OCF/Messages/KeepAlive.swift",
"OCF/Messages/MessageType.swift",
"OCF/Messages/Notification1.swift",
"OCF/Messages/Notification2.swift",
"OCF/Messages/Response.swift",
"OCF/OcaWireFormat.swift",
"OCP.1/Backend/Ocp1MachPortConnection.swift",
"OCP.1/Backend/Ocp1MachPortSupport.swift",
"OCP.1/Ocp1CoderAPI.swift",
"OCP.1/Ocp1CoderDispatch.swift",
"OCP.1/Ocp1Decoder.swift",
"OCP.1/Ocp1Encoder.swift",
"OCP.1/Ocp1WireFormat.swift",
"OCP.1/ReflectionMirror/ReflectionMirror.swift",
"OCP.2/Ocp2Decoder.swift",
"OCP.2/Ocp2Encoder.swift",
"OCP.2/Ocp2EventData.swift",
"OCP.2/Ocp2JSON.swift",
"OCP.2/Ocp2Message.swift",
"OCP.2/Ocp2Naming.swift",
"OCP.2/Ocp2TypedBlob.swift",
"OCP.2/Ocp2WireFormat.swift"
],
"target_dependencies" : [
"SwiftOCAMacros"
],
"type" : "library"
},
{
"c99name" : "OCAPerfBench",
"module_type" : "SwiftTarget",
"name" : "OCAPerfBench",
"path" : "Examples/OCAPerfBench",
"product_memberships" : [
"OCAPerfBench"
],
"sources" : [
"PerfBench.swift"
],
"target_dependencies" : [
"SwiftOCA",
"SwiftOCADevice"
],
"type" : "executable"
},
{
"c99name" : "OCAEventBenchmark",
"module_type" : "SwiftTarget",
"name" : "OCAEventBenchmark",
"path" : "Examples/OCAEventBenchmark",
"product_memberships" : [
"OCAEventBenchmark"
],
"sources" : [
"EventBenchmark.swift"
],
"target_dependencies" : [
"SwiftOCA"
],
"type" : "executable"
},
{
"c99name" : "OCADevice",
"module_type" : "SwiftTarget",
"name" : "OCADevice",
"path" : "Examples/OCADevice",
"product_memberships" : [
"OCADevice"
],
"sources" : [
"DeviceApp.swift"
],
"target_dependencies" : [
"SwiftOCADevice",
"SwiftOCASecure",
"SwiftOCASecureDevice"
],
"type" : "executable"
},
{
"c99name" : "OCABrowser",
"module_type" : "SwiftTarget",
"name" : "OCABrowser",
"path" : "Examples/OCABrowser",
"product_memberships" : [
"OCABrowser"
],
"resources" : [
{
"path" : "/Users/admin/builder/spi-builder-workspace/Examples/OCABrowser/Assets.xcassets",
"rule" : {
"process" : {
}
}
},
{
"path" : "/Users/admin/builder/spi-builder-workspace/Examples/OCABrowser/OCABrowser.entitlements",
"rule" : {
"process" : {
}
}
},
{
"path" : "/Users/admin/builder/spi-builder-workspace/Examples/OCABrowser/Preview Content/Preview Assets.xcassets",
"rule" : {
"process" : {
}
}
}
],
"sources" : [
"BrowserApp.swift"
],
"target_dependencies" : [
"SwiftOCAUI"
],
"type" : "executable"
},
{
"c99name" : "OCABrokerTest",
"module_type" : "SwiftTarget",
"name" : "OCABrokerTest",
"path" : "Examples/OCABrokerTest",
"product_memberships" : [
"OCABrokerTest"
],
"sources" : [
"BrokerTest.swift"
],
"target_dependencies" : [
"SwiftOCA"
],
"type" : "executable"
},
{
"c99name" : "COpenSSL",
"module_type" : "SystemLibraryTarget",
"name" : "COpenSSL",
"path" : "Sources/COpenSSL",
"sources" : [
],
"type" : "system-target"
}
],
"tools_version" : "6.2"
}
{
"workspace" : {
"name" : "spi-builder-workspace",
"schemes" : [
"AsyncExtensions",
"OCABrokerTest",
"OCABrowser",
"OCADevice",
"OCAEventBenchmark",
"OCAPerfBench",
"SwiftOCA",
"SwiftOCA-Package",
"SwiftOCADevice",
"SwiftOCASecure",
"SwiftOCASecureDevice",
"SwiftOCAUI"
]
}
}
2026-10-09 02:08:18.132 xcodebuild[1906:10460] [MT] IDERunDestination: Supported platforms for the buildables in the current scheme is empty.
Running build ...
env DEVELOPER_DIR=/Applications/Xcode-26.3.0.app xcrun xcodebuild -IDEClonedSourcePackagesDirPathOverride=$PWD/.dependencies -skipMacroValidation -skipPackagePluginValidation -derivedDataPath $PWD/.derivedData build -scheme SwiftOCA-Package -destination platform=macOS,arch=arm64
Command line invocation:
/Applications/Xcode-26.3.0.app/Contents/Developer/usr/bin/xcodebuild -IDEClonedSourcePackagesDirPathOverride=/Users/admin/builder/spi-builder-workspace/.dependencies -skipMacroValidation -skipPackagePluginValidation -derivedDataPath /Users/admin/builder/spi-builder-workspace/.derivedData build -scheme SwiftOCA-Package -destination platform=macOS,arch=arm64
Resolve Package Graph
failed to retrieve search paths with pkg-config; maybe pkg-config is not installedcouldn't find pc file for openssl
Resolved source packages:
swift-async-algorithms: https://github.com/apple/swift-async-algorithms @ 1.1.7
AnyCodable: https://github.com/Flight-School/AnyCodable @ 0.6.7
swift-syntax: https://github.com/swiftlang/swift-syntax.git @ 602.0.0
GzipSwift: https://github.com/1024jp/GzipSwift @ 6.1.0
SocketAddress: https://github.com/PADL/SocketAddress @ 0.5.2
swift-system: https://github.com/apple/swift-system @ 1.8.1
SwiftOCA: /Users/admin/builder/spi-builder-workspace
AsyncExtensions: https://github.com/sideeffect-io/AsyncExtensions @ 0.7.0
swift-atomics: https://github.com/apple/swift-atomics @ 1.3.1
Sliders: https://github.com/spacenation/swiftui-sliders @ 2.1.0
FlyingFox: https://github.com/swhitty/FlyingFox @ 0.27.1
swift-log: https://github.com/apple/swift-log @ 1.16.1
swift-collections: https://github.com/apple/swift-collections.git @ 1.7.2
swift-binary-parsing: https://github.com/apple/swift-binary-parsing @ 0.0.2
SQLite.swift: https://github.com/stephencelis/SQLite.swift.git @ 0.16.0
ComputePackagePrebuildTargetDependencyGraph
Prepare packages
CreateBuildRequest
SendProjectDescription
CreateBuildOperation
ComputeTargetDependencyGraph
note: Building targets in dependency order
note: Target dependency graph (61 targets)
Target 'OCAPerfBench' in project 'SwiftOCA'
➜ Explicit dependency on target 'SwiftOCAMacros' in project 'SwiftOCA'
➜ Explicit dependency on target 'SwiftOCA' in project 'SwiftOCA'
➜ Explicit dependency on target 'SwiftOCADevice' in project 'SwiftOCA'
➜ Explicit dependency on target 'AsyncExtensions' in project 'AsyncExtensions'
➜ Explicit dependency on target 'AnyCodable' in project 'AnyCodable'
➜ Explicit dependency on target 'SocketAddress' in project 'SocketAddress'
➜ Explicit dependency on target 'AsyncAlgorithms' in project 'swift-async-algorithms'
➜ Explicit dependency on target 'BinaryParsing' in project 'swift-binary-parsing'
➜ Explicit dependency on target 'SystemPackage' in project 'swift-system'
➜ Explicit dependency on target 'Logging' in project 'swift-log'
➜ Explicit dependency on target 'Atomics' in project 'swift-atomics'
➜ Explicit dependency on target 'FlyingSocks' in project 'FlyingFox'
➜ Explicit dependency on target 'FlyingFox' in project 'FlyingFox'
➜ Explicit dependency on target 'Gzip' in project 'GzipSwift'
➜ Explicit dependency on target 'SQLite' in project 'SQLite.swift'
Target 'OCAEventBenchmark' in project 'SwiftOCA'
➜ Explicit dependency on target 'SwiftOCAMacros' in project 'SwiftOCA'
➜ Explicit dependency on target 'SwiftOCA' in project 'SwiftOCA'
➜ Explicit dependency on target 'AsyncExtensions' in project 'AsyncExtensions'
➜ Explicit dependency on target 'AnyCodable' in project 'AnyCodable'
➜ Explicit dependency on target 'SocketAddress' in project 'SocketAddress'
➜ Explicit dependency on target 'AsyncAlgorithms' in project 'swift-async-algorithms'
➜ Explicit dependency on target 'BinaryParsing' in project 'swift-binary-parsing'
➜ Explicit dependency on target 'SystemPackage' in project 'swift-system'
➜ Explicit dependency on target 'Logging' in project 'swift-log'
➜ Explicit dependency on target 'Atomics' in project 'swift-atomics'
➜ Explicit dependency on target 'FlyingSocks' in project 'FlyingFox'
➜ Explicit dependency on target 'FlyingFox' in project 'FlyingFox'
Target 'OCADevice' in project 'SwiftOCA'
➜ Explicit dependency on target 'SwiftOCAMacros' in project 'SwiftOCA'
➜ Explicit dependency on target 'SwiftOCA' in project 'SwiftOCA'
➜ Explicit dependency on target 'SwiftOCADevice' in project 'SwiftOCA'
➜ Explicit dependency on target 'SwiftOCASecure' in project 'SwiftOCA'
➜ Explicit dependency on target 'SwiftOCASecureDevice' in project 'SwiftOCA'
➜ Explicit dependency on target 'AsyncExtensions' in project 'AsyncExtensions'
➜ Explicit dependency on target 'AnyCodable' in project 'AnyCodable'
➜ Explicit dependency on target 'SocketAddress' in project 'SocketAddress'
➜ Explicit dependency on target 'AsyncAlgorithms' in project 'swift-async-algorithms'
➜ Explicit dependency on target 'BinaryParsing' in project 'swift-binary-parsing'
➜ Explicit dependency on target 'SystemPackage' in project 'swift-system'
➜ Explicit dependency on target 'Logging' in project 'swift-log'
➜ Explicit dependency on target 'Atomics' in project 'swift-atomics'
➜ Explicit dependency on target 'FlyingSocks' in project 'FlyingFox'
➜ Explicit dependency on target 'FlyingFox' in project 'FlyingFox'
➜ Explicit dependency on target 'Gzip' in project 'GzipSwift'
➜ Explicit dependency on target 'SQLite' in project 'SQLite.swift'
Target 'OCABrowser' in project 'SwiftOCA'
➜ Explicit dependency on target 'SwiftOCA_OCABrowser' in project 'SwiftOCA'
➜ Explicit dependency on target 'SwiftOCAMacros' in project 'SwiftOCA'
➜ Explicit dependency on target 'SwiftOCA' in project 'SwiftOCA'
➜ Explicit dependency on target 'SwiftOCAUI' in project 'SwiftOCA'
➜ Explicit dependency on target 'AsyncExtensions' in project 'AsyncExtensions'
➜ Explicit dependency on target 'AnyCodable' in project 'AnyCodable'
➜ Explicit dependency on target 'SocketAddress' in project 'SocketAddress'
➜ Explicit dependency on target 'AsyncAlgorithms' in project 'swift-async-algorithms'
➜ Explicit dependency on target 'BinaryParsing' in project 'swift-binary-parsing'
➜ Explicit dependency on target 'SystemPackage' in project 'swift-system'
➜ Explicit dependency on target 'Logging' in project 'swift-log'
➜ Explicit dependency on target 'Atomics' in project 'swift-atomics'
➜ Explicit dependency on target 'FlyingSocks' in project 'FlyingFox'
➜ Explicit dependency on target 'FlyingFox' in project 'FlyingFox'
➜ Explicit dependency on target 'Sliders' in project 'Sliders'
Target 'SwiftOCA_OCABrowser' in project 'SwiftOCA' (no dependencies)
Target 'OCABrokerTest' in project 'SwiftOCA'
➜ Explicit dependency on target 'SwiftOCAMacros' in project 'SwiftOCA'
➜ Explicit dependency on target 'SwiftOCA' in project 'SwiftOCA'
➜ Explicit dependency on target 'AsyncExtensions' in project 'AsyncExtensions'
➜ Explicit dependency on target 'AnyCodable' in project 'AnyCodable'
➜ Explicit dependency on target 'SocketAddress' in project 'SocketAddress'
➜ Explicit dependency on target 'AsyncAlgorithms' in project 'swift-async-algorithms'
➜ Explicit dependency on target 'BinaryParsing' in project 'swift-binary-parsing'
➜ Explicit dependency on target 'SystemPackage' in project 'swift-system'
➜ Explicit dependency on target 'Logging' in project 'swift-log'
➜ Explicit dependency on target 'Atomics' in project 'swift-atomics'
➜ Explicit dependency on target 'FlyingSocks' in project 'FlyingFox'
➜ Explicit dependency on target 'FlyingFox' in project 'FlyingFox'
Target 'SwiftOCAUI' in project 'SwiftOCA'
➜ Explicit dependency on target 'SwiftOCAUI' in project 'SwiftOCA'
➜ Explicit dependency on target 'SwiftOCAMacros' in project 'SwiftOCA'
➜ Explicit dependency on target 'SwiftOCA' in project 'SwiftOCA'
➜ Explicit dependency on target 'AsyncExtensions' in project 'AsyncExtensions'
➜ Explicit dependency on target 'AnyCodable' in project 'AnyCodable'
➜ Explicit dependency on target 'SocketAddress' in project 'SocketAddress'
➜ Explicit dependency on target 'AsyncAlgorithms' in project 'swift-async-algorithms'
➜ Explicit dependency on target 'BinaryParsing' in project 'swift-binary-parsing'
➜ Explicit dependency on target 'SystemPackage' in project 'swift-system'
➜ Explicit dependency on target 'Logging' in project 'swift-log'
➜ Explicit dependency on target 'Atomics' in project 'swift-atomics'
➜ Explicit dependency on target 'FlyingSocks' in project 'FlyingFox'
➜ Explicit dependency on target 'FlyingFox' in project 'FlyingFox'
➜ Explicit dependency on target 'Sliders' in project 'Sliders'
Target 'SwiftOCAUI' in project 'SwiftOCA'
➜ Explicit dependency on target 'SwiftOCAMacros' in project 'SwiftOCA'
➜ Explicit dependency on target 'SwiftOCA' in project 'SwiftOCA'
➜ Explicit dependency on target 'AsyncExtensions' in project 'AsyncExtensions'
➜ Explicit dependency on target 'AnyCodable' in project 'AnyCodable'
➜ Explicit dependency on target 'SocketAddress' in project 'SocketAddress'
➜ Explicit dependency on target 'AsyncAlgorithms' in project 'swift-async-algorithms'
➜ Explicit dependency on target 'BinaryParsing' in project 'swift-binary-parsing'
➜ Explicit dependency on target 'SystemPackage' in project 'swift-system'
➜ Explicit dependency on target 'Logging' in project 'swift-log'
➜ Explicit dependency on target 'Atomics' in project 'swift-atomics'
➜ Explicit dependency on target 'FlyingSocks' in project 'FlyingFox'
➜ Explicit dependency on target 'FlyingFox' in project 'FlyingFox'
➜ Explicit dependency on target 'Sliders' in project 'Sliders'
Target 'Sliders' in project 'Sliders'
➜ Explicit dependency on target 'Sliders' in project 'Sliders'
Target 'Sliders' in project 'Sliders' (no dependencies)
Target 'SwiftOCASecureDevice' in project 'SwiftOCA'
➜ Explicit dependency on target 'SwiftOCASecureDevice' in project 'SwiftOCA'
➜ Explicit dependency on target 'SwiftOCAMacros' in project 'SwiftOCA'
➜ Explicit dependency on target 'SwiftOCA' in project 'SwiftOCA'
➜ Explicit dependency on target 'SwiftOCASecure' in project 'SwiftOCA'
➜ Explicit dependency on target 'SwiftOCADevice' in project 'SwiftOCA'
➜ Explicit dependency on target 'AsyncExtensions' in project 'AsyncExtensions'
➜ Explicit dependency on target 'AnyCodable' in project 'AnyCodable'
➜ Explicit dependency on target 'SocketAddress' in project 'SocketAddress'
➜ Explicit dependency on target 'AsyncAlgorithms' in project 'swift-async-algorithms'
➜ Explicit dependency on target 'BinaryParsing' in project 'swift-binary-parsing'
➜ Explicit dependency on target 'SystemPackage' in project 'swift-system'
➜ Explicit dependency on target 'Logging' in project 'swift-log'
➜ Explicit dependency on target 'Atomics' in project 'swift-atomics'
➜ Explicit dependency on target 'FlyingSocks' in project 'FlyingFox'
➜ Explicit dependency on target 'FlyingFox' in project 'FlyingFox'
➜ Explicit dependency on target 'Gzip' in project 'GzipSwift'
➜ Explicit dependency on target 'SQLite' in project 'SQLite.swift'
Target 'SwiftOCASecureDevice' in project 'SwiftOCA'
➜ Explicit dependency on target 'SwiftOCAMacros' in project 'SwiftOCA'
➜ Explicit dependency on target 'SwiftOCA' in project 'SwiftOCA'
➜ Explicit dependency on target 'SwiftOCASecure' in project 'SwiftOCA'
➜ Explicit dependency on target 'SwiftOCADevice' in project 'SwiftOCA'
➜ Explicit dependency on target 'AsyncExtensions' in project 'AsyncExtensions'
➜ Explicit dependency on target 'AnyCodable' in project 'AnyCodable'
➜ Explicit dependency on target 'SocketAddress' in project 'SocketAddress'
➜ Explicit dependency on target 'AsyncAlgorithms' in project 'swift-async-algorithms'
➜ Explicit dependency on target 'BinaryParsing' in project 'swift-binary-parsing'
➜ Explicit dependency on target 'SystemPackage' in project 'swift-system'
➜ Explicit dependency on target 'Logging' in project 'swift-log'
➜ Explicit dependency on target 'Atomics' in project 'swift-atomics'
➜ Explicit dependency on target 'FlyingSocks' in project 'FlyingFox'
➜ Explicit dependency on target 'FlyingFox' in project 'FlyingFox'
➜ Explicit dependency on target 'Gzip' in project 'GzipSwift'
➜ Explicit dependency on target 'SQLite' in project 'SQLite.swift'
Target 'SwiftOCASecure' in project 'SwiftOCA'
➜ Explicit dependency on target 'SwiftOCASecure' in project 'SwiftOCA'
➜ Explicit dependency on target 'SwiftOCAMacros' in project 'SwiftOCA'
➜ Explicit dependency on target 'SwiftOCA' in project 'SwiftOCA'
➜ Explicit dependency on target 'AsyncExtensions' in project 'AsyncExtensions'
➜ Explicit dependency on target 'AnyCodable' in project 'AnyCodable'
➜ Explicit dependency on target 'SocketAddress' in project 'SocketAddress'
➜ Explicit dependency on target 'AsyncAlgorithms' in project 'swift-async-algorithms'
➜ Explicit dependency on target 'BinaryParsing' in project 'swift-binary-parsing'
➜ Explicit dependency on target 'SystemPackage' in project 'swift-system'
➜ Explicit dependency on target 'Logging' in project 'swift-log'
➜ Explicit dependency on target 'Atomics' in project 'swift-atomics'
➜ Explicit dependency on target 'FlyingSocks' in project 'FlyingFox'
➜ Explicit dependency on target 'FlyingFox' in project 'FlyingFox'
Target 'SwiftOCASecure' in project 'SwiftOCA'
➜ Explicit dependency on target 'SwiftOCAMacros' in project 'SwiftOCA'
➜ Explicit dependency on target 'SwiftOCA' in project 'SwiftOCA'
➜ Explicit dependency on target 'AsyncExtensions' in project 'AsyncExtensions'
➜ Explicit dependency on target 'AnyCodable' in project 'AnyCodable'
➜ Explicit dependency on target 'SocketAddress' in project 'SocketAddress'
➜ Explicit dependency on target 'AsyncAlgorithms' in project 'swift-async-algorithms'
➜ Explicit dependency on target 'BinaryParsing' in project 'swift-binary-parsing'
➜ Explicit dependency on target 'SystemPackage' in project 'swift-system'
➜ Explicit dependency on target 'Logging' in project 'swift-log'
➜ Explicit dependency on target 'Atomics' in project 'swift-atomics'
➜ Explicit dependency on target 'FlyingSocks' in project 'FlyingFox'
➜ Explicit dependency on target 'FlyingFox' in project 'FlyingFox'
Target 'SwiftOCADevice' in project 'SwiftOCA'
➜ Explicit dependency on target 'SwiftOCADevice' in project 'SwiftOCA'
➜ Explicit dependency on target 'SwiftOCAMacros' in project 'SwiftOCA'
➜ Explicit dependency on target 'SwiftOCA' in project 'SwiftOCA'
➜ Explicit dependency on target 'AsyncExtensions' in project 'AsyncExtensions'
➜ Explicit dependency on target 'AnyCodable' in project 'AnyCodable'
➜ Explicit dependency on target 'SocketAddress' in project 'SocketAddress'
➜ Explicit dependency on target 'AsyncAlgorithms' in project 'swift-async-algorithms'
➜ Explicit dependency on target 'BinaryParsing' in project 'swift-binary-parsing'
➜ Explicit dependency on target 'SystemPackage' in project 'swift-system'
➜ Explicit dependency on target 'Logging' in project 'swift-log'
➜ Explicit dependency on target 'Atomics' in project 'swift-atomics'
➜ Explicit dependency on target 'FlyingSocks' in project 'FlyingFox'
➜ Explicit dependency on target 'FlyingFox' in project 'FlyingFox'
➜ Explicit dependency on target 'Gzip' in project 'GzipSwift'
➜ Explicit dependency on target 'SQLite' in project 'SQLite.swift'
Target 'SwiftOCADevice' in project 'SwiftOCA'
➜ Explicit dependency on target 'SwiftOCAMacros' in project 'SwiftOCA'
➜ Explicit dependency on target 'SwiftOCA' in project 'SwiftOCA'
➜ Explicit dependency on target 'AsyncExtensions' in project 'AsyncExtensions'
➜ Explicit dependency on target 'AnyCodable' in project 'AnyCodable'
➜ Explicit dependency on target 'SocketAddress' in project 'SocketAddress'
➜ Explicit dependency on target 'AsyncAlgorithms' in project 'swift-async-algorithms'
➜ Explicit dependency on target 'BinaryParsing' in project 'swift-binary-parsing'
➜ Explicit dependency on target 'SystemPackage' in project 'swift-system'
➜ Explicit dependency on target 'Logging' in project 'swift-log'
➜ Explicit dependency on target 'Atomics' in project 'swift-atomics'
➜ Explicit dependency on target 'FlyingSocks' in project 'FlyingFox'
➜ Explicit dependency on target 'FlyingFox' in project 'FlyingFox'
➜ Explicit dependency on target 'Gzip' in project 'GzipSwift'
➜ Explicit dependency on target 'SQLite' in project 'SQLite.swift'
Target 'SQLite' in project 'SQLite.swift'
➜ Explicit dependency on target 'SQLite' in project 'SQLite.swift'
➜ Explicit dependency on target 'SQLite.swift_SQLite' in project 'SQLite.swift'
Target 'SQLite' in project 'SQLite.swift'
➜ Explicit dependency on target 'SQLite.swift_SQLite' in project 'SQLite.swift'
Target 'SQLite.swift_SQLite' in project 'SQLite.swift' (no dependencies)
Target 'Gzip' in project 'GzipSwift'
➜ Explicit dependency on target 'Gzip' in project 'GzipSwift'
➜ Explicit dependency on target 'system-zlib' in project 'GzipSwift'
Target 'Gzip' in project 'GzipSwift'
➜ Explicit dependency on target 'system-zlib' in project 'GzipSwift'
Target 'system-zlib' in project 'GzipSwift' (no dependencies)
Target 'SwiftOCA' in project 'SwiftOCA'
➜ Explicit dependency on target 'SwiftOCA' in project 'SwiftOCA'
➜ Explicit dependency on target 'SwiftOCAMacros' in project 'SwiftOCA'
➜ Explicit dependency on target 'AsyncExtensions' in project 'AsyncExtensions'
➜ Explicit dependency on target 'AnyCodable' in project 'AnyCodable'
➜ Explicit dependency on target 'SocketAddress' in project 'SocketAddress'
➜ Explicit dependency on target 'AsyncAlgorithms' in project 'swift-async-algorithms'
➜ Explicit dependency on target 'BinaryParsing' in project 'swift-binary-parsing'
➜ Explicit dependency on target 'SystemPackage' in project 'swift-system'
➜ Explicit dependency on target 'Logging' in project 'swift-log'
➜ Explicit dependency on target 'Atomics' in project 'swift-atomics'
➜ Explicit dependency on target 'FlyingSocks' in project 'FlyingFox'
➜ Explicit dependency on target 'FlyingFox' in project 'FlyingFox'
Target 'SwiftOCA' in project 'SwiftOCA'
➜ Explicit dependency on target 'SwiftOCAMacros' in project 'SwiftOCA'
➜ Explicit dependency on target 'AsyncExtensions' in project 'AsyncExtensions'
➜ Explicit dependency on target 'AnyCodable' in project 'AnyCodable'
➜ Explicit dependency on target 'SocketAddress' in project 'SocketAddress'
➜ Explicit dependency on target 'AsyncAlgorithms' in project 'swift-async-algorithms'
➜ Explicit dependency on target 'BinaryParsing' in project 'swift-binary-parsing'
➜ Explicit dependency on target 'SystemPackage' in project 'swift-system'
➜ Explicit dependency on target 'Logging' in project 'swift-log'
➜ Explicit dependency on target 'Atomics' in project 'swift-atomics'
➜ Explicit dependency on target 'FlyingSocks' in project 'FlyingFox'
➜ Explicit dependency on target 'FlyingFox' in project 'FlyingFox'
Target 'FlyingFox' in project 'FlyingFox'
➜ Explicit dependency on target 'FlyingFox' in project 'FlyingFox'
➜ Explicit dependency on target 'FlyingSocks' in project 'FlyingFox'
Target 'FlyingFox' in project 'FlyingFox'
➜ Explicit dependency on target 'FlyingSocks' in project 'FlyingFox'
Target 'FlyingSocks' in project 'FlyingFox'
➜ Explicit dependency on target 'FlyingSocks' in project 'FlyingFox'
Target 'FlyingSocks' in project 'FlyingFox' (no dependencies)
Target 'Atomics' in project 'swift-atomics'
➜ Explicit dependency on target 'Atomics' in project 'swift-atomics'
➜ Explicit dependency on target '_AtomicsShims' in project 'swift-atomics'
Target 'Atomics' in project 'swift-atomics'
➜ Explicit dependency on target '_AtomicsShims' in project 'swift-atomics'
Target '_AtomicsShims' in project 'swift-atomics' (no dependencies)
Target 'Logging' in project 'swift-log'
➜ Explicit dependency on target 'Logging' in project 'swift-log'
Target 'Logging' in project 'swift-log' (no dependencies)
Target 'BinaryParsing' in project 'swift-binary-parsing'
➜ Explicit dependency on target 'BinaryParsing' in project 'swift-binary-parsing'
➜ Explicit dependency on target 'BinaryParsingMacros' in project 'swift-binary-parsing'
Target 'BinaryParsing' in project 'swift-binary-parsing'
➜ Explicit dependency on target 'BinaryParsingMacros' in project 'swift-binary-parsing'
Target 'BinaryParsingMacros' in project 'swift-binary-parsing' (no dependencies)
Target 'AsyncAlgorithms' in project 'swift-async-algorithms'
➜ Explicit dependency on target 'AsyncAlgorithms' in project 'swift-async-algorithms'
➜ Explicit dependency on target 'OrderedCollections' in project 'swift-collections'
➜ Explicit dependency on target 'DequeModule' in project 'swift-collections'
Target 'AsyncAlgorithms' in project 'swift-async-algorithms'
➜ Explicit dependency on target 'OrderedCollections' in project 'swift-collections'
➜ Explicit dependency on target 'DequeModule' in project 'swift-collections'
Target 'DequeModule' in project 'swift-collections'
➜ Explicit dependency on target 'DequeModule' in project 'swift-collections'
➜ Explicit dependency on target 'InternalCollectionsUtilities' in project 'swift-collections'
➜ Explicit dependency on target 'SpanPreview' in project 'swift-collections'
Target 'OrderedCollections' in project 'swift-collections'
➜ Explicit dependency on target 'OrderedCollections' in project 'swift-collections'
➜ Explicit dependency on target 'InternalCollectionsUtilities' in project 'swift-collections'
Target 'SocketAddress' in project 'SocketAddress'
➜ Explicit dependency on target 'SocketAddress' in project 'SocketAddress'
➜ Explicit dependency on target 'SystemPackage' in project 'swift-system'
Target 'SocketAddress' in project 'SocketAddress'
➜ Explicit dependency on target 'CLinuxSockAddr' in project 'SocketAddress'
➜ Explicit dependency on target 'SystemPackage' in project 'swift-system'
Target 'SystemPackage' in project 'swift-system'
➜ Explicit dependency on target 'SystemPackage' in project 'swift-system'
➜ Explicit dependency on target 'CSystem' in project 'swift-system'
Target 'SystemPackage' in project 'swift-system'
➜ Explicit dependency on target 'CSystem' in project 'swift-system'
Target 'CSystem' in project 'swift-system' (no dependencies)
Target 'CLinuxSockAddr' in project 'SocketAddress' (no dependencies)
Target 'AnyCodable' in project 'AnyCodable'
➜ Explicit dependency on target 'AnyCodable' in project 'AnyCodable'
Target 'AnyCodable' in project 'AnyCodable' (no dependencies)
Target 'AsyncExtensions' in project 'AsyncExtensions'
➜ Explicit dependency on target 'AsyncExtensions' in project 'AsyncExtensions'
➜ Explicit dependency on target 'Collections' in project 'swift-collections'
Target 'AsyncExtensions' in project 'AsyncExtensions'
➜ Explicit dependency on target 'Collections' in project 'swift-collections'
Target 'Collections' in project 'swift-collections'
➜ Explicit dependency on target 'Collections' in project 'swift-collections'
➜ Explicit dependency on target 'InternalCollectionsUtilities' in project 'swift-collections'
➜ Explicit dependency on target 'BitCollections' in project 'swift-collections'
➜ Explicit dependency on target 'SpanPreview' in project 'swift-collections'
➜ Explicit dependency on target 'DequeModule' in project 'swift-collections'
➜ Explicit dependency on target 'HashTreeCollections' in project 'swift-collections'
➜ Explicit dependency on target 'HeapModule' in project 'swift-collections'
➜ Explicit dependency on target 'OrderedCollections' in project 'swift-collections'
➜ Explicit dependency on target '_RopeModule' in project 'swift-collections'
Target 'Collections' in project 'swift-collections'
➜ Explicit dependency on target 'InternalCollectionsUtilities' in project 'swift-collections'
➜ Explicit dependency on target 'BitCollections' in project 'swift-collections'
➜ Explicit dependency on target 'SpanPreview' in project 'swift-collections'
➜ Explicit dependency on target 'DequeModule' in project 'swift-collections'
➜ Explicit dependency on target 'HashTreeCollections' in project 'swift-collections'
➜ Explicit dependency on target 'HeapModule' in project 'swift-collections'
➜ Explicit dependency on target 'OrderedCollections' in project 'swift-collections'
➜ Explicit dependency on target '_RopeModule' in project 'swift-collections'
Target '_RopeModule' in project 'swift-collections'
➜ Explicit dependency on target 'InternalCollectionsUtilities' in project 'swift-collections'
Target 'OrderedCollections' in project 'swift-collections'
➜ Explicit dependency on target 'InternalCollectionsUtilities' in project 'swift-collections'
Target 'HeapModule' in project 'swift-collections'
➜ Explicit dependency on target 'InternalCollectionsUtilities' in project 'swift-collections'
Target 'HashTreeCollections' in project 'swift-collections'
➜ Explicit dependency on target 'InternalCollectionsUtilities' in project 'swift-collections'
Target 'DequeModule' in project 'swift-collections'
➜ Explicit dependency on target 'InternalCollectionsUtilities' in project 'swift-collections'
➜ Explicit dependency on target 'SpanPreview' in project 'swift-collections'
Target 'SpanPreview' in project 'swift-collections'
➜ Explicit dependency on target 'InternalCollectionsUtilities' in project 'swift-collections'
Target 'BitCollections' in project 'swift-collections'
➜ Explicit dependency on target 'InternalCollectionsUtilities' in project 'swift-collections'
Target 'InternalCollectionsUtilities' in project 'swift-collections' (no dependencies)
Target 'SwiftOCAMacros' in project 'SwiftOCA' (no dependencies)
GatherProvisioningInputs
CreateBuildDescription
ClangStatCache /Applications/Xcode-26.3.0.app/Contents/Developer/Toolchains/XcodeDefault.xctoolchain/usr/bin/clang-stat-cache /Applications/Xcode-26.3.0.app/Contents/Developer/Platforms/MacOSX.platform/Developer/SDKs/MacOSX26.2.sdk /Users/admin/builder/spi-builder-workspace/.derivedData/SDKStatCaches.noindex/macosx26.2-25C58-dc75598d0054f22ec865fa860f139d726b10091eae1b9012e514a50b0de53ce7.sdkstatcache
cd /Users/admin/builder/spi-builder-workspace/.swiftpm/xcode
/Applications/Xcode-26.3.0.app/Contents/Developer/Toolchains/XcodeDefault.xctoolchain/usr/bin/clang-stat-cache /Applications/Xcode-26.3.0.app/Contents/Developer/Platforms/MacOSX.platform/Developer/SDKs/MacOSX26.2.sdk -o /Users/admin/builder/spi-builder-workspace/.derivedData/SDKStatCaches.noindex/macosx26.2-25C58-dc75598d0054f22ec865fa860f139d726b10091eae1b9012e514a50b0de53ce7.sdkstatcache
SwiftDriver SwiftOCAMacros normal arm64 com.apple.xcode.tools.swift.compiler (in target 'SwiftOCAMacros' from project 'SwiftOCA')
cd /Users/admin/builder/spi-builder-workspace/.swiftpm/xcode
builtin-SwiftDriver -- /Applications/Xcode-26.3.0.app/Contents/Developer/Toolchains/XcodeDefault.xctoolchain/usr/bin/swiftc -module-name SwiftOCAMacros -Onone -enforce-exclusivity\=checked @/Users/admin/builder/spi-builder-workspace/.derivedData/Build/Intermediates.noindex/SwiftOCA.build/Debug/SwiftOCAMacros.build/Objects-normal/arm64/SwiftOCAMacros.SwiftFileList -DSWIFT_PACKAGE -DDEBUG -DNonEmbeddedBuild -DXcode -I/Users/admin/builder/spi-builder-workspace/.dependencies/prebuilts/swift-syntax/602.0.0/swiftlang-6.2.4.1.4-MacroSupport-macos_aarch64/Modules -I/Users/admin/builder/spi-builder-workspace/.dependencies/checkouts/swift-syntax/Sources/_SwiftLibraryPluginProviderCShims/include -I/Users/admin/builder/spi-builder-workspace/.dependencies/checkouts/swift-syntax/Sources/_SwiftSyntaxCShims/include -plugin-path /Applications/Xcode-26.3.0.app/Contents/Developer/Toolchains/XcodeDefault.xctoolchain/usr/lib/swift/host/plugins/testing -enable-experimental-feature DebugDescriptionMacro -sdk /Applications/Xcode-26.3.0.app/Contents/Developer/Platforms/MacOSX.platform/Developer/SDKs/MacOSX26.2.sdk -target arm64-apple-macos15.0 -g -module-cache-path /Users/admin/builder/spi-builder-workspace/.derivedData/ModuleCache.noindex -Xfrontend -serialize-debugging-options -profile-coverage-mapping -profile-generate -enable-testing -index-store-path /Users/admin/builder/spi-builder-workspace/.derivedData/Index.noindex/DataStore -Xcc -D_LIBCPP_HARDENING_MODE\=_LIBCPP_HARDENING_MODE_DEBUG -swift-version 6 -I /Users/admin/builder/spi-builder-workspace/.derivedData/Build/Products/Debug -Isystem /Applications/Xcode-26.3.0.app/Contents/Developer/Platforms/MacOSX.platform/Developer/usr/lib -F /Users/admin/builder/spi-builder-workspace/.derivedData/Build/Products/Debug -F /Applications/Xcode-26.3.0.app/Contents/Developer/Platforms/MacOSX.platform/Developer/Library/Frameworks -c -j10 -enable-batch-mode -incremental -Xcc -ivfsstatcache -Xcc /Users/admin/builder/spi-builder-workspace/.derivedData/SDKStatCaches.noindex/macosx26.2-25C58-dc75598d0054f22ec865fa860f139d726b10091eae1b9012e514a50b0de53ce7.sdkstatcache -output-file-map /Users/admin/builder/spi-builder-workspace/.derivedData/Build/Intermediates.noindex/SwiftOCA.build/Debug/SwiftOCAMacros.build/Objects-normal/arm64/SwiftOCAMacros-OutputFileMap.json -use-frontend-parseable-output -save-temps -no-color-diagnostics -explicit-module-build -module-cache-path /Users/admin/builder/spi-builder-workspace/.derivedData/Build/Intermediates.noindex/SwiftExplicitPrecompiledModules -clang-scanner-module-cache-path /Users/admin/builder/spi-builder-workspace/.derivedData/ModuleCache.noindex -sdk-module-cache-path /Users/admin/builder/spi-builder-workspace/.derivedData/ModuleCache.noindex -serialize-diagnostics -emit-dependencies -emit-module -emit-module-path /Users/admin/builder/spi-builder-workspace/.derivedData/Build/Intermediates.noindex/SwiftOCA.build/Debug/SwiftOCAMacros.build/Objects-normal/arm64/SwiftOCAMacros.swiftmodule -validate-clang-modules-once -clang-build-session-file /Users/admin/builder/spi-builder-workspace/.derivedData/ModuleCache.noindex/Session.modulevalidation -package-name spi_builder_workspace -emit-const-values -Xfrontend -const-gather-protocols-file -Xfrontend /Users/admin/builder/spi-builder-workspace/.derivedData/Build/Intermediates.noindex/SwiftOCA.build/Debug/SwiftOCAMacros.build/Objects-normal/arm64/SwiftOCAMacros_const_extract_protocols.json -Xcc -I/Users/admin/builder/spi-builder-workspace/.derivedData/Build/Products/Debug/include -Xcc -I/Users/admin/builder/spi-builder-workspace/.derivedData/Build/Intermediates.noindex/SwiftOCA.build/Debug/SwiftOCAMacros.build/DerivedSources-normal/arm64 -Xcc -I/Users/admin/builder/spi-builder-workspace/.derivedData/Build/Intermediates.noindex/SwiftOCA.build/Debug/SwiftOCAMacros.build/DerivedSources/arm64 -Xcc -I/Users/admin/builder/spi-builder-workspace/.derivedData/Build/Intermediates.noindex/SwiftOCA.build/Debug/SwiftOCAMacros.build/DerivedSources -Xcc -DSWIFT_PACKAGE -Xcc -DDEBUG\=1 -working-directory /Users/admin/builder/spi-builder-workspace/.swiftpm/xcode -experimental-emit-module-separately -disable-cmo
SwiftEmitModule normal arm64 Emitting\ module\ for\ SwiftOCAMacros (in target 'SwiftOCAMacros' from project 'SwiftOCA')
EmitSwiftModule normal arm64 (in target 'SwiftOCAMacros' from project 'SwiftOCA')
cd /Users/admin/builder/spi-builder-workspace/.swiftpm/xcode
SwiftCompile normal arm64 Compiling\ OcaMethodMacro.swift /Users/admin/builder/spi-builder-workspace/Sources/SwiftOCAMacros/OcaMethodMacro.swift (in target 'SwiftOCAMacros' from project 'SwiftOCA')
SwiftCompile normal arm64 /Users/admin/builder/spi-builder-workspace/Sources/SwiftOCAMacros/OcaMethodMacro.swift (in target 'SwiftOCAMacros' from project 'SwiftOCA')
cd /Users/admin/builder/spi-builder-workspace/.swiftpm/xcode
/Users/admin/builder/spi-builder-workspace/Sources/SwiftOCAMacros/OcaMethodMacro.swift:134:52: warning: trailing closure in this context is confusable with the body of the statement; pass as a parenthesized argument to silence this warning
if let duplicate = Dictionary(grouping: names) { $0 }.first(where: { $0.value.count > 1 }) {
~~^
, by: )
/Users/admin/builder/spi-builder-workspace/Sources/SwiftOCAMacros/OcaMethodMacro.swift:243:9: error: the compiler is unable to type-check this expression in reasonable time; try breaking up the expression into distinct sub-expressions
declarations.append(
^~~~~~~~~~~~~~~~~~~~
Failed frontend command:
/Applications/Xcode-26.3.0.app/Contents/Developer/Toolchains/XcodeDefault.xctoolchain/usr/bin/swift-frontend -frontend -c /Users/admin/builder/spi-builder-workspace/Sources/SwiftOCAMacros/OcaDeviceMethodMacro.swift -primary-file /Users/admin/builder/spi-builder-workspace/Sources/SwiftOCAMacros/OcaMethodMacro.swift /Users/admin/builder/spi-builder-workspace/Sources/SwiftOCAMacros/Plugin.swift -emit-dependencies-path /Users/admin/builder/spi-builder-workspace/.derivedData/Build/Intermediates.noindex/SwiftOCA.build/Debug/SwiftOCAMacros.build/Objects-normal/arm64/OcaMethodMacro.d -emit-const-values-path /Users/admin/builder/spi-builder-workspace/.derivedData/Build/Intermediates.noindex/SwiftOCA.build/Debug/SwiftOCAMacros.build/Objects-normal/arm64/OcaMethodMacro.swiftconstvalues -emit-reference-dependencies-path /Users/admin/builder/spi-builder-workspace/.derivedData/Build/Intermediates.noindex/SwiftOCA.build/Debug/SwiftOCAMacros.build/Objects-normal/arm64/OcaMethodMacro.swiftdeps -serialize-diagnostics-path /Users/admin/builder/spi-builder-workspace/.derivedData/Build/Intermediates.noindex/SwiftOCA.build/Debug/SwiftOCAMacros.build/Objects-normal/arm64/OcaMethodMacro.dia -target arm64-apple-macos15.0 -load-resolved-plugin /Applications/Xcode-26.3.0.app/Contents/Developer/Platforms/MacOSX.platform/Developer/usr/lib/swift/host/plugins/libSwiftMacros.dylib\#/Applications/Xcode-26.3.0.app/Contents/Developer/Platforms/MacOSX.platform/Developer/usr/bin/swift-plugin-server\#SwiftMacros -disable-implicit-swift-modules -Xcc -fno-implicit-modules -Xcc -fno-implicit-module-maps -explicit-swift-module-map-file /Users/admin/builder/spi-builder-workspace/.derivedData/Build/Intermediates.noindex/SwiftOCA.build/Debug/SwiftOCAMacros.build/Objects-normal/arm64/SwiftOCAMacros-dependencies-1.json -Xllvm -aarch64-use-tbi -enable-objc-interop -stack-check -sdk /Applications/Xcode-26.3.0.app/Contents/Developer/Platforms/MacOSX.platform/Developer/SDKs/MacOSX26.2.sdk -I /Users/admin/builder/spi-builder-workspace/.dependencies/prebuilts/swift-syntax/602.0.0/swiftlang-6.2.4.1.4-MacroSupport-macos_aarch64/Modules -I /Users/admin/builder/spi-builder-workspace/.dependencies/checkouts/swift-syntax/Sources/_SwiftLibraryPluginProviderCShims/include -I /Users/admin/builder/spi-builder-workspace/.dependencies/checkouts/swift-syntax/Sources/_SwiftSyntaxCShims/include -I /Users/admin/builder/spi-builder-workspace/.derivedData/Build/Products/Debug -Isystem /Applications/Xcode-26.3.0.app/Contents/Developer/Platforms/MacOSX.platform/Developer/usr/lib -F /Users/admin/builder/spi-builder-workspace/.derivedData/Build/Products/Debug -F /Applications/Xcode-26.3.0.app/Contents/Developer/Platforms/MacOSX.platform/Developer/Library/Frameworks -no-color-diagnostics -Xcc -fno-color-diagnostics -enable-testing -g -debug-info-format\=dwarf -dwarf-version\=5 -module-cache-path /Users/admin/builder/spi-builder-workspace/.derivedData/Build/Intermediates.noindex/SwiftExplicitPrecompiledModules -profile-generate -profile-coverage-mapping -swift-version 6 -enforce-exclusivity\=checked -Onone -D SWIFT_PACKAGE -D DEBUG -D NonEmbeddedBuild -D Xcode -serialize-debugging-options -const-gather-protocols-file /Users/admin/builder/spi-builder-workspace/.derivedData/Build/Intermediates.noindex/SwiftOCA.build/Debug/SwiftOCAMacros.build/Objects-normal/arm64/SwiftOCAMacros_const_extract_protocols.json -enable-experimental-feature DebugDescriptionMacro -empty-abi-descriptor -validate-clang-modules-once -clang-build-session-file /Users/admin/builder/spi-builder-workspace/.derivedData/ModuleCache.noindex/Session.modulevalidation -Xcc -working-directory -Xcc /Users/admin/builder/spi-builder-workspace/.swiftpm/xcode -enable-anonymous-context-mangled-names -file-compilation-dir /Users/admin/builder/spi-builder-workspace/.swiftpm/xcode -Xcc -D_LIBCPP_HARDENING_MODE\=_LIBCPP_HARDENING_MODE_DEBUG -Xcc -ivfsstatcache -Xcc /Users/admin/builder/spi-builder-workspace/.derivedData/SDKStatCaches.noindex/macosx26.2-25C58-dc75598d0054f22ec865fa860f139d726b10091eae1b9012e514a50b0de53ce7.sdkstatcache -Xcc -I/Users/admin/builder/spi-builder-workspace/.derivedData/Build/Products/Debug/include -Xcc -I/Users/admin/builder/spi-builder-workspace/.derivedData/Build/Intermediates.noindex/SwiftOCA.build/Debug/SwiftOCAMacros.build/DerivedSources-normal/arm64 -Xcc -I/Users/admin/builder/spi-builder-workspace/.derivedData/Build/Intermediates.noindex/SwiftOCA.build/Debug/SwiftOCAMacros.build/DerivedSources/arm64 -Xcc -I/Users/admin/builder/spi-builder-workspace/.derivedData/Build/Intermediates.noindex/SwiftOCA.build/Debug/SwiftOCAMacros.build/DerivedSources -Xcc -DSWIFT_PACKAGE -Xcc -DDEBUG\=1 -no-auto-bridging-header-chaining -module-name SwiftOCAMacros -package-name spi_builder_workspace -frontend-parseable-output -disable-clang-spi -target-sdk-version 26.2 -target-sdk-name macosx26.2 -clang-target arm64-apple-macos26.2 -in-process-plugin-server-path /Applications/Xcode-26.3.0.app/Contents/Developer/Toolchains/XcodeDefault.xctoolchain/usr/lib/swift/host/libSwiftInProcPluginServer.dylib -o /Users/admin/builder/spi-builder-workspace/.derivedData/Build/Intermediates.noindex/SwiftOCA.build/Debug/SwiftOCAMacros.build/Objects-normal/arm64/OcaMethodMacro.o -index-unit-output-path /SwiftOCA.build/Debug/SwiftOCAMacros.build/Objects-normal/arm64/OcaMethodMacro.o -index-store-path /Users/admin/builder/spi-builder-workspace/.derivedData/Index.noindex/DataStore -index-system-modules
2026-10-09 02:08:20.395 xcodebuild[1957:10630] [MT] IDERunDestination: Supported platforms for the buildables in the current scheme is empty.
--- xcodebuild: WARNING: Using the first of multiple matching destinations:
{ platform:macOS, arch:arm64, id:5029c62ed07b1c3e72c2bc0777c984728d9dcb07, name:My Mac }
{ platform:macOS, arch:arm64, variant:Mac Catalyst, id:5029c62ed07b1c3e72c2bc0777c984728d9dcb07, name:My Mac }
{ platform:macOS, arch:arm64, variant:DriverKit, id:5029c62ed07b1c3e72c2bc0777c984728d9dcb07, name:My Mac }
{ platform:macOS, arch:arm64, variant:Designed for [iPad,iPhone], id:5029c62ed07b1c3e72c2bc0777c984728d9dcb07, name:My Mac }
** BUILD FAILED **
The following build commands failed:
SwiftCompile normal arm64 /Users/admin/builder/spi-builder-workspace/Sources/SwiftOCAMacros/OcaMethodMacro.swift (in target 'SwiftOCAMacros' from project 'SwiftOCA')
SwiftCompile normal arm64 Compiling\ OcaMethodMacro.swift /Users/admin/builder/spi-builder-workspace/Sources/SwiftOCAMacros/OcaMethodMacro.swift (in target 'SwiftOCAMacros' from project 'SwiftOCA')
Building workspace spi-builder-workspace with scheme SwiftOCA-Package
(3 failures)
BUILD FAILURE 6.2 macosXcodebuild