The Swift Package Index logo.Swift Package Index

Build Information

Failed to build ErgoAppKit, reference main (3bf8cd), with Swift 6.1 for Linux on 15 Oct 2026 23:38:07 UTC.

Build Command

bash -c docker run --pull=always --rm -v "checkouts-54344843-0":/host -w "$PWD" -e JAVA_HOME="/root/.sdkman/candidates/java/current" -e SPI_BUILD="1" -e SPI_PROCESSING="1" registry.gitlab.com/saguaro1/spi-images:linux-6.1-latest swift build --triple x86_64-unknown-linux-gnu 2>&1

Build Log

========================================
RunAll
========================================
Builder version: 5.1.3
Interrupt handler set up.
========================================
Checkout
========================================
Clone URL: https://github.com/Fleuronic/ErgoAppKit.git
Reference: main
Initialized empty Git repository in /host/spi-builder-workspace/.git/
hint: Using 'master' as the name for the initial branch. This default branch name
hint: is subject to change. To configure the initial branch name to use in all
hint: of your new repositories, which will suppress this warning, call:
hint:
hint: 	git config --global init.defaultBranch <name>
hint:
hint: Names commonly chosen instead of 'master' are 'main', 'trunk' and
hint: 'development'. The just-created branch can be renamed via this command:
hint:
hint: 	git branch -m <name>
From https://github.com/Fleuronic/ErgoAppKit
 * branch            main       -> FETCH_HEAD
 * [new branch]      main       -> origin/main
HEAD is now at 3bf8cdf Isolate MenuItemDisplaying to the main actor
Cloned https://github.com/Fleuronic/ErgoAppKit.git
Revision (git rev-parse @):
3bf8cdffba83eed1966345038de2b3c623030ab9
SUCCESS checkout https://github.com/Fleuronic/ErgoAppKit.git at main
========================================
Build
========================================
Selected platform:         linux
Swift version:             6.1
Building package at path:  $PWD
https://github.com/Fleuronic/ErgoAppKit.git
https://github.com/Fleuronic/ErgoAppKit.git
WARNING: environment variable SUPPRESS_SWIFT_6_FLAGS is not set
Running build ...
bash -c docker run --pull=always --rm -v "checkouts-54344843-0":/host -w "$PWD" -e JAVA_HOME="/root/.sdkman/candidates/java/current" -e SPI_BUILD="1" -e SPI_PROCESSING="1" registry.gitlab.com/saguaro1/spi-images:linux-6.1-latest swift build --triple x86_64-unknown-linux-gnu -Xswiftc -Xfrontend -Xswiftc -stats-output-dir -Xswiftc -Xfrontend -Xswiftc .stats -Xswiftc -strict-concurrency=complete -Xswiftc -enable-upcoming-feature -Xswiftc StrictConcurrency -Xswiftc -enable-upcoming-feature -Xswiftc DisableOutwardActorInference -Xswiftc -enable-upcoming-feature -Xswiftc GlobalActorIsolatedTypesUsability -Xswiftc -enable-upcoming-feature -Xswiftc InferSendableFromCaptures 2>&1
linux-6.1-latest: Pulling from saguaro1/spi-images
Digest: sha256:2ccba1a98249c90438a7c8a4888192d345af17f27af8250de02cec002ad06687
Status: Image is up to date for registry.gitlab.com/saguaro1/spi-images:linux-6.1-latest
Fetching https://github.com/Fleuronic/Ergo
[1/605] Fetching ergo
Fetched https://github.com/Fleuronic/Ergo from cache (0.39s)
Fetching https://github.com/jordanekay/workflow-swift
[1/26592] Fetching workflow-swift
Fetched https://github.com/jordanekay/workflow-swift from cache (1.07s)
Fetching https://github.com/ReactiveCocoa/ReactiveSwift.git
[1/52500] Fetching reactiveswift
Fetched https://github.com/ReactiveCocoa/ReactiveSwift.git from cache (1.45s)
Fetching https://github.com/pointfreeco/swift-custom-dump
Fetching https://github.com/swiftlang/swift-syntax
Fetching https://github.com/pointfreeco/swift-case-paths
Fetching https://github.com/pointfreeco/swift-identified-collections
[1/5669] Fetching swift-custom-dump
[172/11016] Fetching swift-custom-dump, swift-case-paths
[279/12596] Fetching swift-custom-dump, swift-case-paths, swift-identified-collections
Fetched https://github.com/pointfreeco/swift-custom-dump from cache (0.45s)
[1088/6927] Fetching swift-case-paths, swift-identified-collections
Fetched https://github.com/pointfreeco/swift-case-paths from cache (0.63s)
Fetched https://github.com/pointfreeco/swift-identified-collections from cache (0.63s)
[1/80777] Fetching swift-syntax
Fetched https://github.com/swiftlang/swift-syntax from cache (4.64s)
Computing version for https://github.com/pointfreeco/swift-identified-collections
Computed https://github.com/pointfreeco/swift-identified-collections at 1.1.1 (4.88s)
Fetching https://github.com/apple/swift-collections
[1/28859] Fetching swift-collections
Fetched https://github.com/apple/swift-collections from cache (1.23s)
Computing version for https://github.com/pointfreeco/swift-custom-dump
Computed https://github.com/pointfreeco/swift-custom-dump at 1.7.3 (1.46s)
Fetching https://github.com/pointfreeco/xctest-dynamic-overlay
[1/2727] Fetching xctest-dynamic-overlay
Fetched https://github.com/pointfreeco/xctest-dynamic-overlay from cache (0.61s)
Computing version for https://github.com/pointfreeco/xctest-dynamic-overlay
Computed https://github.com/pointfreeco/xctest-dynamic-overlay at 1.13.1 (1.57s)
Computing version for https://github.com/apple/swift-collections
Computed https://github.com/apple/swift-collections at 1.6.0 (0.33s)
Computing version for https://github.com/pointfreeco/swift-case-paths
Computed https://github.com/pointfreeco/swift-case-paths at 1.10.0 (0.28s)
Computing version for https://github.com/swiftlang/swift-syntax
Computed https://github.com/swiftlang/swift-syntax at 600.0.1 (0.32s)
Creating working copy for https://github.com/ReactiveCocoa/ReactiveSwift.git
Working copy of https://github.com/ReactiveCocoa/ReactiveSwift.git resolved at swift-concurrency (3d40187)
Creating working copy for https://github.com/pointfreeco/swift-identified-collections
Working copy of https://github.com/pointfreeco/swift-identified-collections resolved at 1.1.1
Creating working copy for https://github.com/pointfreeco/swift-custom-dump
Working copy of https://github.com/pointfreeco/swift-custom-dump resolved at 1.7.3
Creating working copy for https://github.com/pointfreeco/xctest-dynamic-overlay
Working copy of https://github.com/pointfreeco/xctest-dynamic-overlay resolved at 1.13.1
Creating working copy for https://github.com/jordanekay/workflow-swift
Working copy of https://github.com/jordanekay/workflow-swift resolved at main (9d3e621)
Creating working copy for https://github.com/apple/swift-collections
Working copy of https://github.com/apple/swift-collections resolved at 1.6.0
Creating working copy for https://github.com/pointfreeco/swift-case-paths
Working copy of https://github.com/pointfreeco/swift-case-paths resolved at 1.10.0
Creating working copy for https://github.com/Fleuronic/Ergo
Working copy of https://github.com/Fleuronic/Ergo resolved at main (acdfc75)
Creating working copy for https://github.com/swiftlang/swift-syntax
Working copy of https://github.com/swiftlang/swift-syntax resolved at 600.0.1
Building for debugging...
[0/9] Write sources
[8/9] Write swift-version-24593BA9C3E375BF.txt
[10/61] Compiling ViewEnvironment ViewEnvironmentKey.swift
[11/61] Compiling ViewEnvironment ViewEnvironment.swift
[12/61] Compiling ViewEnvironment EnvironmentValues+ViewEnvironment.swift
[13/61] Emitting module ViewEnvironment
[15/62] Emitting module ReactiveSwift
[16/68] Compiling ReactiveSwift Reduce.swift
[17/68] Compiling ReactiveSwift ScanMap.swift
[18/68] Compiling ReactiveSwift SkipFirst.swift
[19/68] Compiling ReactiveSwift SkipRepeats.swift
[20/68] Compiling ReactiveSwift SkipWhile.swift
[21/68] Compiling ReactiveSwift TakeFirst.swift
[22/68] Compiling ReactiveSwift TakeLast.swift
[23/68] Compiling ReactiveSwift Flatten.swift
[24/68] Compiling ReactiveSwift FoundationExtensions.swift
[25/68] Compiling ReactiveSwift Lifetime.swift
[26/68] Compiling ReactiveSwift AttemptMap.swift
[27/68] Compiling ReactiveSwift Collect.swift
[28/68] Compiling ReactiveSwift CollectEvery.swift
[29/68] Compiling ReactiveSwift CombinePrevious.swift
[30/68] Compiling ReactiveSwift CompactMap.swift
[31/68] Compiling ReactiveSwift Debounce.swift
[32/68] Compiling ReactiveSwift Delay.swift
[33/68] Compiling ReactiveSwift Dematerialize.swift
[34/68] Compiling ReactiveSwift DematerializeResults.swift
[35/68] Compiling ReactiveSwift Filter.swift
[36/68] Compiling ReactiveSwift LazyMap.swift
[37/68] Compiling ReactiveSwift Map.swift
[38/68] Compiling ReactiveSwift MapError.swift
[39/68] Compiling ReactiveSwift Materialize.swift
[40/68] Compiling ReactiveSwift MaterializeAsResult.swift
[41/68] Compiling ReactiveSwift ObserveOn.swift
[42/68] Compiling ReactiveSwift Observer.swift
[43/68] Compiling ReactiveSwift Operators.swift
[44/68] Compiling ReactiveSwift Action.swift
[45/68] Compiling ReactiveSwift Atomic.swift
[46/68] Compiling ReactiveSwift Bag.swift
[47/68] Compiling ReactiveSwift Deprecations+Removals.swift
[48/68] Compiling ReactiveSwift Disposable.swift
[49/68] Compiling ReactiveSwift Event.swift
[50/68] Compiling ReactiveSwift EventLogger.swift
[51/68] Compiling ReactiveSwift Property.swift
[52/68] Compiling ReactiveSwift Reactive.swift
[53/68] Compiling ReactiveSwift ResultExtensions.swift
[54/68] Compiling ReactiveSwift Scheduler.swift
[55/68] Compiling ReactiveSwift Signal+SwiftConcurrency.swift
[56/68] Compiling ReactiveSwift Signal.Observer.swift
[57/68] Compiling ReactiveSwift TakeUntil.swift
[58/68] Compiling ReactiveSwift TakeWhile.swift
[59/68] Compiling ReactiveSwift Throttle.swift
[60/68] Compiling ReactiveSwift UnaryAsyncOperator.swift
[61/68] Compiling ReactiveSwift UniqueValues.swift
[62/68] Compiling ReactiveSwift Optional.swift
[63/68] Compiling ReactiveSwift Signal.swift
[64/68] Compiling ReactiveSwift SignalProducer+SwiftConcurrency.swift
[65/68] Compiling ReactiveSwift SignalProducer.swift
[66/68] Compiling ReactiveSwift UnidirectionalBinding.swift
[67/68] Compiling ReactiveSwift UninhabitedTypeGuards.swift
[68/68] Compiling ReactiveSwift ValidatingProperty.swift
[70/84] Compiling Workflow WorkflowLogger.swift
/host/spi-builder-workspace/.build/checkouts/workflow-swift/Workflow/Sources/WorkflowLogger.swift:18:8: error: no such module 'os.signpost'
 16 |
 17 | import Foundation
 18 | import os.signpost
    |        `- error: no such module 'os.signpost'
 19 |
 20 | extension OSLog {
[71/84] Compiling Workflow WorkflowNode.swift
/host/spi-builder-workspace/.build/checkouts/workflow-swift/Workflow/Sources/WorkflowLogger.swift:18:8: error: no such module 'os.signpost'
 16 |
 17 | import Foundation
 18 | import os.signpost
    |        `- error: no such module 'os.signpost'
 19 |
 20 | extension OSLog {
[72/84] Compiling Workflow WorkflowAction.swift
/host/spi-builder-workspace/.build/checkouts/workflow-swift/Workflow/Sources/WorkflowLogger.swift:18:8: error: no such module 'os.signpost'
 16 |
 17 | import Foundation
 18 | import os.signpost
    |        `- error: no such module 'os.signpost'
 19 |
 20 | extension OSLog {
[73/84] Compiling Workflow WorkflowHost.swift
/host/spi-builder-workspace/.build/checkouts/workflow-swift/Workflow/Sources/WorkflowLogger.swift:18:8: error: no such module 'os.signpost'
 16 |
 17 | import Foundation
 18 | import os.signpost
    |        `- error: no such module 'os.signpost'
 19 |
 20 | extension OSLog {
[74/85] Compiling Workflow AnyWorkflow.swift
/host/spi-builder-workspace/.build/checkouts/workflow-swift/Workflow/Sources/WorkflowLogger.swift:18:8: error: no such module 'os.signpost'
 16 |
 17 | import Foundation
 18 | import os.signpost
    |        `- error: no such module 'os.signpost'
 19 |
 20 | extension OSLog {
[75/85] Compiling Workflow AnyWorkflowConvertible.swift
/host/spi-builder-workspace/.build/checkouts/workflow-swift/Workflow/Sources/WorkflowLogger.swift:18:8: error: no such module 'os.signpost'
 16 |
 17 | import Foundation
 18 | import os.signpost
    |        `- error: no such module 'os.signpost'
 19 |
 20 | extension OSLog {
error: emit-module command failed with exit code 1 (use -v to see invocation)
[76/85] Emitting module Workflow
/host/spi-builder-workspace/.build/checkouts/workflow-swift/Workflow/Sources/WorkflowLogger.swift:18:8: error: no such module 'os.signpost'
 16 |
 17 | import Foundation
 18 | import os.signpost
    |        `- error: no such module 'os.signpost'
 19 |
 20 | extension OSLog {
[77/85] Compiling Workflow Debugging.swift
/host/spi-builder-workspace/.build/checkouts/workflow-swift/Workflow/Sources/WorkflowLogger.swift:18:8: error: no such module 'os.signpost'
 16 |
 17 | import Foundation
 18 | import os.signpost
    |        `- error: no such module 'os.signpost'
 19 |
 20 | extension OSLog {
[78/85] Compiling Workflow DispatchQueue+Workflow.swift
/host/spi-builder-workspace/.build/checkouts/workflow-swift/Workflow/Sources/WorkflowLogger.swift:18:8: error: no such module 'os.signpost'
 16 |
 17 | import Foundation
 18 | import os.signpost
    |        `- error: no such module 'os.signpost'
 19 |
 20 | extension OSLog {
[79/85] Compiling Workflow Lifetime.swift
/host/spi-builder-workspace/.build/checkouts/workflow-swift/Workflow/Sources/WorkflowLogger.swift:18:8: error: no such module 'os.signpost'
 16 |
 17 | import Foundation
 18 | import os.signpost
    |        `- error: no such module 'os.signpost'
 19 |
 20 | extension OSLog {
[80/85] Compiling Workflow RenderContext.swift
/host/spi-builder-workspace/.build/checkouts/workflow-swift/Workflow/Sources/WorkflowLogger.swift:18:8: error: no such module 'os.signpost'
 16 |
 17 | import Foundation
 18 | import os.signpost
    |        `- error: no such module 'os.signpost'
 19 |
 20 | extension OSLog {
[81/85] Compiling Workflow Sink.swift
/host/spi-builder-workspace/.build/checkouts/workflow-swift/Workflow/Sources/WorkflowLogger.swift:18:8: error: no such module 'os.signpost'
 16 |
 17 | import Foundation
 18 | import os.signpost
    |        `- error: no such module 'os.signpost'
 19 |
 20 | extension OSLog {
[82/85] Compiling Workflow StateMutationSink.swift
/host/spi-builder-workspace/.build/checkouts/workflow-swift/Workflow/Sources/WorkflowLogger.swift:18:8: error: no such module 'os.signpost'
 16 |
 17 | import Foundation
 18 | import os.signpost
    |        `- error: no such module 'os.signpost'
 19 |
 20 | extension OSLog {
[83/85] Compiling Workflow SubtreeManager.swift
/host/spi-builder-workspace/.build/checkouts/workflow-swift/Workflow/Sources/WorkflowLogger.swift:18:8: error: no such module 'os.signpost'
 16 |
 17 | import Foundation
 18 | import os.signpost
    |        `- error: no such module 'os.signpost'
 19 |
 20 | extension OSLog {
[84/85] Compiling Workflow Workflow.swift
/host/spi-builder-workspace/.build/checkouts/workflow-swift/Workflow/Sources/WorkflowLogger.swift:18:8: error: no such module 'os.signpost'
 16 |
 17 | import Foundation
 18 | import os.signpost
    |        `- error: no such module 'os.signpost'
 19 |
 20 | extension OSLog {
[85/85] Compiling Workflow WorkflowObserver.swift
/host/spi-builder-workspace/.build/checkouts/workflow-swift/Workflow/Sources/WorkflowLogger.swift:18:8: error: no such module 'os.signpost'
 16 |
 17 | import Foundation
 18 | import os.signpost
    |        `- error: no such module 'os.signpost'
 19 |
 20 | extension OSLog {
Running build ...
bash -c docker run --pull=always --rm -v "checkouts-54344843-0":/host -w "$PWD" -e JAVA_HOME="/root/.sdkman/candidates/java/current" -e SPI_BUILD="1" -e SPI_PROCESSING="1" registry.gitlab.com/saguaro1/spi-images:linux-6.1-latest swift build --triple x86_64-unknown-linux-gnu 2>&1
linux-6.1-latest: Pulling from saguaro1/spi-images
Digest: sha256:2ccba1a98249c90438a7c8a4888192d345af17f27af8250de02cec002ad06687
Status: Image is up to date for registry.gitlab.com/saguaro1/spi-images:linux-6.1-latest
[0/1] Planning build
Building for debugging...
[0/1] Write swift-version-24593BA9C3E375BF.txt
[2/53] Emitting module ViewEnvironment
[3/53] Compiling ViewEnvironment ViewEnvironment.swift
[4/53] Compiling ViewEnvironment ViewEnvironmentKey.swift
[5/53] Compiling ViewEnvironment EnvironmentValues+ViewEnvironment.swift
[7/54] Compiling ReactiveSwift Map.swift
[8/54] Compiling ReactiveSwift MapError.swift
[9/54] Compiling ReactiveSwift Materialize.swift
[10/54] Compiling ReactiveSwift MaterializeAsResult.swift
[11/54] Compiling ReactiveSwift ObserveOn.swift
[12/54] Compiling ReactiveSwift Observer.swift
[13/54] Compiling ReactiveSwift Operators.swift
[14/60] Compiling ReactiveSwift TakeUntil.swift
[15/60] Compiling ReactiveSwift TakeWhile.swift
[16/60] Compiling ReactiveSwift Throttle.swift
[17/60] Compiling ReactiveSwift UnaryAsyncOperator.swift
[18/60] Compiling ReactiveSwift UniqueValues.swift
[19/60] Compiling ReactiveSwift Optional.swift
[20/60] Compiling ReactiveSwift Reduce.swift
[21/60] Compiling ReactiveSwift ScanMap.swift
[22/60] Compiling ReactiveSwift SkipFirst.swift
[23/60] Compiling ReactiveSwift SkipRepeats.swift
[24/60] Compiling ReactiveSwift SkipWhile.swift
[25/60] Compiling ReactiveSwift TakeFirst.swift
[26/60] Compiling ReactiveSwift TakeLast.swift
[27/60] Emitting module ReactiveSwift
[28/60] Compiling ReactiveSwift CompactMap.swift
[29/60] Compiling ReactiveSwift Debounce.swift
[30/60] Compiling ReactiveSwift Delay.swift
[31/60] Compiling ReactiveSwift Dematerialize.swift
[32/60] Compiling ReactiveSwift DematerializeResults.swift
[33/60] Compiling ReactiveSwift Filter.swift
[34/60] Compiling ReactiveSwift LazyMap.swift
[35/60] Compiling ReactiveSwift Flatten.swift
[36/60] Compiling ReactiveSwift FoundationExtensions.swift
[37/60] Compiling ReactiveSwift Lifetime.swift
[38/60] Compiling ReactiveSwift AttemptMap.swift
[39/60] Compiling ReactiveSwift Collect.swift
[40/60] Compiling ReactiveSwift CollectEvery.swift
[41/60] Compiling ReactiveSwift CombinePrevious.swift
[42/60] Compiling ReactiveSwift Action.swift
[43/60] Compiling ReactiveSwift Atomic.swift
[44/60] Compiling ReactiveSwift Bag.swift
[45/60] Compiling ReactiveSwift Deprecations+Removals.swift
[46/60] Compiling ReactiveSwift Disposable.swift
[47/60] Compiling ReactiveSwift Event.swift
[48/60] Compiling ReactiveSwift EventLogger.swift
[49/60] Compiling ReactiveSwift Property.swift
[50/60] Compiling ReactiveSwift Reactive.swift
[51/60] Compiling ReactiveSwift ResultExtensions.swift
[52/60] Compiling ReactiveSwift Scheduler.swift
[53/60] Compiling ReactiveSwift Signal+SwiftConcurrency.swift
[54/60] Compiling ReactiveSwift Signal.Observer.swift
[55/60] Compiling ReactiveSwift Signal.swift
[56/60] Compiling ReactiveSwift SignalProducer+SwiftConcurrency.swift
[57/60] Compiling ReactiveSwift SignalProducer.swift
[58/60] Compiling ReactiveSwift UnidirectionalBinding.swift
[59/60] Compiling ReactiveSwift UninhabitedTypeGuards.swift
[60/60] Compiling ReactiveSwift ValidatingProperty.swift
[62/76] Compiling Workflow WorkflowLogger.swift
/host/spi-builder-workspace/.build/checkouts/workflow-swift/Workflow/Sources/WorkflowLogger.swift:18:8: error: no such module 'os.signpost'
 16 |
 17 | import Foundation
 18 | import os.signpost
    |        `- error: no such module 'os.signpost'
 19 |
 20 | extension OSLog {
[63/76] Compiling Workflow WorkflowNode.swift
/host/spi-builder-workspace/.build/checkouts/workflow-swift/Workflow/Sources/WorkflowLogger.swift:18:8: error: no such module 'os.signpost'
 16 |
 17 | import Foundation
 18 | import os.signpost
    |        `- error: no such module 'os.signpost'
 19 |
 20 | extension OSLog {
[64/77] Compiling Workflow Sink.swift
/host/spi-builder-workspace/.build/checkouts/workflow-swift/Workflow/Sources/WorkflowLogger.swift:18:8: error: no such module 'os.signpost'
 16 |
 17 | import Foundation
 18 | import os.signpost
    |        `- error: no such module 'os.signpost'
 19 |
 20 | extension OSLog {
[65/77] Compiling Workflow StateMutationSink.swift
/host/spi-builder-workspace/.build/checkouts/workflow-swift/Workflow/Sources/WorkflowLogger.swift:18:8: error: no such module 'os.signpost'
 16 |
 17 | import Foundation
 18 | import os.signpost
    |        `- error: no such module 'os.signpost'
 19 |
 20 | extension OSLog {
[66/77] Compiling Workflow SubtreeManager.swift
/host/spi-builder-workspace/.build/checkouts/workflow-swift/Workflow/Sources/WorkflowLogger.swift:18:8: error: no such module 'os.signpost'
 16 |
 17 | import Foundation
 18 | import os.signpost
    |        `- error: no such module 'os.signpost'
 19 |
 20 | extension OSLog {
[67/77] Compiling Workflow Workflow.swift
/host/spi-builder-workspace/.build/checkouts/workflow-swift/Workflow/Sources/WorkflowLogger.swift:18:8: error: no such module 'os.signpost'
 16 |
 17 | import Foundation
 18 | import os.signpost
    |        `- error: no such module 'os.signpost'
 19 |
 20 | extension OSLog {
[68/77] Compiling Workflow WorkflowAction.swift
/host/spi-builder-workspace/.build/checkouts/workflow-swift/Workflow/Sources/WorkflowLogger.swift:18:8: error: no such module 'os.signpost'
 16 |
 17 | import Foundation
 18 | import os.signpost
    |        `- error: no such module 'os.signpost'
 19 |
 20 | extension OSLog {
[69/77] Compiling Workflow WorkflowHost.swift
/host/spi-builder-workspace/.build/checkouts/workflow-swift/Workflow/Sources/WorkflowLogger.swift:18:8: error: no such module 'os.signpost'
 16 |
 17 | import Foundation
 18 | import os.signpost
    |        `- error: no such module 'os.signpost'
 19 |
 20 | extension OSLog {
[70/77] Compiling Workflow Lifetime.swift
/host/spi-builder-workspace/.build/checkouts/workflow-swift/Workflow/Sources/WorkflowLogger.swift:18:8: error: no such module 'os.signpost'
 16 |
 17 | import Foundation
 18 | import os.signpost
    |        `- error: no such module 'os.signpost'
 19 |
 20 | extension OSLog {
[71/77] Compiling Workflow RenderContext.swift
/host/spi-builder-workspace/.build/checkouts/workflow-swift/Workflow/Sources/WorkflowLogger.swift:18:8: error: no such module 'os.signpost'
 16 |
 17 | import Foundation
 18 | import os.signpost
    |        `- error: no such module 'os.signpost'
 19 |
 20 | extension OSLog {
error: emit-module command failed with exit code 1 (use -v to see invocation)
[72/77] Emitting module Workflow
/host/spi-builder-workspace/.build/checkouts/workflow-swift/Workflow/Sources/WorkflowLogger.swift:18:8: error: no such module 'os.signpost'
 16 |
 17 | import Foundation
 18 | import os.signpost
    |        `- error: no such module 'os.signpost'
 19 |
 20 | extension OSLog {
[73/77] Compiling Workflow AnyWorkflow.swift
/host/spi-builder-workspace/.build/checkouts/workflow-swift/Workflow/Sources/WorkflowLogger.swift:18:8: error: no such module 'os.signpost'
 16 |
 17 | import Foundation
 18 | import os.signpost
    |        `- error: no such module 'os.signpost'
 19 |
 20 | extension OSLog {
[74/77] Compiling Workflow AnyWorkflowConvertible.swift
/host/spi-builder-workspace/.build/checkouts/workflow-swift/Workflow/Sources/WorkflowLogger.swift:18:8: error: no such module 'os.signpost'
 16 |
 17 | import Foundation
 18 | import os.signpost
    |        `- error: no such module 'os.signpost'
 19 |
 20 | extension OSLog {
[75/77] Compiling Workflow Debugging.swift
/host/spi-builder-workspace/.build/checkouts/workflow-swift/Workflow/Sources/WorkflowLogger.swift:18:8: error: no such module 'os.signpost'
 16 |
 17 | import Foundation
 18 | import os.signpost
    |        `- error: no such module 'os.signpost'
 19 |
 20 | extension OSLog {
[76/77] Compiling Workflow DispatchQueue+Workflow.swift
/host/spi-builder-workspace/.build/checkouts/workflow-swift/Workflow/Sources/WorkflowLogger.swift:18:8: error: no such module 'os.signpost'
 16 |
 17 | import Foundation
 18 | import os.signpost
    |        `- error: no such module 'os.signpost'
 19 |
 20 | extension OSLog {
[77/77] Compiling Workflow WorkflowObserver.swift
/host/spi-builder-workspace/.build/checkouts/workflow-swift/Workflow/Sources/WorkflowLogger.swift:18:8: error: no such module 'os.signpost'
 16 |
 17 | import Foundation
 18 | import os.signpost
    |        `- error: no such module 'os.signpost'
 19 |
 20 | extension OSLog {
BUILD FAILURE 6.1 linux