Build Information
Failed to build ViewToImage, reference 1.0.1 (d6f8ce), with Swift 6.4 for watchOS using Xcode 27.0 on 21 Sep 2026 15:06:10 UTC.
Build Command
env DEVELOPER_DIR=/Applications/Xcode-27.0.0-Release.Candidate.app xcrun xcodebuild -IDEClonedSourcePackagesDirPathOverride=$PWD/.dependencies -skipMacroValidation -skipPackagePluginValidation -derivedDataPath $PWD/.derivedData build -scheme ViewToImage -destination generic/platform=watchOSBuild Log
========================================
RunAll
========================================
Builder version: 5.1.0
Interrupt handler set up.
========================================
Checkout
========================================
Clone URL: https://github.com/kevinhermawan/swift-view-to-image.git
Reference: 1.0.1
Initialized empty Git repository in /Users/admin/builder/spi-builder-workspace/.git/
From https://github.com/kevinhermawan/swift-view-to-image
* tag 1.0.1 -> FETCH_HEAD
HEAD is now at d6f8cef release: 1.0.1
Cloned https://github.com/kevinhermawan/swift-view-to-image.git
Revision (git rev-parse @):
d6f8cef3db0782daf21553078aab8031f22a0997
SUCCESS checkout https://github.com/kevinhermawan/swift-view-to-image.git at 1.0.1
========================================
Build
========================================
Selected platform: watchOS
Swift version: 6.4
Building package at path: $PWD
https://github.com/kevinhermawan/swift-view-to-image.git
Command line invocation:
/Applications/Xcode-27.0.0-Release.Candidate.app/Contents/Developer/usr/bin/xcodebuild -IDEClonedSourcePackagesDirPathOverride=/Users/admin/builder/spi-builder-workspace/.dependencies -resolvePackageDependencies
Resolve Package Graph
Fetching from https://github.com/apple/swift-docc-plugin.git
Fetching from https://github.com/swiftlang/swift-docc-symbolkit
Creating working copy of package ‘swift-docc-plugin’
Checking out 1.5.0 of package ‘swift-docc-plugin’
Creating working copy of package ‘swift-docc-symbolkit’
Checking out 1.0.0 of package ‘swift-docc-symbolkit’
Resolve Package Graph
Resolved source packages:
ViewToImage: /Users/admin/builder/spi-builder-workspace
SwiftDocCPlugin: https://github.com/apple/swift-docc-plugin.git @ 1.5.0
SymbolKit: https://github.com/swiftlang/swift-docc-symbolkit @ 1.0.0
resolved source packages: ViewToImage, SwiftDocCPlugin, SymbolKit
2026-09-21 11:04:43.655 xcodebuild[529:3050] [MT] IDERunDestination: Supported platforms for the buildables in the current scheme is empty.
{
"dependencies" : [
{
"identity" : "swift-docc-plugin",
"requirement" : {
"range" : [
{
"lower_bound" : "1.4.3",
"upper_bound" : "2.0.0"
}
]
},
"type" : "sourceControl",
"url" : "https://github.com/apple/swift-docc-plugin.git"
}
],
"manifest_display_name" : "ViewToImage",
"name" : "ViewToImage",
"path" : "/Users/admin/builder/spi-builder-workspace",
"platforms" : [
{
"name" : "ios",
"version" : "17.0"
},
{
"name" : "macos",
"version" : "14.0"
}
],
"products" : [
{
"name" : "ViewToImage",
"targets" : [
"ViewToImage"
],
"type" : {
"library" : [
"automatic"
]
}
}
],
"targets" : [
{
"c99name" : "ViewToImageTests",
"module_type" : "SwiftTarget",
"name" : "ViewToImageTests",
"path" : "Tests/ViewToImageTests",
"sources" : [
"ViewToImageTests.swift"
],
"target_dependencies" : [
"ViewToImage"
],
"type" : "test"
},
{
"c99name" : "ViewToImage",
"module_type" : "SwiftTarget",
"name" : "ViewToImage",
"path" : "Sources/ViewToImage",
"product_memberships" : [
"ViewToImage"
],
"sources" : [
"Extensions/NSBitmapImageRep+HeicData.swift",
"Internals/ViewToImageProtocol.swift",
"ViewToImage+AppKit.swift",
"ViewToImage+UIKit.swift"
],
"type" : "library"
}
],
"tools_version" : "5.9"
}
{
"workspace" : {
"name" : "ViewToImage",
"schemes" : [
"ViewToImage"
]
}
}
2026-09-21 11:05:27.573 xcodebuild[826:5002] [MT] IDERunDestination: Supported platforms for the buildables in the current scheme is empty.
Running build ...
env DEVELOPER_DIR=/Applications/Xcode-27.0.0-Release.Candidate.app xcrun xcodebuild -IDEClonedSourcePackagesDirPathOverride=$PWD/.dependencies -skipMacroValidation -skipPackagePluginValidation -derivedDataPath $PWD/.derivedData build -scheme ViewToImage -destination generic/platform=watchOS
Command line invocation:
/Applications/Xcode-27.0.0-Release.Candidate.app/Contents/Developer/usr/bin/xcodebuild -IDEClonedSourcePackagesDirPathOverride=/Users/admin/builder/spi-builder-workspace/.dependencies -skipMacroValidation -skipPackagePluginValidation -derivedDataPath /Users/admin/builder/spi-builder-workspace/.derivedData build -scheme ViewToImage -destination generic/platform=watchOS
Resolve Package Graph
Resolve Package Graph
Resolved source packages:
SwiftDocCPlugin: https://github.com/apple/swift-docc-plugin.git @ 1.5.0
ViewToImage: /Users/admin/builder/spi-builder-workspace
SymbolKit: https://github.com/swiftlang/swift-docc-symbolkit @ 1.0.0
ComputePackagePrebuildTargetDependencyGraph
Prepare packages
CreateBuildRequest
SendProjectDescription
CreateBuildOperation
ComputeTargetDependencyGraph
note: Building targets in dependency order
note: Target dependency graph (2 targets)
Target 'ViewToImage-product' in project 'ViewToImage'
➜ Explicit dependency on target 'ViewToImage' in project 'ViewToImage'
Target 'ViewToImage' in project 'ViewToImage' (no dependencies)
GatherProvisioningInputs
CreateBuildDescription
ExecuteExternalTool /Applications/Xcode-27.0.0-Release.Candidate.app/Contents/Developer/Toolchains/XcodeDefault.xctoolchain/usr/bin/clang -v -E -dM -isysroot /Applications/Xcode-27.0.0-Release.Candidate.app/Contents/Developer/Platforms/WatchOS.platform/Developer/SDKs/WatchOS27.0.sdk -x c -c /dev/null
ExecuteExternalTool /Applications/Xcode-27.0.0-Release.Candidate.app/Contents/Developer/Toolchains/XcodeDefault.xctoolchain/usr/bin/swiftc --version
ExecuteExternalTool /Applications/Xcode-27.0.0-Release.Candidate.app/Contents/Developer/Toolchains/XcodeDefault.xctoolchain/usr/bin/ld -version_details
ReadFileContents /Applications/Xcode-27.0.0-Release.Candidate.app/Contents/Developer/Toolchains/XcodeDefault.xctoolchain/usr/share/docc/features.json
Build description signature: c7fd418303294d0443c688b5e6968da6
Build description path: /Users/admin/builder/spi-builder-workspace/.derivedData/Build/Intermediates.noindex/XCBuildData/c7fd418303294d0443c688b5e6968da6.xcbuilddata
CreateBuildDirectory /Users/admin/builder/spi-builder-workspace/.derivedData/SDKExplicitPrecompiledModules
cd /Users/admin/builder/spi-builder-workspace/.swiftpm/xcode
builtin-create-build-directory /Users/admin/builder/spi-builder-workspace/.derivedData/SDKExplicitPrecompiledModules
CreateBuildDirectory /Users/admin/builder/spi-builder-workspace/.derivedData/ModuleCache.noindex
cd /Users/admin/builder/spi-builder-workspace/.swiftpm/xcode
builtin-create-build-directory /Users/admin/builder/spi-builder-workspace/.derivedData/ModuleCache.noindex
CreateBuildDirectory /Users/admin/builder/spi-builder-workspace/.derivedData/CompilationCache.noindex
cd /Users/admin/builder/spi-builder-workspace/.swiftpm/xcode
builtin-create-build-directory /Users/admin/builder/spi-builder-workspace/.derivedData/CompilationCache.noindex
CreateBuildDirectory /Users/admin/builder/spi-builder-workspace/.derivedData/Build/Products
cd /Users/admin/builder/spi-builder-workspace/.swiftpm/xcode
builtin-create-build-directory /Users/admin/builder/spi-builder-workspace/.derivedData/Build/Products
CreateBuildDirectory /Users/admin/builder/spi-builder-workspace/.derivedData/Build/Intermediates.noindex
cd /Users/admin/builder/spi-builder-workspace/.swiftpm/xcode
builtin-create-build-directory /Users/admin/builder/spi-builder-workspace/.derivedData/Build/Intermediates.noindex
ClangStatCache /Applications/Xcode-27.0.0-Release.Candidate.app/Contents/Developer/Toolchains/XcodeDefault.xctoolchain/usr/bin/clang-stat-cache /Applications/Xcode-27.0.0-Release.Candidate.app/Contents/Developer/Platforms/WatchOS.platform/Developer/SDKs/WatchOS27.0.sdk /Users/admin/builder/spi-builder-workspace/.derivedData/SDKStatCaches.noindex/watchos27.0-24R360-e829b21a6f8c9b70876ba0858053c04477534ef55a1706bf4c1112bbb242f0a2.sdkstatcache
cd /Users/admin/builder/spi-builder-workspace/.swiftpm/xcode
/Applications/Xcode-27.0.0-Release.Candidate.app/Contents/Developer/Toolchains/XcodeDefault.xctoolchain/usr/bin/clang-stat-cache /Applications/Xcode-27.0.0-Release.Candidate.app/Contents/Developer/Platforms/WatchOS.platform/Developer/SDKs/WatchOS27.0.sdk -o /Users/admin/builder/spi-builder-workspace/.derivedData/SDKStatCaches.noindex/watchos27.0-24R360-e829b21a6f8c9b70876ba0858053c04477534ef55a1706bf4c1112bbb242f0a2.sdkstatcache
CreateBuildDirectory /Users/admin/builder/spi-builder-workspace/.derivedData/Build/Intermediates.noindex/SwiftExplicitPrecompiledModules
cd /Users/admin/builder/spi-builder-workspace/.swiftpm/xcode
builtin-create-build-directory /Users/admin/builder/spi-builder-workspace/.derivedData/Build/Intermediates.noindex/SwiftExplicitPrecompiledModules
CreateBuildDirectory /Users/admin/builder/spi-builder-workspace/.derivedData/Build/Intermediates.noindex/PrecompiledHeaders
cd /Users/admin/builder/spi-builder-workspace/.swiftpm/xcode
builtin-create-build-directory /Users/admin/builder/spi-builder-workspace/.derivedData/Build/Intermediates.noindex/PrecompiledHeaders
CreateBuildDirectory /Users/admin/builder/spi-builder-workspace/.derivedData/Build/Intermediates.noindex/ExplicitPrecompiledModules
cd /Users/admin/builder/spi-builder-workspace/.swiftpm/xcode
builtin-create-build-directory /Users/admin/builder/spi-builder-workspace/.derivedData/Build/Intermediates.noindex/ExplicitPrecompiledModules
CreateBuildDirectory /Users/admin/builder/spi-builder-workspace/.derivedData/Build/Products/Debug-watchos
cd /Users/admin/builder/spi-builder-workspace/.swiftpm/xcode
builtin-create-build-directory /Users/admin/builder/spi-builder-workspace/.derivedData/Build/Products/Debug-watchos
CreateBuildDirectory /Users/admin/builder/spi-builder-workspace/.derivedData/Build/Intermediates.noindex/EagerLinkingTBDs/Debug-watchos
cd /Users/admin/builder/spi-builder-workspace/.swiftpm/xcode
builtin-create-build-directory /Users/admin/builder/spi-builder-workspace/.derivedData/Build/Intermediates.noindex/EagerLinkingTBDs/Debug-watchos
CreateBuildDirectory /Users/admin/builder/spi-builder-workspace/.derivedData/Build/Products/Debug-watchos/PackageFrameworks
cd /Users/admin/builder/spi-builder-workspace/.swiftpm/xcode
builtin-create-build-directory /Users/admin/builder/spi-builder-workspace/.derivedData/Build/Products/Debug-watchos/PackageFrameworks
WriteAuxiliaryFile /Users/admin/builder/spi-builder-workspace/.derivedData/Build/Intermediates.noindex/ViewToImage.build/Debug-watchos/ViewToImage-t.build/ViewToImage.DependencyStaticMetadataFileList (in target 'ViewToImage' from project 'ViewToImage')
cd /Users/admin/builder/spi-builder-workspace
write-file /Users/admin/builder/spi-builder-workspace/.derivedData/Build/Intermediates.noindex/ViewToImage.build/Debug-watchos/ViewToImage-t.build/ViewToImage.DependencyStaticMetadataFileList
WriteAuxiliaryFile /Users/admin/builder/spi-builder-workspace/.derivedData/Build/Intermediates.noindex/ViewToImage.build/Debug-watchos/ViewToImage-t.build/ViewToImage.modulemap (in target 'ViewToImage' from project 'ViewToImage')
cd /Users/admin/builder/spi-builder-workspace
write-file /Users/admin/builder/spi-builder-workspace/.derivedData/Build/Intermediates.noindex/ViewToImage.build/Debug-watchos/ViewToImage-t.build/ViewToImage.modulemap
WriteAuxiliaryFile /Users/admin/builder/spi-builder-workspace/.derivedData/Build/Intermediates.noindex/ViewToImage.build/Debug-watchos/ViewToImage-t.build/ViewToImage.DependencyMetadataFileList (in target 'ViewToImage' from project 'ViewToImage')
cd /Users/admin/builder/spi-builder-workspace
write-file /Users/admin/builder/spi-builder-workspace/.derivedData/Build/Intermediates.noindex/ViewToImage.build/Debug-watchos/ViewToImage-t.build/ViewToImage.DependencyMetadataFileList
WriteAuxiliaryFile /Users/admin/builder/spi-builder-workspace/.derivedData/Build/Intermediates.noindex/ViewToImage.build/Debug-watchos/ViewToImage-t.build/Objects-normal/arm64_32/ViewToImage_const_extract_protocols.json (in target 'ViewToImage' from project 'ViewToImage')
cd /Users/admin/builder/spi-builder-workspace
write-file /Users/admin/builder/spi-builder-workspace/.derivedData/Build/Intermediates.noindex/ViewToImage.build/Debug-watchos/ViewToImage-t.build/Objects-normal/arm64_32/ViewToImage_const_extract_protocols.json
WriteAuxiliaryFile /Users/admin/builder/spi-builder-workspace/.derivedData/Build/Intermediates.noindex/ViewToImage.build/Debug-watchos/ViewToImage-t.build/Objects-normal/arm64_32/ViewToImage.SwiftFileList (in target 'ViewToImage' from project 'ViewToImage')
cd /Users/admin/builder/spi-builder-workspace
write-file /Users/admin/builder/spi-builder-workspace/.derivedData/Build/Intermediates.noindex/ViewToImage.build/Debug-watchos/ViewToImage-t.build/Objects-normal/arm64_32/ViewToImage.SwiftFileList
WriteAuxiliaryFile /Users/admin/builder/spi-builder-workspace/.derivedData/Build/Intermediates.noindex/ViewToImage.build/Debug-watchos/ViewToImage-t.build/Objects-normal/arm64_32/ViewToImage.LinkFileList (in target 'ViewToImage' from project 'ViewToImage')
cd /Users/admin/builder/spi-builder-workspace
write-file /Users/admin/builder/spi-builder-workspace/.derivedData/Build/Intermediates.noindex/ViewToImage.build/Debug-watchos/ViewToImage-t.build/Objects-normal/arm64_32/ViewToImage.LinkFileList
WriteAuxiliaryFile /Users/admin/builder/spi-builder-workspace/.derivedData/Build/Intermediates.noindex/ViewToImage.build/Debug-watchos/ViewToImage-t.build/Objects-normal/arm64_32/ViewToImage.SwiftConstValuesFileList (in target 'ViewToImage' from project 'ViewToImage')
cd /Users/admin/builder/spi-builder-workspace
write-file /Users/admin/builder/spi-builder-workspace/.derivedData/Build/Intermediates.noindex/ViewToImage.build/Debug-watchos/ViewToImage-t.build/Objects-normal/arm64_32/ViewToImage.SwiftConstValuesFileList
WriteAuxiliaryFile /Users/admin/builder/spi-builder-workspace/.derivedData/Build/Intermediates.noindex/ViewToImage.build/Debug-watchos/ViewToImage-t.build/Objects-normal/arm64_32/ViewToImage-OutputFileMap.json (in target 'ViewToImage' from project 'ViewToImage')
cd /Users/admin/builder/spi-builder-workspace
write-file /Users/admin/builder/spi-builder-workspace/.derivedData/Build/Intermediates.noindex/ViewToImage.build/Debug-watchos/ViewToImage-t.build/Objects-normal/arm64_32/ViewToImage-OutputFileMap.json
WriteAuxiliaryFile /Users/admin/builder/spi-builder-workspace/.derivedData/Build/Intermediates.noindex/ViewToImage.build/Debug-watchos/ViewToImage-t.build/Objects-normal/arm64/ViewToImage_const_extract_protocols.json (in target 'ViewToImage' from project 'ViewToImage')
cd /Users/admin/builder/spi-builder-workspace
write-file /Users/admin/builder/spi-builder-workspace/.derivedData/Build/Intermediates.noindex/ViewToImage.build/Debug-watchos/ViewToImage-t.build/Objects-normal/arm64/ViewToImage_const_extract_protocols.json
WriteAuxiliaryFile /Users/admin/builder/spi-builder-workspace/.derivedData/Build/Intermediates.noindex/ViewToImage.build/Debug-watchos/ViewToImage-t.build/Objects-normal/arm64/ViewToImage.SwiftFileList (in target 'ViewToImage' from project 'ViewToImage')
cd /Users/admin/builder/spi-builder-workspace
write-file /Users/admin/builder/spi-builder-workspace/.derivedData/Build/Intermediates.noindex/ViewToImage.build/Debug-watchos/ViewToImage-t.build/Objects-normal/arm64/ViewToImage.SwiftFileList
WriteAuxiliaryFile /Users/admin/builder/spi-builder-workspace/.derivedData/Build/Intermediates.noindex/ViewToImage.build/Debug-watchos/ViewToImage-t.build/Objects-normal/arm64/ViewToImage.SwiftConstValuesFileList (in target 'ViewToImage' from project 'ViewToImage')
cd /Users/admin/builder/spi-builder-workspace
write-file /Users/admin/builder/spi-builder-workspace/.derivedData/Build/Intermediates.noindex/ViewToImage.build/Debug-watchos/ViewToImage-t.build/Objects-normal/arm64/ViewToImage.SwiftConstValuesFileList
WriteAuxiliaryFile /Users/admin/builder/spi-builder-workspace/.derivedData/Build/Intermediates.noindex/ViewToImage.build/Debug-watchos/ViewToImage-t.build/Objects-normal/arm64/ViewToImage.LinkFileList (in target 'ViewToImage' from project 'ViewToImage')
cd /Users/admin/builder/spi-builder-workspace
write-file /Users/admin/builder/spi-builder-workspace/.derivedData/Build/Intermediates.noindex/ViewToImage.build/Debug-watchos/ViewToImage-t.build/Objects-normal/arm64/ViewToImage.LinkFileList
WriteAuxiliaryFile /Users/admin/builder/spi-builder-workspace/.derivedData/Build/Intermediates.noindex/ViewToImage.build/Debug-watchos/ViewToImage-t.build/Objects-normal/arm64/ViewToImage-OutputFileMap.json (in target 'ViewToImage' from project 'ViewToImage')
cd /Users/admin/builder/spi-builder-workspace
write-file /Users/admin/builder/spi-builder-workspace/.derivedData/Build/Intermediates.noindex/ViewToImage.build/Debug-watchos/ViewToImage-t.build/Objects-normal/arm64/ViewToImage-OutputFileMap.json
Copy /Users/admin/builder/spi-builder-workspace/.derivedData/Build/Intermediates.noindex/GeneratedModuleMaps-watchos/ViewToImage.modulemap /Users/admin/builder/spi-builder-workspace/.derivedData/Build/Intermediates.noindex/ViewToImage.build/Debug-watchos/ViewToImage-t.build/ViewToImage.modulemap (in target 'ViewToImage' from project 'ViewToImage')
cd /Users/admin/builder/spi-builder-workspace
builtin-copy -exclude .DS_Store -exclude CVS -exclude .svn -exclude .git -exclude .hg -resolve-src-symlinks /Users/admin/builder/spi-builder-workspace/.derivedData/Build/Intermediates.noindex/ViewToImage.build/Debug-watchos/ViewToImage-t.build/ViewToImage.modulemap /Users/admin/builder/spi-builder-workspace/.derivedData/Build/Intermediates.noindex/GeneratedModuleMaps-watchos
SwiftDriver ViewToImage normal arm64_32 com.apple.xcode.tools.swift.compiler (in target 'ViewToImage' from project 'ViewToImage')
cd /Users/admin/builder/spi-builder-workspace/.swiftpm/xcode
builtin-SwiftDriver -- /Applications/Xcode-27.0.0-Release.Candidate.app/Contents/Developer/Toolchains/XcodeDefault.xctoolchain/usr/bin/swiftc -parse-as-library -module-name ViewToImage -Onone @/Users/admin/builder/spi-builder-workspace/.derivedData/Build/Intermediates.noindex/ViewToImage.build/Debug-watchos/ViewToImage-t.build/Objects-normal/arm64_32/ViewToImage.SwiftFileList -DSWIFT_PACKAGE -DDEBUG -DSWIFT_MODULE_RESOURCE_BUNDLE_UNAVAILABLE -DXcode -plugin-path /Applications/Xcode-27.0.0-Release.Candidate.app/Contents/Developer/Toolchains/XcodeDefault.xctoolchain/usr/lib/swift/host/plugins/testing -enable-experimental-feature DebugDescriptionMacro -sdk /Applications/Xcode-27.0.0-Release.Candidate.app/Contents/Developer/Platforms/WatchOS.platform/Developer/SDKs/WatchOS27.0.sdk -target arm64_32-apple-watchos10.0 -g -module-cache-path /Users/admin/builder/spi-builder-workspace/.derivedData/ModuleCache.noindex -Xfrontend -serialize-debugging-options -profile-coverage-mapping -profile-generate -enable-testing -index-store-path /Users/admin/builder/spi-builder-workspace/.derivedData/Index.noindex/DataStore -Xcc -D_LIBCPP_HARDENING_MODE\=_LIBCPP_HARDENING_MODE_DEBUG -swift-version 5 -I /Users/admin/builder/spi-builder-workspace/.derivedData/Build/Products/Debug-watchos -Isystem /Applications/Xcode-27.0.0-Release.Candidate.app/Contents/Developer/Platforms/WatchOS.platform/Developer/usr/lib -F /Users/admin/builder/spi-builder-workspace/.derivedData/Build/Products/Debug-watchos -F /Applications/Xcode-27.0.0-Release.Candidate.app/Contents/Developer/Platforms/WatchOS.platform/Developer/Library/Frameworks -F /Applications/Xcode-27.0.0-Release.Candidate.app/Contents/Developer/Platforms/WatchOS.platform/Developer/SDKs/WatchOS27.0.sdk/Developer/Library/Frameworks -c -j10 -enable-batch-mode -incremental -Xcc -ivfsstatcache -Xcc /Users/admin/builder/spi-builder-workspace/.derivedData/SDKStatCaches.noindex/watchos27.0-24R360-e829b21a6f8c9b70876ba0858053c04477534ef55a1706bf4c1112bbb242f0a2.sdkstatcache -output-file-map /Users/admin/builder/spi-builder-workspace/.derivedData/Build/Intermediates.noindex/ViewToImage.build/Debug-watchos/ViewToImage-t.build/Objects-normal/arm64_32/ViewToImage-OutputFileMap.json -save-temps -no-color-diagnostics -explicit-module-build -module-cache-path /Users/admin/builder/spi-builder-workspace/.derivedData/Build/Intermediates.noindex/SwiftExplicitPrecompiledModules -clang-scanner-module-cache-path /Users/admin/builder/spi-builder-workspace/.derivedData/ModuleCache.noindex -sdk-module-cache-path /Users/admin/builder/spi-builder-workspace/.derivedData/SDKExplicitPrecompiledModules -emit-dependencies -emit-module -emit-module-path /Users/admin/builder/spi-builder-workspace/.derivedData/Build/Intermediates.noindex/ViewToImage.build/Debug-watchos/ViewToImage-t.build/Objects-normal/arm64_32/ViewToImage.swiftmodule -serialize-diagnostics -dependency-scan-serialize-diagnostics-path /Users/admin/builder/spi-builder-workspace/.derivedData/Build/Intermediates.noindex/ViewToImage.build/Debug-watchos/ViewToImage-t.build/Objects-normal/arm64_32/ViewToImage-dependency-scan.dia -validate-clang-modules-once -clang-build-session-file /Users/admin/builder/spi-builder-workspace/.derivedData/ModuleCache.noindex/Session.modulevalidation -Xcc -fmodules-prune-interval\=86400 -Xcc -fmodules-prune-after\=345600 -package-name spi_builder_workspace -emit-const-values -const-gather-protocols-list /Users/admin/builder/spi-builder-workspace/.derivedData/Build/Intermediates.noindex/ViewToImage.build/Debug-watchos/ViewToImage-t.build/Objects-normal/arm64_32/ViewToImage_const_extract_protocols.json -Xcc -I/Users/admin/builder/spi-builder-workspace/.derivedData/Build/Products/Debug-watchos/include -Xcc -I/Users/admin/builder/spi-builder-workspace/.derivedData/Build/Intermediates.noindex/ViewToImage.build/Debug-watchos/ViewToImage-t.build/DerivedSources-normal/arm64_32 -Xcc -I/Users/admin/builder/spi-builder-workspace/.derivedData/Build/Intermediates.noindex/ViewToImage.build/Debug-watchos/ViewToImage-t.build/DerivedSources/arm64_32 -Xcc -I/Users/admin/builder/spi-builder-workspace/.derivedData/Build/Intermediates.noindex/ViewToImage.build/Debug-watchos/ViewToImage-t.build/DerivedSources -Xcc -DSWIFT_PACKAGE -Xcc -DDEBUG\=1 -emit-objc-header -emit-objc-header-path /Users/admin/builder/spi-builder-workspace/.derivedData/Build/Intermediates.noindex/ViewToImage.build/Debug-watchos/ViewToImage-t.build/Objects-normal/arm64_32/ViewToImage-Swift.h -working-directory /Users/admin/builder/spi-builder-workspace/.swiftpm/xcode -experimental-emit-module-separately -disable-cmo
SwiftDriver ViewToImage normal arm64 com.apple.xcode.tools.swift.compiler (in target 'ViewToImage' from project 'ViewToImage')
cd /Users/admin/builder/spi-builder-workspace/.swiftpm/xcode
builtin-SwiftDriver -- /Applications/Xcode-27.0.0-Release.Candidate.app/Contents/Developer/Toolchains/XcodeDefault.xctoolchain/usr/bin/swiftc -parse-as-library -module-name ViewToImage -Onone @/Users/admin/builder/spi-builder-workspace/.derivedData/Build/Intermediates.noindex/ViewToImage.build/Debug-watchos/ViewToImage-t.build/Objects-normal/arm64/ViewToImage.SwiftFileList -DSWIFT_PACKAGE -DDEBUG -DSWIFT_MODULE_RESOURCE_BUNDLE_UNAVAILABLE -DXcode -plugin-path /Applications/Xcode-27.0.0-Release.Candidate.app/Contents/Developer/Toolchains/XcodeDefault.xctoolchain/usr/lib/swift/host/plugins/testing -enable-experimental-feature DebugDescriptionMacro -sdk /Applications/Xcode-27.0.0-Release.Candidate.app/Contents/Developer/Platforms/WatchOS.platform/Developer/SDKs/WatchOS27.0.sdk -target arm64-apple-watchos10.0 -g -module-cache-path /Users/admin/builder/spi-builder-workspace/.derivedData/ModuleCache.noindex -Xfrontend -serialize-debugging-options -profile-coverage-mapping -profile-generate -enable-testing -index-store-path /Users/admin/builder/spi-builder-workspace/.derivedData/Index.noindex/DataStore -Xcc -D_LIBCPP_HARDENING_MODE\=_LIBCPP_HARDENING_MODE_DEBUG -swift-version 5 -I /Users/admin/builder/spi-builder-workspace/.derivedData/Build/Products/Debug-watchos -Isystem /Applications/Xcode-27.0.0-Release.Candidate.app/Contents/Developer/Platforms/WatchOS.platform/Developer/usr/lib -F /Users/admin/builder/spi-builder-workspace/.derivedData/Build/Products/Debug-watchos -F /Applications/Xcode-27.0.0-Release.Candidate.app/Contents/Developer/Platforms/WatchOS.platform/Developer/Library/Frameworks -F /Applications/Xcode-27.0.0-Release.Candidate.app/Contents/Developer/Platforms/WatchOS.platform/Developer/SDKs/WatchOS27.0.sdk/Developer/Library/Frameworks -c -j10 -enable-batch-mode -incremental -Xcc -ivfsstatcache -Xcc /Users/admin/builder/spi-builder-workspace/.derivedData/SDKStatCaches.noindex/watchos27.0-24R360-e829b21a6f8c9b70876ba0858053c04477534ef55a1706bf4c1112bbb242f0a2.sdkstatcache -output-file-map /Users/admin/builder/spi-builder-workspace/.derivedData/Build/Intermediates.noindex/ViewToImage.build/Debug-watchos/ViewToImage-t.build/Objects-normal/arm64/ViewToImage-OutputFileMap.json -save-temps -no-color-diagnostics -explicit-module-build -module-cache-path /Users/admin/builder/spi-builder-workspace/.derivedData/Build/Intermediates.noindex/SwiftExplicitPrecompiledModules -clang-scanner-module-cache-path /Users/admin/builder/spi-builder-workspace/.derivedData/ModuleCache.noindex -sdk-module-cache-path /Users/admin/builder/spi-builder-workspace/.derivedData/SDKExplicitPrecompiledModules -emit-dependencies -emit-module -emit-module-path /Users/admin/builder/spi-builder-workspace/.derivedData/Build/Intermediates.noindex/ViewToImage.build/Debug-watchos/ViewToImage-t.build/Objects-normal/arm64/ViewToImage.swiftmodule -serialize-diagnostics -dependency-scan-serialize-diagnostics-path /Users/admin/builder/spi-builder-workspace/.derivedData/Build/Intermediates.noindex/ViewToImage.build/Debug-watchos/ViewToImage-t.build/Objects-normal/arm64/ViewToImage-dependency-scan.dia -validate-clang-modules-once -clang-build-session-file /Users/admin/builder/spi-builder-workspace/.derivedData/ModuleCache.noindex/Session.modulevalidation -Xcc -fmodules-prune-interval\=86400 -Xcc -fmodules-prune-after\=345600 -package-name spi_builder_workspace -emit-const-values -const-gather-protocols-list /Users/admin/builder/spi-builder-workspace/.derivedData/Build/Intermediates.noindex/ViewToImage.build/Debug-watchos/ViewToImage-t.build/Objects-normal/arm64/ViewToImage_const_extract_protocols.json -Xcc -I/Users/admin/builder/spi-builder-workspace/.derivedData/Build/Products/Debug-watchos/include -Xcc -I/Users/admin/builder/spi-builder-workspace/.derivedData/Build/Intermediates.noindex/ViewToImage.build/Debug-watchos/ViewToImage-t.build/DerivedSources-normal/arm64 -Xcc -I/Users/admin/builder/spi-builder-workspace/.derivedData/Build/Intermediates.noindex/ViewToImage.build/Debug-watchos/ViewToImage-t.build/DerivedSources/arm64 -Xcc -I/Users/admin/builder/spi-builder-workspace/.derivedData/Build/Intermediates.noindex/ViewToImage.build/Debug-watchos/ViewToImage-t.build/DerivedSources -Xcc -DSWIFT_PACKAGE -Xcc -DDEBUG\=1 -emit-objc-header -emit-objc-header-path /Users/admin/builder/spi-builder-workspace/.derivedData/Build/Intermediates.noindex/ViewToImage.build/Debug-watchos/ViewToImage-t.build/Objects-normal/arm64/ViewToImage-Swift.h -working-directory /Users/admin/builder/spi-builder-workspace/.swiftpm/xcode -experimental-emit-module-separately -disable-cmo
SwiftExplicitDependencyGeneratePcm arm64 /Users/admin/builder/spi-builder-workspace/.derivedData/SDKExplicitPrecompiledModules/ptrcheck-AIF0NDOYZ8ORBNHQAQR5NNB8M.pcm
SwiftExplicitDependencyGeneratePcm arm64 /Users/admin/builder/spi-builder-workspace/.derivedData/SDKExplicitPrecompiledModules/_SwiftConcurrencyShims-659N52XSKR5F0QSB880BH2FJR.pcm
SwiftExplicitDependencyGeneratePcm arm64 /Users/admin/builder/spi-builder-workspace/.derivedData/SDKExplicitPrecompiledModules/_Builtin_stdbool-83J96QSOFE9VX04AAS6310UAE.pcm
SwiftExplicitDependencyGeneratePcm arm64 /Users/admin/builder/spi-builder-workspace/.derivedData/SDKExplicitPrecompiledModules/SwiftShims-4MXFZPV6FEB0XBYXCGPWAMQGL.pcm
SwiftExplicitDependencyGeneratePcm arm64 /Users/admin/builder/spi-builder-workspace/.derivedData/SDKExplicitPrecompiledModules/_Builtin_stdarg-A7UU8LE6MP85SM26YO7PBZNUQ.pcm
SwiftExplicitDependencyGeneratePcm arm64 /Users/admin/builder/spi-builder-workspace/.derivedData/SDKExplicitPrecompiledModules/DeveloperToolsSupport-E7CNISCB36UE8XQ9IOHK9XDX1.pcm
SwiftExplicitDependencyGeneratePcm arm64 /Users/admin/builder/spi-builder-workspace/.derivedData/SDKExplicitPrecompiledModules/ptrauth-3TZ9WJCGLYD25HQPWH4968ONX.pcm
SwiftExplicitDependencyGeneratePcm arm64 /Users/admin/builder/spi-builder-workspace/.derivedData/SDKExplicitPrecompiledModules/_Builtin_float-C0CW5Q4HGBQYKE77TC42IAFB5.pcm
SwiftExplicitDependencyGeneratePcm arm64 /Users/admin/builder/spi-builder-workspace/.derivedData/SDKExplicitPrecompiledModules/_Builtin_stddef-1FU30Y8SWFB7OUUHMJQH5J6FM.pcm
SwiftExplicitDependencyGeneratePcm arm64 /Users/admin/builder/spi-builder-workspace/.derivedData/SDKExplicitPrecompiledModules/_AvailabilityInternal-BUNV3UXM65NT37THI4W1AM0SF.pcm
SwiftExplicitDependencyGeneratePcm arm64_32 /Users/admin/builder/spi-builder-workspace/.derivedData/SDKExplicitPrecompiledModules/SwiftShims-9CQQGWTSNTN9EB5NSHDWUJICH.pcm
SwiftExplicitDependencyGeneratePcm arm64_32 /Users/admin/builder/spi-builder-workspace/.derivedData/SDKExplicitPrecompiledModules/_Builtin_stddef-H44EFHQX6XSS5MZ7QP6YJZ76.pcm
SwiftExplicitDependencyGeneratePcm arm64_32 /Users/admin/builder/spi-builder-workspace/.derivedData/SDKExplicitPrecompiledModules/_AvailabilityInternal-244WAN3Z1QBT7PIA64EZEFY1R.pcm
SwiftExplicitDependencyGeneratePcm arm64_32 /Users/admin/builder/spi-builder-workspace/.derivedData/SDKExplicitPrecompiledModules/_Builtin_float-6KO8O3PEWRCA4WC6PPLOYO6WJ.pcm
SwiftExplicitDependencyGeneratePcm arm64_32 /Users/admin/builder/spi-builder-workspace/.derivedData/SDKExplicitPrecompiledModules/ptrauth-BFXF358ME5AK535N5A9Z766WU.pcm
SwiftExplicitDependencyGeneratePcm arm64_32 /Users/admin/builder/spi-builder-workspace/.derivedData/SDKExplicitPrecompiledModules/ptrcheck-7ELIH9BTIGVKX3UBITM9N72WD.pcm
SwiftExplicitDependencyGeneratePcm arm64_32 /Users/admin/builder/spi-builder-workspace/.derivedData/SDKExplicitPrecompiledModules/_SwiftConcurrencyShims-6RTBPQ03V7BM9SPRK8SUE055H.pcm
SwiftExplicitDependencyGeneratePcm arm64_32 /Users/admin/builder/spi-builder-workspace/.derivedData/SDKExplicitPrecompiledModules/DeveloperToolsSupport-DZU5G1OCMNWU0AQRULIFHUJ1Z.pcm
SwiftExplicitDependencyGeneratePcm arm64_32 /Users/admin/builder/spi-builder-workspace/.derivedData/SDKExplicitPrecompiledModules/_Builtin_stdarg-D305JG44A2WPI6CJY37X3QJE8.pcm
SwiftExplicitDependencyGeneratePcm arm64_32 /Users/admin/builder/spi-builder-workspace/.derivedData/SDKExplicitPrecompiledModules/_Builtin_stdbool-A967K8W8YUYEC9SN52KJ7OO88.pcm
SwiftExplicitDependencyGeneratePcm arm64 /Users/admin/builder/spi-builder-workspace/.derivedData/SDKExplicitPrecompiledModules/_DarwinFoundation1-7SPX3MD0HMP55E4OLNCPNDQ53.pcm
SwiftExplicitDependencyGeneratePcm arm64_32 /Users/admin/builder/spi-builder-workspace/.derivedData/SDKExplicitPrecompiledModules/_DarwinFoundation1-2GWF9RFMPLQW4PDHS3NARVI3G.pcm
SwiftExplicitDependencyGeneratePcm arm64 /Users/admin/builder/spi-builder-workspace/.derivedData/SDKExplicitPrecompiledModules/_Builtin_limits-9GWPA2B0H20DYUNYHYCWKABJG.pcm
SwiftExplicitDependencyGeneratePcm arm64 /Users/admin/builder/spi-builder-workspace/.derivedData/SDKExplicitPrecompiledModules/_DarwinFoundation2-D0XAPJU49S5E9XMKYOFGSTB1Q.pcm
SwiftExplicitDependencyGeneratePcm arm64_32 /Users/admin/builder/spi-builder-workspace/.derivedData/SDKExplicitPrecompiledModules/_DarwinFoundation2-9MY8GOSYRO0M9MKNXF6D3MBNK.pcm
SwiftExplicitDependencyGeneratePcm arm64_32 /Users/admin/builder/spi-builder-workspace/.derivedData/SDKExplicitPrecompiledModules/_Builtin_limits-3VKBU2AFTD65PAJZ5CJ3LHFM2.pcm
SwiftExplicitDependencyGeneratePcm arm64 /Users/admin/builder/spi-builder-workspace/.derivedData/SDKExplicitPrecompiledModules/_Builtin_stdint-8XMILLJZEGRN2XG7XZUXZ5RLX.pcm
SwiftExplicitDependencyGeneratePcm arm64 /Users/admin/builder/spi-builder-workspace/.derivedData/SDKExplicitPrecompiledModules/_Builtin_tgmath-8NQ96OZ0YHXEC24JI95P01UF8.pcm
SwiftExplicitDependencyGeneratePcm arm64 /Users/admin/builder/spi-builder-workspace/.derivedData/SDKExplicitPrecompiledModules/sys_types-2KXQLI78OUCDP779AE68GZJ2.pcm
SwiftExplicitDependencyGeneratePcm arm64 /Users/admin/builder/spi-builder-workspace/.derivedData/SDKExplicitPrecompiledModules/string_h-E6PRXK75PHIPCZFWOFCQ3QBMK.pcm
SwiftExplicitDependencyGeneratePcm arm64_32 /Users/admin/builder/spi-builder-workspace/.derivedData/SDKExplicitPrecompiledModules/_Builtin_tgmath-23PGCKURCQILXMK0MYZRYDCOU.pcm
SwiftExplicitDependencyGeneratePcm arm64_32 /Users/admin/builder/spi-builder-workspace/.derivedData/SDKExplicitPrecompiledModules/sys_types-8TLLMW08ZJWDGIIPKOYFGHHZW.pcm
SwiftExplicitDependencyGeneratePcm arm64_32 /Users/admin/builder/spi-builder-workspace/.derivedData/SDKExplicitPrecompiledModules/string_h-BFVLUQUSBZWYMLCU9QI7VZALW.pcm
SwiftExplicitDependencyGeneratePcm arm64_32 /Users/admin/builder/spi-builder-workspace/.derivedData/SDKExplicitPrecompiledModules/_Builtin_stdint-1HMXWI3V0V4TXHRWZOMZGZ80Y.pcm
SwiftExplicitDependencyGeneratePcm arm64 /Users/admin/builder/spi-builder-workspace/.derivedData/SDKExplicitPrecompiledModules/_DarwinFoundation3-B97LRG0E9GON2NUE65TVG81HU.pcm
SwiftExplicitDependencyGeneratePcm arm64 /Users/admin/builder/spi-builder-workspace/.derivedData/SDKExplicitPrecompiledModules/_Builtin_intrinsics-75960HIPCIYA06IUW8FIIPQT.pcm
SwiftExplicitDependencyGeneratePcm arm64 /Users/admin/builder/spi-builder-workspace/.derivedData/SDKExplicitPrecompiledModules/_Builtin_stdatomic-7JEFA3KBJJJN6TKJWY3OG1VG5.pcm
SwiftExplicitDependencyGeneratePcm arm64_32 /Users/admin/builder/spi-builder-workspace/.derivedData/SDKExplicitPrecompiledModules/_Builtin_intrinsics-196IIAKDQVU42DLOZP9OQCV76.pcm
SwiftExplicitDependencyGeneratePcm arm64_32 /Users/admin/builder/spi-builder-workspace/.derivedData/SDKExplicitPrecompiledModules/_Builtin_stdatomic-1TY035TURL76BF2U98PZPPZRX.pcm
SwiftExplicitDependencyGeneratePcm arm64_32 /Users/admin/builder/spi-builder-workspace/.derivedData/SDKExplicitPrecompiledModules/_DarwinFoundation3-3DUTYQDQSD9HUAAVY947NMWOI.pcm
SwiftExplicitDependencyGeneratePcm arm64_32 /Users/admin/builder/spi-builder-workspace/.derivedData/SDKExplicitPrecompiledModules/_Builtin_inttypes-D2KPCR4PEX9AQA33NGLUT5SBR.pcm
SwiftExplicitDependencyGeneratePcm arm64 /Users/admin/builder/spi-builder-workspace/.derivedData/SDKExplicitPrecompiledModules/_Builtin_inttypes-3UQSCM7WNM9EK4HZML8TY5J3D.pcm
SwiftExplicitDependencyGeneratePcm arm64 /Users/admin/builder/spi-builder-workspace/.derivedData/SDKExplicitPrecompiledModules/Darwin-3984OXKFNSPE77NT743WK8SEX.pcm
SwiftExplicitDependencyGeneratePcm arm64_32 /Users/admin/builder/spi-builder-workspace/.derivedData/SDKExplicitPrecompiledModules/Darwin-3FVT1SKLN2ZQ5RVOABMTQBB34.pcm
SwiftExplicitDependencyGeneratePcm arm64_32 /Users/admin/builder/spi-builder-workspace/.derivedData/SDKExplicitPrecompiledModules/simd-21UNWYOBUZI1LVSQ99S1XBLMO.pcm
SwiftExplicitDependencyGeneratePcm arm64 /Users/admin/builder/spi-builder-workspace/.derivedData/SDKExplicitPrecompiledModules/simd-EH08NODU6574T74ZKU61VP9BW.pcm
SwiftExplicitDependencyGeneratePcm arm64_32 /Users/admin/builder/spi-builder-workspace/.derivedData/SDKExplicitPrecompiledModules/MachO-56838ZJ0NC1EBAJ0O6O8QMPDX.pcm
SwiftExplicitDependencyGeneratePcm arm64_32 /Users/admin/builder/spi-builder-workspace/.derivedData/SDKExplicitPrecompiledModules/ObjectiveC-6IJNELR2E80E7LUKESVCP2KET.pcm
SwiftExplicitDependencyGeneratePcm arm64 /Users/admin/builder/spi-builder-workspace/.derivedData/SDKExplicitPrecompiledModules/MachO-2U90NNSAQILBNBPS1SA4F8TYP.pcm
SwiftExplicitDependencyGeneratePcm arm64 /Users/admin/builder/spi-builder-workspace/.derivedData/SDKExplicitPrecompiledModules/ObjectiveC-72IVD3VS2RS8Q28D9PIMY0KQP.pcm
SwiftExplicitDependencyGeneratePcm arm64_32 /Users/admin/builder/spi-builder-workspace/.derivedData/SDKExplicitPrecompiledModules/os_object-5YWTC6L4756IWSTPGXS5NM0D0.pcm
SwiftExplicitDependencyGeneratePcm arm64 /Users/admin/builder/spi-builder-workspace/.derivedData/SDKExplicitPrecompiledModules/os_object-3SDKD7F87FTZ26OON37DRYT6O.pcm
SwiftExplicitDependencyGeneratePcm arm64_32 /Users/admin/builder/spi-builder-workspace/.derivedData/SDKExplicitPrecompiledModules/os_workgroup-5JHTPDMNBUNHLJI8LPHKQK1JK.pcm
SwiftExplicitDependencyGeneratePcm arm64 /Users/admin/builder/spi-builder-workspace/.derivedData/SDKExplicitPrecompiledModules/os_workgroup-89GG5G7YC2D0ZTK6AZXXQ20DH.pcm
SwiftExplicitDependencyGeneratePcm arm64_32 /Users/admin/builder/spi-builder-workspace/.derivedData/SDKExplicitPrecompiledModules/Spatial-CWVWNML3T0NXVHZDKVLD3X1YZ.pcm
SwiftExplicitDependencyGeneratePcm arm64 /Users/admin/builder/spi-builder-workspace/.derivedData/SDKExplicitPrecompiledModules/Spatial-44FJGYXFAT2AQAW9Z6T7YS02U.pcm
SwiftExplicitDependencyGeneratePcm arm64 /Users/admin/builder/spi-builder-workspace/.derivedData/SDKExplicitPrecompiledModules/Dispatch-1NLJOVAK60XP0DUB05XA59EIM.pcm
SwiftExplicitDependencyGeneratePcm arm64_32 /Users/admin/builder/spi-builder-workspace/.derivedData/SDKExplicitPrecompiledModules/Dispatch-2P62F1T4XV63S4P99TUDTOK2Q.pcm
SwiftExplicitDependencyGeneratePcm arm64 /Users/admin/builder/spi-builder-workspace/.derivedData/SDKExplicitPrecompiledModules/CoreFoundation-8T2L24YC5NU7WO6WQJWRY7W08.pcm
SwiftExplicitDependencyGeneratePcm arm64 /Users/admin/builder/spi-builder-workspace/.derivedData/SDKExplicitPrecompiledModules/XPC-40DR0X1DHKGCV4J1IOLFS8MOU.pcm
SwiftExplicitDependencyGeneratePcm arm64_32 /Users/admin/builder/spi-builder-workspace/.derivedData/SDKExplicitPrecompiledModules/CoreFoundation-8E6Y4BA3EXYKUGJ24GT9LGV3N.pcm
SwiftExplicitDependencyGeneratePcm arm64_32 /Users/admin/builder/spi-builder-workspace/.derivedData/SDKExplicitPrecompiledModules/XPC-81Y45QFY96XYYFCW2GT6FY8S4.pcm
SwiftExplicitDependencyGeneratePcm arm64 /Users/admin/builder/spi-builder-workspace/.derivedData/SDKExplicitPrecompiledModules/os-5DIL6Z9LFIGLMZAHM7X2T5435.pcm
SwiftExplicitDependencyGeneratePcm arm64_32 /Users/admin/builder/spi-builder-workspace/.derivedData/SDKExplicitPrecompiledModules/os-E5IGB442IA6SBB25TTCOLK2OC.pcm
SwiftExplicitDependencyGeneratePcm arm64_32 /Users/admin/builder/spi-builder-workspace/.derivedData/SDKExplicitPrecompiledModules/CoreAudioTypes-9GVB1DHA32M46R4A9NWSI3I2K.pcm
SwiftExplicitDependencyGeneratePcm arm64_32 /Users/admin/builder/spi-builder-workspace/.derivedData/SDKExplicitPrecompiledModules/CoreGraphics-9FDXYX6BKBUT6TJ2VF819E7T5.pcm
SwiftExplicitDependencyGeneratePcm arm64_32 /Users/admin/builder/spi-builder-workspace/.derivedData/SDKExplicitPrecompiledModules/Security-D7TOWF88VWF67TB9HAFP5UWB1.pcm
SwiftExplicitDependencyGeneratePcm arm64 /Users/admin/builder/spi-builder-workspace/.derivedData/SDKExplicitPrecompiledModules/CoreAudioTypes-A9MF7N5LT63G21HNFVM6BT14B.pcm
SwiftExplicitDependencyGeneratePcm arm64 /Users/admin/builder/spi-builder-workspace/.derivedData/SDKExplicitPrecompiledModules/Security-6RZ6YBRU8WCUHRFFRVUK5WKMM.pcm
SwiftExplicitDependencyGeneratePcm arm64 /Users/admin/builder/spi-builder-workspace/.derivedData/SDKExplicitPrecompiledModules/CoreGraphics-DWNZ73GEH98SBJXZ7DEXB420K.pcm
SwiftExplicitDependencyGeneratePcm arm64_32 /Users/admin/builder/spi-builder-workspace/.derivedData/SDKExplicitPrecompiledModules/CoreAudio-5W6MX6OUPWBMUR8VD5LHT1PZF.pcm
SwiftExplicitDependencyGeneratePcm arm64 /Users/admin/builder/spi-builder-workspace/.derivedData/SDKExplicitPrecompiledModules/CoreAudio-1B79RJJTP71GE6UY9WLESAN3C.pcm
SwiftExplicitDependencyGeneratePcm arm64_32 /Users/admin/builder/spi-builder-workspace/.derivedData/SDKExplicitPrecompiledModules/Foundation-BJ2VQGI3OGR34500MEQ1VKHPH.pcm
SwiftExplicitDependencyGeneratePcm arm64 /Users/admin/builder/spi-builder-workspace/.derivedData/SDKExplicitPrecompiledModules/Foundation-DLBKUSGXN8QHAT8W0OARR9S8A.pcm
SwiftExplicitDependencyGeneratePcm arm64_32 /Users/admin/builder/spi-builder-workspace/.derivedData/SDKExplicitPrecompiledModules/CoreText-C9X2REPZN2V5BSU4G80FCETDR.pcm
SwiftExplicitDependencyGeneratePcm arm64_32 /Users/admin/builder/spi-builder-workspace/.derivedData/SDKExplicitPrecompiledModules/CoreVideo-2P8HI0403J99LBDPKNFJ5D4DL.pcm
SwiftExplicitDependencyGeneratePcm arm64 /Users/admin/builder/spi-builder-workspace/.derivedData/SDKExplicitPrecompiledModules/CoreText-970YJN6NIYGK1316L35Z0O8QT.pcm
SwiftExplicitDependencyGeneratePcm arm64 /Users/admin/builder/spi-builder-workspace/.derivedData/SDKExplicitPrecompiledModules/CoreVideo-8MRR5MNWUOAW2DBPGUQ8FKK4.pcm
SwiftExplicitDependencyGeneratePcm arm64 /Users/admin/builder/spi-builder-workspace/.derivedData/SDKExplicitPrecompiledModules/CoreMedia-1AJVCUZNAO74KIKMFVFUUHWDI.pcm
SwiftExplicitDependencyGeneratePcm arm64_32 /Users/admin/builder/spi-builder-workspace/.derivedData/SDKExplicitPrecompiledModules/CoreMedia-AO387T8CHWTTZODD1DGT0UAFA.pcm
SwiftExplicitDependencyGeneratePcm arm64_32 /Users/admin/builder/spi-builder-workspace/.derivedData/SDKExplicitPrecompiledModules/Symbols-1H97WMG76HU94F5VGJR19PXFY.pcm
SwiftExplicitDependencyGeneratePcm arm64_32 /Users/admin/builder/spi-builder-workspace/.derivedData/SDKExplicitPrecompiledModules/OSLog-D9AVFY0KWO7RVBIQ73CBIJVCN.pcm
SwiftExplicitDependencyGeneratePcm arm64_32 /Users/admin/builder/spi-builder-workspace/.derivedData/SDKExplicitPrecompiledModules/SceneKit-DKNLHKM5FJBQ79LSNMSSMBUBR.pcm
SwiftExplicitDependencyGeneratePcm arm64_32 /Users/admin/builder/spi-builder-workspace/.derivedData/SDKExplicitPrecompiledModules/DataDetection-U9BF7WHFVA6BZGFXXXP272PS.pcm
SwiftExplicitDependencyGeneratePcm arm64_32 /Users/admin/builder/spi-builder-workspace/.derivedData/SDKExplicitPrecompiledModules/CoreData-7AU1AFQWUH88EAPDKVMLJPKVD.pcm
SwiftExplicitDependencyGeneratePcm arm64_32 /Users/admin/builder/spi-builder-workspace/.derivedData/SDKExplicitPrecompiledModules/Accessibility-F385OMZ5GYBUY5O4QAJB4NRII.pcm
SwiftExplicitDependencyGeneratePcm arm64_32 /Users/admin/builder/spi-builder-workspace/.derivedData/SDKExplicitPrecompiledModules/UserNotifications-6TBN8TEAKO014N1T2QD926XED.pcm
SwiftExplicitDependencyGeneratePcm arm64_32 /Users/admin/builder/spi-builder-workspace/.derivedData/SDKExplicitPrecompiledModules/UIUtilities-9YFVNIMRC5HRVOIARNWHP1E3H.pcm
SwiftExplicitDependencyGeneratePcm arm64_32 /Users/admin/builder/spi-builder-workspace/.derivedData/SDKExplicitPrecompiledModules/QuartzCore-6375NPYACK5NYVHPMC1QQ8MC2.pcm
SwiftExplicitDependencyGeneratePcm arm64_32 /Users/admin/builder/spi-builder-workspace/.derivedData/SDKExplicitPrecompiledModules/CoreTransferable-5D4IR6X37682FPHJ5CBPTKQV6.pcm
SwiftExplicitDependencyGeneratePcm arm64 /Users/admin/builder/spi-builder-workspace/.derivedData/SDKExplicitPrecompiledModules/DataDetection-7BNVI1SZW5ISQL5SX4WL2X7I5.pcm
SwiftExplicitDependencyGeneratePcm arm64 /Users/admin/builder/spi-builder-workspace/.derivedData/SDKExplicitPrecompiledModules/OSLog-B7VGO357Y3GJG35TST7DKDSI3.pcm
SwiftExplicitDependencyGeneratePcm arm64 /Users/admin/builder/spi-builder-workspace/.derivedData/SDKExplicitPrecompiledModules/_LocationEssentials-5ZZDGDXB6HLQUC72SJW7YJ7MK.pcm
SwiftExplicitDependencyGeneratePcm arm64 /Users/admin/builder/spi-builder-workspace/.derivedData/SDKExplicitPrecompiledModules/UIUtilities-IR7RNW23VAUKYI9MLCS9NL9A.pcm
SwiftExplicitDependencyGeneratePcm arm64 /Users/admin/builder/spi-builder-workspace/.derivedData/SDKExplicitPrecompiledModules/CoreTransferable-9PPG3SLJ55T4LITIFYX2M0NOZ.pcm
SwiftExplicitDependencyGeneratePcm arm64 /Users/admin/builder/spi-builder-workspace/.derivedData/SDKExplicitPrecompiledModules/UserNotifications-ARAH8MEQ0C2L0FBO39HITJMAO.pcm
SwiftExplicitDependencyGeneratePcm arm64 /Users/admin/builder/spi-builder-workspace/.derivedData/SDKExplicitPrecompiledModules/Accessibility-27QMG6ZQ1NKYTNBYFPM1XKNFC.pcm
SwiftExplicitDependencyGeneratePcm arm64 /Users/admin/builder/spi-builder-workspace/.derivedData/SDKExplicitPrecompiledModules/UniformTypeIdentifiers-8L08Q8DQJV8C4AW84YVGFGTRN.pcm
SwiftExplicitDependencyGeneratePcm arm64_32 /Users/admin/builder/spi-builder-workspace/.derivedData/SDKExplicitPrecompiledModules/SwiftUICore-3Q7WLRD8MR9R3NGIPUBQCP6F6.pcm
SwiftExplicitDependencyGeneratePcm arm64 /Users/admin/builder/spi-builder-workspace/.derivedData/SDKExplicitPrecompiledModules/CoreData-9JFJC4UET8BAO5IPV2JU6W9V8.pcm
SwiftExplicitDependencyGeneratePcm arm64 /Users/admin/builder/spi-builder-workspace/.derivedData/SDKExplicitPrecompiledModules/SceneKit-5HZKIL7XETTTD8TOHYPN8JKRJ.pcm
SwiftExplicitDependencyGeneratePcm arm64 /Users/admin/builder/spi-builder-workspace/.derivedData/SDKExplicitPrecompiledModules/Symbols-3EFABTJ9L5PQDJ7RQCYQWEJMM.pcm
SwiftExplicitDependencyGeneratePcm arm64 /Users/admin/builder/spi-builder-workspace/.derivedData/SDKExplicitPrecompiledModules/QuartzCore-94KFMWNOU7ZLUZNB4T5DLZC9D.pcm
SwiftExplicitDependencyGeneratePcm arm64_32 /Users/admin/builder/spi-builder-workspace/.derivedData/SDKExplicitPrecompiledModules/_LocationEssentials-AQ1OL9QKC3LQLY5CNSRM1HB53.pcm
SwiftExplicitDependencyGeneratePcm arm64 /Users/admin/builder/spi-builder-workspace/.derivedData/SDKExplicitPrecompiledModules/CoreLocation-ACKJ9K7ABI14F97Y46Y6SRR17.pcm
SwiftExplicitDependencyGeneratePcm arm64_32 /Users/admin/builder/spi-builder-workspace/.derivedData/SDKExplicitPrecompiledModules/UniformTypeIdentifiers-CJZ3NTHPSBH4XWX5EVOG56UZS.pcm
SwiftExplicitDependencyGeneratePcm arm64_32 /Users/admin/builder/spi-builder-workspace/.derivedData/SDKExplicitPrecompiledModules/CoreLocation-8XU5YMYM4P11RQMYCQAG65ITK.pcm
SwiftExplicitDependencyGeneratePcm arm64 /Users/admin/builder/spi-builder-workspace/.derivedData/SDKExplicitPrecompiledModules/CoreMotion-6RD5K48QT1F4L9CATNFD2O7YB.pcm
SwiftExplicitDependencyGeneratePcm arm64 /Users/admin/builder/spi-builder-workspace/.derivedData/SDKExplicitPrecompiledModules/SwiftUICore-C1DST1IX2Z0PTH5SJJZ1IULRB.pcm
SwiftExplicitDependencyGeneratePcm arm64_32 /Users/admin/builder/spi-builder-workspace/.derivedData/SDKExplicitPrecompiledModules/CoreMotion-1XGTVTE5PP32UHME8AC63TL6.pcm
SwiftExplicitDependencyGeneratePcm arm64 /Users/admin/builder/spi-builder-workspace/.derivedData/SDKExplicitPrecompiledModules/UIKit-27R3P1YMV4C6JLDT661G3MRIA.pcm
SwiftExplicitDependencyGeneratePcm arm64_32 /Users/admin/builder/spi-builder-workspace/.derivedData/SDKExplicitPrecompiledModules/UIKit-6PPV7YPZ89CZPHYAP072QH8B6.pcm
SwiftExplicitDependencyGeneratePcm arm64 /Users/admin/builder/spi-builder-workspace/.derivedData/SDKExplicitPrecompiledModules/MapKit-EJJWC7IL56MPLQMI93GJRE5OG.pcm
SwiftExplicitDependencyGeneratePcm arm64 /Users/admin/builder/spi-builder-workspace/.derivedData/SDKExplicitPrecompiledModules/HomeKit-DTS1N4AWILAL1URZ5IOXV5221.pcm
SwiftExplicitDependencyGeneratePcm arm64_32 /Users/admin/builder/spi-builder-workspace/.derivedData/SDKExplicitPrecompiledModules/MapKit-CWGB4YMP1VX1NYQN5FULFD5DR.pcm
SwiftExplicitDependencyGeneratePcm arm64_32 /Users/admin/builder/spi-builder-workspace/.derivedData/SDKExplicitPrecompiledModules/HomeKit-DUDZOMSN3UK8GNTNBNMPIWJRN.pcm
SwiftExplicitDependencyGeneratePcm arm64 /Users/admin/builder/spi-builder-workspace/.derivedData/SDKExplicitPrecompiledModules/WatchKit-3VT3K8YON6FJ6OWSUFJMFMP8J.pcm
SwiftExplicitDependencyGeneratePcm arm64_32 /Users/admin/builder/spi-builder-workspace/.derivedData/SDKExplicitPrecompiledModules/WatchKit-FHF6WTKLC2APGK3LA2XJ6516.pcm
SwiftExplicitDependencyGeneratePcm arm64 /Users/admin/builder/spi-builder-workspace/.derivedData/SDKExplicitPrecompiledModules/SwiftUI-APXDH8ULYLM6FD17YRA73TULO.pcm
SwiftExplicitDependencyGeneratePcm arm64_32 /Users/admin/builder/spi-builder-workspace/.derivedData/SDKExplicitPrecompiledModules/SwiftUI-9AYG9OCT5VOJK7V4MX1WYR86T.pcm
SwiftEmitModule normal arm64 Emitting\ module\ for\ ViewToImage (in target 'ViewToImage' from project 'ViewToImage')
/Users/admin/builder/spi-builder-workspace/Sources/ViewToImage/ViewToImage+UIKit.swift:13:53: error: 'UIScreen' is unavailable in watchOS
11 | /// A structure that provides methods to convert SwiftUI views to different image formats.
12 | public struct ViewToImage: ViewToImageProtocol {
13 | private static let screenScaleFactor: CGFloat = UIScreen.main.scale
| `- error: 'UIScreen' is unavailable in watchOS
14 |
15 | /// Converts a SwiftUI view to HEIC format data.
/Applications/Xcode-27.0.0-Release.Candidate.app/Contents/Developer/Platforms/WatchOS.platform/Developer/SDKs/WatchOS27.0.sdk/System/Library/Frameworks/UIKit.framework/Headers/UIScreen.h:54:12: note: 'UIScreen' has been explicitly marked unavailable here
52 |
53 | UIKIT_EXTERN API_AVAILABLE(ios(2.0)) API_UNAVAILABLE(visionos, watchos) NS_SWIFT_UI_ACTOR
54 | @interface UIScreen : NSObject <UITraitEnvironment>
| `- note: 'UIScreen' has been explicitly marked unavailable here
55 |
56 | @property(class, nonatomic, readonly) NSArray<UIScreen *> *screens API_DEPRECATED("Use UIApplication.shared.openSessions to find open sessions with scenes from other screens", ios(3.2, 16.0), visionos(1.0, 1.0)) API_UNAVAILABLE(watchos); // all screens currently attached to the device
/Users/admin/builder/spi-builder-workspace/Sources/ViewToImage/ViewToImage+UIKit.swift:13:62: error: 'main' is unavailable in watchOS
11 | /// A structure that provides methods to convert SwiftUI views to different image formats.
12 | public struct ViewToImage: ViewToImageProtocol {
13 | private static let screenScaleFactor: CGFloat = UIScreen.main.scale
| `- error: 'main' is unavailable in watchOS
14 |
15 | /// Converts a SwiftUI view to HEIC format data.
/Applications/Xcode-27.0.0-Release.Candidate.app/Contents/Developer/Platforms/WatchOS.platform/Developer/SDKs/WatchOS27.0.sdk/System/Library/Frameworks/UIKit.framework/Headers/UIScreen.h:57:49: note: 'main' has been explicitly marked unavailable here
55 |
56 | @property(class, nonatomic, readonly) NSArray<UIScreen *> *screens API_DEPRECATED("Use UIApplication.shared.openSessions to find open sessions with scenes from other screens", ios(3.2, 16.0), visionos(1.0, 1.0)) API_UNAVAILABLE(watchos); // all screens currently attached to the device
57 | @property(class, nonatomic, readonly) UIScreen *mainScreen API_DEPRECATED("Use a UIScreen instance found through context instead (i.e, view.window.windowScene.screen), or for properties like UIScreen.scale with trait equivalents, use a traitCollection found through context.", ios(2.0, 26.0), tvos(9.0, 26.0), visionos(1.0, 26.0)) API_UNAVAILABLE(watchos);
| `- note: 'main' has been explicitly marked unavailable here
58 |
59 | @property(nonatomic,readonly) CGRect bounds; // Bounds of entire screen in points
/Users/admin/builder/spi-builder-workspace/Sources/ViewToImage/ViewToImage+UIKit.swift:90:41: error: 'CALayer' is unavailable in watchOS
88 | }
89 |
90 | static func configureLayer(_ layer: CALayer, scale: CGFloat) {
| `- error: 'CALayer' is unavailable in watchOS
91 | CATransaction.begin()
92 | CATransaction.setDisableActions(true)
/Applications/Xcode-27.0.0-Release.Candidate.app/Contents/Developer/Platforms/WatchOS.platform/Developer/SDKs/WatchOS27.0.sdk/System/Library/Frameworks/QuartzCore.framework/Headers/CALayer.h:117:12: note: 'CALayer' has been explicitly marked unavailable here
115 |
116 | API_AVAILABLE(macos(10.5), ios(2.0), tvos(9.0)) API_UNAVAILABLE(watchos)
117 | @interface CALayer : NSObject <NSSecureCoding, CAMediaTiming>
| `- note: 'CALayer' has been explicitly marked unavailable here
118 |
119 | /** Layer creation and initialization. **/
Failed frontend command:
SwiftCompile normal arm64 (in target 'ViewToImage' from project 'ViewToImage')
cd /Users/admin/builder/spi-builder-workspace/.swiftpm/xcode
/Applications/Xcode-27.0.0-Release.Candidate.app/Contents/Developer/Toolchains/XcodeDefault.xctoolchain/usr/bin/swift-frontend -frontend -emit-module -experimental-skip-non-inlinable-function-bodies-without-types /Users/admin/builder/spi-builder-workspace/Sources/ViewToImage/Extensions/NSBitmapImageRep+HeicData.swift /Users/admin/builder/spi-builder-workspace/Sources/ViewToImage/Internals/ViewToImageProtocol.swift /Users/admin/builder/spi-builder-workspace/Sources/ViewToImage/ViewToImage+AppKit.swift /Users/admin/builder/spi-builder-workspace/Sources/ViewToImage/ViewToImage+UIKit.swift -target arm64-apple-watchos10.0 -module-can-import-version UIKit 9127.0.84.1 9127.0.84 -disable-cross-import-overlay-search -load-resolved-plugin /Applications/Xcode-27.0.0-Release.Candidate.app/Contents/Developer/Platforms/WatchOS.platform/Developer/usr/lib/swift/host/plugins/libFoundationMacros.dylib\#/Applications/Xcode-27.0.0-Release.Candidate.app/Contents/Developer/Platforms/WatchOS.platform/Developer/usr/bin/swift-plugin-server\#FoundationMacros -load-resolved-plugin /Applications/Xcode-27.0.0-Release.Candidate.app/Contents/Developer/Platforms/WatchOS.platform/Developer/usr/lib/swift/host/plugins/libObservationMacros.dylib\#/Applications/Xcode-27.0.0-Release.Candidate.app/Contents/Developer/Platforms/WatchOS.platform/Developer/usr/bin/swift-plugin-server\#ObservationMacros -load-resolved-plugin /Applications/Xcode-27.0.0-Release.Candidate.app/Contents/Developer/Platforms/WatchOS.platform/Developer/usr/lib/swift/host/plugins/libPreviewsMacros.dylib\#/Applications/Xcode-27.0.0-Release.Candidate.app/Contents/Developer/Platforms/WatchOS.platform/Developer/usr/bin/swift-plugin-server\#PreviewsMacros -load-resolved-plugin /Applications/Xcode-27.0.0-Release.Candidate.app/Contents/Developer/Platforms/WatchOS.platform/Developer/usr/lib/swift/host/plugins/libSwiftMacros.dylib\#/Applications/Xcode-27.0.0-Release.Candidate.app/Contents/Developer/Platforms/WatchOS.platform/Developer/usr/bin/swift-plugin-server\#SwiftMacros -load-resolved-plugin /Applications/Xcode-27.0.0-Release.Candidate.app/Contents/Developer/Platforms/WatchOS.platform/Developer/usr/lib/swift/host/plugins/libSwiftUIMacros.dylib\#/Applications/Xcode-27.0.0-Release.Candidate.app/Contents/Developer/Platforms/WatchOS.platform/Developer/usr/bin/swift-plugin-server\#SwiftUIMacros -disable-implicit-swift-modules -Xcc -fno-implicit-modules -Xcc -fno-implicit-module-maps -explicit-swift-module-map-file /Users/admin/builder/spi-builder-workspace/.derivedData/Build/Intermediates.noindex/ViewToImage.build/Debug-watchos/ViewToImage-t.build/Objects-normal/arm64/ViewToImage-dependencies-2.json -Xllvm -aarch64-use-tbi -enable-objc-interop -stack-check -sdk /Applications/Xcode-27.0.0-Release.Candidate.app/Contents/Developer/Platforms/WatchOS.platform/Developer/SDKs/WatchOS27.0.sdk -I /Users/admin/builder/spi-builder-workspace/.derivedData/Build/Products/Debug-watchos -Isystem /Applications/Xcode-27.0.0-Release.Candidate.app/Contents/Developer/Platforms/WatchOS.platform/Developer/usr/lib -F /Users/admin/builder/spi-builder-workspace/.derivedData/Build/Products/Debug-watchos -F /Applications/Xcode-27.0.0-Release.Candidate.app/Contents/Developer/Platforms/WatchOS.platform/Developer/Library/Frameworks -F /Applications/Xcode-27.0.0-Release.Candidate.app/Contents/Developer/Platforms/WatchOS.platform/Developer/SDKs/WatchOS27.0.sdk/Developer/Library/Frameworks -module-cache-path /Users/admin/builder/spi-builder-workspace/.derivedData/Build/Intermediates.noindex/SwiftExplicitPrecompiledModules -no-color-diagnostics -Xcc -fno-color-diagnostics -enable-testing -g -debug-info-format\=dwarf -dwarf-version\=4 -profile-generate -profile-coverage-mapping -swift-version 5 -Onone -D SWIFT_PACKAGE -D DEBUG -D SWIFT_MODULE_RESOURCE_BUNDLE_UNAVAILABLE -D Xcode -serialize-debugging-options -enable-experimental-feature DebugDescriptionMacro -empty-abi-descriptor -validate-clang-modules-once -clang-build-session-file /Users/admin/builder/spi-builder-workspace/.derivedData/ModuleCache.noindex/Session.modulevalidation -Xcc -working-directory -Xcc /Users/admin/builder/spi-builder-workspace/.swiftpm/xcode -enable-anonymous-context-mangled-names -file-compilation-dir /Users/admin/builder/spi-builder-workspace/.swiftpm/xcode -Xcc -D_LIBCPP_HARDENING_MODE\=_LIBCPP_HARDENING_MODE_DEBUG -Xcc -ivfsstatcache -Xcc /Users/admin/builder/spi-builder-workspace/.derivedData/SDKStatCaches.noindex/watchos27.0-24R360-e829b21a6f8c9b70876ba0858053c04477534ef55a1706bf4c1112bbb242f0a2.sdkstatcache -Xcc -fmodules-prune-interval\=86400 -Xcc -fmodules-prune-after\=345600 -Xcc -I/Users/admin/builder/spi-builder-workspace/.derivedData/Build/Products/Debug-watchos/include -Xcc -I/Users/admin/builder/spi-builder-workspace/.derivedData/Build/Intermediates.noindex/ViewToImage.build/Debug-watchos/ViewToImage-t.build/DerivedSources-normal/arm64 -Xcc -I/Users/admin/builder/spi-builder-workspace/.derivedData/Build/Intermediates.noindex/ViewToImage.build/Debug-watchos/ViewToImage-t.build/DerivedSources/arm64 -Xcc -I/Users/admin/builder/spi-builder-workspace/.derivedData/Build/Intermediates.noindex/ViewToImage.build/Debug-watchos/ViewToImage-t.build/DerivedSources -Xcc -DSWIFT_PACKAGE -Xcc -DDEBUG\=1 -no-auto-bridging-header-chaining -module-name ViewToImage -package-name spi_builder_workspace -const-gather-protocols-file /Users/admin/builder/spi-builder-workspace/.derivedData/Build/Intermediates.noindex/ViewToImage.build/Debug-watchos/ViewToImage-t.build/Objects-normal/arm64/ViewToImage_const_extract_protocols.json -disable-clang-spi -clang-target arm64-apple-watchos27.0 -target-sdk-version 27.0 -target-sdk-name watchos27.0 -in-process-plugin-server-path /Applications/Xcode-27.0.0-Release.Candidate.app/Contents/Developer/Toolchains/XcodeDefault.xctoolchain/usr/lib/swift/host/libSwiftInProcPluginServer.dylib -emit-module-doc-path /Users/admin/builder/spi-builder-workspace/.derivedData/Build/Intermediates.noindex/ViewToImage.build/Debug-watchos/ViewToImage-t.build/Objects-normal/arm64/ViewToImage.swiftdoc -emit-module-source-info-path /Users/admin/builder/spi-builder-workspace/.derivedData/Build/Intermediates.noindex/ViewToImage.build/Debug-watchos/ViewToImage-t.build/Objects-normal/arm64/ViewToImage.swiftsourceinfo -emit-objc-header-path /Users/admin/builder/spi-builder-workspace/.derivedData/Build/Intermediates.noindex/ViewToImage.build/Debug-watchos/ViewToImage-t.build/Objects-normal/arm64/ViewToImage-Swift.h -serialize-diagnostics-path /Users/admin/builder/spi-builder-workspace/.derivedData/Build/Intermediates.noindex/ViewToImage.build/Debug-watchos/ViewToImage-t.build/Objects-normal/arm64/ViewToImage-primary-emit-module.dia -emit-dependencies-path /Users/admin/builder/spi-builder-workspace/.derivedData/Build/Intermediates.noindex/ViewToImage.build/Debug-watchos/ViewToImage-t.build/Objects-normal/arm64/ViewToImage-primary-emit-module.d -parse-as-library -o /Users/admin/builder/spi-builder-workspace/.derivedData/Build/Intermediates.noindex/ViewToImage.build/Debug-watchos/ViewToImage-t.build/Objects-normal/arm64/ViewToImage.swiftmodule -emit-abi-descriptor-path /Users/admin/builder/spi-builder-workspace/.derivedData/Build/Intermediates.noindex/ViewToImage.build/Debug-watchos/ViewToImage-t.build/Objects-normal/arm64/ViewToImage.abi.json
SwiftCompile normal arm64 Compiling\ ViewToImageProtocol.swift /Users/admin/builder/spi-builder-workspace/Sources/ViewToImage/Internals/ViewToImageProtocol.swift (in target 'ViewToImage' from project 'ViewToImage')
SwiftCompile normal arm64 /Users/admin/builder/spi-builder-workspace/Sources/ViewToImage/Internals/ViewToImageProtocol.swift (in target 'ViewToImage' from project 'ViewToImage')
cd /Users/admin/builder/spi-builder-workspace/.swiftpm/xcode
builtin-SwiftPerFileCompile ViewToImageProtocol.swift
SwiftCompile normal arm64 Compiling\ NSBitmapImageRep+HeicData.swift /Users/admin/builder/spi-builder-workspace/Sources/ViewToImage/Extensions/NSBitmapImageRep+HeicData.swift (in target 'ViewToImage' from project 'ViewToImage')
SwiftCompile normal arm64 /Users/admin/builder/spi-builder-workspace/Sources/ViewToImage/Extensions/NSBitmapImageRep+HeicData.swift (in target 'ViewToImage' from project 'ViewToImage')
cd /Users/admin/builder/spi-builder-workspace/.swiftpm/xcode
builtin-SwiftPerFileCompile NSBitmapImageRep+HeicData.swift
SwiftCompile normal arm64 Compiling\ ViewToImage+UIKit.swift /Users/admin/builder/spi-builder-workspace/Sources/ViewToImage/ViewToImage+UIKit.swift (in target 'ViewToImage' from project 'ViewToImage')
SwiftCompile normal arm64 /Users/admin/builder/spi-builder-workspace/Sources/ViewToImage/ViewToImage+UIKit.swift (in target 'ViewToImage' from project 'ViewToImage')
cd /Users/admin/builder/spi-builder-workspace/.swiftpm/xcode
builtin-SwiftPerFileCompile ViewToImage+UIKit.swift
/Users/admin/builder/spi-builder-workspace/Sources/ViewToImage/ViewToImage+UIKit.swift:13:53: error: 'UIScreen' is unavailable in watchOS
11 | /// A structure that provides methods to convert SwiftUI views to different image formats.
12 | public struct ViewToImage: ViewToImageProtocol {
13 | private static let screenScaleFactor: CGFloat = UIScreen.main.scale
| `- error: 'UIScreen' is unavailable in watchOS
14 |
15 | /// Converts a SwiftUI view to HEIC format data.
/Applications/Xcode-27.0.0-Release.Candidate.app/Contents/Developer/Platforms/WatchOS.platform/Developer/SDKs/WatchOS27.0.sdk/System/Library/Frameworks/UIKit.framework/Headers/UIScreen.h:54:12: note: 'UIScreen' has been explicitly marked unavailable here
52 |
53 | UIKIT_EXTERN API_AVAILABLE(ios(2.0)) API_UNAVAILABLE(visionos, watchos) NS_SWIFT_UI_ACTOR
54 | @interface UIScreen : NSObject <UITraitEnvironment>
| `- note: 'UIScreen' has been explicitly marked unavailable here
55 |
56 | @property(class, nonatomic, readonly) NSArray<UIScreen *> *screens API_DEPRECATED("Use UIApplication.shared.openSessions to find open sessions with scenes from other screens", ios(3.2, 16.0), visionos(1.0, 1.0)) API_UNAVAILABLE(watchos); // all screens currently attached to the device
/Users/admin/builder/spi-builder-workspace/Sources/ViewToImage/ViewToImage+UIKit.swift:13:62: error: 'main' is unavailable in watchOS
11 | /// A structure that provides methods to convert SwiftUI views to different image formats.
12 | public struct ViewToImage: ViewToImageProtocol {
13 | private static let screenScaleFactor: CGFloat = UIScreen.main.scale
| `- error: 'main' is unavailable in watchOS
14 |
15 | /// Converts a SwiftUI view to HEIC format data.
/Applications/Xcode-27.0.0-Release.Candidate.app/Contents/Developer/Platforms/WatchOS.platform/Developer/SDKs/WatchOS27.0.sdk/System/Library/Frameworks/UIKit.framework/Headers/UIScreen.h:57:49: note: 'main' has been explicitly marked unavailable here
55 |
56 | @property(class, nonatomic, readonly) NSArray<UIScreen *> *screens API_DEPRECATED("Use UIApplication.shared.openSessions to find open sessions with scenes from other screens", ios(3.2, 16.0), visionos(1.0, 1.0)) API_UNAVAILABLE(watchos); // all screens currently attached to the device
57 | @property(class, nonatomic, readonly) UIScreen *mainScreen API_DEPRECATED("Use a UIScreen instance found through context instead (i.e, view.window.windowScene.screen), or for properties like UIScreen.scale with trait equivalents, use a traitCollection found through context.", ios(2.0, 26.0), tvos(9.0, 26.0), visionos(1.0, 26.0)) API_UNAVAILABLE(watchos);
| `- note: 'main' has been explicitly marked unavailable here
58 |
59 | @property(nonatomic,readonly) CGRect bounds; // Bounds of entire screen in points
SwiftCompile normal arm64 Compiling\ ViewToImage+AppKit.swift /Users/admin/builder/spi-builder-workspace/Sources/ViewToImage/ViewToImage+AppKit.swift (in target 'ViewToImage' from project 'ViewToImage')
SwiftCompile normal arm64 /Users/admin/builder/spi-builder-workspace/Sources/ViewToImage/ViewToImage+AppKit.swift (in target 'ViewToImage' from project 'ViewToImage')
cd /Users/admin/builder/spi-builder-workspace/.swiftpm/xcode
builtin-SwiftPerFileCompile ViewToImage+AppKit.swift
SwiftEmitModule normal arm64_32 Emitting\ module\ for\ ViewToImage (in target 'ViewToImage' from project 'ViewToImage')
SwiftCompile normal arm64_32 (in target 'ViewToImage' from project 'ViewToImage')
cd /Users/admin/builder/spi-builder-workspace/.swiftpm/xcode
SwiftCompile normal arm64_32 Compiling\ NSBitmapImageRep+HeicData.swift /Users/admin/builder/spi-builder-workspace/Sources/ViewToImage/Extensions/NSBitmapImageRep+HeicData.swift (in target 'ViewToImage' from project 'ViewToImage')
SwiftCompile normal arm64_32 /Users/admin/builder/spi-builder-workspace/Sources/ViewToImage/Extensions/NSBitmapImageRep+HeicData.swift (in target 'ViewToImage' from project 'ViewToImage')
cd /Users/admin/builder/spi-builder-workspace/.swiftpm/xcode
builtin-SwiftPerFileCompile NSBitmapImageRep+HeicData.swift
SwiftCompile normal arm64_32 Compiling\ ViewToImage+AppKit.swift /Users/admin/builder/spi-builder-workspace/Sources/ViewToImage/ViewToImage+AppKit.swift (in target 'ViewToImage' from project 'ViewToImage')
SwiftCompile normal arm64_32 /Users/admin/builder/spi-builder-workspace/Sources/ViewToImage/ViewToImage+AppKit.swift (in target 'ViewToImage' from project 'ViewToImage')
cd /Users/admin/builder/spi-builder-workspace/.swiftpm/xcode
builtin-SwiftPerFileCompile ViewToImage+AppKit.swift
SwiftCompile normal arm64_32 Compiling\ ViewToImage+UIKit.swift /Users/admin/builder/spi-builder-workspace/Sources/ViewToImage/ViewToImage+UIKit.swift (in target 'ViewToImage' from project 'ViewToImage')
SwiftCompile normal arm64_32 /Users/admin/builder/spi-builder-workspace/Sources/ViewToImage/ViewToImage+UIKit.swift (in target 'ViewToImage' from project 'ViewToImage')
cd /Users/admin/builder/spi-builder-workspace/.swiftpm/xcode
builtin-SwiftPerFileCompile ViewToImage+UIKit.swift
SwiftCompile normal arm64_32 Compiling\ ViewToImageProtocol.swift /Users/admin/builder/spi-builder-workspace/Sources/ViewToImage/Internals/ViewToImageProtocol.swift (in target 'ViewToImage' from project 'ViewToImage')
SwiftCompile normal arm64_32 /Users/admin/builder/spi-builder-workspace/Sources/ViewToImage/Internals/ViewToImageProtocol.swift (in target 'ViewToImage' from project 'ViewToImage')
cd /Users/admin/builder/spi-builder-workspace/.swiftpm/xcode
builtin-SwiftPerFileCompile ViewToImageProtocol.swift
PruneExplicitPrecompiledModules /Users/admin/builder/spi-builder-workspace/.derivedData/SDKExplicitPrecompiledModules
PruneExplicitPrecompiledModules /Users/admin/builder/spi-builder-workspace/.derivedData/Build/Intermediates.noindex/SwiftExplicitPrecompiledModules
PruneExplicitPrecompiledModules /Users/admin/builder/spi-builder-workspace/.derivedData/Build/Intermediates.noindex/ExplicitPrecompiledModules
2026-09-21 11:05:36.304 xcodebuild[877:5360] [MT] IDERunDestination: Supported platforms for the buildables in the current scheme is empty.
** BUILD FAILED **
The following build commands failed:
SwiftCompile normal arm64 (in target 'ViewToImage' from project 'ViewToImage')
SwiftEmitModule normal arm64 Emitting\ module\ for\ ViewToImage (in target 'ViewToImage' from project 'ViewToImage')
Building workspace ViewToImage with scheme ViewToImage
(3 failures)
Command line invocation:
/Applications/Xcode-27.0.0-Release.Candidate.app/Contents/Developer/usr/bin/xcodebuild -IDEClonedSourcePackagesDirPathOverride=/Users/admin/builder/spi-builder-workspace/.dependencies -resolvePackageDependencies
Resolve Package Graph
Resolved source packages:
SwiftDocCPlugin: https://github.com/apple/swift-docc-plugin.git @ 1.5.0
SymbolKit: https://github.com/swiftlang/swift-docc-symbolkit @ 1.0.0
ViewToImage: /Users/admin/builder/spi-builder-workspace
resolved source packages: SwiftDocCPlugin, SymbolKit, ViewToImage
2026-09-21 11:05:54.718 xcodebuild[1138:6653] [MT] IDERunDestination: Supported platforms for the buildables in the current scheme is empty.
{
"dependencies" : [
{
"identity" : "swift-docc-plugin",
"requirement" : {
"range" : [
{
"lower_bound" : "1.4.3",
"upper_bound" : "2.0.0"
}
]
},
"type" : "sourceControl",
"url" : "https://github.com/apple/swift-docc-plugin.git"
}
],
"manifest_display_name" : "ViewToImage",
"name" : "ViewToImage",
"path" : "/Users/admin/builder/spi-builder-workspace",
"platforms" : [
{
"name" : "ios",
"version" : "17.0"
},
{
"name" : "macos",
"version" : "14.0"
}
],
"products" : [
{
"name" : "ViewToImage",
"targets" : [
"ViewToImage"
],
"type" : {
"library" : [
"automatic"
]
}
}
],
"targets" : [
{
"c99name" : "ViewToImageTests",
"module_type" : "SwiftTarget",
"name" : "ViewToImageTests",
"path" : "Tests/ViewToImageTests",
"sources" : [
"ViewToImageTests.swift"
],
"target_dependencies" : [
"ViewToImage"
],
"type" : "test"
},
{
"c99name" : "ViewToImage",
"module_type" : "SwiftTarget",
"name" : "ViewToImage",
"path" : "Sources/ViewToImage",
"product_memberships" : [
"ViewToImage"
],
"sources" : [
"Extensions/NSBitmapImageRep+HeicData.swift",
"Internals/ViewToImageProtocol.swift",
"ViewToImage+AppKit.swift",
"ViewToImage+UIKit.swift"
],
"type" : "library"
}
],
"tools_version" : "5.9"
}
{
"workspace" : {
"name" : "ViewToImage",
"schemes" : [
"ViewToImage"
]
}
}
2026-09-21 11:06:01.895 xcodebuild[1196:7046] [MT] IDERunDestination: Supported platforms for the buildables in the current scheme is empty.
Running build ...
env DEVELOPER_DIR=/Applications/Xcode-27.0.0-Release.Candidate.app xcrun xcodebuild -IDEClonedSourcePackagesDirPathOverride=$PWD/.dependencies -skipMacroValidation -skipPackagePluginValidation -derivedDataPath $PWD/.derivedData build -scheme ViewToImage -destination generic/platform=watchOS
Command line invocation:
/Applications/Xcode-27.0.0-Release.Candidate.app/Contents/Developer/usr/bin/xcodebuild -IDEClonedSourcePackagesDirPathOverride=/Users/admin/builder/spi-builder-workspace/.dependencies -skipMacroValidation -skipPackagePluginValidation -derivedDataPath /Users/admin/builder/spi-builder-workspace/.derivedData build -scheme ViewToImage -destination generic/platform=watchOS
Resolve Package Graph
Resolved source packages:
SymbolKit: https://github.com/swiftlang/swift-docc-symbolkit @ 1.0.0
ViewToImage: /Users/admin/builder/spi-builder-workspace
SwiftDocCPlugin: https://github.com/apple/swift-docc-plugin.git @ 1.5.0
ComputePackagePrebuildTargetDependencyGraph
Prepare packages
CreateBuildRequest
SendProjectDescription
CreateBuildOperation
ComputeTargetDependencyGraph
note: Building targets in dependency order
note: Target dependency graph (2 targets)
Target 'ViewToImage-product' in project 'ViewToImage'
➜ Explicit dependency on target 'ViewToImage' in project 'ViewToImage'
Target 'ViewToImage' in project 'ViewToImage' (no dependencies)
GatherProvisioningInputs
CreateBuildDescription
ClangStatCache /Applications/Xcode-27.0.0-Release.Candidate.app/Contents/Developer/Toolchains/XcodeDefault.xctoolchain/usr/bin/clang-stat-cache /Applications/Xcode-27.0.0-Release.Candidate.app/Contents/Developer/Platforms/WatchOS.platform/Developer/SDKs/WatchOS27.0.sdk /Users/admin/builder/spi-builder-workspace/.derivedData/SDKStatCaches.noindex/watchos27.0-24R360-e829b21a6f8c9b70876ba0858053c04477534ef55a1706bf4c1112bbb242f0a2.sdkstatcache
cd /Users/admin/builder/spi-builder-workspace/.swiftpm/xcode
/Applications/Xcode-27.0.0-Release.Candidate.app/Contents/Developer/Toolchains/XcodeDefault.xctoolchain/usr/bin/clang-stat-cache /Applications/Xcode-27.0.0-Release.Candidate.app/Contents/Developer/Platforms/WatchOS.platform/Developer/SDKs/WatchOS27.0.sdk -o /Users/admin/builder/spi-builder-workspace/.derivedData/SDKStatCaches.noindex/watchos27.0-24R360-e829b21a6f8c9b70876ba0858053c04477534ef55a1706bf4c1112bbb242f0a2.sdkstatcache
SwiftDriver ViewToImage normal arm64 com.apple.xcode.tools.swift.compiler (in target 'ViewToImage' from project 'ViewToImage')
cd /Users/admin/builder/spi-builder-workspace/.swiftpm/xcode
builtin-SwiftDriver -- /Applications/Xcode-27.0.0-Release.Candidate.app/Contents/Developer/Toolchains/XcodeDefault.xctoolchain/usr/bin/swiftc -parse-as-library -module-name ViewToImage -Onone @/Users/admin/builder/spi-builder-workspace/.derivedData/Build/Intermediates.noindex/ViewToImage.build/Debug-watchos/ViewToImage-t.build/Objects-normal/arm64/ViewToImage.SwiftFileList -DSWIFT_PACKAGE -DDEBUG -DSWIFT_MODULE_RESOURCE_BUNDLE_UNAVAILABLE -DXcode -plugin-path /Applications/Xcode-27.0.0-Release.Candidate.app/Contents/Developer/Toolchains/XcodeDefault.xctoolchain/usr/lib/swift/host/plugins/testing -enable-experimental-feature DebugDescriptionMacro -sdk /Applications/Xcode-27.0.0-Release.Candidate.app/Contents/Developer/Platforms/WatchOS.platform/Developer/SDKs/WatchOS27.0.sdk -target arm64-apple-watchos10.0 -g -module-cache-path /Users/admin/builder/spi-builder-workspace/.derivedData/ModuleCache.noindex -Xfrontend -serialize-debugging-options -profile-coverage-mapping -profile-generate -enable-testing -index-store-path /Users/admin/builder/spi-builder-workspace/.derivedData/Index.noindex/DataStore -Xcc -D_LIBCPP_HARDENING_MODE\=_LIBCPP_HARDENING_MODE_DEBUG -swift-version 5 -I /Users/admin/builder/spi-builder-workspace/.derivedData/Build/Products/Debug-watchos -Isystem /Applications/Xcode-27.0.0-Release.Candidate.app/Contents/Developer/Platforms/WatchOS.platform/Developer/usr/lib -F /Users/admin/builder/spi-builder-workspace/.derivedData/Build/Products/Debug-watchos -F /Applications/Xcode-27.0.0-Release.Candidate.app/Contents/Developer/Platforms/WatchOS.platform/Developer/Library/Frameworks -F /Applications/Xcode-27.0.0-Release.Candidate.app/Contents/Developer/Platforms/WatchOS.platform/Developer/SDKs/WatchOS27.0.sdk/Developer/Library/Frameworks -c -j10 -enable-batch-mode -incremental -Xcc -ivfsstatcache -Xcc /Users/admin/builder/spi-builder-workspace/.derivedData/SDKStatCaches.noindex/watchos27.0-24R360-e829b21a6f8c9b70876ba0858053c04477534ef55a1706bf4c1112bbb242f0a2.sdkstatcache -output-file-map /Users/admin/builder/spi-builder-workspace/.derivedData/Build/Intermediates.noindex/ViewToImage.build/Debug-watchos/ViewToImage-t.build/Objects-normal/arm64/ViewToImage-OutputFileMap.json -save-temps -no-color-diagnostics -explicit-module-build -module-cache-path /Users/admin/builder/spi-builder-workspace/.derivedData/Build/Intermediates.noindex/SwiftExplicitPrecompiledModules -clang-scanner-module-cache-path /Users/admin/builder/spi-builder-workspace/.derivedData/ModuleCache.noindex -sdk-module-cache-path /Users/admin/builder/spi-builder-workspace/.derivedData/SDKExplicitPrecompiledModules -emit-dependencies -emit-module -emit-module-path /Users/admin/builder/spi-builder-workspace/.derivedData/Build/Intermediates.noindex/ViewToImage.build/Debug-watchos/ViewToImage-t.build/Objects-normal/arm64/ViewToImage.swiftmodule -serialize-diagnostics -dependency-scan-serialize-diagnostics-path /Users/admin/builder/spi-builder-workspace/.derivedData/Build/Intermediates.noindex/ViewToImage.build/Debug-watchos/ViewToImage-t.build/Objects-normal/arm64/ViewToImage-dependency-scan.dia -validate-clang-modules-once -clang-build-session-file /Users/admin/builder/spi-builder-workspace/.derivedData/ModuleCache.noindex/Session.modulevalidation -Xcc -fmodules-prune-interval\=86400 -Xcc -fmodules-prune-after\=345600 -package-name spi_builder_workspace -emit-const-values -const-gather-protocols-list /Users/admin/builder/spi-builder-workspace/.derivedData/Build/Intermediates.noindex/ViewToImage.build/Debug-watchos/ViewToImage-t.build/Objects-normal/arm64/ViewToImage_const_extract_protocols.json -Xcc -I/Users/admin/builder/spi-builder-workspace/.derivedData/Build/Products/Debug-watchos/include -Xcc -I/Users/admin/builder/spi-builder-workspace/.derivedData/Build/Intermediates.noindex/ViewToImage.build/Debug-watchos/ViewToImage-t.build/DerivedSources-normal/arm64 -Xcc -I/Users/admin/builder/spi-builder-workspace/.derivedData/Build/Intermediates.noindex/ViewToImage.build/Debug-watchos/ViewToImage-t.build/DerivedSources/arm64 -Xcc -I/Users/admin/builder/spi-builder-workspace/.derivedData/Build/Intermediates.noindex/ViewToImage.build/Debug-watchos/ViewToImage-t.build/DerivedSources -Xcc -DSWIFT_PACKAGE -Xcc -DDEBUG\=1 -emit-objc-header -emit-objc-header-path /Users/admin/builder/spi-builder-workspace/.derivedData/Build/Intermediates.noindex/ViewToImage.build/Debug-watchos/ViewToImage-t.build/Objects-normal/arm64/ViewToImage-Swift.h -working-directory /Users/admin/builder/spi-builder-workspace/.swiftpm/xcode -experimental-emit-module-separately -disable-cmo
SwiftDriver ViewToImage normal arm64_32 com.apple.xcode.tools.swift.compiler (in target 'ViewToImage' from project 'ViewToImage')
cd /Users/admin/builder/spi-builder-workspace/.swiftpm/xcode
builtin-SwiftDriver -- /Applications/Xcode-27.0.0-Release.Candidate.app/Contents/Developer/Toolchains/XcodeDefault.xctoolchain/usr/bin/swiftc -parse-as-library -module-name ViewToImage -Onone @/Users/admin/builder/spi-builder-workspace/.derivedData/Build/Intermediates.noindex/ViewToImage.build/Debug-watchos/ViewToImage-t.build/Objects-normal/arm64_32/ViewToImage.SwiftFileList -DSWIFT_PACKAGE -DDEBUG -DSWIFT_MODULE_RESOURCE_BUNDLE_UNAVAILABLE -DXcode -plugin-path /Applications/Xcode-27.0.0-Release.Candidate.app/Contents/Developer/Toolchains/XcodeDefault.xctoolchain/usr/lib/swift/host/plugins/testing -enable-experimental-feature DebugDescriptionMacro -sdk /Applications/Xcode-27.0.0-Release.Candidate.app/Contents/Developer/Platforms/WatchOS.platform/Developer/SDKs/WatchOS27.0.sdk -target arm64_32-apple-watchos10.0 -g -module-cache-path /Users/admin/builder/spi-builder-workspace/.derivedData/ModuleCache.noindex -Xfrontend -serialize-debugging-options -profile-coverage-mapping -profile-generate -enable-testing -index-store-path /Users/admin/builder/spi-builder-workspace/.derivedData/Index.noindex/DataStore -Xcc -D_LIBCPP_HARDENING_MODE\=_LIBCPP_HARDENING_MODE_DEBUG -swift-version 5 -I /Users/admin/builder/spi-builder-workspace/.derivedData/Build/Products/Debug-watchos -Isystem /Applications/Xcode-27.0.0-Release.Candidate.app/Contents/Developer/Platforms/WatchOS.platform/Developer/usr/lib -F /Users/admin/builder/spi-builder-workspace/.derivedData/Build/Products/Debug-watchos -F /Applications/Xcode-27.0.0-Release.Candidate.app/Contents/Developer/Platforms/WatchOS.platform/Developer/Library/Frameworks -F /Applications/Xcode-27.0.0-Release.Candidate.app/Contents/Developer/Platforms/WatchOS.platform/Developer/SDKs/WatchOS27.0.sdk/Developer/Library/Frameworks -c -j10 -enable-batch-mode -incremental -Xcc -ivfsstatcache -Xcc /Users/admin/builder/spi-builder-workspace/.derivedData/SDKStatCaches.noindex/watchos27.0-24R360-e829b21a6f8c9b70876ba0858053c04477534ef55a1706bf4c1112bbb242f0a2.sdkstatcache -output-file-map /Users/admin/builder/spi-builder-workspace/.derivedData/Build/Intermediates.noindex/ViewToImage.build/Debug-watchos/ViewToImage-t.build/Objects-normal/arm64_32/ViewToImage-OutputFileMap.json -save-temps -no-color-diagnostics -explicit-module-build -module-cache-path /Users/admin/builder/spi-builder-workspace/.derivedData/Build/Intermediates.noindex/SwiftExplicitPrecompiledModules -clang-scanner-module-cache-path /Users/admin/builder/spi-builder-workspace/.derivedData/ModuleCache.noindex -sdk-module-cache-path /Users/admin/builder/spi-builder-workspace/.derivedData/SDKExplicitPrecompiledModules -emit-dependencies -emit-module -emit-module-path /Users/admin/builder/spi-builder-workspace/.derivedData/Build/Intermediates.noindex/ViewToImage.build/Debug-watchos/ViewToImage-t.build/Objects-normal/arm64_32/ViewToImage.swiftmodule -serialize-diagnostics -dependency-scan-serialize-diagnostics-path /Users/admin/builder/spi-builder-workspace/.derivedData/Build/Intermediates.noindex/ViewToImage.build/Debug-watchos/ViewToImage-t.build/Objects-normal/arm64_32/ViewToImage-dependency-scan.dia -validate-clang-modules-once -clang-build-session-file /Users/admin/builder/spi-builder-workspace/.derivedData/ModuleCache.noindex/Session.modulevalidation -Xcc -fmodules-prune-interval\=86400 -Xcc -fmodules-prune-after\=345600 -package-name spi_builder_workspace -emit-const-values -const-gather-protocols-list /Users/admin/builder/spi-builder-workspace/.derivedData/Build/Intermediates.noindex/ViewToImage.build/Debug-watchos/ViewToImage-t.build/Objects-normal/arm64_32/ViewToImage_const_extract_protocols.json -Xcc -I/Users/admin/builder/spi-builder-workspace/.derivedData/Build/Products/Debug-watchos/include -Xcc -I/Users/admin/builder/spi-builder-workspace/.derivedData/Build/Intermediates.noindex/ViewToImage.build/Debug-watchos/ViewToImage-t.build/DerivedSources-normal/arm64_32 -Xcc -I/Users/admin/builder/spi-builder-workspace/.derivedData/Build/Intermediates.noindex/ViewToImage.build/Debug-watchos/ViewToImage-t.build/DerivedSources/arm64_32 -Xcc -I/Users/admin/builder/spi-builder-workspace/.derivedData/Build/Intermediates.noindex/ViewToImage.build/Debug-watchos/ViewToImage-t.build/DerivedSources -Xcc -DSWIFT_PACKAGE -Xcc -DDEBUG\=1 -emit-objc-header -emit-objc-header-path /Users/admin/builder/spi-builder-workspace/.derivedData/Build/Intermediates.noindex/ViewToImage.build/Debug-watchos/ViewToImage-t.build/Objects-normal/arm64_32/ViewToImage-Swift.h -working-directory /Users/admin/builder/spi-builder-workspace/.swiftpm/xcode -experimental-emit-module-separately -disable-cmo
SwiftCompile normal arm64 Compiling\ ViewToImageProtocol.swift /Users/admin/builder/spi-builder-workspace/Sources/ViewToImage/Internals/ViewToImageProtocol.swift (in target 'ViewToImage' from project 'ViewToImage')
SwiftCompile normal arm64 /Users/admin/builder/spi-builder-workspace/Sources/ViewToImage/Internals/ViewToImageProtocol.swift (in target 'ViewToImage' from project 'ViewToImage')
cd /Users/admin/builder/spi-builder-workspace/.swiftpm/xcode
builtin-SwiftPerFileCompile ViewToImageProtocol.swift
SwiftCompile normal arm64 Compiling\ ViewToImage+AppKit.swift /Users/admin/builder/spi-builder-workspace/Sources/ViewToImage/ViewToImage+AppKit.swift (in target 'ViewToImage' from project 'ViewToImage')
SwiftCompile normal arm64 /Users/admin/builder/spi-builder-workspace/Sources/ViewToImage/ViewToImage+AppKit.swift (in target 'ViewToImage' from project 'ViewToImage')
cd /Users/admin/builder/spi-builder-workspace/.swiftpm/xcode
builtin-SwiftPerFileCompile ViewToImage+AppKit.swift
SwiftEmitModule normal arm64 Emitting\ module\ for\ ViewToImage (in target 'ViewToImage' from project 'ViewToImage')
/Users/admin/builder/spi-builder-workspace/Sources/ViewToImage/ViewToImage+UIKit.swift:13:53: error: 'UIScreen' is unavailable in watchOS
11 | /// A structure that provides methods to convert SwiftUI views to different image formats.
12 | public struct ViewToImage: ViewToImageProtocol {
13 | private static let screenScaleFactor: CGFloat = UIScreen.main.scale
| `- error: 'UIScreen' is unavailable in watchOS
14 |
15 | /// Converts a SwiftUI view to HEIC format data.
/Applications/Xcode-27.0.0-Release.Candidate.app/Contents/Developer/Platforms/WatchOS.platform/Developer/SDKs/WatchOS27.0.sdk/System/Library/Frameworks/UIKit.framework/Headers/UIScreen.h:54:12: note: 'UIScreen' has been explicitly marked unavailable here
52 |
53 | UIKIT_EXTERN API_AVAILABLE(ios(2.0)) API_UNAVAILABLE(visionos, watchos) NS_SWIFT_UI_ACTOR
54 | @interface UIScreen : NSObject <UITraitEnvironment>
| `- note: 'UIScreen' has been explicitly marked unavailable here
55 |
56 | @property(class, nonatomic, readonly) NSArray<UIScreen *> *screens API_DEPRECATED("Use UIApplication.shared.openSessions to find open sessions with scenes from other screens", ios(3.2, 16.0), visionos(1.0, 1.0)) API_UNAVAILABLE(watchos); // all screens currently attached to the device
/Users/admin/builder/spi-builder-workspace/Sources/ViewToImage/ViewToImage+UIKit.swift:13:62: error: 'main' is unavailable in watchOS
11 | /// A structure that provides methods to convert SwiftUI views to different image formats.
12 | public struct ViewToImage: ViewToImageProtocol {
13 | private static let screenScaleFactor: CGFloat = UIScreen.main.scale
| `- error: 'main' is unavailable in watchOS
14 |
15 | /// Converts a SwiftUI view to HEIC format data.
/Applications/Xcode-27.0.0-Release.Candidate.app/Contents/Developer/Platforms/WatchOS.platform/Developer/SDKs/WatchOS27.0.sdk/System/Library/Frameworks/UIKit.framework/Headers/UIScreen.h:57:49: note: 'main' has been explicitly marked unavailable here
55 |
56 | @property(class, nonatomic, readonly) NSArray<UIScreen *> *screens API_DEPRECATED("Use UIApplication.shared.openSessions to find open sessions with scenes from other screens", ios(3.2, 16.0), visionos(1.0, 1.0)) API_UNAVAILABLE(watchos); // all screens currently attached to the device
57 | @property(class, nonatomic, readonly) UIScreen *mainScreen API_DEPRECATED("Use a UIScreen instance found through context instead (i.e, view.window.windowScene.screen), or for properties like UIScreen.scale with trait equivalents, use a traitCollection found through context.", ios(2.0, 26.0), tvos(9.0, 26.0), visionos(1.0, 26.0)) API_UNAVAILABLE(watchos);
| `- note: 'main' has been explicitly marked unavailable here
58 |
59 | @property(nonatomic,readonly) CGRect bounds; // Bounds of entire screen in points
/Users/admin/builder/spi-builder-workspace/Sources/ViewToImage/ViewToImage+UIKit.swift:90:41: error: 'CALayer' is unavailable in watchOS
88 | }
89 |
90 | static func configureLayer(_ layer: CALayer, scale: CGFloat) {
| `- error: 'CALayer' is unavailable in watchOS
91 | CATransaction.begin()
92 | CATransaction.setDisableActions(true)
/Applications/Xcode-27.0.0-Release.Candidate.app/Contents/Developer/Platforms/WatchOS.platform/Developer/SDKs/WatchOS27.0.sdk/System/Library/Frameworks/QuartzCore.framework/Headers/CALayer.h:117:12: note: 'CALayer' has been explicitly marked unavailable here
115 |
116 | API_AVAILABLE(macos(10.5), ios(2.0), tvos(9.0)) API_UNAVAILABLE(watchos)
117 | @interface CALayer : NSObject <NSSecureCoding, CAMediaTiming>
| `- note: 'CALayer' has been explicitly marked unavailable here
118 |
119 | /** Layer creation and initialization. **/
Failed frontend command:
/Applications/Xcode-27.0.0-Release.Candidate.app/Contents/Developer/Toolchains/XcodeDefault.xctoolchain/usr/bin/swift-frontend -frontend -emit-module -experimental-skip-non-inlinable-function-bodies-without-types /Users/admin/builder/spi-builder-workspace/Sources/ViewToImage/Extensions/NSBitmapImageRep+HeicData.swift /Users/admin/builder/spi-builder-workspace/Sources/ViewToImage/Internals/ViewToImageProtocol.swift /Users/admin/builder/spi-builder-workspace/Sources/ViewToImage/ViewToImage+AppKit.swift /Users/admin/builder/spi-builder-workspace/Sources/ViewToImage/ViewToImage+UIKit.swift -target arm64-apple-watchos10.0 -module-can-import-version UIKit 9127.0.84.1 9127.0.84 -disable-cross-import-overlay-search -load-resolved-plugin /Applications/Xcode-27.0.0-Release.Candidate.app/Contents/Developer/Platforms/WatchOS.platform/Developer/usr/lib/swift/host/plugins/libFoundationMacros.dylib\#/Applications/Xcode-27.0.0-Release.Candidate.app/Contents/Developer/Platforms/WatchOS.platform/Developer/usr/bin/swift-plugin-server\#FoundationMacros -load-resolved-plugin /Applications/Xcode-27.0.0-Release.Candidate.app/Contents/Developer/Platforms/WatchOS.platform/Developer/usr/lib/swift/host/plugins/libObservationMacros.dylib\#/Applications/Xcode-27.0.0-Release.Candidate.app/Contents/Developer/Platforms/WatchOS.platform/Developer/usr/bin/swift-plugin-server\#ObservationMacros -load-resolved-plugin /Applications/Xcode-27.0.0-Release.Candidate.app/Contents/Developer/Platforms/WatchOS.platform/Developer/usr/lib/swift/host/plugins/libPreviewsMacros.dylib\#/Applications/Xcode-27.0.0-Release.Candidate.app/Contents/Developer/Platforms/WatchOS.platform/Developer/usr/bin/swift-plugin-server\#PreviewsMacros -load-resolved-plugin /Applications/Xcode-27.0.0-Release.Candidate.app/Contents/Developer/Platforms/WatchOS.platform/Developer/usr/lib/swift/host/plugins/libSwiftMacros.dylib\#/Applications/Xcode-27.0.0-Release.Candidate.app/Contents/Developer/Platforms/WatchOS.platform/Developer/usr/bin/swift-plugin-server\#SwiftMacros -load-resolved-plugin /Applications/Xcode-27.0.0-Release.Candidate.app/Contents/Developer/Platforms/WatchOS.platform/Developer/usr/lib/swift/host/plugins/libSwiftUIMacros.dylib\#/Applications/Xcode-27.0.0-Release.Candidate.app/Contents/Developer/Platforms/WatchOS.platform/Developer/usr/bin/swift-plugin-server\#SwiftUIMacros -disable-implicit-swift-modules -Xcc -fno-implicit-modules -Xcc -fno-implicit-module-maps -explicit-swift-module-map-file /Users/admin/builder/spi-builder-workspace/.derivedData/Build/Intermediates.noindex/ViewToImage.build/Debug-watchos/ViewToImage-t.build/Objects-normal/arm64/ViewToImage-dependencies-1.json -Xllvm -aarch64-use-tbi -enable-objc-interop -stack-check -sdk /Applications/Xcode-27.0.0-Release.Candidate.app/Contents/Developer/Platforms/WatchOS.platform/Developer/SDKs/WatchOS27.0.sdk -I /Users/admin/builder/spi-builder-workspace/.derivedData/Build/Products/Debug-watchos -Isystem /Applications/Xcode-27.0.0-Release.Candidate.app/Contents/Developer/Platforms/WatchOS.platform/Developer/usr/lib -F /Users/admin/builder/spi-builder-workspace/.derivedData/Build/Products/Debug-watchos -F /Applications/Xcode-27.0.0-Release.Candidate.app/Contents/Developer/Platforms/WatchOS.platform/Developer/Library/Frameworks -F /Applications/Xcode-27.0.0-Release.Candidate.app/Contents/Developer/Platforms/WatchOS.platform/Developer/SDKs/WatchOS27.0.sdk/Developer/Library/Frameworks -module-cache-path /Users/admin/builder/spi-builder-workspace/.derivedData/Build/Intermediates.noindex/SwiftExplicitPrecompiledModules -no-color-diagnostics -Xcc -fno-color-diagnostics -enable-testing -g -debug-info-format\=dwarf -dwarf-version\=4 -profile-generate -profile-coverage-mapping -swift-version 5 -Onone -D SWIFT_PACKAGE -D DEBUG -D SWIFT_MODULE_RESOURCE_BUNDLE_UNAVAILABLE -D Xcode -serialize-debugging-options -enable-experimental-feature DebugDescriptionMacro -empty-abi-descriptor -validate-clang-modules-once -clang-build-session-file /Users/admin/builder/spi-builder-workspace/.derivedData/ModuleCache.noindex/Session.modulevalidation -Xcc -working-directory -Xcc /Users/admin/builder/spi-builder-workspace/.swiftpm/xcode -enable-anonymous-context-mangled-names -file-compilation-dir /Users/admin/builder/spi-builder-workspace/.swiftpm/xcode -Xcc -D_LIBCPP_HARDENING_MODE\=_LIBCPP_HARDENING_MODE_DEBUG -Xcc -ivfsstatcache -Xcc /Users/admin/builder/spi-builder-workspace/.derivedData/SDKStatCaches.noindex/watchos27.0-24R360-e829b21a6f8c9b70876ba0858053c04477534ef55a1706bf4c1112bbb242f0a2.sdkstatcache -Xcc -fmodules-prune-interval\=86400 -Xcc -fmodules-prune-after\=345600 -Xcc -I/Users/admin/builder/spi-builder-workspace/.derivedData/Build/Products/Debug-watchos/include -Xcc -I/Users/admin/builder/spi-builder-workspace/.derivedData/Build/Intermediates.noindex/ViewToImage.build/Debug-watchos/ViewToImage-t.build/DerivedSources-normal/arm64 -Xcc -I/Users/admin/builder/spi-builder-workspace/.derivedData/Build/Intermediates.noindex/ViewToImage.build/Debug-watchos/ViewToImage-t.build/DerivedSources/arm64 -Xcc -I/Users/admin/builder/spi-builder-workspace/.derivedData/Build/Intermediates.noindex/ViewToImage.build/Debug-watchos/ViewToImage-t.build/DerivedSources -Xcc -DSWIFT_PACKAGE -Xcc -DDEBUG\=1 -no-auto-bridging-header-chaining -module-name ViewToImage -package-name spi_builder_workspace -const-gather-protocols-file /Users/admin/builder/spi-builder-workspace/.derivedData/Build/Intermediates.noindex/ViewToImage.build/Debug-watchos/ViewToImage-t.build/Objects-normal/arm64/ViewToImage_const_extract_protocols.json -disable-clang-spi -clang-target arm64-apple-watchos27.0 -target-sdk-version 27.0 -target-sdk-name watchos27.0 -in-process-plugin-server-path /Applications/Xcode-27.0.0-Release.Candidate.app/Contents/Developer/Toolchains/XcodeDefault.xctoolchain/usr/lib/swift/host/libSwiftInProcPluginServer.dylib -emit-module-doc-path /Users/admin/builder/spi-builder-workspace/.derivedData/Build/Intermediates.noindex/ViewToImage.build/Debug-watchos/ViewToImage-t.build/Objects-normal/arm64/ViewToImage.swiftdoc -emit-module-source-info-path /Users/admin/builder/spi-builder-workspace/.derivedData/Build/Intermediates.noindex/ViewToImage.build/Debug-watchos/ViewToImage-t.build/Objects-normal/arm64/ViewToImage.swiftsourceinfo -emit-objc-header-path /Users/admin/builder/spi-builder-workspace/.derivedData/Build/Intermediates.noindex/ViewToImage.build/Debug-watchos/ViewToImage-t.build/Objects-normal/arm64/ViewToImage-Swift.h -serialize-diagnostics-path /Users/admin/builder/spi-builder-workspace/.derivedData/Build/Intermediates.noindex/ViewToImage.build/Debug-watchos/ViewToImage-t.build/Objects-normal/arm64/ViewToImage-primary-emit-module.dia -emit-dependencies-path /Users/admin/builder/spi-builder-workspace/.derivedData/Build/Intermediates.noindex/ViewToImage.build/Debug-watchos/ViewToImage-t.build/Objects-normal/arm64/ViewToImage-primary-emit-module.d -parse-as-library -o /Users/admin/builder/spi-builder-workspace/.derivedData/Build/Intermediates.noindex/ViewToImage.build/Debug-watchos/ViewToImage-t.build/Objects-normal/arm64/ViewToImage.swiftmodule -emit-abi-descriptor-path /Users/admin/builder/spi-builder-workspace/.derivedData/Build/Intermediates.noindex/ViewToImage.build/Debug-watchos/ViewToImage-t.build/Objects-normal/arm64/ViewToImage.abi.json
SwiftCompile normal arm64 (in target 'ViewToImage' from project 'ViewToImage')
cd /Users/admin/builder/spi-builder-workspace/.swiftpm/xcode
SwiftCompile normal arm64 Compiling\ NSBitmapImageRep+HeicData.swift /Users/admin/builder/spi-builder-workspace/Sources/ViewToImage/Extensions/NSBitmapImageRep+HeicData.swift (in target 'ViewToImage' from project 'ViewToImage')
SwiftCompile normal arm64 /Users/admin/builder/spi-builder-workspace/Sources/ViewToImage/Extensions/NSBitmapImageRep+HeicData.swift (in target 'ViewToImage' from project 'ViewToImage')
cd /Users/admin/builder/spi-builder-workspace/.swiftpm/xcode
builtin-SwiftPerFileCompile NSBitmapImageRep+HeicData.swift
SwiftCompile normal arm64 Compiling\ ViewToImage+UIKit.swift /Users/admin/builder/spi-builder-workspace/Sources/ViewToImage/ViewToImage+UIKit.swift (in target 'ViewToImage' from project 'ViewToImage')
/Users/admin/builder/spi-builder-workspace/Sources/ViewToImage/ViewToImage+UIKit.swift:13:53: error: 'UIScreen' is unavailable in watchOS
11 | /// A structure that provides methods to convert SwiftUI views to different image formats.
12 | public struct ViewToImage: ViewToImageProtocol {
13 | private static let screenScaleFactor: CGFloat = UIScreen.main.scale
| `- error: 'UIScreen' is unavailable in watchOS
14 |
15 | /// Converts a SwiftUI view to HEIC format data.
/Applications/Xcode-27.0.0-Release.Candidate.app/Contents/Developer/Platforms/WatchOS.platform/Developer/SDKs/WatchOS27.0.sdk/System/Library/Frameworks/UIKit.framework/Headers/UIScreen.h:54:12: note: 'UIScreen' has been explicitly marked unavailable here
52 |
53 | UIKIT_EXTERN API_AVAILABLE(ios(2.0)) API_UNAVAILABLE(visionos, watchos) NS_SWIFT_UI_ACTOR
54 | @interface UIScreen : NSObject <UITraitEnvironment>
| `- note: 'UIScreen' has been explicitly marked unavailable here
55 |
56 | @property(class, nonatomic, readonly) NSArray<UIScreen *> *screens API_DEPRECATED("Use UIApplication.shared.openSessions to find open sessions with scenes from other screens", ios(3.2, 16.0), visionos(1.0, 1.0)) API_UNAVAILABLE(watchos); // all screens currently attached to the device
/Users/admin/builder/spi-builder-workspace/Sources/ViewToImage/ViewToImage+UIKit.swift:13:62: error: 'main' is unavailable in watchOS
11 | /// A structure that provides methods to convert SwiftUI views to different image formats.
12 | public struct ViewToImage: ViewToImageProtocol {
13 | private static let screenScaleFactor: CGFloat = UIScreen.main.scale
| `- error: 'main' is unavailable in watchOS
14 |
15 | /// Converts a SwiftUI view to HEIC format data.
/Applications/Xcode-27.0.0-Release.Candidate.app/Contents/Developer/Platforms/WatchOS.platform/Developer/SDKs/WatchOS27.0.sdk/System/Library/Frameworks/UIKit.framework/Headers/UIScreen.h:57:49: note: 'main' has been explicitly marked unavailable here
55 |
56 | @property(class, nonatomic, readonly) NSArray<UIScreen *> *screens API_DEPRECATED("Use UIApplication.shared.openSessions to find open sessions with scenes from other screens", ios(3.2, 16.0), visionos(1.0, 1.0)) API_UNAVAILABLE(watchos); // all screens currently attached to the device
57 | @property(class, nonatomic, readonly) UIScreen *mainScreen API_DEPRECATED("Use a UIScreen instance found through context instead (i.e, view.window.windowScene.screen), or for properties like UIScreen.scale with trait equivalents, use a traitCollection found through context.", ios(2.0, 26.0), tvos(9.0, 26.0), visionos(1.0, 26.0)) API_UNAVAILABLE(watchos);
| `- note: 'main' has been explicitly marked unavailable here
58 |
59 | @property(nonatomic,readonly) CGRect bounds; // Bounds of entire screen in points
SwiftCompile normal arm64 /Users/admin/builder/spi-builder-workspace/Sources/ViewToImage/ViewToImage+UIKit.swift (in target 'ViewToImage' from project 'ViewToImage')
cd /Users/admin/builder/spi-builder-workspace/.swiftpm/xcode
builtin-SwiftPerFileCompile ViewToImage+UIKit.swift
SwiftEmitModule normal arm64_32 Emitting\ module\ for\ ViewToImage (in target 'ViewToImage' from project 'ViewToImage')
/Users/admin/builder/spi-builder-workspace/Sources/ViewToImage/ViewToImage+UIKit.swift:13:53: error: 'UIScreen' is unavailable in watchOS
11 | /// A structure that provides methods to convert SwiftUI views to different image formats.
12 | public struct ViewToImage: ViewToImageProtocol {
13 | private static let screenScaleFactor: CGFloat = UIScreen.main.scale
| `- error: 'UIScreen' is unavailable in watchOS
14 |
15 | /// Converts a SwiftUI view to HEIC format data.
/Applications/Xcode-27.0.0-Release.Candidate.app/Contents/Developer/Platforms/WatchOS.platform/Developer/SDKs/WatchOS27.0.sdk/System/Library/Frameworks/UIKit.framework/Headers/UIScreen.h:54:12: note: 'UIScreen' has been explicitly marked unavailable here
52 |
53 | UIKIT_EXTERN API_AVAILABLE(ios(2.0)) API_UNAVAILABLE(visionos, watchos) NS_SWIFT_UI_ACTOR
54 | @interface UIScreen : NSObject <UITraitEnvironment>
| `- note: 'UIScreen' has been explicitly marked unavailable here
55 |
56 | @property(class, nonatomic, readonly) NSArray<UIScreen *> *screens API_DEPRECATED("Use UIApplication.shared.openSessions to find open sessions with scenes from other screens", ios(3.2, 16.0), visionos(1.0, 1.0)) API_UNAVAILABLE(watchos); // all screens currently attached to the device
/Users/admin/builder/spi-builder-workspace/Sources/ViewToImage/ViewToImage+UIKit.swift:13:62: error: 'main' is unavailable in watchOS
11 | /// A structure that provides methods to convert SwiftUI views to different image formats.
12 | public struct ViewToImage: ViewToImageProtocol {
13 | private static let screenScaleFactor: CGFloat = UIScreen.main.scale
| `- error: 'main' is unavailable in watchOS
14 |
15 | /// Converts a SwiftUI view to HEIC format data.
/Applications/Xcode-27.0.0-Release.Candidate.app/Contents/Developer/Platforms/WatchOS.platform/Developer/SDKs/WatchOS27.0.sdk/System/Library/Frameworks/UIKit.framework/Headers/UIScreen.h:57:49: note: 'main' has been explicitly marked unavailable here
55 |
56 | @property(class, nonatomic, readonly) NSArray<UIScreen *> *screens API_DEPRECATED("Use UIApplication.shared.openSessions to find open sessions with scenes from other screens", ios(3.2, 16.0), visionos(1.0, 1.0)) API_UNAVAILABLE(watchos); // all screens currently attached to the device
57 | @property(class, nonatomic, readonly) UIScreen *mainScreen API_DEPRECATED("Use a UIScreen instance found through context instead (i.e, view.window.windowScene.screen), or for properties like UIScreen.scale with trait equivalents, use a traitCollection found through context.", ios(2.0, 26.0), tvos(9.0, 26.0), visionos(1.0, 26.0)) API_UNAVAILABLE(watchos);
| `- note: 'main' has been explicitly marked unavailable here
58 |
59 | @property(nonatomic,readonly) CGRect bounds; // Bounds of entire screen in points
SwiftCompile normal arm64_32 (in target 'ViewToImage' from project 'ViewToImage')
cd /Users/admin/builder/spi-builder-workspace/.swiftpm/xcode
SwiftCompile normal arm64_32 Compiling\ ViewToImage+AppKit.swift /Users/admin/builder/spi-builder-workspace/Sources/ViewToImage/ViewToImage+AppKit.swift (in target 'ViewToImage' from project 'ViewToImage')
SwiftCompile normal arm64_32 /Users/admin/builder/spi-builder-workspace/Sources/ViewToImage/ViewToImage+AppKit.swift (in target 'ViewToImage' from project 'ViewToImage')
cd /Users/admin/builder/spi-builder-workspace/.swiftpm/xcode
builtin-SwiftPerFileCompile ViewToImage+AppKit.swift
SwiftCompile normal arm64_32 Compiling\ ViewToImage+UIKit.swift /Users/admin/builder/spi-builder-workspace/Sources/ViewToImage/ViewToImage+UIKit.swift (in target 'ViewToImage' from project 'ViewToImage')
/Users/admin/builder/spi-builder-workspace/Sources/ViewToImage/ViewToImage+UIKit.swift:13:53: error: 'UIScreen' is unavailable in watchOS
11 | /// A structure that provides methods to convert SwiftUI views to different image formats.
12 | public struct ViewToImage: ViewToImageProtocol {
13 | private static let screenScaleFactor: CGFloat = UIScreen.main.scale
| `- error: 'UIScreen' is unavailable in watchOS
14 |
15 | /// Converts a SwiftUI view to HEIC format data.
/Applications/Xcode-27.0.0-Release.Candidate.app/Contents/Developer/Platforms/WatchOS.platform/Developer/SDKs/WatchOS27.0.sdk/System/Library/Frameworks/UIKit.framework/Headers/UIScreen.h:54:12: note: 'UIScreen' has been explicitly marked unavailable here
52 |
53 | UIKIT_EXTERN API_AVAILABLE(ios(2.0)) API_UNAVAILABLE(visionos, watchos) NS_SWIFT_UI_ACTOR
54 | @interface UIScreen : NSObject <UITraitEnvironment>
| `- note: 'UIScreen' has been explicitly marked unavailable here
55 |
56 | @property(class, nonatomic, readonly) NSArray<UIScreen *> *screens API_DEPRECATED("Use UIApplication.shared.openSessions to find open sessions with scenes from other screens", ios(3.2, 16.0), visionos(1.0, 1.0)) API_UNAVAILABLE(watchos); // all screens currently attached to the device
/Users/admin/builder/spi-builder-workspace/Sources/ViewToImage/ViewToImage+UIKit.swift:13:62: error: 'main' is unavailable in watchOS
11 | /// A structure that provides methods to convert SwiftUI views to different image formats.
12 | public struct ViewToImage: ViewToImageProtocol {
13 | private static let screenScaleFactor: CGFloat = UIScreen.main.scale
| `- error: 'main' is unavailable in watchOS
14 |
15 | /// Converts a SwiftUI view to HEIC format data.
/Applications/Xcode-27.0.0-Release.Candidate.app/Contents/Developer/Platforms/WatchOS.platform/Developer/SDKs/WatchOS27.0.sdk/System/Library/Frameworks/UIKit.framework/Headers/UIScreen.h:57:49: note: 'main' has been explicitly marked unavailable here
55 |
56 | @property(class, nonatomic, readonly) NSArray<UIScreen *> *screens API_DEPRECATED("Use UIApplication.shared.openSessions to find open sessions with scenes from other screens", ios(3.2, 16.0), visionos(1.0, 1.0)) API_UNAVAILABLE(watchos); // all screens currently attached to the device
57 | @property(class, nonatomic, readonly) UIScreen *mainScreen API_DEPRECATED("Use a UIScreen instance found through context instead (i.e, view.window.windowScene.screen), or for properties like UIScreen.scale with trait equivalents, use a traitCollection found through context.", ios(2.0, 26.0), tvos(9.0, 26.0), visionos(1.0, 26.0)) API_UNAVAILABLE(watchos);
| `- note: 'main' has been explicitly marked unavailable here
58 |
59 | @property(nonatomic,readonly) CGRect bounds; // Bounds of entire screen in points
SwiftCompile normal arm64_32 /Users/admin/builder/spi-builder-workspace/Sources/ViewToImage/ViewToImage+UIKit.swift (in target 'ViewToImage' from project 'ViewToImage')
cd /Users/admin/builder/spi-builder-workspace/.swiftpm/xcode
builtin-SwiftPerFileCompile ViewToImage+UIKit.swift
SwiftCompile normal arm64_32 Compiling\ NSBitmapImageRep+HeicData.swift /Users/admin/builder/spi-builder-workspace/Sources/ViewToImage/Extensions/NSBitmapImageRep+HeicData.swift (in target 'ViewToImage' from project 'ViewToImage')
SwiftCompile normal arm64_32 /Users/admin/builder/spi-builder-workspace/Sources/ViewToImage/Extensions/NSBitmapImageRep+HeicData.swift (in target 'ViewToImage' from project 'ViewToImage')
cd /Users/admin/builder/spi-builder-workspace/.swiftpm/xcode
builtin-SwiftPerFileCompile NSBitmapImageRep+HeicData.swift
SwiftCompile normal arm64_32 Compiling\ ViewToImageProtocol.swift /Users/admin/builder/spi-builder-workspace/Sources/ViewToImage/Internals/ViewToImageProtocol.swift (in target 'ViewToImage' from project 'ViewToImage')
SwiftCompile normal arm64_32 /Users/admin/builder/spi-builder-workspace/Sources/ViewToImage/Internals/ViewToImageProtocol.swift (in target 'ViewToImage' from project 'ViewToImage')
cd /Users/admin/builder/spi-builder-workspace/.swiftpm/xcode
builtin-SwiftPerFileCompile ViewToImageProtocol.swift
PruneExplicitPrecompiledModules /Users/admin/builder/spi-builder-workspace/.derivedData/Build/Intermediates.noindex/SwiftExplicitPrecompiledModules
PruneExplicitPrecompiledModules /Users/admin/builder/spi-builder-workspace/.derivedData/SDKExplicitPrecompiledModules
PruneExplicitPrecompiledModules /Users/admin/builder/spi-builder-workspace/.derivedData/Build/Intermediates.noindex/ExplicitPrecompiledModules
2026-09-21 11:06:08.703 xcodebuild[1247:7399] [MT] IDERunDestination: Supported platforms for the buildables in the current scheme is empty.
** BUILD FAILED **
The following build commands failed:
SwiftEmitModule normal arm64 Emitting\ module\ for\ ViewToImage (in target 'ViewToImage' from project 'ViewToImage')
SwiftCompile normal arm64 (in target 'ViewToImage' from project 'ViewToImage')
Building workspace ViewToImage with scheme ViewToImage
(3 failures)
BUILD FAILURE 6.4 watchOS