Build Information
Failed to build DependencyInjection, reference master (8e6599), with Swift 6.4 for visionOS using Xcode 27.0 on 17 Sep 2026 13:46:51 UTC.
Build Command
No build command. This typically means the build failed at an early stage where we determine the build command.Build Log
========================================
RunAll
========================================
Builder version: 5.1.0
Interrupt handler set up.
========================================
Checkout
========================================
Clone URL: https://github.com/sebastianpixel/dependencyinjection.git
Reference: master
Initialized empty Git repository in /Users/admin/builder/spi-builder-workspace/.git/
From https://github.com/sebastianpixel/dependencyinjection
* branch master -> FETCH_HEAD
* [new branch] master -> origin/master
HEAD is now at 8e65999 bump podspec version
Cloned https://github.com/sebastianpixel/dependencyinjection.git
Revision (git rev-parse @):
8e65999330f2cead7b0aa246792a14180c50c413
SUCCESS checkout https://github.com/sebastianpixel/dependencyinjection.git at master
========================================
Build
========================================
Selected platform: visionOS
Swift version: 6.4
Building package at path: $PWD
https://github.com/sebastianpixel/dependencyinjection.git
Command line invocation:
/Applications/Xcode-27.0.0-Release.Candidate.app/Contents/Developer/usr/bin/xcodebuild -IDEClonedSourcePackagesDirPathOverride=/Users/admin/builder/spi-builder-workspace/.dependencies -resolvePackageDependencies
Resolve Package Graph
Fetching from https://github.com/realm/SwiftLint
could not find a branch named ‘master’ in https://github.com/realm/SwiftLint (did you mean ‘main’?)Resolve Package Graph
Updating from https://github.com/realm/SwiftLint
could not find a branch named ‘master’ in https://github.com/realm/SwiftLint (did you mean ‘main’?)Resolve Package Graph
Updating from https://github.com/realm/SwiftLint
could not find a branch named ‘master’ in https://github.com/realm/SwiftLint (did you mean ‘main’?)Resolve Package Graph
Updating from https://github.com/realm/SwiftLint
could not find a branch named ‘master’ in https://github.com/realm/SwiftLint (did you mean ‘main’?)
Resolved source packages:
spi-builder-workspace: (null)
2026-09-17 09:46:49.307 xcodebuild[529:3036] Writing error result bundle to /var/folders/xq/y_g06wb113726d38xsyx71_h0000gn/T/ResultBundle_2026-17-09_09-46-0049.xcresult
xcodebuild: error: Could not resolve package dependencies:
could not find a branch named ‘master’ in https://github.com/realm/SwiftLint (did you mean ‘main’?)
Command line invocation:
/Applications/Xcode-27.0.0-Release.Candidate.app/Contents/Developer/usr/bin/xcodebuild -IDEClonedSourcePackagesDirPathOverride=/Users/admin/builder/spi-builder-workspace/.dependencies -resolvePackageDependencies
Resolve Package Graph
Updating from https://github.com/realm/SwiftLint
could not find a branch named ‘master’ in https://github.com/realm/SwiftLint (did you mean ‘main’?)
Resolved source packages:
spi-builder-workspace: (null)
2026-09-17 09:46:51.332 xcodebuild[669:4299] Writing error result bundle to /var/folders/xq/y_g06wb113726d38xsyx71_h0000gn/T/ResultBundle_2026-17-09_09-46-0051.xcresult
xcodebuild: error: Could not resolve package dependencies:
could not find a branch named ‘master’ in https://github.com/realm/SwiftLint (did you mean ‘main’?)
BUILD FAILURE 6.4 visionOS